File: /home/mediabou/access-logs/aperturafilms.dcpty.com
207.46.13.52 - - [14/Apr/2026:05:13:04 -0700] "GET /sitemap-8.xml HTTP/1.1" 301 1 "-" "Mozilla/5.0 AppleWebKit/537.36 (KHTML, like Gecko; compatible; bingbot/2.0; +http://www.bing.com/bingbot.htm) Chrome/116.0.1938.76 Safari/537.36" 347 **0/347961**
207.46.13.111 - - [14/Apr/2026:05:13:14 -0700] "GET /sitemap-8.xml HTTP/1.1" 404 5079 "-" "Mozilla/5.0 AppleWebKit/537.36 (KHTML, like Gecko; compatible; bingbot/2.0; +http://www.bing.com/bingbot.htm) Chrome/116.0.1938.76 Safari/537.36" 181 **0/181446**
52.167.144.18 - - [14/Apr/2026:05:13:18 -0700] "GET /shop/pg/1AgreementInfo/ HTTP/1.1" 301 1 "-" "Mozilla/5.0 AppleWebKit/537.36 (KHTML, like Gecko; compatible; bingbot/2.0; +http://www.bing.com/bingbot.htm) Chrome/116.0.1938.76 Safari/537.36" 231 **0/231642**
40.77.167.116 - - [14/Apr/2026:05:13:28 -0700] "GET /shop/pg/1AgreementInfo/ HTTP/1.1" 404 5079 "-" "Mozilla/5.0 AppleWebKit/537.36 (KHTML, like Gecko; compatible; bingbot/2.0; +http://www.bing.com/bingbot.htm) Chrome/116.0.1938.76 Safari/537.36" 406 **0/406542**
177.73.100.115 - - [14/Apr/2026:05:14:00 -0700] "GET /films HTTP/1.1" 301 1 "-" "Mozilla/5.0 (compatible; MSIE 5.0; Windows NT 6.2; Trident/5.1)" 192 **0/192236**
177.86.74.7 - - [14/Apr/2026:05:14:04 -0700] "GET /films/ HTTP/1.1" 200 10391 "-" "Mozilla/5.0 (Windows; U; Windows NT 5.2) AppleWebKit/533.27.7 (KHTML, like Gecko) Version/5.0.2 Safari/533.27.7" 628 **0/628524**
66.249.74.99 - - [14/Apr/2026:05:14:10 -0700] "GET /detail/187039864 HTTP/1.1" 404 5079 "-" "Mozilla/5.0 (Linux; Android 6.0.1; Nexus 5X Build/MMB29P) AppleWebKit/537.36 (KHTML, like Gecko) Chrome/146.0.7680.177 Mobile Safari/537.36 (compatible; Googlebot/2.1; +http://www.google.com/bot.html)" 320 **0/320249**
207.46.13.127 - - [14/Apr/2026:05:14:40 -0700] "GET /detail/597593597 HTTP/1.1" 404 5079 "-" "Mozilla/5.0 AppleWebKit/537.36 (KHTML, like Gecko; compatible; bingbot/2.0; +http://www.bing.com/bingbot.htm) Chrome/116.0.1938.76 Safari/537.36" 383 **0/383299**
207.46.13.154 - - [14/Apr/2026:05:14:50 -0700] "GET /sitemap-14.xml HTTP/1.1" 301 1 "-" "Mozilla/5.0 AppleWebKit/537.36 (KHTML, like Gecko; compatible; bingbot/2.0; +http://www.bing.com/bingbot.htm) Chrome/116.0.1938.76 Safari/537.36" 236 **0/236265**
207.46.13.127 - - [14/Apr/2026:05:15:00 -0700] "GET /sitemap-14.xml HTTP/1.1" 404 5079 "-" "Mozilla/5.0 AppleWebKit/537.36 (KHTML, like Gecko; compatible; bingbot/2.0; +http://www.bing.com/bingbot.htm) Chrome/116.0.1938.76 Safari/537.36" 197 **0/197492**
66.249.73.128 - - [14/Apr/2026:05:15:59 -0700] "GET /detail/627395904 HTTP/1.1" 301 1 "-" "Mozilla/5.0 (Linux; Android 6.0.1; Nexus 5X Build/MMB29P) AppleWebKit/537.36 (KHTML, like Gecko) Chrome/146.0.7680.177 Mobile Safari/537.36 (compatible; Googlebot/2.1; +http://www.google.com/bot.html)" 164 **0/164865**
66.249.74.101 - - [14/Apr/2026:05:15:59 -0700] "GET /detail/627395904 HTTP/1.1" 404 5079 "-" "Mozilla/5.0 (Linux; Android 6.0.1; Nexus 5X Build/MMB29P) AppleWebKit/537.36 (KHTML, like Gecko) Chrome/146.0.7680.177 Mobile Safari/537.36 (compatible; Googlebot/2.1; +http://www.google.com/bot.html)" 178 **0/178175**
66.249.74.99 - - [14/Apr/2026:05:16:29 -0700] "GET /detail/397295190 HTTP/1.1" 404 5079 "-" "Mozilla/5.0 (Linux; Android 6.0.1; Nexus 5X Build/MMB29P) AppleWebKit/537.36 (KHTML, like Gecko) Chrome/146.0.7680.177 Mobile Safari/537.36 (compatible; Googlebot/2.1; +http://www.google.com/bot.html)" 447 **0/447912**
66.249.74.99 - - [14/Apr/2026:05:19:11 -0700] "GET /detail/879503738 HTTP/1.1" 404 5079 "-" "Mozilla/5.0 (Linux; Android 6.0.1; Nexus 5X Build/MMB29P) AppleWebKit/537.36 (KHTML, like Gecko) Chrome/146.0.7680.177 Mobile Safari/537.36 (compatible; Googlebot/2.1; +http://www.google.com/bot.html)" 185 **0/185674**
15.235.27.150 - - [14/Apr/2026:05:19:58 -0700] "GET /94990118 HTTP/1.1" 404 5079 "-" "Mozilla/5.0 (compatible; AhrefsBot/7.0; +http://ahrefs.com/robot/)" 201 **0/201821**
136.119.129.236 - - [14/Apr/2026:05:20:44 -0700] "HEAD /robots.txt HTTP/1.1" 304 - "-" "Mozilla/5.0 (X11; Linux x86_64) AppleWebKit/537.36 (KHTML, like Gecko) Chrome/136.0.0.0 Safari/537.36" 9 **0/9049**
136.119.129.236 - - [14/Apr/2026:05:20:44 -0700] "HEAD /detail/109525211 HTTP/1.1" 404 - "-" "Mozilla/5.0 (X11; Linux x86_64) AppleWebKit/537.36 (KHTML, like Gecko) Chrome/136.0.0.0 Safari/537.36" 208 **0/208572**
66.249.74.101 - - [14/Apr/2026:05:21:46 -0700] "GET /detail/152565821 HTTP/1.1" 404 5079 "-" "Mozilla/5.0 (Linux; Android 6.0.1; Nexus 5X Build/MMB29P) AppleWebKit/537.36 (KHTML, like Gecko) Chrome/146.0.7680.177 Mobile Safari/537.36 (compatible; Googlebot/2.1; +http://www.google.com/bot.html)" 181 **0/181348**
52.167.144.169 - - [14/Apr/2026:05:23:50 -0700] "GET /sitemap-19.xml HTTP/1.1" 301 1 "-" "Mozilla/5.0 AppleWebKit/537.36 (KHTML, like Gecko; compatible; bingbot/2.0; +http://www.bing.com/bingbot.htm) Chrome/116.0.1938.76 Safari/537.36" 157 **0/157366**
66.249.74.101 - - [14/Apr/2026:05:23:50 -0700] "GET /detail/501569355 HTTP/1.1" 404 5079 "-" "Mozilla/5.0 (Linux; Android 6.0.1; Nexus 5X Build/MMB29P) AppleWebKit/537.36 (KHTML, like Gecko) Chrome/146.0.7680.177 Mobile Safari/537.36 (compatible; Googlebot/2.1; +http://www.google.com/bot.html)" 181 **0/181103**
40.77.167.75 - - [14/Apr/2026:05:23:59 -0700] "GET /sitemap-19.xml HTTP/1.1" 404 5079 "-" "Mozilla/5.0 AppleWebKit/537.36 (KHTML, like Gecko; compatible; bingbot/2.0; +http://www.bing.com/bingbot.htm) Chrome/116.0.1938.76 Safari/537.36" 196 **0/196457**
66.249.74.99 - - [14/Apr/2026:05:24:25 -0700] "GET /detail/326263506 HTTP/1.1" 404 5079 "-" "Mozilla/5.0 (Linux; Android 6.0.1; Nexus 5X Build/MMB29P) AppleWebKit/537.36 (KHTML, like Gecko) Chrome/146.0.7680.177 Mobile Safari/537.36 (compatible; Googlebot/2.1; +http://www.google.com/bot.html)" 171 **0/171116**
66.249.74.101 - - [14/Apr/2026:05:25:05 -0700] "GET /detail/649673265 HTTP/1.1" 404 5079 "-" "Mozilla/5.0 (Linux; Android 6.0.1; Nexus 5X Build/MMB29P) AppleWebKit/537.36 (KHTML, like Gecko) Chrome/146.0.7680.177 Mobile Safari/537.36 (compatible; Googlebot/2.1; +http://www.google.com/bot.html)" 321 **0/321890**
66.249.74.99 - - [14/Apr/2026:05:25:15 -0700] "GET /detail/625269082 HTTP/1.1" 404 5079 "-" "Mozilla/5.0 (Linux; Android 6.0.1; Nexus 5X Build/MMB29P) AppleWebKit/537.36 (KHTML, like Gecko) Chrome/146.0.7680.177 Mobile Safari/537.36 (compatible; Googlebot/2.1; +http://www.google.com/bot.html)" 205 **0/205717**
207.46.13.17 - - [14/Apr/2026:05:26:46 -0700] "GET /sitemap-18.xml HTTP/1.1" 301 1 "-" "Mozilla/5.0 AppleWebKit/537.36 (KHTML, like Gecko; compatible; bingbot/2.0; +http://www.bing.com/bingbot.htm) Chrome/116.0.1938.76 Safari/537.36" 174 **0/174871**
66.249.74.101 - - [14/Apr/2026:05:26:48 -0700] "GET /detail/738163038 HTTP/1.1" 404 5079 "-" "Mozilla/5.0 (Linux; Android 6.0.1; Nexus 5X Build/MMB29P) AppleWebKit/537.36 (KHTML, like Gecko) Chrome/146.0.7680.177 Mobile Safari/537.36 (compatible; Googlebot/2.1; +http://www.google.com/bot.html)" 174 **0/174699**
207.46.13.52 - - [14/Apr/2026:05:26:56 -0700] "GET /sitemap-18.xml HTTP/1.1" 404 5079 "-" "Mozilla/5.0 AppleWebKit/537.36 (KHTML, like Gecko; compatible; bingbot/2.0; +http://www.bing.com/bingbot.htm) Chrome/116.0.1938.76 Safari/537.36" 228 **0/228463**
66.249.74.99 - - [14/Apr/2026:05:28:49 -0700] "GET /detail/373425323 HTTP/1.1" 404 5079 "-" "Mozilla/5.0 (Linux; Android 6.0.1; Nexus 5X Build/MMB29P) AppleWebKit/537.36 (KHTML, like Gecko) Chrome/146.0.7680.177 Mobile Safari/537.36 (compatible; Googlebot/2.1; +http://www.google.com/bot.html)" 175 **0/175799**
66.249.74.99 - - [14/Apr/2026:05:28:49 -0700] "GET /detail/687986449 HTTP/1.1" 404 5079 "-" "Mozilla/5.0 (Linux; Android 6.0.1; Nexus 5X Build/MMB29P) AppleWebKit/537.36 (KHTML, like Gecko) Chrome/146.0.7680.177 Mobile Safari/537.36 (compatible; Googlebot/2.1; +http://www.google.com/bot.html)" 205 **0/205613**
66.249.74.100 - - [14/Apr/2026:05:28:56 -0700] "GET /detail/856427287 HTTP/1.1" 404 5079 "-" "Mozilla/5.0 (Linux; Android 6.0.1; Nexus 5X Build/MMB29P) AppleWebKit/537.36 (KHTML, like Gecko) Chrome/146.0.7680.177 Mobile Safari/537.36 (compatible; Googlebot/2.1; +http://www.google.com/bot.html)" 151 **0/151949**
66.249.73.128 - - [14/Apr/2026:05:30:13 -0700] "GET /detail/527307750 HTTP/1.1" 301 1 "-" "Mozilla/5.0 (Linux; Android 6.0.1; Nexus 5X Build/MMB29P) AppleWebKit/537.36 (KHTML, like Gecko) Chrome/146.0.7680.177 Mobile Safari/537.36 (compatible; Googlebot/2.1; +http://www.google.com/bot.html)" 278 **0/278564**
66.249.74.100 - - [14/Apr/2026:05:30:14 -0700] "GET /detail/527307750 HTTP/1.1" 404 5079 "-" "Mozilla/5.0 (Linux; Android 6.0.1; Nexus 5X Build/MMB29P) AppleWebKit/537.36 (KHTML, like Gecko) Chrome/146.0.7680.177 Mobile Safari/537.36 (compatible; Googlebot/2.1; +http://www.google.com/bot.html)" 333 **0/333309**
216.73.216.33 - - [14/Apr/2026:05:34:30 -0700] "GET /sitemap.xml HTTP/1.1" 301 1 "-" "Mozilla/5.0 AppleWebKit/537.36 (KHTML, like Gecko; compatible; ClaudeBot/1.0; +claudebot@anthropic.com)" 186 **0/186532**
216.73.216.33 - - [14/Apr/2026:05:34:30 -0700] "GET /sitemap_index.xml HTTP/1.1" 200 353 "http://www.aperturafilms.com/sitemap.xml" "Mozilla/5.0 AppleWebKit/537.36 (KHTML, like Gecko; compatible; ClaudeBot/1.0; +claudebot@anthropic.com)" 162 **0/162375**
66.249.74.99 - - [14/Apr/2026:05:36:33 -0700] "GET /detail/649673265 HTTP/1.1" 404 5079 "-" "Mozilla/5.0 (Linux; Android 6.0.1; Nexus 5X Build/MMB29P) AppleWebKit/537.36 (KHTML, like Gecko) Chrome/146.0.7680.177 Mobile Safari/537.36 (compatible; Googlebot/2.1; +http://www.google.com/bot.html)" 1500 **1/1500621**
66.249.73.128 - - [14/Apr/2026:05:36:41 -0700] "GET /detail/611194021 HTTP/1.1" 301 1 "-" "Mozilla/5.0 (Linux; Android 6.0.1; Nexus 5X Build/MMB29P) AppleWebKit/537.36 (KHTML, like Gecko) Chrome/146.0.7680.177 Mobile Safari/537.36 (compatible; Googlebot/2.1; +http://www.google.com/bot.html)" 150 **0/150495**
66.249.74.99 - - [14/Apr/2026:05:36:41 -0700] "GET /detail/611194021 HTTP/1.1" 404 5079 "-" "Mozilla/5.0 (Linux; Android 6.0.1; Nexus 5X Build/MMB29P) AppleWebKit/537.36 (KHTML, like Gecko) Chrome/146.0.7680.177 Mobile Safari/537.36 (compatible; Googlebot/2.1; +http://www.google.com/bot.html)" 188 **0/188493**
66.249.74.100 - - [14/Apr/2026:05:38:34 -0700] "GET /detail/687986449 HTTP/1.1" 404 5079 "-" "Mozilla/5.0 (Linux; Android 6.0.1; Nexus 5X Build/MMB29P) AppleWebKit/537.36 (KHTML, like Gecko) Chrome/146.0.7680.177 Mobile Safari/537.36 (compatible; Googlebot/2.1; +http://www.google.com/bot.html)" 189 **0/189149**
66.249.74.101 - - [14/Apr/2026:05:39:10 -0700] "GET /detail/738163038 HTTP/1.1" 404 5079 "-" "Mozilla/5.0 (Linux; Android 6.0.1; Nexus 5X Build/MMB29P) AppleWebKit/537.36 (KHTML, like Gecko) Chrome/146.0.7680.177 Mobile Safari/537.36 (compatible; Googlebot/2.1; +http://www.google.com/bot.html)" 191 **0/191590**
47.82.11.49 - - [14/Apr/2026:05:41:10 -0700] "GET /detail/932098246 HTTP/1.1" 404 5079 "http://www.aperturafilms.com/" "Mozilla/5.0 (Macintosh; Intel Mac OS X 10_11_6) AppleWebKit/537.36 (KHTML, like Gecko) Chrome/103.0.0.0 Safari/537.36" 180 **0/180403**
66.249.74.99 - - [14/Apr/2026:05:44:15 -0700] "GET /detail/649673265 HTTP/1.1" 404 5079 "-" "Mozilla/5.0 (Linux; Android 6.0.1; Nexus 5X Build/MMB29P) AppleWebKit/537.36 (KHTML, like Gecko) Chrome/146.0.7680.177 Mobile Safari/537.36 (compatible; Googlebot/2.1; +http://www.google.com/bot.html)" 213 **0/213809**
66.249.73.128 - - [14/Apr/2026:05:44:52 -0700] "GET /detail/611194021 HTTP/1.1" 301 1 "-" "Mozilla/5.0 (Linux; Android 6.0.1; Nexus 5X Build/MMB29P) AppleWebKit/537.36 (KHTML, like Gecko) Chrome/146.0.7680.177 Mobile Safari/537.36 (compatible; Googlebot/2.1; +http://www.google.com/bot.html)" 156 **0/156692**
66.249.74.100 - - [14/Apr/2026:05:46:30 -0700] "GET /detail/687986449 HTTP/1.1" 404 5079 "-" "Mozilla/5.0 (Linux; Android 6.0.1; Nexus 5X Build/MMB29P) AppleWebKit/537.36 (KHTML, like Gecko) Chrome/146.0.7680.177 Mobile Safari/537.36 (compatible; Googlebot/2.1; +http://www.google.com/bot.html)" 233 **0/233927**
66.249.74.99 - - [14/Apr/2026:05:46:45 -0700] "GET /detail/738163038 HTTP/1.1" 404 5079 "-" "Mozilla/5.0 (Linux; Android 6.0.1; Nexus 5X Build/MMB29P) AppleWebKit/537.36 (KHTML, like Gecko) Chrome/146.0.7680.177 Mobile Safari/537.36 (compatible; Googlebot/2.1; +http://www.google.com/bot.html)" 143 **0/143633**
66.249.74.99 - - [14/Apr/2026:05:49:36 -0700] "GET /detail/373425323 HTTP/1.1" 404 5079 "-" "Mozilla/5.0 (Linux; Android 6.0.1; Nexus 5X Build/MMB29P) AppleWebKit/537.36 (KHTML, like Gecko) Chrome/146.0.7680.177 Mobile Safari/537.36 (compatible; Googlebot/2.1; +http://www.google.com/bot.html)" 297 **0/297181**
66.249.74.99 - - [14/Apr/2026:05:51:47 -0700] "GET /11562669.shtml HTTP/1.1" 404 5079 "-" "Mozilla/5.0 (Linux; Android 6.0.1; Nexus 5X Build/MMB29P) AppleWebKit/537.36 (KHTML, like Gecko) Chrome/146.0.7680.177 Mobile Safari/537.36 (compatible; Googlebot/2.1; +http://www.google.com/bot.html)" 242 **0/242801**
51.195.244.11 - - [14/Apr/2026:05:52:06 -0700] "GET /robots.txt HTTP/1.1" 200 70 "-" "Mozilla/5.0 (compatible; AhrefsBot/7.0; +http://ahrefs.com/robot/)" 8 **0/8656**
51.161.65.250 - - [14/Apr/2026:05:52:07 -0700] "GET /43352378 HTTP/1.1" 404 5079 "-" "Mozilla/5.0 (compatible; AhrefsBot/7.0; +http://ahrefs.com/robot/)" 291 **0/291183**
66.249.74.99 - - [14/Apr/2026:05:52:20 -0700] "GET /detail/354228635 HTTP/1.1" 404 5079 "-" "Mozilla/5.0 (Linux; Android 6.0.1; Nexus 5X Build/MMB29P) AppleWebKit/537.36 (KHTML, like Gecko) Chrome/146.0.7680.177 Mobile Safari/537.36 (compatible; Googlebot/2.1; +http://www.google.com/bot.html)" 250 **0/250033**
66.249.74.101 - - [14/Apr/2026:05:54:21 -0700] "GET /detail/501020550 HTTP/1.1" 404 5079 "-" "Mozilla/5.0 (Linux; Android 6.0.1; Nexus 5X Build/MMB29P) AppleWebKit/537.36 (KHTML, like Gecko) Chrome/146.0.7680.177 Mobile Safari/537.36 (compatible; Googlebot/2.1; +http://www.google.com/bot.html)" 251 **0/251488**
66.249.74.100 - - [14/Apr/2026:05:55:26 -0700] "GET /detail/795978139 HTTP/1.1" 404 5079 "-" "Mozilla/5.0 (Linux; Android 6.0.1; Nexus 5X Build/MMB29P) AppleWebKit/537.36 (KHTML, like Gecko) Chrome/146.0.7680.177 Mobile Safari/537.36 (compatible; Googlebot/2.1; +http://www.google.com/bot.html)" 270 **0/270952**
66.249.74.99 - - [14/Apr/2026:05:55:28 -0700] "GET /detail/558660110 HTTP/1.1" 404 5079 "-" "Mozilla/5.0 (Linux; Android 6.0.1; Nexus 5X Build/MMB29P) AppleWebKit/537.36 (KHTML, like Gecko) Chrome/146.0.7680.177 Mobile Safari/537.36 (compatible; Googlebot/2.1; +http://www.google.com/bot.html)" 298 **0/298828**
66.249.74.99 - - [14/Apr/2026:05:57:31 -0700] "GET /detail/53295019 HTTP/1.1" 404 5079 "-" "Mozilla/5.0 (Linux; Android 6.0.1; Nexus 5X Build/MMB29P) AppleWebKit/537.36 (KHTML, like Gecko) Chrome/146.0.7680.177 Mobile Safari/537.36 (compatible; Googlebot/2.1; +http://www.google.com/bot.html)" 224 **0/224081**
66.249.73.128 - - [14/Apr/2026:05:59:06 -0700] "GET /detail/946976556 HTTP/1.1" 301 1 "-" "Mozilla/5.0 (Linux; Android 6.0.1; Nexus 5X Build/MMB29P) AppleWebKit/537.36 (KHTML, like Gecko) Chrome/146.0.7680.177 Mobile Safari/537.36 (compatible; Googlebot/2.1; +http://www.google.com/bot.html)" 164 **0/164059**
66.249.74.100 - - [14/Apr/2026:05:59:07 -0700] "GET /detail/946976556 HTTP/1.1" 404 5079 "-" "Mozilla/5.0 (Linux; Android 6.0.1; Nexus 5X Build/MMB29P) AppleWebKit/537.36 (KHTML, like Gecko) Chrome/146.0.7680.177 Mobile Safari/537.36 (compatible; Googlebot/2.1; +http://www.google.com/bot.html)" 188 **0/188862**
66.249.74.99 - - [14/Apr/2026:05:59:30 -0700] "GET /detail/946776474 HTTP/1.1" 404 5079 "-" "Mozilla/5.0 (Linux; Android 6.0.1; Nexus 5X Build/MMB29P) AppleWebKit/537.36 (KHTML, like Gecko) Chrome/146.0.7680.177 Mobile Safari/537.36 (compatible; Googlebot/2.1; +http://www.google.com/bot.html)" 237 **0/237010**
207.46.13.92 - - [14/Apr/2026:06:01:31 -0700] "GET /sitemap_index.xml HTTP/1.1" 200 353 "-" "Mozilla/5.0 AppleWebKit/537.36 (KHTML, like Gecko; compatible; bingbot/2.0; +http://www.bing.com/bingbot.htm) Chrome/116.0.1938.76 Safari/537.36" 461 **0/461769**
114.119.156.182 - - [14/Apr/2026:06:01:33 -0700] "GET /robots.txt HTTP/1.1" 200 90 "-" "Mozilla/5.0 (compatible;PetalBot;+https://webmaster.petalsearch.com/site/petalbot)" 10 **0/10344**
173.252.107.115 - - [14/Apr/2026:06:02:18 -0700] "GET / HTTP/1.1" 200 29061 "-" "facebookexternalhit/1.1 (+http://www.facebook.com/externalhit_uatext.php)" 252 **0/252290**
66.249.73.132 - - [14/Apr/2026:06:02:33 -0700] "GET /detail/37990281 HTTP/1.1" 301 1 "-" "Mozilla/5.0 (Linux; Android 6.0.1; Nexus 5X Build/MMB29P) AppleWebKit/537.36 (KHTML, like Gecko) Chrome/146.0.7680.177 Mobile Safari/537.36 (compatible; Googlebot/2.1; +http://www.google.com/bot.html)" 243 **0/243253**
66.249.74.101 - - [14/Apr/2026:06:02:34 -0700] "GET /detail/37990281 HTTP/1.1" 404 5079 "-" "Mozilla/5.0 (Linux; Android 6.0.1; Nexus 5X Build/MMB29P) AppleWebKit/537.36 (KHTML, like Gecko) Chrome/146.0.7680.177 Mobile Safari/537.36 (compatible; Googlebot/2.1; +http://www.google.com/bot.html)" 255 **0/255815**
66.249.74.100 - - [14/Apr/2026:06:04:06 -0700] "GET /detail/371205973 HTTP/1.1" 404 5079 "-" "Mozilla/5.0 (Linux; Android 6.0.1; Nexus 5X Build/MMB29P) AppleWebKit/537.36 (KHTML, like Gecko) Chrome/146.0.7680.177 Mobile Safari/537.36 (compatible; Googlebot/2.1; +http://www.google.com/bot.html)" 782 **0/782866**
66.249.73.132 - - [14/Apr/2026:06:04:33 -0700] "GET /detail/560596554 HTTP/1.1" 301 1 "-" "Mozilla/5.0 (Linux; Android 6.0.1; Nexus 5X Build/MMB29P) AppleWebKit/537.36 (KHTML, like Gecko) Chrome/146.0.7680.177 Mobile Safari/537.36 (compatible; Googlebot/2.1; +http://www.google.com/bot.html)" 347 **0/347224**
66.249.74.100 - - [14/Apr/2026:06:04:34 -0700] "GET /detail/560596554 HTTP/1.1" 404 5079 "-" "Mozilla/5.0 (Linux; Android 6.0.1; Nexus 5X Build/MMB29P) AppleWebKit/537.36 (KHTML, like Gecko) Chrome/146.0.7680.177 Mobile Safari/537.36 (compatible; Googlebot/2.1; +http://www.google.com/bot.html)" 400 **0/400537**
80.94.92.9 - - [14/Apr/2026:06:06:51 -0700] "GET / HTTP/1.1" 301 - "-" "Mozilla/5.0 (X11; Linux x86_64; rv:144.0) Gecko/20100101 Firefox/144.0" 11823 **11/11823099**
80.94.92.9 - - [14/Apr/2026:06:06:59 -0700] "GET / HTTP/1.1" 200 7602 "-" "Mozilla/5.0 (X11; Linux x86_64; rv:144.0) Gecko/20100101 Firefox/144.0" 5067 **5/5067099**
40.77.167.57 - - [14/Apr/2026:06:07:33 -0700] "GET /sitemap-17.xml HTTP/1.1" 301 1 "-" "Mozilla/5.0 AppleWebKit/537.36 (KHTML, like Gecko; compatible; bingbot/2.0; +http://www.bing.com/bingbot.htm) Chrome/116.0.1938.76 Safari/537.36" 245 **0/245795**
66.249.73.128 - - [14/Apr/2026:06:07:35 -0700] "GET /detail/383292746 HTTP/1.1" 301 1 "-" "Mozilla/5.0 (Linux; Android 6.0.1; Nexus 5X Build/MMB29P) AppleWebKit/537.36 (KHTML, like Gecko) Chrome/146.0.7680.177 Mobile Safari/537.36 (compatible; Googlebot/2.1; +http://www.google.com/bot.html)" 415 **0/415556**
66.249.74.101 - - [14/Apr/2026:06:07:36 -0700] "GET /detail/383292746 HTTP/1.1" 404 5079 "-" "Mozilla/5.0 (Linux; Android 6.0.1; Nexus 5X Build/MMB29P) AppleWebKit/537.36 (KHTML, like Gecko) Chrome/146.0.7680.177 Mobile Safari/537.36 (compatible; Googlebot/2.1; +http://www.google.com/bot.html)" 367 **0/367785**
40.77.167.36 - - [14/Apr/2026:06:07:43 -0700] "GET /sitemap-17.xml HTTP/1.1" 404 5079 "-" "Mozilla/5.0 AppleWebKit/537.36 (KHTML, like Gecko; compatible; bingbot/2.0; +http://www.bing.com/bingbot.htm) Chrome/116.0.1938.76 Safari/537.36" 202 **0/202211**
66.249.74.100 - - [14/Apr/2026:06:07:48 -0700] "GET /detail/524398435 HTTP/1.1" 404 5079 "-" "Mozilla/5.0 (Linux; Android 6.0.1; Nexus 5X Build/MMB29P) AppleWebKit/537.36 (KHTML, like Gecko) Chrome/146.0.7680.177 Mobile Safari/537.36 (compatible; Googlebot/2.1; +http://www.google.com/bot.html)" 175 **0/175502**
66.249.74.101 - - [14/Apr/2026:06:08:10 -0700] "GET /detail/752736428 HTTP/1.1" 404 5079 "-" "Mozilla/5.0 (Linux; Android 6.0.1; Nexus 5X Build/MMB29P) AppleWebKit/537.36 (KHTML, like Gecko) Chrome/146.0.7680.177 Mobile Safari/537.36 (compatible; Googlebot/2.1; +http://www.google.com/bot.html)" 194 **0/194124**
66.249.74.100 - - [14/Apr/2026:06:09:09 -0700] "GET /detail/149608540 HTTP/1.1" 404 5079 "-" "Mozilla/5.0 (Linux; Android 6.0.1; Nexus 5X Build/MMB29P) AppleWebKit/537.36 (KHTML, like Gecko) Chrome/146.0.7680.177 Mobile Safari/537.36 (compatible; Googlebot/2.1; +http://www.google.com/bot.html)" 229 **0/229684**
66.249.74.99 - - [14/Apr/2026:06:09:34 -0700] "GET /detail/859771054 HTTP/1.1" 404 5079 "-" "Mozilla/5.0 (Linux; Android 6.0.1; Nexus 5X Build/MMB29P) AppleWebKit/537.36 (KHTML, like Gecko) Chrome/146.0.7680.177 Mobile Safari/537.36 (compatible; Googlebot/2.1; +http://www.google.com/bot.html)" 192 **0/192711**
208.109.41.231 - - [14/Apr/2026:06:11:46 -0700] "POST /wp-cron.php?doing_wp_cron=1776172306.3823978900909423828125 HTTP/1.1" 200 - "-" "WordPress/6.7.5; http://www.aperturafilms.com" 37 **0/37069**
66.249.73.128 - - [14/Apr/2026:06:11:45 -0700] "GET /detail/493994032 HTTP/1.1" 301 1 "-" "Mozilla/5.0 (Linux; Android 6.0.1; Nexus 5X Build/MMB29P) AppleWebKit/537.36 (KHTML, like Gecko) Chrome/146.0.7680.177 Mobile Safari/537.36 (compatible; Googlebot/2.1; +http://www.google.com/bot.html)" 591 **0/591875**
66.249.74.100 - - [14/Apr/2026:06:11:46 -0700] "GET /detail/493994032 HTTP/1.1" 404 5079 "-" "Mozilla/5.0 (Linux; Android 6.0.1; Nexus 5X Build/MMB29P) AppleWebKit/537.36 (KHTML, like Gecko) Chrome/146.0.7680.177 Mobile Safari/537.36 (compatible; Googlebot/2.1; +http://www.google.com/bot.html)" 591 **0/591109**
2.58.56.197 - - [14/Apr/2026:06:12:44 -0700] "GET /txets.php HTTP/1.1" 200 29 "-" "Mozilla/5.0 (Windows NT 10.0; Win64; x64) AppleWebKit/537.36 (KHTML, like Gecko) Chrome/91.0.4472.124 Safari/537.36" 29 **0/29449**
66.249.73.131 - - [14/Apr/2026:06:13:03 -0700] "GET /detail/436500998 HTTP/1.1" 301 1 "-" "Mozilla/5.0 (Linux; Android 6.0.1; Nexus 5X Build/MMB29P) AppleWebKit/537.36 (KHTML, like Gecko) Chrome/146.0.7680.177 Mobile Safari/537.36 (compatible; Googlebot/2.1; +http://www.google.com/bot.html)" 214 **0/214997**
66.249.74.100 - - [14/Apr/2026:06:13:03 -0700] "GET /detail/436500998 HTTP/1.1" 404 5079 "-" "Mozilla/5.0 (Linux; Android 6.0.1; Nexus 5X Build/MMB29P) AppleWebKit/537.36 (KHTML, like Gecko) Chrome/146.0.7680.177 Mobile Safari/537.36 (compatible; Googlebot/2.1; +http://www.google.com/bot.html)" 391 **0/391309**
66.249.73.132 - - [14/Apr/2026:06:14:25 -0700] "GET /detail/173317154 HTTP/1.1" 301 1 "-" "Mozilla/5.0 (Linux; Android 6.0.1; Nexus 5X Build/MMB29P) AppleWebKit/537.36 (KHTML, like Gecko) Chrome/146.0.7680.177 Mobile Safari/537.36 (compatible; Googlebot/2.1; +http://www.google.com/bot.html)" 521 **0/521142**
66.249.74.99 - - [14/Apr/2026:06:14:25 -0700] "GET /detail/173317154 HTTP/1.1" 404 5079 "-" "Mozilla/5.0 (Linux; Android 6.0.1; Nexus 5X Build/MMB29P) AppleWebKit/537.36 (KHTML, like Gecko) Chrome/146.0.7680.177 Mobile Safari/537.36 (compatible; Googlebot/2.1; +http://www.google.com/bot.html)" 332 **0/332136**
66.249.74.101 - - [14/Apr/2026:06:16:46 -0700] "GET /detail/203286336 HTTP/1.1" 404 5079 "-" "Mozilla/5.0 (Linux; Android 6.0.1; Nexus 5X Build/MMB29P) AppleWebKit/537.36 (KHTML, like Gecko) Chrome/146.0.7680.177 Mobile Safari/537.36 (compatible; Googlebot/2.1; +http://www.google.com/bot.html)" 1958 **1/1958000**
66.249.73.131 - - [14/Apr/2026:06:17:27 -0700] "GET /detail/842410059 HTTP/1.1" 301 1 "-" "Mozilla/5.0 (Linux; Android 6.0.1; Nexus 5X Build/MMB29P) AppleWebKit/537.36 (KHTML, like Gecko) Chrome/146.0.7680.177 Mobile Safari/537.36 (compatible; Googlebot/2.1; +http://www.google.com/bot.html)" 194 **0/194974**
66.249.74.100 - - [14/Apr/2026:06:17:28 -0700] "GET /detail/842410059 HTTP/1.1" 404 5079 "-" "Mozilla/5.0 (Linux; Android 6.0.1; Nexus 5X Build/MMB29P) AppleWebKit/537.36 (KHTML, like Gecko) Chrome/146.0.7680.177 Mobile Safari/537.36 (compatible; Googlebot/2.1; +http://www.google.com/bot.html)" 197 **0/197593**
40.77.167.143 - - [14/Apr/2026:06:18:14 -0700] "GET /sitemap-3.xml HTTP/1.1" 301 1 "-" "Mozilla/5.0 AppleWebKit/537.36 (KHTML, like Gecko; compatible; bingbot/2.0; +http://www.bing.com/bingbot.htm) Chrome/116.0.1938.76 Safari/537.36" 171 **0/171961**
40.77.167.235 - - [14/Apr/2026:06:18:24 -0700] "GET /sitemap-3.xml HTTP/1.1" 404 5079 "-" "Mozilla/5.0 AppleWebKit/537.36 (KHTML, like Gecko; compatible; bingbot/2.0; +http://www.bing.com/bingbot.htm) Chrome/116.0.1938.76 Safari/537.36" 304 **0/304890**
66.249.74.100 - - [14/Apr/2026:06:19:29 -0700] "GET /detail/727737804 HTTP/1.1" 404 5079 "-" "Mozilla/5.0 (Linux; Android 6.0.1; Nexus 5X Build/MMB29P) AppleWebKit/537.36 (KHTML, like Gecko) Chrome/146.0.7680.177 Mobile Safari/537.36 (compatible; Googlebot/2.1; +http://www.google.com/bot.html)" 294 **0/294885**
66.249.73.128 - - [14/Apr/2026:06:19:52 -0700] "GET /detail/459709434 HTTP/1.1" 301 1 "-" "Mozilla/5.0 (Linux; Android 6.0.1; Nexus 5X Build/MMB29P) AppleWebKit/537.36 (KHTML, like Gecko) Chrome/146.0.7680.177 Mobile Safari/537.36 (compatible; Googlebot/2.1; +http://www.google.com/bot.html)" 227 **0/227576**
66.249.74.100 - - [14/Apr/2026:06:19:52 -0700] "GET /detail/459709434 HTTP/1.1" 404 5079 "-" "Mozilla/5.0 (Linux; Android 6.0.1; Nexus 5X Build/MMB29P) AppleWebKit/537.36 (KHTML, like Gecko) Chrome/146.0.7680.177 Mobile Safari/537.36 (compatible; Googlebot/2.1; +http://www.google.com/bot.html)" 457 **0/457542**
207.46.13.54 - - [14/Apr/2026:06:20:27 -0700] "GET /detail/107141151 HTTP/1.1" 404 5079 "-" "Mozilla/5.0 AppleWebKit/537.36 (KHTML, like Gecko; compatible; bingbot/2.0; +http://www.bing.com/bingbot.htm) Chrome/116.0.1938.76 Safari/537.36" 384 **0/384577**
66.249.73.128 - - [14/Apr/2026:06:21:27 -0700] "GET /detail/71074169 HTTP/1.1" 301 1 "-" "Mozilla/5.0 (Linux; Android 6.0.1; Nexus 5X Build/MMB29P) AppleWebKit/537.36 (KHTML, like Gecko) Chrome/146.0.7680.177 Mobile Safari/537.36 (compatible; Googlebot/2.1; +http://www.google.com/bot.html)" 142 **0/142410**
66.249.74.100 - - [14/Apr/2026:06:21:27 -0700] "GET /detail/71074169 HTTP/1.1" 404 5079 "-" "Mozilla/5.0 (Linux; Android 6.0.1; Nexus 5X Build/MMB29P) AppleWebKit/537.36 (KHTML, like Gecko) Chrome/146.0.7680.177 Mobile Safari/537.36 (compatible; Googlebot/2.1; +http://www.google.com/bot.html)" 201 **0/201285**
66.249.73.131 - - [14/Apr/2026:06:21:48 -0700] "GET /detail/946670859 HTTP/1.1" 301 1 "-" "Mozilla/5.0 (Linux; Android 6.0.1; Nexus 5X Build/MMB29P) AppleWebKit/537.36 (KHTML, like Gecko) Chrome/146.0.7680.177 Mobile Safari/537.36 (compatible; Googlebot/2.1; +http://www.google.com/bot.html)" 144 **0/144338**
66.249.74.99 - - [14/Apr/2026:06:21:48 -0700] "GET /detail/946670859 HTTP/1.1" 404 5079 "-" "Mozilla/5.0 (Linux; Android 6.0.1; Nexus 5X Build/MMB29P) AppleWebKit/537.36 (KHTML, like Gecko) Chrome/146.0.7680.177 Mobile Safari/537.36 (compatible; Googlebot/2.1; +http://www.google.com/bot.html)" 185 **0/185745**
54.39.0.126 - - [14/Apr/2026:06:23:27 -0700] "GET /81168266 HTTP/1.1" 404 5079 "-" "Mozilla/5.0 (compatible; AhrefsBot/7.0; +http://ahrefs.com/robot/)" 174 **0/174499**
83.135.176.85 - - [14/Apr/2026:06:24:04 -0700] "GET http://www.aperturafilms.com/commercial/ HTTP/1.1" 404 19702 "-" "Mozilla/5.0 (Windows NT 10.0; Win64; x64) AppleWebKit/537.36 (KHTML, like Gecko) Chrome/135.0.0.0 Safari/537.36 Edg/135.0.0.0" 304 **0/304614**
170.82.49.188 - - [14/Apr/2026:06:24:04 -0700] "GET /films/invasion-3-2/sxsw-white/ HTTP/1.1" 200 7683 "-" "Mozilla/5.0 (Macintosh; Intel Mac OS X 10_15_7) AppleWebKit/537.36 (KHTML, like Gecko) Chrome/136.0.0.0 Safari/537.36" 267 **0/267410**
66.249.74.101 - - [14/Apr/2026:06:25:34 -0700] "GET /detail/665671078 HTTP/1.1" 404 5079 "-" "Mozilla/5.0 (Linux; Android 6.0.1; Nexus 5X Build/MMB29P) AppleWebKit/537.36 (KHTML, like Gecko) Chrome/146.0.7680.177 Mobile Safari/537.36 (compatible; Googlebot/2.1; +http://www.google.com/bot.html)" 568 **0/568252**
66.249.73.128 - - [14/Apr/2026:06:26:43 -0700] "GET /detail/123554105 HTTP/1.1" 301 1 "-" "Mozilla/5.0 (Linux; Android 6.0.1; Nexus 5X Build/MMB29P) AppleWebKit/537.36 (KHTML, like Gecko) Chrome/146.0.7680.177 Mobile Safari/537.36 (compatible; Googlebot/2.1; +http://www.google.com/bot.html)" 3945 **3/3945969**
66.249.74.101 - - [14/Apr/2026:06:26:47 -0700] "GET /detail/123554105 HTTP/1.1" 404 5079 "-" "Mozilla/5.0 (Linux; Android 6.0.1; Nexus 5X Build/MMB29P) AppleWebKit/537.36 (KHTML, like Gecko) Chrome/146.0.7680.177 Mobile Safari/537.36 (compatible; Googlebot/2.1; +http://www.google.com/bot.html)" 597 **0/597116**
66.249.74.99 - - [14/Apr/2026:06:26:48 -0700] "GET /detail/636303687 HTTP/1.1" 404 5079 "-" "Mozilla/5.0 (Linux; Android 6.0.1; Nexus 5X Build/MMB29P) AppleWebKit/537.36 (KHTML, like Gecko) Chrome/146.0.7680.177 Mobile Safari/537.36 (compatible; Googlebot/2.1; +http://www.google.com/bot.html)" 667 **0/667666**
51.68.111.207 - - [14/Apr/2026:06:27:59 -0700] "GET /robots.txt HTTP/1.1" 200 70 "-" "Mozilla/5.0 (compatible; MJ12bot/v2.0.5; http://mj12bot.com/)" 10 **0/10880**
51.68.111.207 - - [14/Apr/2026:06:27:59 -0700] "GET / HTTP/1.1" 301 1 "-" "Mozilla/5.0 (compatible; MJ12bot/v2.0.5; http://mj12bot.com/)" 474 **0/474718**
51.68.111.207 - - [14/Apr/2026:06:28:00 -0700] "GET /robots.txt HTTP/1.1" 200 70 "-" "Mozilla/5.0 (compatible; MJ12bot/v2.0.5; http://mj12bot.com/)" 20 **0/20060**
51.68.111.207 - - [14/Apr/2026:06:28:00 -0700] "GET / HTTP/1.1" 200 7101 "-" "Mozilla/5.0 (compatible; MJ12bot/v2.0.5; http://mj12bot.com/)" 303 **0/303264**
66.249.74.99 - - [14/Apr/2026:06:28:39 -0700] "GET /detail/333127558 HTTP/1.1" 404 5079 "-" "Mozilla/5.0 (Linux; Android 6.0.1; Nexus 5X Build/MMB29P) AppleWebKit/537.36 (KHTML, like Gecko) Chrome/146.0.7680.177 Mobile Safari/537.36 (compatible; Googlebot/2.1; +http://www.google.com/bot.html)" 255 **0/255670**
66.249.73.132 - - [14/Apr/2026:06:29:29 -0700] "GET /detail/70387678 HTTP/1.1" 301 1 "-" "Mozilla/5.0 (Linux; Android 6.0.1; Nexus 5X Build/MMB29P) AppleWebKit/537.36 (KHTML, like Gecko) Chrome/146.0.7680.177 Mobile Safari/537.36 (compatible; Googlebot/2.1; +http://www.google.com/bot.html)" 254 **0/254862**
66.249.74.100 - - [14/Apr/2026:06:29:29 -0700] "GET /detail/70387678 HTTP/1.1" 404 5079 "-" "Mozilla/5.0 (Linux; Android 6.0.1; Nexus 5X Build/MMB29P) AppleWebKit/537.36 (KHTML, like Gecko) Chrome/146.0.7680.177 Mobile Safari/537.36 (compatible; Googlebot/2.1; +http://www.google.com/bot.html)" 246 **0/246649**
66.249.73.131 - - [14/Apr/2026:06:29:58 -0700] "GET /detail/845625022 HTTP/1.1" 301 1 "-" "Mozilla/5.0 (Linux; Android 6.0.1; Nexus 5X Build/MMB29P) AppleWebKit/537.36 (KHTML, like Gecko) Chrome/146.0.7680.177 Mobile Safari/537.36 (compatible; Googlebot/2.1; +http://www.google.com/bot.html)" 458 **0/458484**
66.249.74.99 - - [14/Apr/2026:06:29:58 -0700] "GET /detail/845625022 HTTP/1.1" 404 5079 "-" "Mozilla/5.0 (Linux; Android 6.0.1; Nexus 5X Build/MMB29P) AppleWebKit/537.36 (KHTML, like Gecko) Chrome/146.0.7680.177 Mobile Safari/537.36 (compatible; Googlebot/2.1; +http://www.google.com/bot.html)" 210 **0/210566**
66.249.73.131 - - [14/Apr/2026:06:31:00 -0700] "GET /detail/107395150 HTTP/1.1" 301 1 "-" "Mozilla/5.0 (Linux; Android 6.0.1; Nexus 5X Build/MMB29P) AppleWebKit/537.36 (KHTML, like Gecko) Chrome/146.0.7680.177 Mobile Safari/537.36 (compatible; Googlebot/2.1; +http://www.google.com/bot.html)" 157 **0/157462**
66.249.74.99 - - [14/Apr/2026:06:31:00 -0700] "GET /detail/107395150 HTTP/1.1" 404 5079 "-" "Mozilla/5.0 (Linux; Android 6.0.1; Nexus 5X Build/MMB29P) AppleWebKit/537.36 (KHTML, like Gecko) Chrome/146.0.7680.177 Mobile Safari/537.36 (compatible; Googlebot/2.1; +http://www.google.com/bot.html)" 226 **0/226277**
66.249.74.99 - - [14/Apr/2026:06:31:53 -0700] "GET /detail/159355903 HTTP/1.1" 404 5079 "-" "Mozilla/5.0 (Linux; Android 6.0.1; Nexus 5X Build/MMB29P) AppleWebKit/537.36 (KHTML, like Gecko) Chrome/146.0.7680.177 Mobile Safari/537.36 (compatible; Googlebot/2.1; +http://www.google.com/bot.html)" 455 **0/455737**
223.244.35.77 - - [14/Apr/2026:06:32:12 -0700] "GET / HTTP/1.1" 301 - "-" "Mozilla/5.0 (iPhone; CPU iPhone OS 13_2_3 like Mac OS X) AppleWebKit/605.1.15 (KHTML, like Gecko) Version/13.0.3 Mobile/15E148 Safari/604.1" 205 **0/205101**
207.46.13.64 - - [14/Apr/2026:06:32:54 -0700] "GET /detail/62631943 HTTP/1.1" 404 5079 "-" "Mozilla/5.0 AppleWebKit/537.36 (KHTML, like Gecko; compatible; bingbot/2.0; +http://www.bing.com/bingbot.htm) Chrome/116.0.1938.76 Safari/537.36" 223 **0/223924**
40.77.167.75 - - [14/Apr/2026:06:33:26 -0700] "GET /detail/895905954 HTTP/1.1" 404 5079 "-" "Mozilla/5.0 AppleWebKit/537.36 (KHTML, like Gecko; compatible; bingbot/2.0; +http://www.bing.com/bingbot.htm) Chrome/116.0.1938.76 Safari/537.36" 364 **0/364657**
66.249.74.100 - - [14/Apr/2026:06:33:58 -0700] "GET /detail/216968316 HTTP/1.1" 404 5079 "-" "Mozilla/5.0 (Linux; Android 6.0.1; Nexus 5X Build/MMB29P) AppleWebKit/537.36 (KHTML, like Gecko) Chrome/146.0.7680.177 Mobile Safari/537.36 (compatible; Googlebot/2.1; +http://www.google.com/bot.html)" 308 **0/308913**
66.249.73.128 - - [14/Apr/2026:06:34:06 -0700] "GET /detail/592545672 HTTP/1.1" 301 1 "-" "Mozilla/5.0 (Linux; Android 6.0.1; Nexus 5X Build/MMB29P) AppleWebKit/537.36 (KHTML, like Gecko) Chrome/146.0.7680.177 Mobile Safari/537.36 (compatible; Googlebot/2.1; +http://www.google.com/bot.html)" 292 **0/292195**
66.249.74.99 - - [14/Apr/2026:06:34:06 -0700] "GET /detail/592545672 HTTP/1.1" 404 5079 "-" "Mozilla/5.0 (Linux; Android 6.0.1; Nexus 5X Build/MMB29P) AppleWebKit/537.36 (KHTML, like Gecko) Chrome/146.0.7680.177 Mobile Safari/537.36 (compatible; Googlebot/2.1; +http://www.google.com/bot.html)" 209 **0/209672**
66.249.74.99 - - [14/Apr/2026:06:34:16 -0700] "GET /detail/413577290 HTTP/1.1" 404 5079 "-" "Mozilla/5.0 (Linux; Android 6.0.1; Nexus 5X Build/MMB29P) AppleWebKit/537.36 (KHTML, like Gecko) Chrome/146.0.7680.177 Mobile Safari/537.36 (compatible; Googlebot/2.1; +http://www.google.com/bot.html)" 242 **0/242229**
66.249.74.99 - - [14/Apr/2026:06:34:43 -0700] "GET /detail/333804182 HTTP/1.1" 404 5079 "-" "Mozilla/5.0 (Linux; Android 6.0.1; Nexus 5X Build/MMB29P) AppleWebKit/537.36 (KHTML, like Gecko) Chrome/146.0.7680.177 Mobile Safari/537.36 (compatible; Googlebot/2.1; +http://www.google.com/bot.html)" 254 **0/254044**
66.249.74.101 - - [14/Apr/2026:06:36:00 -0700] "GET /detail/25488493 HTTP/1.1" 404 5079 "-" "Mozilla/5.0 (Linux; Android 6.0.1; Nexus 5X Build/MMB29P) AppleWebKit/537.36 (KHTML, like Gecko) Chrome/146.0.7680.177 Mobile Safari/537.36 (compatible; Googlebot/2.1; +http://www.google.com/bot.html)" 294 **0/294641**
66.249.74.100 - - [14/Apr/2026:06:36:05 -0700] "GET /detail/984052686 HTTP/1.1" 404 5079 "-" "Mozilla/5.0 (Linux; Android 6.0.1; Nexus 5X Build/MMB29P) AppleWebKit/537.36 (KHTML, like Gecko) Chrome/146.0.7680.177 Mobile Safari/537.36 (compatible; Googlebot/2.1; +http://www.google.com/bot.html)" 226 **0/226704**
66.249.74.99 - - [14/Apr/2026:06:36:45 -0700] "GET /detail/997195615 HTTP/1.1" 404 5079 "-" "Mozilla/5.0 (Linux; Android 6.0.1; Nexus 5X Build/MMB29P) AppleWebKit/537.36 (KHTML, like Gecko) Chrome/146.0.7680.177 Mobile Safari/537.36 (compatible; Googlebot/2.1; +http://www.google.com/bot.html)" 309 **0/309725**
66.249.73.131 - - [14/Apr/2026:06:38:51 -0700] "GET /detail/687784961 HTTP/1.1" 301 1 "-" "Mozilla/5.0 (Linux; Android 6.0.1; Nexus 5X Build/MMB29P) AppleWebKit/537.36 (KHTML, like Gecko) Chrome/146.0.7680.177 Mobile Safari/537.36 (compatible; Googlebot/2.1; +http://www.google.com/bot.html)" 175 **0/175401**
66.249.74.99 - - [14/Apr/2026:06:38:51 -0700] "GET /detail/687784961 HTTP/1.1" 404 5079 "-" "Mozilla/5.0 (Linux; Android 6.0.1; Nexus 5X Build/MMB29P) AppleWebKit/537.36 (KHTML, like Gecko) Chrome/146.0.7680.177 Mobile Safari/537.36 (compatible; Googlebot/2.1; +http://www.google.com/bot.html)" 200 **0/200457**
66.249.74.100 - - [14/Apr/2026:06:39:17 -0700] "GET /detail/994801099 HTTP/1.1" 404 5079 "-" "Mozilla/5.0 (Linux; Android 6.0.1; Nexus 5X Build/MMB29P) AppleWebKit/537.36 (KHTML, like Gecko) Chrome/146.0.7680.177 Mobile Safari/537.36 (compatible; Googlebot/2.1; +http://www.google.com/bot.html)" 201 **0/201668**
66.249.73.128 - - [14/Apr/2026:06:39:33 -0700] "GET /detail/324996159 HTTP/1.1" 301 1 "-" "Mozilla/5.0 (Linux; Android 6.0.1; Nexus 5X Build/MMB29P) AppleWebKit/537.36 (KHTML, like Gecko) Chrome/146.0.7680.177 Mobile Safari/537.36 (compatible; Googlebot/2.1; +http://www.google.com/bot.html)" 164 **0/164002**
66.249.74.99 - - [14/Apr/2026:06:39:33 -0700] "GET /detail/191015050 HTTP/1.1" 404 5079 "-" "Mozilla/5.0 (Linux; Android 6.0.1; Nexus 5X Build/MMB29P) AppleWebKit/537.36 (KHTML, like Gecko) Chrome/146.0.7680.177 Mobile Safari/537.36 (compatible; Googlebot/2.1; +http://www.google.com/bot.html)" 242 **0/242030**
66.249.74.100 - - [14/Apr/2026:06:39:33 -0700] "GET /detail/324996159 HTTP/1.1" 404 5079 "-" "Mozilla/5.0 (Linux; Android 6.0.1; Nexus 5X Build/MMB29P) AppleWebKit/537.36 (KHTML, like Gecko) Chrome/146.0.7680.177 Mobile Safari/537.36 (compatible; Googlebot/2.1; +http://www.google.com/bot.html)" 344 **0/344192**
66.249.73.128 - - [14/Apr/2026:06:42:01 -0700] "GET /detail/640296288 HTTP/1.1" 301 1 "-" "Mozilla/5.0 (Linux; Android 6.0.1; Nexus 5X Build/MMB29P) AppleWebKit/537.36 (KHTML, like Gecko) Chrome/146.0.7680.177 Mobile Safari/537.36 (compatible; Googlebot/2.1; +http://www.google.com/bot.html)" 212 **0/212851**
66.249.74.100 - - [14/Apr/2026:06:42:01 -0700] "GET /detail/640296288 HTTP/1.1" 404 5079 "-" "Mozilla/5.0 (Linux; Android 6.0.1; Nexus 5X Build/MMB29P) AppleWebKit/537.36 (KHTML, like Gecko) Chrome/146.0.7680.177 Mobile Safari/537.36 (compatible; Googlebot/2.1; +http://www.google.com/bot.html)" 310 **0/310229**
66.249.73.128 - - [14/Apr/2026:06:43:51 -0700] "GET /detail/492245618 HTTP/1.1" 301 1 "-" "Mozilla/5.0 (Linux; Android 6.0.1; Nexus 5X Build/MMB29P) AppleWebKit/537.36 (KHTML, like Gecko) Chrome/146.0.7680.177 Mobile Safari/537.36 (compatible; Googlebot/2.1; +http://www.google.com/bot.html)" 329 **0/329433**
66.249.74.101 - - [14/Apr/2026:06:43:52 -0700] "GET /detail/492245618 HTTP/1.1" 404 5079 "-" "Mozilla/5.0 (Linux; Android 6.0.1; Nexus 5X Build/MMB29P) AppleWebKit/537.36 (KHTML, like Gecko) Chrome/146.0.7680.177 Mobile Safari/537.36 (compatible; Googlebot/2.1; +http://www.google.com/bot.html)" 323 **0/323592**
66.249.74.99 - - [14/Apr/2026:06:44:17 -0700] "GET /detail/236863295 HTTP/1.1" 404 5079 "-" "Mozilla/5.0 (Linux; Android 6.0.1; Nexus 5X Build/MMB29P) AppleWebKit/537.36 (KHTML, like Gecko) Chrome/146.0.7680.177 Mobile Safari/537.36 (compatible; Googlebot/2.1; +http://www.google.com/bot.html)" 521 **0/521675**
66.249.73.131 - - [14/Apr/2026:06:44:24 -0700] "GET /detail/809059182 HTTP/1.1" 301 1 "-" "Mozilla/5.0 (Linux; Android 6.0.1; Nexus 5X Build/MMB29P) AppleWebKit/537.36 (KHTML, like Gecko) Chrome/146.0.7680.177 Mobile Safari/537.36 (compatible; Googlebot/2.1; +http://www.google.com/bot.html)" 442 **0/442479**
66.249.74.100 - - [14/Apr/2026:06:44:25 -0700] "GET /detail/809059182 HTTP/1.1" 404 5079 "-" "Mozilla/5.0 (Linux; Android 6.0.1; Nexus 5X Build/MMB29P) AppleWebKit/537.36 (KHTML, like Gecko) Chrome/146.0.7680.177 Mobile Safari/537.36 (compatible; Googlebot/2.1; +http://www.google.com/bot.html)" 243 **0/243433**
66.249.73.132 - - [14/Apr/2026:06:45:10 -0700] "GET /detail/238381984 HTTP/1.1" 301 1 "-" "Mozilla/5.0 (Linux; Android 6.0.1; Nexus 5X Build/MMB29P) AppleWebKit/537.36 (KHTML, like Gecko) Chrome/146.0.7680.177 Mobile Safari/537.36 (compatible; Googlebot/2.1; +http://www.google.com/bot.html)" 213 **0/213302**
66.249.74.100 - - [14/Apr/2026:06:45:11 -0700] "GET /detail/238381984 HTTP/1.1" 404 5079 "-" "Mozilla/5.0 (Linux; Android 6.0.1; Nexus 5X Build/MMB29P) AppleWebKit/537.36 (KHTML, like Gecko) Chrome/146.0.7680.177 Mobile Safari/537.36 (compatible; Googlebot/2.1; +http://www.google.com/bot.html)" 428 **0/428057**
66.249.73.132 - - [14/Apr/2026:06:45:28 -0700] "GET /detail/619071588 HTTP/1.1" 301 1 "-" "Mozilla/5.0 (Linux; Android 6.0.1; Nexus 5X Build/MMB29P) AppleWebKit/537.36 (KHTML, like Gecko) Chrome/146.0.7680.177 Mobile Safari/537.36 (compatible; Googlebot/2.1; +http://www.google.com/bot.html)" 4078 **4/4078182**
66.249.74.101 - - [14/Apr/2026:06:45:35 -0700] "GET /detail/619071588 HTTP/1.1" 404 5079 "-" "Mozilla/5.0 (Linux; Android 6.0.1; Nexus 5X Build/MMB29P) AppleWebKit/537.36 (KHTML, like Gecko) Chrome/146.0.7680.177 Mobile Safari/537.36 (compatible; Googlebot/2.1; +http://www.google.com/bot.html)" 577 **0/577785**
207.46.13.168 - - [14/Apr/2026:06:46:33 -0700] "GET /detail/202676999 HTTP/1.1" 404 5079 "-" "Mozilla/5.0 AppleWebKit/537.36 (KHTML, like Gecko; compatible; bingbot/2.0; +http://www.bing.com/bingbot.htm) Chrome/116.0.1938.76 Safari/537.36" 244 **0/244948**
66.249.74.99 - - [14/Apr/2026:06:46:46 -0700] "GET /detail/47133660 HTTP/1.1" 404 5079 "-" "Mozilla/5.0 (Linux; Android 6.0.1; Nexus 5X Build/MMB29P) AppleWebKit/537.36 (KHTML, like Gecko) Chrome/146.0.7680.177 Mobile Safari/537.36 (compatible; Googlebot/2.1; +http://www.google.com/bot.html)" 222 **0/222041**
66.249.74.100 - - [14/Apr/2026:06:47:17 -0700] "GET /detail/614607666 HTTP/1.1" 404 5079 "-" "Mozilla/5.0 (Linux; Android 6.0.1; Nexus 5X Build/MMB29P) AppleWebKit/537.36 (KHTML, like Gecko) Chrome/146.0.7680.177 Mobile Safari/537.36 (compatible; Googlebot/2.1; +http://www.google.com/bot.html)" 176 **0/176505**
66.249.73.132 - - [14/Apr/2026:06:48:16 -0700] "GET /detail/135028126 HTTP/1.1" 301 1 "-" "Mozilla/5.0 (Linux; Android 6.0.1; Nexus 5X Build/MMB29P) AppleWebKit/537.36 (KHTML, like Gecko) Chrome/146.0.7680.177 Mobile Safari/537.36 (compatible; Googlebot/2.1; +http://www.google.com/bot.html)" 173 **0/173267**
66.249.74.100 - - [14/Apr/2026:06:48:16 -0700] "GET /detail/135028126 HTTP/1.1" 404 5079 "-" "Mozilla/5.0 (Linux; Android 6.0.1; Nexus 5X Build/MMB29P) AppleWebKit/537.36 (KHTML, like Gecko) Chrome/146.0.7680.177 Mobile Safari/537.36 (compatible; Googlebot/2.1; +http://www.google.com/bot.html)" 197 **0/197086**
66.249.74.99 - - [14/Apr/2026:06:48:20 -0700] "GET /detail/408216672 HTTP/1.1" 404 5079 "-" "Mozilla/5.0 (Linux; Android 6.0.1; Nexus 5X Build/MMB29P) AppleWebKit/537.36 (KHTML, like Gecko) Chrome/146.0.7680.177 Mobile Safari/537.36 (compatible; Googlebot/2.1; +http://www.google.com/bot.html)" 194 **0/194398**
66.249.73.128 - - [14/Apr/2026:06:49:16 -0700] "GET /detail/266095326 HTTP/1.1" 301 1 "-" "Mozilla/5.0 (Linux; Android 6.0.1; Nexus 5X Build/MMB29P) AppleWebKit/537.36 (KHTML, like Gecko) Chrome/146.0.7680.177 Mobile Safari/537.36 (compatible; Googlebot/2.1; +http://www.google.com/bot.html)" 634 **0/634848**
66.249.74.99 - - [14/Apr/2026:06:49:17 -0700] "GET /detail/266095326 HTTP/1.1" 404 5079 "-" "Mozilla/5.0 (Linux; Android 6.0.1; Nexus 5X Build/MMB29P) AppleWebKit/537.36 (KHTML, like Gecko) Chrome/146.0.7680.177 Mobile Safari/537.36 (compatible; Googlebot/2.1; +http://www.google.com/bot.html)" 204 **0/204289**
66.249.74.99 - - [14/Apr/2026:06:49:24 -0700] "GET /detail/382175531 HTTP/1.1" 404 5079 "-" "Mozilla/5.0 (Linux; Android 6.0.1; Nexus 5X Build/MMB29P) AppleWebKit/537.36 (KHTML, like Gecko) Chrome/146.0.7680.177 Mobile Safari/537.36 (compatible; Googlebot/2.1; +http://www.google.com/bot.html)" 322 **0/322736**
66.249.74.99 - - [14/Apr/2026:06:49:35 -0700] "GET /detail/237209082 HTTP/1.1" 404 5079 "-" "Mozilla/5.0 (Linux; Android 6.0.1; Nexus 5X Build/MMB29P) AppleWebKit/537.36 (KHTML, like Gecko) Chrome/146.0.7680.177 Mobile Safari/537.36 (compatible; Googlebot/2.1; +http://www.google.com/bot.html)" 191 **0/191305**
66.249.73.131 - - [14/Apr/2026:06:50:13 -0700] "GET /detail/521282558 HTTP/1.1" 301 1 "-" "Mozilla/5.0 (Linux; Android 6.0.1; Nexus 5X Build/MMB29P) AppleWebKit/537.36 (KHTML, like Gecko) Chrome/146.0.7680.177 Mobile Safari/537.36 (compatible; Googlebot/2.1; +http://www.google.com/bot.html)" 211 **0/211149**
66.249.74.99 - - [14/Apr/2026:06:50:14 -0700] "GET /detail/521282558 HTTP/1.1" 404 5079 "-" "Mozilla/5.0 (Linux; Android 6.0.1; Nexus 5X Build/MMB29P) AppleWebKit/537.36 (KHTML, like Gecko) Chrome/146.0.7680.177 Mobile Safari/537.36 (compatible; Googlebot/2.1; +http://www.google.com/bot.html)" 252 **0/252414**
66.249.73.131 - - [14/Apr/2026:06:50:27 -0700] "GET /detail/603462731 HTTP/1.1" 301 1 "-" "Mozilla/5.0 (Linux; Android 6.0.1; Nexus 5X Build/MMB29P) AppleWebKit/537.36 (KHTML, like Gecko) Chrome/146.0.7680.177 Mobile Safari/537.36 (compatible; Googlebot/2.1; +http://www.google.com/bot.html)" 198 **0/198692**
66.249.74.100 - - [14/Apr/2026:06:50:28 -0700] "GET /detail/603462731 HTTP/1.1" 404 5079 "-" "Mozilla/5.0 (Linux; Android 6.0.1; Nexus 5X Build/MMB29P) AppleWebKit/537.36 (KHTML, like Gecko) Chrome/146.0.7680.177 Mobile Safari/537.36 (compatible; Googlebot/2.1; +http://www.google.com/bot.html)" 251 **0/251471**
66.249.74.99 - - [14/Apr/2026:06:50:48 -0700] "GET /detail/130394014 HTTP/1.1" 404 5079 "-" "Mozilla/5.0 (Linux; Android 6.0.1; Nexus 5X Build/MMB29P) AppleWebKit/537.36 (KHTML, like Gecko) Chrome/146.0.7680.177 Mobile Safari/537.36 (compatible; Googlebot/2.1; +http://www.google.com/bot.html)" 180 **0/180343**
66.249.74.99 - - [14/Apr/2026:06:51:29 -0700] "GET /detail/328839465 HTTP/1.1" 404 5079 "-" "Mozilla/5.0 (Linux; Android 6.0.1; Nexus 5X Build/MMB29P) AppleWebKit/537.36 (KHTML, like Gecko) Chrome/146.0.7680.177 Mobile Safari/537.36 (compatible; Googlebot/2.1; +http://www.google.com/bot.html)" 191 **0/191630**
66.249.74.100 - - [14/Apr/2026:06:51:30 -0700] "GET /detail/477351822 HTTP/1.1" 404 5079 "-" "Mozilla/5.0 (Linux; Android 6.0.1; Nexus 5X Build/MMB29P) AppleWebKit/537.36 (KHTML, like Gecko) Chrome/146.0.7680.177 Mobile Safari/537.36 (compatible; Googlebot/2.1; +http://www.google.com/bot.html)" 616 **0/616537**
85.208.96.200 - - [14/Apr/2026:06:51:43 -0700] "GET /robots.txt HTTP/1.1" 200 90 "-" "Mozilla/5.0 (compatible; SemrushBot/7~bl; +http://www.semrush.com/bot.html)" 7 **0/7825**
85.208.96.207 - - [14/Apr/2026:06:51:43 -0700] "GET /films/plaza-catedral/plaza-catedral-2/ HTTP/1.1" 200 7668 "-" "Mozilla/5.0 (compatible; SemrushBot/7~bl; +http://www.semrush.com/bot.html)" 195 **0/195129**
66.249.73.131 - - [14/Apr/2026:06:51:45 -0700] "GET /detail/397864805 HTTP/1.1" 301 1 "-" "Mozilla/5.0 (Linux; Android 6.0.1; Nexus 5X Build/MMB29P) AppleWebKit/537.36 (KHTML, like Gecko) Chrome/146.0.7680.177 Mobile Safari/537.36 (compatible; Googlebot/2.1; +http://www.google.com/bot.html)" 506 **0/506946**
66.249.74.100 - - [14/Apr/2026:06:51:45 -0700] "GET /detail/397864805 HTTP/1.1" 404 5079 "-" "Mozilla/5.0 (Linux; Android 6.0.1; Nexus 5X Build/MMB29P) AppleWebKit/537.36 (KHTML, like Gecko) Chrome/146.0.7680.177 Mobile Safari/537.36 (compatible; Googlebot/2.1; +http://www.google.com/bot.html)" 594 **0/594616**
54.39.210.78 - - [14/Apr/2026:06:53:07 -0700] "GET /64606358 HTTP/1.1" 404 5079 "-" "Mozilla/5.0 (compatible; AhrefsBot/7.0; +http://ahrefs.com/robot/)" 437 **0/437323**
66.249.74.101 - - [14/Apr/2026:06:53:08 -0700] "GET /detail/128800403 HTTP/1.1" 404 5079 "-" "Mozilla/5.0 (Linux; Android 6.0.1; Nexus 5X Build/MMB29P) AppleWebKit/537.36 (KHTML, like Gecko) Chrome/146.0.7680.177 Mobile Safari/537.36 (compatible; Googlebot/2.1; +http://www.google.com/bot.html)" 425 **0/425635**
66.249.74.99 - - [14/Apr/2026:06:53:22 -0700] "GET /detail/541864662 HTTP/1.1" 404 5079 "-" "Mozilla/5.0 (Linux; Android 6.0.1; Nexus 5X Build/MMB29P) AppleWebKit/537.36 (KHTML, like Gecko) Chrome/146.0.7680.177 Mobile Safari/537.36 (compatible; Googlebot/2.1; +http://www.google.com/bot.html)" 366 **0/366052**
114.119.139.104 - - [14/Apr/2026:06:54:12 -0700] "GET /118389626 HTTP/1.1" 301 - "-" "Mozilla/5.0 (Linux; Android 7.0;) AppleWebKit/537.36 (KHTML, like Gecko) Mobile Safari/537.36 (compatible; PetalBot;+https://webmaster.petalsearch.com/site/petalbot)" 396 **0/396517**
114.119.139.104 - - [14/Apr/2026:06:54:16 -0700] "GET /118389626 HTTP/1.1" 404 19702 "-" "Mozilla/5.0 (Linux; Android 7.0;) AppleWebKit/537.36 (KHTML, like Gecko) Mobile Safari/537.36 (compatible; PetalBot;+https://webmaster.petalsearch.com/site/petalbot)" 201 **0/201199**
66.249.73.132 - - [14/Apr/2026:06:54:29 -0700] "GET /detail/485921945 HTTP/1.1" 301 1 "-" "Mozilla/5.0 (Linux; Android 6.0.1; Nexus 5X Build/MMB29P) AppleWebKit/537.36 (KHTML, like Gecko) Chrome/146.0.7680.177 Mobile Safari/537.36 (compatible; Googlebot/2.1; +http://www.google.com/bot.html)" 252 **0/252207**
66.249.74.99 - - [14/Apr/2026:06:54:29 -0700] "GET /detail/485921945 HTTP/1.1" 404 5079 "-" "Mozilla/5.0 (Linux; Android 6.0.1; Nexus 5X Build/MMB29P) AppleWebKit/537.36 (KHTML, like Gecko) Chrome/146.0.7680.177 Mobile Safari/537.36 (compatible; Googlebot/2.1; +http://www.google.com/bot.html)" 290 **0/290507**
66.249.74.100 - - [14/Apr/2026:06:54:30 -0700] "GET /detail/209403813 HTTP/1.1" 404 5079 "-" "Mozilla/5.0 (Linux; Android 6.0.1; Nexus 5X Build/MMB29P) AppleWebKit/537.36 (KHTML, like Gecko) Chrome/146.0.7680.177 Mobile Safari/537.36 (compatible; Googlebot/2.1; +http://www.google.com/bot.html)" 298 **0/298762**
66.249.73.132 - - [14/Apr/2026:06:55:00 -0700] "GET /detail/889243240 HTTP/1.1" 301 1 "-" "Mozilla/5.0 (Linux; Android 6.0.1; Nexus 5X Build/MMB29P) AppleWebKit/537.36 (KHTML, like Gecko) Chrome/146.0.7680.177 Mobile Safari/537.36 (compatible; Googlebot/2.1; +http://www.google.com/bot.html)" 417 **0/417929**
66.249.74.101 - - [14/Apr/2026:06:55:01 -0700] "GET /detail/889243240 HTTP/1.1" 404 5079 "-" "Mozilla/5.0 (Linux; Android 6.0.1; Nexus 5X Build/MMB29P) AppleWebKit/537.36 (KHTML, like Gecko) Chrome/146.0.7680.177 Mobile Safari/537.36 (compatible; Googlebot/2.1; +http://www.google.com/bot.html)" 697 **0/697091**
66.249.74.101 - - [14/Apr/2026:06:56:56 -0700] "GET /detail/122595930 HTTP/1.1" 404 5079 "-" "Mozilla/5.0 (Linux; Android 6.0.1; Nexus 5X Build/MMB29P) AppleWebKit/537.36 (KHTML, like Gecko) Chrome/146.0.7680.177 Mobile Safari/537.36 (compatible; Googlebot/2.1; +http://www.google.com/bot.html)" 275 **0/275672**
