185.191.171.14 - - [14/Apr/2026:09:11:05 -0700] "GET /uncategorized/bewertungen-nach-zotabet-decodieren-eltern-kundenbewertungen-in-zotabet-net/ HTTP/1.1" 200 30007 "-" "Mozilla/5.0 (compatible; SemrushBot/7~bl; +http://www.semrush.com/bot.html)" 1223 **1/1223630**
208.109.41.231 - - [14/Apr/2026:09:11:07 -0700] "POST /wp-cron.php?doing_wp_cron=1776183067.6713209152221679687500 HTTP/1.1" 200 - "-" "WordPress/6.3.8; http://fuentesanza.es" 489 **0/489507**
185.244.180.165 - - [14/Apr/2026:09:11:06 -0700] "POST /xmlrpc.php HTTP/1.1" 200 427 "-" "Mozilla/5.0 (Macintosh; Intel Mac OS X 12_5) AppleWebKit/537.36 (KHTML, like Gecko) Chrome/114.0.0.0 YaBrowser/22.7.0 Yowser/2.5 Safari/537.36" 1890 **1/1890299**
66.249.73.5 - - [14/Apr/2026:09:11:08 -0700] "GET /?w=3637016517 HTTP/1.1" 404 11349 "-" "Mozilla/5.0 (Linux; Android 6.0.1; Nexus 5X Build/MMB29P) AppleWebKit/537.36 (KHTML, like Gecko) Chrome/146.0.7680.177 Mobile Safari/537.36 (compatible; Googlebot/2.1; +http://www.google.com/bot.html)" 529 **0/529316**
185.156.47.9 - - [14/Apr/2026:09:11:11 -0700] "POST /xmlrpc.php HTTP/1.1" 200 16795 "-" "Mozilla/5.0 (Windows NT 10.0; Win64; x64) AppleWebKit/537.36 (KHTML, like Gecko) Chrome/114.0.0.0 Safari/537.36" 621 **0/621253**
185.156.47.9 - - [14/Apr/2026:09:11:12 -0700] "GET /uncategorized/rabochee-zerkalo-1xbet-kak-nayti-rabochee-zerkalo-sayta-1xbet-3/ HTTP/1.1" 200 163105 "-" "Mozilla/5.0 (Windows NT 10.0; Win64; x64) AppleWebKit/537.36 (KHTML, like Gecko) Chrome/122.0.0.0 Safari/537.36" 494 **0/494687**
185.244.180.165 - - [14/Apr/2026:09:11:12 -0700] "POST /xmlrpc.php HTTP/1.1" 200 180 "-" "Mozilla/5.0 (Macintosh; Intel Mac OS X 12_5) AppleWebKit/537.36 (KHTML, like Gecko) Chrome/114.0.0.0 YaBrowser/22.7.0 Yowser/2.5 Safari/537.36" 2809 **2/2809958**
208.109.41.231 - - [14/Apr/2026:09:11:15 -0700] "POST /wp-cron.php?doing_wp_cron=1776183075.6649909019470214843750 HTTP/1.1" 200 - "-" "WordPress/6.3.8; http://fuentesanza.es" 80 **0/80078**
185.244.180.165 - - [14/Apr/2026:09:11:15 -0700] "POST /xmlrpc.php HTTP/1.1" 200 813993 "-" "Mozilla/5.0 (Macintosh; Intel Mac OS X 12_5) AppleWebKit/537.36 (KHTML, like Gecko) Chrome/114.0.0.0 YaBrowser/22.7.0 Yowser/2.5 Safari/537.36" 2916 **2/2916407**
185.191.171.15 - - [14/Apr/2026:09:11:34 -0700] "GET /uncategorized/lemon-casino-orszagunk-bonusza-ketszaz-tol-otszaz-pln-ig-otven-ingyenes-porgetes/ HTTP/1.1" 200 31834 "-" "Mozilla/5.0 (compatible; SemrushBot/7~bl; +http://www.semrush.com/bot.html)" 582 **0/582537**
54.39.6.202 - - [14/Apr/2026:09:11:44 -0700] "GET /pinup-139/pinup-608/ HTTP/1.1" 200 31372 "-" "Mozilla/5.0 (compatible; AhrefsBot/7.0; +http://ahrefs.com/robot/)" 628 **0/628301**
185.191.171.2 - - [14/Apr/2026:09:12:03 -0700] "GET /robots.txt HTTP/1.1" 200 105 "-" "Mozilla/5.0 (compatible; SemrushBot/7~bl; +http://www.semrush.com/bot.html)" 8 **0/8895**
85.208.96.208 - - [14/Apr/2026:09:12:03 -0700] "GET /uncategorized/druckgluck-untersuchung-top-spiele-500-ecu-maklercourtage-pharaoh-riches-eur-spielbank-50-kostenlose-spins-indian-dreaming-pramie-25-freispiele-costa-rica/ HTTP/1.1" 200 32386 "-" "Mozilla/5.0 (compatible; SemrushBot/7~bl; +http://www.semrush.com/bot.html)" 764 **0/764672**
43.153.122.30 - - [14/Apr/2026:09:12:04 -0700] "GET /category/1win-app-631/ HTTP/1.1" 200 35359 "-" "Mozilla/5.0 (iPhone; CPU iPhone OS 13_2_3 like Mac OS X) AppleWebKit/605.1.15 (KHTML, like Gecko) Version/13.0.3 Mobile/15E148 Safari/604.1" 643 **0/643131**
85.208.96.204 - - [14/Apr/2026:09:12:05 -0700] "GET /uncategorized/flames-joker-slot-machine-game-online-totally-free-play-with-no-download-by-playngo/ HTTP/1.1" 200 31464 "-" "Mozilla/5.0 (compatible; SemrushBot/7~bl; +http://www.semrush.com/bot.html)" 661 **0/661088**
85.208.96.201 - - [14/Apr/2026:09:12:16 -0700] "GET /1win-azerbaycan-786/1win-qeydiyyat-290/ HTTP/1.1" 200 33907 "-" "Mozilla/5.0 (compatible; SemrushBot/7~bl; +http://www.semrush.com/bot.html)" 499 **0/499444**
85.208.96.205 - - [14/Apr/2026:09:12:38 -0700] "GET /uncategorized/tips-gamble-da-vinci-diamonds-pokies-machine/ HTTP/1.1" 200 30785 "-" "Mozilla/5.0 (compatible; SemrushBot/7~bl; +http://www.semrush.com/bot.html)" 565 **0/565764**
85.208.96.205 - - [14/Apr/2026:09:12:43 -0700] "GET /uncategorized/los-gryphons-gold-para-recursos-real-mejores-investigar-el-sitio-casinos-con-el-pasar-del-tiempo-jurassic-park-2025-demo-y-no-ha-transpirado-sus-particulares/ HTTP/1.1" 200 32542 "-" "Mozilla/5.0 (compatible; SemrushBot/7~bl; +http://www.semrush.com/bot.html)" 505 **0/505047**
185.191.171.1 - - [14/Apr/2026:09:12:46 -0700] "GET /uncategorized/serving-activities-admirers-whenever-everywhere/ HTTP/1.1" 200 30214 "-" "Mozilla/5.0 (compatible; SemrushBot/7~bl; +http://www.semrush.com/bot.html)" 753 **0/753015**
85.208.96.200 - - [14/Apr/2026:09:12:51 -0700] "GET /uncategorized/100-no-play-slots-online-subscribe/ HTTP/1.1" 200 30793 "-" "Mozilla/5.0 (compatible; SemrushBot/7~bl; +http://www.semrush.com/bot.html)" 935 **0/935709**
114.119.151.155 - - [14/Apr/2026:09:12:56 -0700] "GET /uncategorized/super-connect-pokies-on-the-internet-for-best-slots-to-play-online-casino-real-currency-totally-free-gamble-around-australia/ HTTP/1.1" 200 31638 "http://fuentesanza.es/uncategorized/struck-it-steeped-having-super-link-rebellion-casino-login-bonus-electrifying-online-casino-ports-experience/" "Mozilla/5.0 (Linux; Android 7.0;) AppleWebKit/537.36 (KHTML, like Gecko) Mobile Safari/537.36 (compatible; PetalBot;+https://webmaster.petalsearch.com/site/petalbot)" 1054 **1/1054925**
54.39.6.39 - - [14/Apr/2026:09:12:59 -0700] "GET /vavada-casino-promo-code-320/vavada-casino-114/ HTTP/1.1" 200 31552 "-" "Mozilla/5.0 (compatible; AhrefsBot/7.0; +http://ahrefs.com/robot/)" 506 **0/506805**
65.21.110.111 - - [14/Apr/2026:09:13:10 -0700] "POST /xmlrpc.php HTTP/1.1" 200 102 "-" "Mozilla/5.0 (Windows NT 10.0; Win64; x64) AppleWebKit/537.36 (KHTML, like Gecko) Chrome/108.0.0.0 Safari/537.36" 1512 **1/1512427**
208.109.41.231 - - [14/Apr/2026:09:13:13 -0700] "POST /wp-cron.php?doing_wp_cron=1776183193.3166639804840087890625 HTTP/1.1" 200 - "-" "WordPress/6.3.8; http://fuentesanza.es" 203 **0/203170**
65.21.110.111 - - [14/Apr/2026:09:13:13 -0700] "POST /xmlrpc.php HTTP/1.1" 200 3393 "-" "Mozilla/5.0 (Windows NT 10.0; Win64; x64) AppleWebKit/537.36 (KHTML, like Gecko) Chrome/108.0.0.0 Safari/537.36" 798 **0/798114**
65.21.110.111 - - [14/Apr/2026:09:13:16 -0700] "GET /uncategorized/online-kazino-izcilakie-latvijas-online-casino-2026/ HTTP/1.1" 200 27423 "-" "Mozilla/5.0 (Windows NT 10.0; Win64; x64) AppleWebKit/537.36 (KHTML, like Gecko) Chrome/108.0.0.0 Safari/537.36" 869 **0/869235**
66.249.73.4 - - [14/Apr/2026:09:13:46 -0700] "GET /?w=36370129815 HTTP/1.1" 404 11349 "-" "Mozilla/5.0 (Linux; Android 6.0.1; Nexus 5X Build/MMB29P) AppleWebKit/537.36 (KHTML, like Gecko) Chrome/146.0.7680.177 Mobile Safari/537.36 (compatible; Googlebot/2.1; +http://www.google.com/bot.html)" 519 **0/519988**
66.249.73.5 - - [14/Apr/2026:09:13:46 -0700] "GET /?c=8416442969 HTTP/1.1" 200 633841 "-" "Mozilla/5.0 (Linux; Android 6.0.1; Nexus 5X Build/MMB29P) AppleWebKit/537.36 (KHTML, like Gecko) Chrome/146.0.7680.177 Mobile Safari/537.36 (compatible; Googlebot/2.1; +http://www.google.com/bot.html)" 779 **0/779785**
66.249.73.4 - - [14/Apr/2026:09:13:46 -0700] "GET /?x=3283510493 HTTP/1.1" 200 633844 "-" "Mozilla/5.0 (Linux; Android 6.0.1; Nexus 5X Build/MMB29P) AppleWebKit/537.36 (KHTML, like Gecko) Chrome/146.0.7680.177 Mobile Safari/537.36 (compatible; Googlebot/2.1; +http://www.google.com/bot.html)" 830 **0/830223**
185.191.171.3 - - [14/Apr/2026:09:14:24 -0700] "GET /uncategorized/top-10-bedst-betalende-spilleautomater-i-danmark-i-tillegg-til-hoj-se-nettsiden-rtp/ HTTP/1.1" 200 29599 "-" "Mozilla/5.0 (compatible; SemrushBot/7~bl; +http://www.semrush.com/bot.html)" 926 **0/926961**
85.208.96.204 - - [14/Apr/2026:09:14:26 -0700] "GET /uncategorized/legale-online-casinos-osterreich-2026-bei-experten-getestet/ HTTP/1.1" 200 31657 "-" "Mozilla/5.0 (compatible; SemrushBot/7~bl; +http://www.semrush.com/bot.html)" 711 **0/711291**
15.235.98.75 - - [14/Apr/2026:09:14:32 -0700] "GET /tag/mostbet-download-ios/ HTTP/1.1" 200 44491 "-" "Mozilla/5.0 (compatible; AhrefsBot/7.0; +http://ahrefs.com/robot/)" 822 **0/822166**
185.191.171.9 - - [14/Apr/2026:09:14:37 -0700] "GET /category/1win-casino-625/ HTTP/1.1" 200 41781 "-" "Mozilla/5.0 (compatible; SemrushBot/7~bl; +http://www.semrush.com/bot.html)" 999 **0/999650**
185.191.171.11 - - [14/Apr/2026:09:14:46 -0700] "GET /category/site-novibet-673/ HTTP/1.1" 200 40156 "-" "Mozilla/5.0 (compatible; SemrushBot/7~bl; +http://www.semrush.com/bot.html)" 1319 **1/1319988**
13.154.16.99 - - [14/Apr/2026:09:14:47 -0700] "POST /xmlrpc.php HTTP/1.1" 200 180 "-" "Mozilla/5.0 (Windows NT 10.0; Win64; x64) AppleWebKit/537.36 (KHTML, like Gecko) Chrome/114.0.0.0 Safari/537.36" 1432 **1/1432732**
208.109.41.231 - - [14/Apr/2026:09:14:50 -0700] "POST /wp-cron.php?doing_wp_cron=1776183290.6903419494628906250000 HTTP/1.1" 200 - "-" "WordPress/6.3.8; http://fuentesanza.es" 64 **0/64757**
66.249.73.5 - - [14/Apr/2026:09:14:50 -0700] "GET /?y=4529056246 HTTP/1.1" 200 633841 "-" "Mozilla/5.0 (Linux; Android 6.0.1; Nexus 5X Build/MMB29P) AppleWebKit/537.36 (KHTML, like Gecko) Chrome/146.0.7680.177 Mobile Safari/537.36 (compatible; Googlebot/2.1; +http://www.google.com/bot.html)" 1015 **1/1015086**
185.191.171.12 - - [14/Apr/2026:09:14:51 -0700] "GET /uncategorized/totally-free-ports-on-line-enjoy-dos450-online-slots-enjoyment-during-the-slotorama/ HTTP/1.1" 200 29958 "-" "Mozilla/5.0 (compatible; SemrushBot/7~bl; +http://www.semrush.com/bot.html)" 1077 **1/1077829**
13.154.16.99 - - [14/Apr/2026:09:14:54 -0700] "POST /xmlrpc.php HTTP/1.1" 200 10934 "-" "Mozilla/5.0 (Windows NT 10.0; Win64; x64) AppleWebKit/537.36 (KHTML, like Gecko) Chrome/114.0.0.0 Safari/537.36" 656 **0/656774**
13.154.16.99 - - [14/Apr/2026:09:14:56 -0700] "GET /uncategorized/onlayn-sportga-pul-tikish-va-kazinolar-uchun-rasmiy-veb-sayt/ HTTP/1.1" 200 156981 "-" "Mozilla/5.0 (Windows NT 10.0; Win64; x64; rv:125.0) Gecko/20100101 Firefox/125.0" 896 **0/896092**
185.153.197.91 - - [14/Apr/2026:09:15:38 -0700] "POST /xmlrpc.php HTTP/1.1" 200 180 "-" "Mozilla/5.0 (Windows NT 10.0; Win64; x64) AppleWebKit/537.36 (KHTML, like Gecko) Chrome/114.0.0.0 Safari/537.36" 896 **0/896620**
208.109.41.231 - - [14/Apr/2026:09:15:45 -0700] "POST /wp-cron.php?doing_wp_cron=1776183345.4538290500640869140625 HTTP/1.1" 200 - "-" "WordPress/6.3.8; http://fuentesanza.es" 57 **0/57213**
185.153.197.91 - - [14/Apr/2026:09:15:45 -0700] "POST /xmlrpc.php HTTP/1.1" 200 8519 "-" "Mozilla/5.0 (Windows NT 10.0; Win64; x64) AppleWebKit/537.36 (KHTML, like Gecko) Chrome/114.0.0.0 Safari/537.36" 657 **0/657175**
185.153.197.91 - - [14/Apr/2026:09:15:47 -0700] "GET /uncategorized/how-exactly-to-discover-an-account-in-the-an-excellent-sweeps-local-casino-into-the-florida/ HTTP/1.1" 200 154871 "-" "Mozilla/5.0 (Windows NT 10.0; Win64; x64; rv:124.0) Gecko/20100101 Firefox/124.0" 713 **0/713217**
185.191.171.1 - - [14/Apr/2026:09:15:48 -0700] "GET /uncategorized/z-web-hosting-a-comprehensive-guide-to-choosing-the-right-hosting-service/ HTTP/1.1" 200 31389 "-" "Mozilla/5.0 (compatible; SemrushBot/7~bl; +http://www.semrush.com/bot.html)" 610 **0/610544**
66.249.73.5 - - [14/Apr/2026:09:15:51 -0700] "GET /?p=2065954702 HTTP/1.1" 404 11349 "-" "Mozilla/5.0 (Linux; Android 6.0.1; Nexus 5X Build/MMB29P) AppleWebKit/537.36 (KHTML, like Gecko) Chrome/146.0.7680.177 Mobile Safari/537.36 (compatible; Googlebot/2.1; +http://www.google.com/bot.html)" 281 **0/281636**
142.44.225.180 - - [14/Apr/2026:09:15:59 -0700] "GET /uncategorized/free-online-pokies-earn-real-money-no-deposit/ HTTP/1.1" 200 28464 "-" "Mozilla/5.0 (compatible; AhrefsBot/7.0; +http://ahrefs.com/robot/)" 508 **0/508222**
185.191.171.18 - - [14/Apr/2026:09:16:00 -0700] "GET /pinup-login-142/pinup-casino-952/ HTTP/1.1" 200 30508 "-" "Mozilla/5.0 (compatible; SemrushBot/7~bl; +http://www.semrush.com/bot.html)" 523 **0/523086**
66.249.73.4 - - [14/Apr/2026:09:16:01 -0700] "GET /?m=3110845186 HTTP/1.1" 404 11349 "-" "Mozilla/5.0 (Linux; Android 6.0.1; Nexus 5X Build/MMB29P) AppleWebKit/537.36 (KHTML, like Gecko) Chrome/146.0.7680.177 Mobile Safari/537.36 (compatible; Googlebot/2.1; +http://www.google.com/bot.html)" 335 **0/335081**
85.208.96.196 - - [14/Apr/2026:09:16:01 -0700] "GET /uncategorized/wunderino-spielsaal-berechnung-50-primitiv-30-freispiele-diesen-hyperlink-zu-diesem-zweck/ HTTP/1.1" 200 31961 "-" "Mozilla/5.0 (compatible; SemrushBot/7~bl; +http://www.semrush.com/bot.html)" 857 **0/857462**
66.249.73.4 - - [14/Apr/2026:09:16:21 -0700] "GET /?c=84164163245 HTTP/1.1" 200 632234 "-" "Mozilla/5.0 (Linux; Android 6.0.1; Nexus 5X Build/MMB29P) AppleWebKit/537.36 (KHTML, like Gecko) Chrome/146.0.7680.177 Mobile Safari/537.36 (compatible; Googlebot/2.1; +http://www.google.com/bot.html)" 1211 **1/1211054**
66.249.73.4 - - [14/Apr/2026:09:16:31 -0700] "GET /?m=3110879840 HTTP/1.1" 404 11349 "-" "Mozilla/5.0 (Linux; Android 6.0.1; Nexus 5X Build/MMB29P) AppleWebKit/537.36 (KHTML, like Gecko) Chrome/146.0.7680.177 Mobile Safari/537.36 (compatible; Googlebot/2.1; +http://www.google.com/bot.html)" 497 **0/497738**
185.191.171.15 - - [14/Apr/2026:09:16:36 -0700] "GET /tag/vavada-casino-promo-code/ HTTP/1.1" 200 33169 "-" "Mozilla/5.0 (compatible; SemrushBot/7~bl; +http://www.semrush.com/bot.html)" 849 **0/849994**
85.208.96.204 - - [14/Apr/2026:09:16:56 -0700] "GET /uncategorized/m%EF%BF%BDquinas-casino-de-codigos-de-bonificacion-de-deposito-slottica-tragamonedas-online-regalado/ HTTP/1.1" 200 32352 "-" "Mozilla/5.0 (compatible; SemrushBot/7~bl; +http://www.semrush.com/bot.html)" 430 **0/430318**
85.208.96.210 - - [14/Apr/2026:09:17:05 -0700] "GET /pinup-498/pin-up-casino-login-816/ HTTP/1.1" 200 33502 "-" "Mozilla/5.0 (compatible; SemrushBot/7~bl; +http://www.semrush.com/bot.html)" 419 **0/419708**
185.191.171.18 - - [14/Apr/2026:09:17:07 -0700] "GET /tag/pin-up-casino-aviator/ HTTP/1.1" 200 37246 "-" "Mozilla/5.0 (compatible; SemrushBot/7~bl; +http://www.semrush.com/bot.html)" 477 **0/477380**
185.191.171.11 - - [14/Apr/2026:09:17:10 -0700] "GET /tag/luva-bet-afiliados-login/ HTTP/1.1" 200 36604 "-" "Mozilla/5.0 (compatible; SemrushBot/7~bl; +http://www.semrush.com/bot.html)" 651 **0/651825**
161.115.235.151 - - [14/Apr/2026:09:17:12 -0700] "POST /xmlrpc.php HTTP/1.1" 200 131 "-" "Mozilla/5.0 (Windows NT 10.0; Win64; x64) AppleWebKit/537.36 (KHTML, like Gecko) Chrome/146.0.0.0 Safari/537.36" 724 **0/724241**
208.109.41.231 - - [14/Apr/2026:09:17:14 -0700] "POST /wp-cron.php?doing_wp_cron=1776183434.5964000225067138671875 HTTP/1.1" 200 - "-" "WordPress/6.3.8; http://fuentesanza.es" 25 **0/25773**
161.115.235.151 - - [14/Apr/2026:09:17:14 -0700] "POST /xmlrpc.php HTTP/1.1" 200 2631 "-" "Mozilla/5.0 (Windows NT 10.0; Win64; x64) AppleWebKit/537.36 (KHTML, like Gecko) Chrome/146.0.0.0 Safari/537.36" 362 **0/362773**
66.249.73.6 - - [14/Apr/2026:09:17:10 -0700] "GET /?s=1010656877 HTTP/1.1" 200 24286 "-" "Mozilla/5.0 (Linux; Android 6.0.1; Nexus 5X Build/MMB29P) AppleWebKit/537.36 (KHTML, like Gecko) Chrome/146.0.7680.177 Mobile Safari/537.36 (compatible; Googlebot/2.1; +http://www.google.com/bot.html)" 4178 **4/4178397**
142.44.225.0 - - [14/Apr/2026:09:17:15 -0700] "GET /1/review-website-teknologi-terbaru-panduan-lengkap-untuk-pecinta-gadget/ HTTP/1.1" 200 27435 "-" "Mozilla/5.0 (compatible; AhrefsBot/7.0; +http://ahrefs.com/robot/)" 758 **0/758834**
114.119.148.10 - - [14/Apr/2026:09:17:16 -0700] "GET /uncategorized/slots-free-casino-games-for-android/ HTTP/1.1" 200 31810 "http://fuentesanza.es/uncategorized/slots-free-casino-games-for-android/" "Mozilla/5.0 (Linux; Android 7.0;) AppleWebKit/537.36 (KHTML, like Gecko) Mobile Safari/537.36 (compatible; PetalBot;+https://webmaster.petalsearch.com/site/petalbot)" 470 **0/470653**
185.153.197.91 - - [14/Apr/2026:09:17:17 -0700] "POST /xmlrpc.php HTTP/1.1" 200 180 "-" "Mozilla/5.0 (Windows NT 10.0; Win64; x64) AppleWebKit/537.36 (KHTML, like Gecko) Chrome/114.0.0.0 Safari/537.36" 823 **0/823139**
208.109.41.231 - - [14/Apr/2026:09:17:25 -0700] "POST /wp-cron.php?doing_wp_cron=1776183445.7050359249114990234375 HTTP/1.1" 200 - "-" "WordPress/6.3.8; http://fuentesanza.es" 31 **0/31345**
185.153.197.91 - - [14/Apr/2026:09:17:24 -0700] "POST /xmlrpc.php HTTP/1.1" 200 8390 "-" "Mozilla/5.0 (Windows NT 10.0; Win64; x64) AppleWebKit/537.36 (KHTML, like Gecko) Chrome/114.0.0.0 Safari/537.36" 960 **0/960533**
185.153.197.91 - - [14/Apr/2026:09:17:27 -0700] "GET /uncategorized/are-casino-poker-courtroom-inside-massachusetts-ma-on-line-poker-regulations-inside-massachusetts-explained/ HTTP/1.1" 200 155193 "-" "Mozilla/5.0 (Windows NT 10.0; Win64; x64; rv:124.0) Gecko/20100101 Firefox/124.0" 804 **0/804079**
84.200.80.218 - - [14/Apr/2026:09:17:29 -0700] "POST /xmlrpc.php HTTP/1.1" 200 603792 "-" "Mozilla/5.0 (Windows NT 10.0; Win64; x64) AppleWebKit/537.36 (KHTML, like Gecko) Chrome/64.0.3282.140 Safari/537.36 Edge/18.17763" 746 **0/746764**
84.200.80.218 - - [14/Apr/2026:09:17:31 -0700] "POST /xmlrpc.php HTTP/1.1" 200 180 "-" "Mozilla/5.0 (Windows NT 10.0; Win64; x64) AppleWebKit/537.36 (KHTML, like Gecko) Chrome/64.0.3282.140 Safari/537.36 Edge/18.17763" 1752 **1/1752603**
208.109.41.231 - - [14/Apr/2026:09:17:34 -0700] "POST /wp-cron.php?doing_wp_cron=1776183454.1537740230560302734375 HTTP/1.1" 200 - "-" "WordPress/6.3.8; http://fuentesanza.es" 25 **0/25559**
84.200.80.218 - - [14/Apr/2026:09:17:33 -0700] "POST /xmlrpc.php HTTP/1.1" 200 231366 "-" "Mozilla/5.0 (Windows NT 10.0; Win64; x64) AppleWebKit/537.36 (KHTML, like Gecko) Chrome/64.0.3282.140 Safari/537.36 Edge/18.17763" 442 **0/442300**
185.191.171.14 - - [14/Apr/2026:09:17:35 -0700] "GET /uncategorized/best-you-apple-spend-casinos-to-have-2026/ HTTP/1.1" 200 30323 "-" "Mozilla/5.0 (compatible; SemrushBot/7~bl; +http://www.semrush.com/bot.html)" 948 **0/948535**
66.249.73.5 - - [14/Apr/2026:09:17:36 -0700] "GET /?m=31108216345 HTTP/1.1" 404 11349 "-" "Mozilla/5.0 (Linux; Android 6.0.1; Nexus 5X Build/MMB29P) AppleWebKit/537.36 (KHTML, like Gecko) Chrome/146.0.7680.177 Mobile Safari/537.36 (compatible; Googlebot/2.1; +http://www.google.com/bot.html)" 495 **0/495042**
66.249.73.4 - - [14/Apr/2026:09:17:53 -0700] "GET /?w=36370261704 HTTP/1.1" 404 11349 "-" "Mozilla/5.0 (Linux; Android 6.0.1; Nexus 5X Build/MMB29P) AppleWebKit/537.36 (KHTML, like Gecko) Chrome/146.0.7680.177 Mobile Safari/537.36 (compatible; Googlebot/2.1; +http://www.google.com/bot.html)" 337 **0/337795**
216.73.216.141 - - [14/Apr/2026:09:18:27 -0700] "GET /sitemap329.xml HTTP/1.1" 404 11349 "-" "Mozilla/5.0 AppleWebKit/537.36 (KHTML, like Gecko; compatible; ClaudeBot/1.0; +claudebot@anthropic.com)" 302 **0/302201**
15.235.27.226 - - [14/Apr/2026:09:18:31 -0700] "GET /uncategorized/casino-utan-konto-%EF%B8%8F-35-online-casino-utan-inskrivning-%EF%B8%8F/ HTTP/1.1" 200 27662 "-" "Mozilla/5.0 (compatible; AhrefsBot/7.0; +http://ahrefs.com/robot/)" 672 **0/672195**
185.191.171.6 - - [14/Apr/2026:09:18:37 -0700] "GET /mostbet-app-download-704/mostbet-download-133/ HTTP/1.1" 200 33753 "-" "Mozilla/5.0 (compatible; SemrushBot/7~bl; +http://www.semrush.com/bot.html)" 499 **0/499051**
35.187.134.3 - - [14/Apr/2026:09:18:49 -0700] "GET /uncategorized/%D0%B8%D0%B4%D0%B5%D0%B0%D0%BB%D1%8C%D0%BD%D1%8B%D0%B5-%D0%B8%D0%B3%D1%80%D0%BE%D0%B2%D1%8B%D0%B5-%D0%B7%D0%B0%D0%B2%D0%B5%D0%B4%D0%B5%D0%BD%D0%B8%D1%8F-%D0%BA%D0%BE%D1%82%D0%BE%D1%80%D1%8B%D0%B5/ HTTP/1.1" 200 28837 "-" "Mozilla/5.0 (compatible; Google-Apps-Script; beanserver; +https://script.google.com; id: UAEmdDd9xsnqR0U8PwCmAzNN8LImSykEA2g)" 471 **0/471067**
185.153.197.91 - - [14/Apr/2026:09:19:22 -0700] "POST /xmlrpc.php HTTP/1.1" 200 180 "-" "Mozilla/5.0 (Windows NT 10.0; Win64; x64) AppleWebKit/537.36 (KHTML, like Gecko) Chrome/114.0.0.0 Safari/537.36" 963 **0/963837**
208.109.41.231 - - [14/Apr/2026:09:19:23 -0700] "POST /wp-cron.php?doing_wp_cron=1776183563.5330550670623779296875 HTTP/1.1" 200 - "-" "WordPress/6.3.8; http://fuentesanza.es" 350 **0/350768**
114.119.136.150 - - [14/Apr/2026:09:19:23 -0700] "GET /uncategorized/slot-online-soldi-veri-scopri-betclic-e-vinci-oggi-stesso/ HTTP/1.1" 200 29500 "http://fuentesanza.es/uncategorized/nouveau-casino-sans-depot-decouvrez-les-meilleures-options-sur-total/" "Mozilla/5.0 (Linux; Android 7.0;) AppleWebKit/537.36 (KHTML, like Gecko) Mobile Safari/537.36 (compatible; PetalBot;+https://webmaster.petalsearch.com/site/petalbot)" 1253 **1/1253380**
185.153.197.91 - - [14/Apr/2026:09:19:28 -0700] "POST /xmlrpc.php HTTP/1.1" 200 8804 "-" "Mozilla/5.0 (Windows NT 10.0; Win64; x64) AppleWebKit/537.36 (KHTML, like Gecko) Chrome/114.0.0.0 Safari/537.36" 751 **0/751031**
185.153.197.91 - - [14/Apr/2026:09:19:32 -0700] "GET /uncategorized/payment-methods-within-safer-online-casinos-in-america/ HTTP/1.1" 200 155188 "-" "Mozilla/5.0 (Windows NT 10.0; rv:125.0) Gecko/20100101 Firefox/125.0" 843 **0/843237**
66.249.73.5 - - [14/Apr/2026:09:19:34 -0700] "GET /public/online-eller-offline-hvad-er-bedst-for-dine/ HTTP/1.1" 200 27281 "-" "Mozilla/5.0 (Linux; Android 6.0.1; Nexus 5X Build/MMB29P) AppleWebKit/537.36 (KHTML, like Gecko) Chrome/146.0.7680.177 Mobile Safari/537.36 (compatible; Googlebot/2.1; +http://www.google.com/bot.html)" 1283 **1/1283015**
167.114.139.76 - - [14/Apr/2026:09:19:39 -0700] "GET /uncategorized/betbright-free-wagers-coordinated-betting-betbright-incentive-password-coordinated-wagers/ HTTP/1.1" 200 30063 "-" "Mozilla/5.0 (compatible; AhrefsBot/7.0; +http://ahrefs.com/robot/)" 1166 **1/1166630**
66.249.73.5 - - [14/Apr/2026:09:19:48 -0700] "GET /?p=20659271753 HTTP/1.1" 404 11349 "-" "Mozilla/5.0 (Linux; Android 6.0.1; Nexus 5X Build/MMB29P) AppleWebKit/537.36 (KHTML, like Gecko) Chrome/146.0.7680.177 Mobile Safari/537.36 (compatible; Googlebot/2.1; +http://www.google.com/bot.html)" 926 **0/926499**
66.249.73.5 - - [14/Apr/2026:09:19:48 -0700] "GET /public/understanding-gambling-addiction-signs-symptoms/ HTTP/1.1" 200 27377 "-" "Mozilla/5.0 (Linux; Android 6.0.1; Nexus 5X Build/MMB29P) AppleWebKit/537.36 (KHTML, like Gecko) Chrome/146.0.7680.177 Mobile Safari/537.36 (compatible; Googlebot/2.1; +http://www.google.com/bot.html)" 1213 **1/1213001**
66.249.73.4 - - [14/Apr/2026:09:19:50 -0700] "GET /public/la-fascinante-historia-de-los-casinos-a-traves-de/ HTTP/1.1" 200 27534 "-" "Mozilla/5.0 (Linux; Android 6.0.1; Nexus 5X Build/MMB29P) AppleWebKit/537.36 (KHTML, like Gecko) Chrome/146.0.7680.177 Mobile Safari/537.36 (compatible; Googlebot/2.1; +http://www.google.com/bot.html)" 760 **0/760616**
85.208.96.208 - - [14/Apr/2026:09:20:06 -0700] "GET /uncategorized/beste-angeschlossen-casino-zahlungsmethoden-je-sicheres-spielen-2026/ HTTP/1.1" 200 31718 "-" "Mozilla/5.0 (compatible; SemrushBot/7~bl; +http://www.semrush.com/bot.html)" 1216 **1/1216725**
185.191.171.9 - - [14/Apr/2026:09:20:09 -0700] "GET /uncategorized/starburst-position-demo-play-for-100-percent-free-winnings-both-implies/ HTTP/1.1" 200 30116 "-" "Mozilla/5.0 (compatible; SemrushBot/7~bl; +http://www.semrush.com/bot.html)" 1107 **1/1107323**
185.244.180.165 - - [14/Apr/2026:09:20:23 -0700] "POST /xmlrpc.php HTTP/1.1" 200 603792 "-" "Mozilla/5.0 (Windows NT 10.0; WOW64) AppleWebKit/537.36 (KHTML, like Gecko) Chrome/114.0.0.0 YaBrowser/22.7.0 Yowser/2.5 Safari/537.36" 1031 **1/1031767**
185.244.180.165 - - [14/Apr/2026:09:20:25 -0700] "POST /xmlrpc.php HTTP/1.1" 200 427 "-" "Mozilla/5.0 (Windows NT 10.0; WOW64) AppleWebKit/537.36 (KHTML, like Gecko) Chrome/114.0.0.0 YaBrowser/22.7.0 Yowser/2.5 Safari/537.36" 705 **0/705977**
185.244.180.165 - - [14/Apr/2026:09:20:31 -0700] "POST /xmlrpc.php HTTP/1.1" 200 180 "-" "Mozilla/5.0 (Windows NT 10.0; WOW64) AppleWebKit/537.36 (KHTML, like Gecko) Chrome/114.0.0.0 YaBrowser/22.7.0 Yowser/2.5 Safari/537.36" 1938 **1/1938813**
208.109.41.231 - - [14/Apr/2026:09:20:34 -0700] "POST /wp-cron.php?doing_wp_cron=1776183634.3045129776000976562500 HTTP/1.1" 200 - "-" "WordPress/6.3.8; http://fuentesanza.es" 32 **0/32785**
185.191.171.8 - - [14/Apr/2026:09:20:33 -0700] "GET /uncategorized/ometv-video-chat-omegle-random-cam-chat-different-2025/ HTTP/1.1" 200 89580 "-" "Mozilla/5.0 (compatible; SemrushBot/7~bl; +http://www.semrush.com/bot.html)" 1031 **1/1031150**
185.244.180.165 - - [14/Apr/2026:09:20:36 -0700] "POST /xmlrpc.php HTTP/1.1" 200 558484 "-" "Mozilla/5.0 (Windows NT 10.0; WOW64) AppleWebKit/537.36 (KHTML, like Gecko) Chrome/114.0.0.0 YaBrowser/22.7.0 Yowser/2.5 Safari/537.36" 782 **0/782395**
66.249.73.4 - - [14/Apr/2026:09:20:40 -0700] "GET /?c=84164233564 HTTP/1.1" 200 1005741 "-" "Mozilla/5.0 (Linux; Android 6.0.1; Nexus 5X Build/MMB29P) AppleWebKit/537.36 (KHTML, like Gecko) Chrome/146.0.7680.177 Mobile Safari/537.36 (compatible; Googlebot/2.1; +http://www.google.com/bot.html)" 1427 **1/1427145**
114.119.141.83 - - [14/Apr/2026:09:20:43 -0700] "GET /uncategorized/slot-machines-online-postagem-informativa-gr%EF%BF%BDtis/ HTTP/1.1" 200 32325 "http://fuentesanza.es/uncategorized/slot-machines-online-postagem-informativa-gr%ef%bf%bdtis/" "Mozilla/5.0 (Linux; Android 7.0;) AppleWebKit/537.36 (KHTML, like Gecko) Mobile Safari/537.36 (compatible; PetalBot;+https://webmaster.petalsearch.com/site/petalbot)" 953 **0/953946**
66.249.73.4 - - [14/Apr/2026:09:20:53 -0700] "GET /?i=20912121482 HTTP/1.1" 200 1005737 "-" "Mozilla/5.0 (Linux; Android 6.0.1; Nexus 5X Build/MMB29P) AppleWebKit/537.36 (KHTML, like Gecko) Chrome/146.0.7680.177 Mobile Safari/537.36 (compatible; Googlebot/2.1; +http://www.google.com/bot.html)" 1405 **1/1405131**
85.208.96.198 - - [14/Apr/2026:09:20:54 -0700] "GET /2023/08/ HTTP/1.1" 200 30139 "-" "Mozilla/5.0 (compatible; SemrushBot/7~bl; +http://www.semrush.com/bot.html)" 633 **0/633216**
85.208.96.208 - - [14/Apr/2026:09:20:59 -0700] "GET /1win-bet-880/1win-registratsiya-887/ HTTP/1.1" 200 33942 "-" "Mozilla/5.0 (compatible; SemrushBot/7~bl; +http://www.semrush.com/bot.html)" 665 **0/665056**
185.153.197.91 - - [14/Apr/2026:09:21:01 -0700] "POST /xmlrpc.php HTTP/1.1" 200 180 "-" "Mozilla/5.0 (Windows NT 10.0; Win64; x64) AppleWebKit/537.36 (KHTML, like Gecko) Chrome/114.0.0.0 Safari/537.36" 1079 **1/1079273**
208.109.41.231 - - [14/Apr/2026:09:21:08 -0700] "POST /wp-cron.php?doing_wp_cron=1776183668.2048149108886718750000 HTTP/1.1" 200 - "-" "WordPress/6.3.8; http://fuentesanza.es" 29 **0/29761**
185.153.197.91 - - [14/Apr/2026:09:21:07 -0700] "POST /xmlrpc.php HTTP/1.1" 200 8648 "-" "Mozilla/5.0 (Windows NT 10.0; Win64; x64) AppleWebKit/537.36 (KHTML, like Gecko) Chrome/114.0.0.0 Safari/537.36" 759 **0/759666**
185.153.197.91 - - [14/Apr/2026:09:21:09 -0700] "GET /uncategorized/games-range-and-you-will-gaming-markets-are-very-important-activities-when-deciding-on-an-enthusiastic-gambling-on-line-webpages/ HTTP/1.1" 200 155530 "-" "Mozilla/5.0 (Windows NT 10.0; Win64; x64) AppleWebKit/537.36 (KHTML, like Gecko) Chrome/124.0.0.0 Safari/537.36" 769 **0/769528**
54.39.0.29 - - [14/Apr/2026:09:21:10 -0700] "GET /uncategorized/von-der-regulierungsbehorde-bekommt-das-gamer-diese-gewissheit-dass-freund-und-feind-spiele-leger-und-auf-keinen-fall-manipuliert-werden/ HTTP/1.1" 200 27654 "-" "Mozilla/5.0 (compatible; AhrefsBot/7.0; +http://ahrefs.com/robot/)" 373 **0/373512**
85.208.96.211 - - [14/Apr/2026:09:21:24 -0700] "GET /category/1win-aviator-712/ HTTP/1.1" 200 41826 "-" "Mozilla/5.0 (compatible; SemrushBot/7~bl; +http://www.semrush.com/bot.html)" 572 **0/572301**
85.208.96.204 - - [14/Apr/2026:09:21:28 -0700] "GET /uncategorized/50-free-revolves-no-deposit-free-spins-on-cosmic-eclipse-rtp-incentive-nz-50-100-percent-free-spins-for-the-membership/ HTTP/1.1" 200 33108 "-" "Mozilla/5.0 (compatible; SemrushBot/7~bl; +http://www.semrush.com/bot.html)" 571 **0/571598**
84.200.80.218 - - [14/Apr/2026:09:21:49 -0700] "POST /xmlrpc.php HTTP/1.1" 200 603792 "-" "Mozilla/5.0 (Windows NT 10.0; Win64; x64) AppleWebKit/537.36 (KHTML, like Gecko) Chrome/80.0.3987.132 Safari/537.36" 992 **0/992918**
84.200.80.218 - - [14/Apr/2026:09:21:52 -0700] "POST /xmlrpc.php HTTP/1.1" 200 180 "-" "Mozilla/5.0 (Windows NT 10.0; Win64; x64) AppleWebKit/537.36 (KHTML, like Gecko) Chrome/80.0.3987.132 Safari/537.36" 1494 **1/1494247**
208.109.41.231 - - [14/Apr/2026:09:21:55 -0700] "POST /wp-cron.php?doing_wp_cron=1776183715.3034889698028564453125 HTTP/1.1" 200 - "-" "WordPress/6.3.8; http://fuentesanza.es" 40 **0/40797**
84.200.80.218 - - [14/Apr/2026:09:21:55 -0700] "POST /xmlrpc.php HTTP/1.1" 200 210423 "-" "Mozilla/5.0 (Windows NT 10.0; Win64; x64) AppleWebKit/537.36 (KHTML, like Gecko) Chrome/80.0.3987.132 Safari/537.36" 368 **0/368533**
185.153.197.91 - - [14/Apr/2026:09:22:18 -0700] "POST /xmlrpc.php HTTP/1.1" 200 180 "-" "Mozilla/5.0 (Windows NT 10.0; Win64; x64) AppleWebKit/537.36 (KHTML, like Gecko) Chrome/114.0.0.0 Safari/537.36" 683 **0/683380**
208.109.41.231 - - [14/Apr/2026:09:22:25 -0700] "POST /wp-cron.php?doing_wp_cron=1776183745.4277460575103759765625 HTTP/1.1" 200 - "-" "WordPress/6.3.8; http://fuentesanza.es" 23 **0/23739**
185.153.197.91 - - [14/Apr/2026:09:22:25 -0700] "POST /xmlrpc.php HTTP/1.1" 200 8483 "-" "Mozilla/5.0 (Windows NT 10.0; Win64; x64) AppleWebKit/537.36 (KHTML, like Gecko) Chrome/114.0.0.0 Safari/537.36" 664 **0/664367**
148.113.130.243 - - [14/Apr/2026:09:22:25 -0700] "GET /uncategorized/darf-meine-wenigkeit-mit-ein-einzahlung-bei-5-%EF%BF%BD-echtes-piepen-das-rennen-machen/ HTTP/1.1" 200 27395 "-" "Mozilla/5.0 (compatible; AhrefsBot/7.0; +http://ahrefs.com/robot/)" 843 **0/843950**
66.249.73.4 - - [14/Apr/2026:09:22:27 -0700] "GET /?w=36370206192 HTTP/1.1" 404 11349 "-" "Mozilla/5.0 (Linux; Android 6.0.1; Nexus 5X Build/MMB29P) AppleWebKit/537.36 (KHTML, like Gecko) Chrome/146.0.7680.177 Mobile Safari/537.36 (compatible; Googlebot/2.1; +http://www.google.com/bot.html)" 297 **0/297058**
185.153.197.91 - - [14/Apr/2026:09:22:27 -0700] "GET /uncategorized/private-use-of-high-roller-slots-and-you-may-progressive-jackpots/ HTTP/1.1" 200 155210 "-" "Mozilla/5.0 (Windows NT 10.0; Win64; x64) AppleWebKit/537.36 (KHTML, like Gecko) Chrome/122.0.0.0 Safari/537.36" 333 **0/333331**
185.191.171.16 - - [14/Apr/2026:09:22:46 -0700] "GET /uncategorized/20-freispiele-exklusive-mega-fortune-dreams-2-online-slot-einzahlung-traktandum-angebote-2026/ HTTP/1.1" 200 32325 "-" "Mozilla/5.0 (compatible; SemrushBot/7~bl; +http://www.semrush.com/bot.html)" 432 **0/432642**
185.191.171.18 - - [14/Apr/2026:09:22:53 -0700] "GET /1win-apuestas-526/1win-games-354/ HTTP/1.1" 200 32320 "-" "Mozilla/5.0 (compatible; SemrushBot/7~bl; +http://www.semrush.com/bot.html)" 524 **0/524402**
185.191.171.18 - - [14/Apr/2026:09:23:02 -0700] "GET /mostbet-casino-login-101/mostbet-cassino-371/ HTTP/1.1" 200 32663 "-" "Mozilla/5.0 (compatible; SemrushBot/7~bl; +http://www.semrush.com/bot.html)" 782 **0/782604**
13.154.16.99 - - [14/Apr/2026:09:23:04 -0700] "POST /xmlrpc.php HTTP/1.1" 200 180 "-" "Mozilla/5.0 (Windows NT 10.0; Win64; x64) AppleWebKit/537.36 (KHTML, like Gecko) Chrome/114.0.0.0 Safari/537.36" 1114 **1/1114905**
208.109.41.231 - - [14/Apr/2026:09:23:11 -0700] "POST /wp-cron.php?doing_wp_cron=1776183791.8672010898590087890625 HTTP/1.1" 200 - "-" "WordPress/6.3.8; http://fuentesanza.es" 26 **0/26820**
13.154.16.99 - - [14/Apr/2026:09:23:11 -0700] "POST /xmlrpc.php HTTP/1.1" 200 10300 "-" "Mozilla/5.0 (Windows NT 10.0; Win64; x64) AppleWebKit/537.36 (KHTML, like Gecko) Chrome/114.0.0.0 Safari/537.36" 551 **0/551002**
13.154.16.99 - - [14/Apr/2026:09:23:12 -0700] "GET /uncategorized/1xbet-rasmiy-veb-sayti-va-ishlaydigan-oyna-bugun-tizimga-kiring-sportda-125-bonus/ HTTP/1.1" 200 156765 "-" "Mozilla/5.0 (Windows NT 10.0; rv:125.0) Gecko/20100101 Firefox/125.0" 553 **0/553669**
161.97.176.255 - - [14/Apr/2026:09:23:13 -0700] "GET /public/mastering-the-art-of-gambling-essential-tips-and-6/ HTTP/1.1" 200 30035 "-" "Mozilla/5.0 (Windows NT 10.0; Win64; x64; rv:121.0) Gecko/20100101 Firefox/121.0" 474 **0/474666**
161.97.176.255 - - [14/Apr/2026:09:23:14 -0700] "GET /wp-includes/css/dist/block-library/style.min.css?ver=6.3.8 HTTP/1.1" 200 13841 "http://fuentesanza.es/public/mastering-the-art-of-gambling-essential-tips-and-6/" "Mozilla/5.0 (Windows NT 10.0; Win64; x64; rv:121.0) Gecko/20100101 Firefox/121.0" 17 **0/17399**
161.97.176.255 - - [14/Apr/2026:09:23:14 -0700] "GET /wp-content/themes/twentytwelve/style.css?ver=20230808 HTTP/1.1" 200 8255 "http://fuentesanza.es/public/mastering-the-art-of-gambling-essential-tips-and-6/" "Mozilla/5.0 (Windows NT 10.0; Win64; x64; rv:121.0) Gecko/20100101 Firefox/121.0" 13 **0/13083**
161.97.176.255 - - [14/Apr/2026:09:23:14 -0700] "GET /wp-content/themes/twentytwelve/fonts/font-open-sans.css?ver=20230328 HTTP/1.1" 200 930 "http://fuentesanza.es/public/mastering-the-art-of-gambling-essential-tips-and-6/" "Mozilla/5.0 (Windows NT 10.0; Win64; x64; rv:121.0) Gecko/20100101 Firefox/121.0" 14 **0/14698**
161.97.176.255 - - [14/Apr/2026:09:23:14 -0700] "GET /wp-content/themes/twentytwelve/css/blocks.css?ver=20230213 HTTP/1.1" 200 1872 "http://fuentesanza.es/public/mastering-the-art-of-gambling-essential-tips-and-6/" "Mozilla/5.0 (Windows NT 10.0; Win64; x64; rv:121.0) Gecko/20100101 Firefox/121.0" 13 **0/13534**
161.97.176.255 - - [14/Apr/2026:09:23:14 -0700] "GET /wp-includes/js/jquery/jquery.min.js?ver=3.7.0 HTTP/1.1" 200 30343 "http://fuentesanza.es/public/mastering-the-art-of-gambling-essential-tips-and-6/" "Mozilla/5.0 (Windows NT 10.0; Win64; x64; rv:121.0) Gecko/20100101 Firefox/121.0" 30 **0/30298**
161.97.176.255 - - [14/Apr/2026:09:23:14 -0700] "GET /wp-includes/js/jquery/jquery-migrate.min.js?ver=3.4.1 HTTP/1.1" 200 4872 "http://fuentesanza.es/public/mastering-the-art-of-gambling-essential-tips-and-6/" "Mozilla/5.0 (Windows NT 10.0; Win64; x64; rv:121.0) Gecko/20100101 Firefox/121.0" 13 **0/13804**
161.97.176.255 - - [14/Apr/2026:09:23:14 -0700] "GET /wp-includes/js/comment-reply.min.js?ver=6.3.8 HTTP/1.1" 200 1351 "http://fuentesanza.es/public/mastering-the-art-of-gambling-essential-tips-and-6/" "Mozilla/5.0 (Windows NT 10.0; Win64; x64; rv:121.0) Gecko/20100101 Firefox/121.0" 13 **0/13357**
161.97.176.255 - - [14/Apr/2026:09:23:14 -0700] "GET /public/mastering-the-art-of-gambling-essential-tips-and-6/%3Cdiv%20class=%22video-container%22%3E%3Ciframe%20src=%22https://cdn.pixabay.com/video/2017/01/18/7405-200092391_medium.mp4%22%20frameborder=%220%22%20allowfullscreen%3E%3C/iframe%3E%3C/div%3E HTTP/1.1" 301 - "http://fuentesanza.es/public/mastering-the-art-of-gambling-essential-tips-and-6/" "Mozilla/5.0 (Windows NT 10.0; Win64; x64; rv:121.0) Gecko/20100101 Firefox/121.0" 199 **0/199643**
161.97.176.255 - - [14/Apr/2026:09:23:14 -0700] "GET /wp-content/themes/twentytwelve/js/navigation.js?ver=20141205 HTTP/1.1" 200 656 "http://fuentesanza.es/public/mastering-the-art-of-gambling-essential-tips-and-6/" "Mozilla/5.0 (Windows NT 10.0; Win64; x64; rv:121.0) Gecko/20100101 Firefox/121.0" 12 **0/12199**
161.97.176.255 - - [14/Apr/2026:09:23:14 -0700] "GET /wp-content/themes/twentytwelve/fonts/open-sans/open-sans-latin-400-normal.woff2?ver=34 HTTP/1.1" 200 16740 "http://fuentesanza.es/wp-content/themes/twentytwelve/fonts/font-open-sans.css?ver=20230328" "Mozilla/5.0 (Windows NT 10.0; Win64; x64; rv:121.0) Gecko/20100101 Firefox/121.0" 12 **0/12183**
161.97.176.255 - - [14/Apr/2026:09:23:14 -0700] "GET /wp-content/themes/twentytwelve/fonts/open-sans/open-sans-greek-400-normal.woff2?ver=34 HTTP/1.1" 200 8952 "http://fuentesanza.es/wp-content/themes/twentytwelve/fonts/font-open-sans.css?ver=20230328" "Mozilla/5.0 (Windows NT 10.0; Win64; x64; rv:121.0) Gecko/20100101 Firefox/121.0" 13 **0/13514**
161.97.176.255 - - [14/Apr/2026:09:23:14 -0700] "GET /wp-content/themes/twentytwelve/fonts/open-sans/open-sans-cyrillic-400-normal.woff2?ver=34 HTTP/1.1" 200 10652 "http://fuentesanza.es/wp-content/themes/twentytwelve/fonts/font-open-sans.css?ver=20230328" "Mozilla/5.0 (Windows NT 10.0; Win64; x64; rv:121.0) Gecko/20100101 Firefox/121.0" 13 **0/13501**
161.97.176.255 - - [14/Apr/2026:09:23:14 -0700] "GET /wp-content/themes/twentytwelve/fonts/open-sans/open-sans-latin-700-normal.woff2?ver=34 HTTP/1.1" 200 16372 "http://fuentesanza.es/wp-content/themes/twentytwelve/fonts/font-open-sans.css?ver=20230328" "Mozilla/5.0 (Windows NT 10.0; Win64; x64; rv:121.0) Gecko/20100101 Firefox/121.0" 12 **0/12011**
161.97.176.255 - - [14/Apr/2026:09:23:14 -0700] "GET /wp-content/themes/twentytwelve/fonts/open-sans/open-sans-latin-ext-400-normal.woff2?ver=34 HTTP/1.1" 200 12972 "http://fuentesanza.es/wp-content/themes/twentytwelve/fonts/font-open-sans.css?ver=20230328" "Mozilla/5.0 (Windows NT 10.0; Win64; x64; rv:121.0) Gecko/20100101 Firefox/121.0" 14 **0/14443**
161.97.176.255 - - [14/Apr/2026:09:23:14 -0700] "GET /public/mastering-the-art-of-gambling-essential-tips-and-6/%3Cdiv%20class=%22video-container%22%3E%3Ciframe%20src=%22https:/cdn.pixabay.com/video/2017/01/18/7405-200092391_medium.mp4%22%20frameborder=%220%22%20allowfullscreen%3E%3C/iframe%3E%3C/div%3E HTTP/1.1" 404 50331 "http://fuentesanza.es/public/mastering-the-art-of-gambling-essential-tips-and-6/" "Mozilla/5.0 (Windows NT 10.0; Win64; x64; rv:121.0) Gecko/20100101 Firefox/121.0" 241 **0/241530**
161.97.176.255 - - [14/Apr/2026:09:23:15 -0700] "GET /wp-includes/js/wp-emoji-release.min.js?ver=6.3.8 HTTP/1.1" 200 5039 "http://fuentesanza.es/public/mastering-the-art-of-gambling-essential-tips-and-6/" "Mozilla/5.0 (Windows NT 10.0; Win64; x64; rv:121.0) Gecko/20100101 Firefox/121.0" 10 **0/10950**
185.191.171.14 - - [14/Apr/2026:09:23:25 -0700] "GET /uncategorized/they-are-quite-popular-into-the-latin-the-usa-europe-and-you-can-australasia-and-additionally-macau/ HTTP/1.1" 200 29492 "-" "Mozilla/5.0 (compatible; SemrushBot/7~bl; +http://www.semrush.com/bot.html)" 334 **0/334750**
142.44.225.218 - - [14/Apr/2026:09:23:33 -0700] "GET /uncategorized/kasino-unter-zuhilfenahme-von-thirty-betibet-federal-republic-of-germany-euroletten-pramie-ausschlielich-einzahlung/ HTTP/1.1" 200 28339 "-" "Mozilla/5.0 (compatible; AhrefsBot/7.0; +http://ahrefs.com/robot/)" 307 **0/307034**
185.153.197.91 - - [14/Apr/2026:09:23:51 -0700] "POST /xmlrpc.php HTTP/1.1" 200 180 "-" "Mozilla/5.0 (Windows NT 10.0; Win64; x64) AppleWebKit/537.36 (KHTML, like Gecko) Chrome/114.0.0.0 Safari/537.36" 520 **0/520641**
208.109.41.231 - - [14/Apr/2026:09:23:56 -0700] "POST /wp-cron.php?doing_wp_cron=1776183836.2157459259033203125000 HTTP/1.1" 200 - "-" "WordPress/6.3.8; http://fuentesanza.es" 28 **0/28388**
66.249.73.6 - - [14/Apr/2026:09:23:55 -0700] "GET /?p=20659225311 HTTP/1.1" 404 11349 "-" "Mozilla/5.0 (Linux; Android 6.0.1; Nexus 5X Build/MMB29P) AppleWebKit/537.36 (KHTML, like Gecko) Chrome/146.0.7680.177 Mobile Safari/537.36 (compatible; Googlebot/2.1; +http://www.google.com/bot.html)" 618 **0/618973**
185.153.197.91 - - [14/Apr/2026:09:23:59 -0700] "POST /xmlrpc.php HTTP/1.1" 200 8877 "-" "Mozilla/5.0 (Windows NT 10.0; Win64; x64) AppleWebKit/537.36 (KHTML, like Gecko) Chrome/114.0.0.0 Safari/537.36" 378 **0/378793**
185.153.197.91 - - [14/Apr/2026:09:24:01 -0700] "GET /uncategorized/specific-casinos-link-revolves-to-specific-online-game-while-some-let-you-favor/ HTTP/1.1" 200 155330 "-" "Mozilla/5.0 (Windows NT 10.0; rv:109.0) Gecko/20100101 Firefox/115.0" 679 **0/679376**
85.208.96.196 - - [14/Apr/2026:09:24:06 -0700] "GET /uncategorized/scratchmania-ontvang-scratch-cool-buck-online-freak-toeslag-afwisselend-holland-erbij-scratchmania/ HTTP/1.1" 200 30882 "-" "Mozilla/5.0 (compatible; SemrushBot/7~bl; +http://www.semrush.com/bot.html)" 413 **0/413689**
66.249.73.6 - - [14/Apr/2026:09:24:09 -0700] "GET /?w=36370266682 HTTP/1.1" 404 11349 "-" "Mozilla/5.0 (Linux; Android 6.0.1; Nexus 5X Build/MMB29P) AppleWebKit/537.36 (KHTML, like Gecko) Chrome/146.0.7680.177 Mobile Safari/537.36 (compatible; Googlebot/2.1; +http://www.google.com/bot.html)" 219 **0/219307**
66.249.73.4 - - [14/Apr/2026:09:24:13 -0700] "GET /?c=84164246966 HTTP/1.1" 200 43840 "-" "Mozilla/5.0 (Linux; Android 6.0.1; Nexus 5X Build/MMB29P) AppleWebKit/537.36 (KHTML, like Gecko) Chrome/146.0.7680.177 Mobile Safari/537.36 (compatible; Googlebot/2.1; +http://www.google.com/bot.html)" 543 **0/543276**
185.191.171.4 - - [14/Apr/2026:09:24:22 -0700] "GET /1win-skachat-545/1win-sait-818/ HTTP/1.1" 200 34666 "-" "Mozilla/5.0 (compatible; SemrushBot/7~bl; +http://www.semrush.com/bot.html)" 625 **0/625495**
185.191.171.1 - - [14/Apr/2026:09:24:42 -0700] "GET /uncategorized/on-line-position-games-black-hawk-pokies-enjoyment-gamble-greatest-pokies-and-free-ports/ HTTP/1.1" 200 30274 "-" "Mozilla/5.0 (compatible; SemrushBot/7~bl; +http://www.semrush.com/bot.html)" 502 **0/502828**
51.161.37.169 - - [14/Apr/2026:09:24:47 -0700] "GET /uncategorized/quickspin-slots-play-100-lost-vegas-free-spins-no-deposit-percent-free-quickspin-casino-games-on-the-internet/ HTTP/1.1" 200 28254 "-" "Mozilla/5.0 (compatible; AhrefsBot/7.0; +http://ahrefs.com/robot/)" 318 **0/318594**
85.208.96.205 - - [14/Apr/2026:09:25:03 -0700] "GET /uncategorized/darmowe-hazard-zagraj-w-victorious-slot-kasyno-uciechy-na-terytorium-polski/ HTTP/1.1" 200 31361 "-" "Mozilla/5.0 (compatible; SemrushBot/7~bl; +http://www.semrush.com/bot.html)" 1054 **1/1054559**
66.249.73.4 - - [14/Apr/2026:09:25:10 -0700] "GET /?p=20659209067 HTTP/1.1" 404 11349 "-" "Mozilla/5.0 (Linux; Android 6.0.1; Nexus 5X Build/MMB29P) AppleWebKit/537.36 (KHTML, like Gecko) Chrome/146.0.7680.177 Mobile Safari/537.36 (compatible; Googlebot/2.1; +http://www.google.com/bot.html)" 412 **0/412175**
85.208.96.196 - - [14/Apr/2026:09:25:14 -0700] "GET /tag/slot-online/ HTTP/1.1" 200 30497 "-" "Mozilla/5.0 (compatible; SemrushBot/7~bl; +http://www.semrush.com/bot.html)" 446 **0/446526**
185.191.171.1 - - [14/Apr/2026:09:25:16 -0700] "GET /uncategorized/die-besten-9-kasino-bonus-angebote-2026-inside-brd/ HTTP/1.1" 200 31453 "-" "Mozilla/5.0 (compatible; SemrushBot/7~bl; +http://www.semrush.com/bot.html)" 521 **0/521419**
91.107.208.255 - - [14/Apr/2026:09:25:17 -0700] "POST /xmlrpc.php HTTP/1.1" 200 102 "-" "Mozilla/5.0 (Windows NT 10.0; Win64; x64) AppleWebKit/537.36 (KHTML, like Gecko) Chrome/108.0.0.0 Safari/537.36" 730 **0/730858**
208.109.41.231 - - [14/Apr/2026:09:25:19 -0700] "POST /wp-cron.php?doing_wp_cron=1776183919.5712769031524658203125 HTTP/1.1" 200 - "-" "WordPress/6.3.8; http://fuentesanza.es" 34 **0/34560**
91.107.208.255 - - [14/Apr/2026:09:25:19 -0700] "POST /xmlrpc.php HTTP/1.1" 200 3654 "-" "Mozilla/5.0 (Windows NT 10.0; Win64; x64) AppleWebKit/537.36 (KHTML, like Gecko) Chrome/108.0.0.0 Safari/537.36" 366 **0/366412**
91.107.208.255 - - [14/Apr/2026:09:25:22 -0700] "GET /uncategorized/latvijas-labakie-online-kazino-2026/ HTTP/1.1" 200 27762 "-" "Mozilla/5.0 (Windows NT 10.0; Win64; x64) AppleWebKit/537.36 (KHTML, like Gecko) Chrome/108.0.0.0 Safari/537.36" 812 **0/812802**
185.153.197.91 - - [14/Apr/2026:09:25:27 -0700] "POST /xmlrpc.php HTTP/1.1" 200 180 "-" "Mozilla/5.0 (Windows NT 10.0; Win64; x64) AppleWebKit/537.36 (KHTML, like Gecko) Chrome/114.0.0.0 Safari/537.36" 686 **0/686445**
208.109.41.231 - - [14/Apr/2026:09:25:33 -0700] "POST /wp-cron.php?doing_wp_cron=1776183933.7304549217224121093750 HTTP/1.1" 200 - "-" "WordPress/6.3.8; http://fuentesanza.es" 32 **0/32055**
185.153.197.91 - - [14/Apr/2026:09:25:33 -0700] "POST /xmlrpc.php HTTP/1.1" 200 8515 "-" "Mozilla/5.0 (Windows NT 10.0; Win64; x64) AppleWebKit/537.36 (KHTML, like Gecko) Chrome/114.0.0.0 Safari/537.36" 508 **0/508108**
216.73.216.141 - - [14/Apr/2026:09:25:33 -0700] "GET /sitemap11.xml HTTP/1.1" 404 11349 "-" "Mozilla/5.0 AppleWebKit/537.36 (KHTML, like Gecko; compatible; ClaudeBot/1.0; +claudebot@anthropic.com)" 343 **0/343569**
185.153.197.91 - - [14/Apr/2026:09:25:36 -0700] "GET /uncategorized/freeze-game-a-knowledgeable-ethereum-casinos-provide-provably-reasonable-online-game-or-freeze-online-game-that-play-out-on-the-fresh-blockchain/ HTTP/1.1" 200 155506 "-" "Mozilla/5.0 (Windows NT 10.0; Win64; x64) AppleWebKit/537.36 (KHTML, like Gecko) Chrome/124.0.0.0 Safari/537.36" 651 **0/651072**
51.222.168.93 - - [14/Apr/2026:09:25:59 -0700] "GET /uncategorized/pompeii-free-slot-beizebu-play-jogo-de-slot-sizzling-hot-deluxe-aristocrat-slots-for-real-money/ HTTP/1.1" 200 28469 "-" "Mozilla/5.0 (compatible; AhrefsBot/7.0; +http://ahrefs.com/robot/)" 403 **0/403856**
13.154.16.99 - - [14/Apr/2026:09:26:02 -0700] "POST /xmlrpc.php HTTP/1.1" 200 180 "-" "Mozilla/5.0 (Windows NT 10.0; Win64; x64) AppleWebKit/537.36 (KHTML, like Gecko) Chrome/114.0.0.0 Safari/537.36" 923 **0/923806**
208.109.41.231 - - [14/Apr/2026:09:26:09 -0700] "POST /wp-cron.php?doing_wp_cron=1776183969.1711409091949462890625 HTTP/1.1" 200 - "-" "WordPress/6.3.8; http://fuentesanza.es" 24 **0/24815**
13.154.16.99 - - [14/Apr/2026:09:26:08 -0700] "POST /xmlrpc.php HTTP/1.1" 200 13414 "-" "Mozilla/5.0 (Windows NT 10.0; Win64; x64) AppleWebKit/537.36 (KHTML, like Gecko) Chrome/114.0.0.0 Safari/537.36" 530 **0/530902**
13.154.16.99 - - [14/Apr/2026:09:26:09 -0700] "GET /uncategorized/android-uchun-1xbetni-yuklab-oling-rasmiy-1xbet-android-ilovasini-bepul-yuklab-oling/ HTTP/1.1" 200 159764 "-" "Mozilla/5.0 (Windows NT 10.0; Win64; x64; rv:125.0) Gecko/20100101 Firefox/125.0" 550 **0/550436**
114.119.136.150 - - [14/Apr/2026:09:26:13 -0700] "GET /uncategorized/sizzling-hot-uciecha-kasyno-halloween-online-za-darmo-graj-wyjawszy-rejestracji/ HTTP/1.1" 200 32202 "http://fuentesanza.es/uncategorized/spielsaal-ohne-einzahlung-echtes-bares-unser-versorger-bezahlen-kostenlose-gewinne-leer-enns/" "Mozilla/5.0 (Linux; Android 7.0;) AppleWebKit/537.36 (KHTML, like Gecko) Mobile Safari/537.36 (compatible; PetalBot;+https://webmaster.petalsearch.com/site/petalbot)" 525 **0/525040**
185.153.197.91 - - [14/Apr/2026:09:26:40 -0700] "POST /xmlrpc.php HTTP/1.1" 200 180 "-" "Mozilla/5.0 (Windows NT 10.0; Win64; x64) AppleWebKit/537.36 (KHTML, like Gecko) Chrome/114.0.0.0 Safari/537.36" 429 **0/429645**
208.109.41.231 - - [14/Apr/2026:09:26:42 -0700] "POST /wp-cron.php?doing_wp_cron=1776184002.0648760795593261718750 HTTP/1.1" 200 - "-" "WordPress/6.3.8; http://fuentesanza.es" 22 **0/22029**
85.208.96.204 - - [14/Apr/2026:09:26:41 -0700] "GET /uncategorized/greatest-online-slots-games-united-states-step-1-best-a-real-income-ports-on-the-internet-2026/ HTTP/1.1" 200 31861 "-" "Mozilla/5.0 (compatible; SemrushBot/7~bl; +http://www.semrush.com/bot.html)" 473 **0/473236**
185.153.197.91 - - [14/Apr/2026:09:26:47 -0700] "POST /xmlrpc.php HTTP/1.1" 200 8584 "-" "Mozilla/5.0 (Windows NT 10.0; Win64; x64) AppleWebKit/537.36 (KHTML, like Gecko) Chrome/114.0.0.0 Safari/537.36" 393 **0/393206**
189.84.180.234 - - [14/Apr/2026:09:26:47 -0700] "GET http://fuentesanza.es/ HTTP/1.1" 301 - "-" "Mozilla/5.0 (Windows NT 10.0; Win64; x64) AppleWebKit/537.36 (KHTML, like Gecko) Chrome/120.0.0.0 Safari/537.36" 325 **0/325889**
185.153.197.91 - - [14/Apr/2026:09:26:47 -0700] "GET /uncategorized/having-said-that-this-is-basically-the-requirements-you-will-find-regularly-distinguish-the-best-crypto-baccarat-internet/ HTTP/1.1" 200 155630 "-" "Mozilla/5.0 (Windows NT 10.0; Win64; x64) AppleWebKit/537.36 (KHTML, like Gecko) Chrome/122.0.0.0 Safari/537.36" 635 **0/635749**
114.119.141.83 - - [14/Apr/2026:09:27:00 -0700] "GET /uncategorized/site-ul-a-fi-auto-importanta-intr-numarul-atomic-8-paleta-de-culori-inchise-i-asta-asigura-eficiena-limitarea-cand-pana-la-urma-o-lumina/ HTTP/1.1" 200 29710 "http://fuentesanza.es/uncategorized/madslots-is-designed-to-become-while-the-obtainable-and-you-can-rewarding-because-was-enjoyable/" "Mozilla/5.0 (Linux; Android 7.0;) AppleWebKit/537.36 (KHTML, like Gecko) Mobile Safari/537.36 (compatible; PetalBot;+https://webmaster.petalsearch.com/site/petalbot)" 614 **0/614081**
54.39.203.41 - - [14/Apr/2026:09:27:04 -0700] "GET /uncategorized/with-its-edgy-motif-and-large-volatility-in-pretty-bad-shape-crew-even-offers-exclusive-adrenaline-passionate-position-feel/feed/ HTTP/1.1" 200 512 "-" "Mozilla/5.0 (compatible; AhrefsBot/7.0; +http://ahrefs.com/robot/)" 586 **0/586536**
85.208.96.212 - - [14/Apr/2026:09:27:07 -0700] "GET /10-641286-links-mix-casino-au-3-4-done/best-payid-pokies-sites-2026-payid-fast-1962/ HTTP/1.1" 200 159506 "-" "Mozilla/5.0 (compatible; SemrushBot/7~bl; +http://www.semrush.com/bot.html)" 358 **0/358673**
85.208.96.202 - - [14/Apr/2026:09:27:26 -0700] "GET /1win-kazino-818/1win-vhod-537/ HTTP/1.1" 200 33102 "-" "Mozilla/5.0 (compatible; SemrushBot/7~bl; +http://www.semrush.com/bot.html)" 768 **0/768387**
66.249.73.6 - - [14/Apr/2026:09:27:38 -0700] "GET /?f=71141195073 HTTP/1.1" 200 43990 "-" "Mozilla/5.0 (Linux; Android 6.0.1; Nexus 5X Build/MMB29P) AppleWebKit/537.36 (KHTML, like Gecko) Chrome/146.0.7680.177 Mobile Safari/537.36 (compatible; Googlebot/2.1; +http://www.google.com/bot.html)" 595 **0/595134**
66.249.73.4 - - [14/Apr/2026:09:27:47 -0700] "GET /?y=4529023842 HTTP/1.1" 200 43989 "-" "Mozilla/5.0 (Linux; Android 6.0.1; Nexus 5X Build/MMB29P) AppleWebKit/537.36 (KHTML, like Gecko) Chrome/146.0.7680.177 Mobile Safari/537.36 (compatible; Googlebot/2.1; +http://www.google.com/bot.html)" 699 **0/699256**
85.208.96.202 - - [14/Apr/2026:09:27:50 -0700] "GET /uncategorized/trendy-good-fresh-fruit-frenzy-slot-play-on-the-internet-the-real-deal-money/ HTTP/1.1" 200 30435 "-" "Mozilla/5.0 (compatible; SemrushBot/7~bl; +http://www.semrush.com/bot.html)" 342 **0/342723**
185.153.197.91 - - [14/Apr/2026:09:28:04 -0700] "POST /xmlrpc.php HTTP/1.1" 200 180 "-" "Mozilla/5.0 (Windows NT 10.0; Win64; x64) AppleWebKit/537.36 (KHTML, like Gecko) Chrome/114.0.0.0 Safari/537.36" 947 **0/947538**
208.109.41.231 - - [14/Apr/2026:09:28:06 -0700] "POST /wp-cron.php?doing_wp_cron=1776184086.0481970310211181640625 HTTP/1.1" 200 - "-" "WordPress/6.3.8; http://fuentesanza.es" 55 **0/55863**
