54.39.6.243 - - [14/Apr/2026:09:28:05 -0700] "GET /uncategorized/roulette-casino-canada-low-volatility-a-comprehensive-guide/ HTTP/1.1" 200 25463 "-" "Mozilla/5.0 (compatible; AhrefsBot/7.0; +http://ahrefs.com/robot/)" 1122 **1/1122261**
85.208.96.211 - - [14/Apr/2026:09:28:08 -0700] "GET /uncategorized/roulette-app-deutschland-expert-review/ HTTP/1.1" 200 29251 "-" "Mozilla/5.0 (compatible; SemrushBot/7~bl; +http://www.semrush.com/bot.html)" 658 **0/658971**
185.153.197.91 - - [14/Apr/2026:09:28:11 -0700] "POST /xmlrpc.php HTTP/1.1" 200 9142 "-" "Mozilla/5.0 (Windows NT 10.0; Win64; x64) AppleWebKit/537.36 (KHTML, like Gecko) Chrome/114.0.0.0 Safari/537.36" 435 **0/435829**
185.153.197.91 - - [14/Apr/2026:09:28:12 -0700] "GET /uncategorized/how-do-you-join-deposit-in-the-an-excellent-crypto-gambling-enterprise-web-site/ HTTP/1.1" 200 155835 "-" "Mozilla/5.0 (Windows NT 10.0; rv:125.0) Gecko/20100101 Firefox/125.0" 339 **0/339248**
85.208.96.206 - - [14/Apr/2026:09:28:14 -0700] "GET /uncategorized/mercedes-f1-declare-the-new-group-dominant-part-within-the-unique-reshuffle/ HTTP/1.1" 200 32113 "-" "Mozilla/5.0 (compatible; SemrushBot/7~bl; +http://www.semrush.com/bot.html)" 445 **0/445642**
161.115.239.66 - - [14/Apr/2026:09:28:22 -0700] "POST /xmlrpc.php HTTP/1.1" 200 131 "-" "Mozilla/5.0 (Windows NT 10.0; Win64; x64) AppleWebKit/537.36 (KHTML, like Gecko) Chrome/146.0.0.0 Safari/537.36" 467 **0/467081**
208.109.41.231 - - [14/Apr/2026:09:28:24 -0700] "POST /wp-cron.php?doing_wp_cron=1776184104.0319330692291259765625 HTTP/1.1" 200 - "-" "WordPress/6.3.8; http://fuentesanza.es" 25 **0/25052**
161.115.239.66 - - [14/Apr/2026:09:28:23 -0700] "POST /xmlrpc.php HTTP/1.1" 200 4137 "-" "Mozilla/5.0 (Windows NT 10.0; Win64; x64) AppleWebKit/537.36 (KHTML, like Gecko) Chrome/146.0.0.0 Safari/537.36" 228 **0/228059**
66.249.73.5 - - [14/Apr/2026:09:28:28 -0700] "GET /?m=31108220125 HTTP/1.1" 404 11349 "-" "Mozilla/5.0 (Linux; Android 6.0.1; Nexus 5X Build/MMB29P) AppleWebKit/537.36 (KHTML, like Gecko) Chrome/146.0.7680.177 Mobile Safari/537.36 (compatible; Googlebot/2.1; +http://www.google.com/bot.html)" 255 **0/255035**
66.249.73.4 - - [14/Apr/2026:09:28:36 -0700] "GET /?y=4529011222 HTTP/1.1" 200 45624 "-" "Mozilla/5.0 (Linux; Android 6.0.1; Nexus 5X Build/MMB29P) AppleWebKit/537.36 (KHTML, like Gecko) Chrome/146.0.7680.177 Mobile Safari/537.36 (compatible; Googlebot/2.1; +http://www.google.com/bot.html)" 643 **0/643157**
66.249.73.4 - - [14/Apr/2026:09:28:42 -0700] "GET /?i=20912214863 HTTP/1.1" 200 45632 "-" "Mozilla/5.0 (Linux; Android 6.0.1; Nexus 5X Build/MMB29P) AppleWebKit/537.36 (KHTML, like Gecko) Chrome/146.0.7680.177 Mobile Safari/537.36 (compatible; Googlebot/2.1; +http://www.google.com/bot.html)" 541 **0/541839**
66.249.73.4 - - [14/Apr/2026:09:28:46 -0700] "GET /?y=4529072069 HTTP/1.1" 200 45624 "-" "Mozilla/5.0 (Linux; Android 6.0.1; Nexus 5X Build/MMB29P) AppleWebKit/537.36 (KHTML, like Gecko) Chrome/146.0.7680.177 Mobile Safari/537.36 (compatible; Googlebot/2.1; +http://www.google.com/bot.html)" 548 **0/548471**
185.191.171.8 - - [14/Apr/2026:09:29:02 -0700] "GET /category/bono-wanabet-954/ HTTP/1.1" 200 34675 "-" "Mozilla/5.0 (compatible; SemrushBot/7~bl; +http://www.semrush.com/bot.html)" 843 **0/843064**
114.119.135.207 - - [14/Apr/2026:09:29:06 -0700] "GET /uncategorized/simulador-de-ruleta-funciona-ruleta-regalado-online-referente-a-roulettedoc/ HTTP/1.1" 200 32060 "http://fuentesanza.es/uncategorized/greatest-slots-in-america-best-online-slots-games-and-pixies-of-the-forest-slot-machine-you-will-websites-to-have-2025/" "Mozilla/5.0 (Linux; Android 7.0;) AppleWebKit/537.36 (KHTML, like Gecko) Mobile Safari/537.36 (compatible; PetalBot;+https://webmaster.petalsearch.com/site/petalbot)" 660 **0/660125**
66.249.73.5 - - [14/Apr/2026:09:29:09 -0700] "GET /?y=45290253778 HTTP/1.1" 200 45633 "-" "Mozilla/5.0 (Linux; Android 6.0.1; Nexus 5X Build/MMB29P) AppleWebKit/537.36 (KHTML, like Gecko) Chrome/146.0.7680.177 Mobile Safari/537.36 (compatible; Googlebot/2.1; +http://www.google.com/bot.html)" 402 **0/402280**
15.235.27.128 - - [14/Apr/2026:09:29:19 -0700] "GET /public/s-borjar-du-spela-p-casino-en-nyborjarguide-till/feed/ HTTP/1.1" 200 462 "-" "Mozilla/5.0 (compatible; AhrefsBot/7.0; +http://ahrefs.com/robot/)" 540 **0/540989**
185.191.171.6 - - [14/Apr/2026:09:29:24 -0700] "GET /uncategorized/emocion-y-fortuna-experimenta-la-diversion-sin-limites-con/ HTTP/1.1" 200 31185 "-" "Mozilla/5.0 (compatible; SemrushBot/7~bl; +http://www.semrush.com/bot.html)" 425 **0/425076**
185.153.197.91 - - [14/Apr/2026:09:29:30 -0700] "POST /xmlrpc.php HTTP/1.1" 200 180 "-" "Mozilla/5.0 (Windows NT 10.0; Win64; x64) AppleWebKit/537.36 (KHTML, like Gecko) Chrome/114.0.0.0 Safari/537.36" 557 **0/557683**
208.109.41.231 - - [14/Apr/2026:09:29:37 -0700] "POST /wp-cron.php?doing_wp_cron=1776184177.6524789333343505859375 HTTP/1.1" 200 - "-" "WordPress/6.3.8; http://fuentesanza.es" 27 **0/27092**
185.153.197.91 - - [14/Apr/2026:09:29:37 -0700] "POST /xmlrpc.php HTTP/1.1" 200 8184 "-" "Mozilla/5.0 (Windows NT 10.0; Win64; x64) AppleWebKit/537.36 (KHTML, like Gecko) Chrome/114.0.0.0 Safari/537.36" 476 **0/476974**
185.153.197.91 - - [14/Apr/2026:09:29:39 -0700] "GET /uncategorized/it-is-yet-another-online-casino-one-acknowledged-bitcoin-in-the-event-it-released/ HTTP/1.1" 200 154921 "-" "Mozilla/5.0 (Windows NT 10.0; Win64; x64) AppleWebKit/537.36 (KHTML, like Gecko) Chrome/122.0.0.0 Safari/537.36" 412 **0/412832**
185.191.171.10 - - [14/Apr/2026:09:29:51 -0700] "GET /pin-up-sports-910/pin-up-casino-online-640/ HTTP/1.1" 200 33390 "-" "Mozilla/5.0 (compatible; SemrushBot/7~bl; +http://www.semrush.com/bot.html)" 701 **0/701374**
85.208.96.208 - - [14/Apr/2026:09:30:10 -0700] "GET /1-win-881/1win-online-304/ HTTP/1.1" 200 34820 "-" "Mozilla/5.0 (compatible; SemrushBot/7~bl; +http://www.semrush.com/bot.html)" 722 **0/722159**
15.235.96.115 - - [14/Apr/2026:09:30:36 -0700] "GET /uncategorized/meilleures-machines-a-sous-en-ligne-decouvrez-lile-de-casino/feed/ HTTP/1.1" 200 483 "-" "Mozilla/5.0 (compatible; AhrefsBot/7.0; +http://ahrefs.com/robot/)" 534 **0/534830**
185.191.171.4 - - [14/Apr/2026:09:30:49 -0700] "GET /uncategorized/casumo-gutscheincode-20-freispiele-gebuhrenfrei-hornung-sweet-win-slot-online-casino-2026/ HTTP/1.1" 200 30653 "-" "Mozilla/5.0 (compatible; SemrushBot/7~bl; +http://www.semrush.com/bot.html)" 545 **0/545691**
185.153.197.91 - - [14/Apr/2026:09:31:06 -0700] "POST /xmlrpc.php HTTP/1.1" 200 180 "-" "Mozilla/5.0 (Windows NT 10.0; Win64; x64) AppleWebKit/537.36 (KHTML, like Gecko) Chrome/114.0.0.0 Safari/537.36" 745 **0/745993**
208.109.41.231 - - [14/Apr/2026:09:31:08 -0700] "POST /wp-cron.php?doing_wp_cron=1776184268.5703139305114746093750 HTTP/1.1" 200 - "-" "WordPress/6.3.8; http://fuentesanza.es" 42 **0/42249**
66.249.73.6 - - [14/Apr/2026:09:31:08 -0700] "GET /?f=71141174842 HTTP/1.1" 200 45830 "-" "Mozilla/5.0 (Linux; Android 6.0.1; Nexus 5X Build/MMB29P) AppleWebKit/537.36 (KHTML, like Gecko) Chrome/146.0.7680.177 Mobile Safari/537.36 (compatible; Googlebot/2.1; +http://www.google.com/bot.html)" 757 **0/757237**
185.153.197.91 - - [14/Apr/2026:09:31:14 -0700] "POST /xmlrpc.php HTTP/1.1" 200 8605 "-" "Mozilla/5.0 (Windows NT 10.0; Win64; x64) AppleWebKit/537.36 (KHTML, like Gecko) Chrome/114.0.0.0 Safari/537.36" 402 **0/402655**
185.153.197.91 - - [14/Apr/2026:09:31:15 -0700] "GET /uncategorized/retail-sportsbooks-for-the-illinois-gambling-enterprise-in-people-gaming-areas/ HTTP/1.1" 200 155257 "-" "Mozilla/5.0 (Windows NT 10.0; Win64; x64) AppleWebKit/537.36 (KHTML, like Gecko) Chrome/123.0.0.0 Safari/537.36 OPR/109.0.0.0" 372 **0/372077**
66.249.73.4 - - [14/Apr/2026:09:31:21 -0700] "GET /?p=20659167660 HTTP/1.1" 404 11349 "-" "Mozilla/5.0 (Linux; Android 6.0.1; Nexus 5X Build/MMB29P) AppleWebKit/537.36 (KHTML, like Gecko) Chrome/146.0.7680.177 Mobile Safari/537.36 (compatible; Googlebot/2.1; +http://www.google.com/bot.html)" 232 **0/232615**
185.191.171.7 - - [14/Apr/2026:09:31:36 -0700] "GET /uncategorized/my-better-five-tricks-for-to-play-gambling-games-on-the-web/ HTTP/1.1" 200 29283 "-" "Mozilla/5.0 (compatible; SemrushBot/7~bl; +http://www.semrush.com/bot.html)" 493 **0/493616**
185.191.171.19 - - [14/Apr/2026:09:31:46 -0700] "GET /uberblick-uber-tadalis-sx-und-seine-anwendungen/ HTTP/1.1" 200 32104 "-" "Mozilla/5.0 (compatible; SemrushBot/7~bl; +http://www.semrush.com/bot.html)" 666 **0/666120**
51.161.37.118 - - [14/Apr/2026:09:31:48 -0700] "GET /category/koboldportugal/feed/ HTTP/1.1" 200 2096 "-" "Mozilla/5.0 (compatible; AhrefsBot/7.0; +http://ahrefs.com/robot/)" 725 **0/725881**
85.208.96.194 - - [14/Apr/2026:09:32:11 -0700] "GET /uncategorized/skuespil-pa-spilleban-pa-danmarks-bedste-spilleside/ HTTP/1.1" 200 31030 "-" "Mozilla/5.0 (compatible; SemrushBot/7~bl; +http://www.semrush.com/bot.html)" 434 **0/434790**
85.208.96.199 - - [14/Apr/2026:09:32:20 -0700] "GET /uncategorized/mr-green-erfahrungen-2026-ihr-domainname-spielbank-probe-uber-auswertung/ HTTP/1.1" 200 31266 "-" "Mozilla/5.0 (compatible; SemrushBot/7~bl; +http://www.semrush.com/bot.html)" 343 **0/343160**
185.153.197.91 - - [14/Apr/2026:09:32:28 -0700] "POST /xmlrpc.php HTTP/1.1" 200 180 "-" "Mozilla/5.0 (Windows NT 10.0; Win64; x64) AppleWebKit/537.36 (KHTML, like Gecko) Chrome/114.0.0.0 Safari/537.36" 485 **0/485625**
208.109.41.231 - - [14/Apr/2026:09:32:32 -0700] "POST /wp-cron.php?doing_wp_cron=1776184352.0007290840148925781250 HTTP/1.1" 200 - "-" "WordPress/6.3.8; http://fuentesanza.es" 55 **0/55693**
66.249.73.5 - - [14/Apr/2026:09:32:31 -0700] "GET /?i=51696131141 HTTP/1.1" 200 45645 "-" "Mozilla/5.0 (Linux; Android 6.0.1; Nexus 5X Build/MMB29P) AppleWebKit/537.36 (KHTML, like Gecko) Chrome/146.0.7680.177 Mobile Safari/537.36 (compatible; Googlebot/2.1; +http://www.google.com/bot.html)" 786 **0/786601**
185.153.197.91 - - [14/Apr/2026:09:32:35 -0700] "POST /xmlrpc.php HTTP/1.1" 200 8492 "-" "Mozilla/5.0 (Windows NT 10.0; Win64; x64) AppleWebKit/537.36 (KHTML, like Gecko) Chrome/114.0.0.0 Safari/537.36" 365 **0/365758**
185.153.197.91 - - [14/Apr/2026:09:32:36 -0700] "GET /uncategorized/enthusiasts-gambling-enterprise-works-lawfully-inside-west-virginia-pennsylvania-michigan-and-nj-new-jersey/ HTTP/1.1" 200 155202 "-" "Mozilla/5.0 (Windows NT 10.0; Win64; x64; rv:125.0) Gecko/20100101 Firefox/125.0" 480 **0/480276**
161.115.239.74 - - [14/Apr/2026:09:32:41 -0700] "POST /xmlrpc.php HTTP/1.1" 200 131 "-" "Mozilla/5.0 (Windows NT 10.0; Win64; x64) AppleWebKit/537.36 (KHTML, like Gecko) Chrome/146.0.0.0 Safari/537.36" 424 **0/424813**
208.109.41.231 - - [14/Apr/2026:09:32:43 -0700] "POST /wp-cron.php?doing_wp_cron=1776184363.0374889373779296875000 HTTP/1.1" 200 - "-" "WordPress/6.3.8; http://fuentesanza.es" 21 **0/21869**
161.115.239.74 - - [14/Apr/2026:09:32:42 -0700] "POST /xmlrpc.php HTTP/1.1" 200 4136 "-" "Mozilla/5.0 (Windows NT 10.0; Win64; x64) AppleWebKit/537.36 (KHTML, like Gecko) Chrome/146.0.0.0 Safari/537.36" 297 **0/297174**
54.39.0.251 - - [14/Apr/2026:09:33:01 -0700] "GET /category/online-kasyno/feed/ HTTP/1.1" 200 5616 "-" "Mozilla/5.0 (compatible; AhrefsBot/7.0; +http://ahrefs.com/robot/)" 532 **0/532103**
185.191.171.16 - - [14/Apr/2026:09:33:06 -0700] "GET /uncategorized/der-konig-der-mobile-casinos/ HTTP/1.1" 200 31941 "-" "Mozilla/5.0 (compatible; SemrushBot/7~bl; +http://www.semrush.com/bot.html)" 419 **0/419744**
66.249.73.4 - - [14/Apr/2026:09:33:22 -0700] "GET /?i=51696131937 HTTP/1.1" 200 46566 "-" "Mozilla/5.0 (Linux; Android 6.0.1; Nexus 5X Build/MMB29P) AppleWebKit/537.36 (KHTML, like Gecko) Chrome/146.0.7680.177 Mobile Safari/537.36 (compatible; Googlebot/2.1; +http://www.google.com/bot.html)" 709 **0/709131**
185.191.171.2 - - [14/Apr/2026:09:33:35 -0700] "GET /uncategorized/happiest-xmas-tree-status-viewpoint-%E6%B7%A8%E7%BE%8E%E7%9A%AE%E8%86%9A%E7%A7%91%E8%A8%BA%E6%89%80/ HTTP/1.1" 200 32175 "-" "Mozilla/5.0 (compatible; SemrushBot/7~bl; +http://www.semrush.com/bot.html)" 791 **0/791239**
185.153.197.91 - - [14/Apr/2026:09:33:51 -0700] "POST /xmlrpc.php HTTP/1.1" 200 180 "-" "Mozilla/5.0 (Windows NT 10.0; Win64; x64) AppleWebKit/537.36 (KHTML, like Gecko) Chrome/114.0.0.0 Safari/537.36" 545 **0/545102**
208.109.41.231 - - [14/Apr/2026:09:33:58 -0700] "POST /wp-cron.php?doing_wp_cron=1776184438.8874149322509765625000 HTTP/1.1" 200 - "-" "WordPress/6.3.8; http://fuentesanza.es" 29 **0/29416**
185.153.197.91 - - [14/Apr/2026:09:33:58 -0700] "POST /xmlrpc.php HTTP/1.1" 200 9082 "-" "Mozilla/5.0 (Windows NT 10.0; Win64; x64) AppleWebKit/537.36 (KHTML, like Gecko) Chrome/114.0.0.0 Safari/537.36" 672 **0/672523**
66.249.73.5 - - [14/Apr/2026:09:33:59 -0700] "GET /?y=4529044471 HTTP/1.1" 200 46613 "-" "Mozilla/5.0 (Linux; Android 6.0.1; Nexus 5X Build/MMB29P) AppleWebKit/537.36 (KHTML, like Gecko) Chrome/146.0.7680.177 Mobile Safari/537.36 (compatible; Googlebot/2.1; +http://www.google.com/bot.html)" 724 **0/724792**
185.153.197.91 - - [14/Apr/2026:09:33:59 -0700] "GET /uncategorized/selecting-the-right-gambling-on-line-webpages-is-vital-to-possess-a-worthwhile-feel/ HTTP/1.1" 200 155694 "-" "Mozilla/5.0 (Windows NT 10.0; Win64; x64; rv:124.0) Gecko/20100101 Firefox/124.0" 774 **0/774782**
85.208.96.207 - - [14/Apr/2026:09:34:01 -0700] "GET /1win-aviator-940/1win-online-991/ HTTP/1.1" 200 32598 "-" "Mozilla/5.0 (compatible; SemrushBot/7~bl; +http://www.semrush.com/bot.html)" 792 **0/792745**
15.235.98.2 - - [14/Apr/2026:09:34:05 -0700] "GET /uncategorized/igrat-v-onlain-pinco-casino-oficialnyi-sait12143/ HTTP/1.1" 200 27498 "-" "Mozilla/5.0 (compatible; AhrefsBot/7.0; +http://ahrefs.com/robot/)" 375 **0/375582**
185.191.171.8 - - [14/Apr/2026:09:34:11 -0700] "GET /mostbet-registration-510/mostbet-hu-93/ HTTP/1.1" 200 29445 "-" "Mozilla/5.0 (compatible; SemrushBot/7~bl; +http://www.semrush.com/bot.html)" 324 **0/324866**
185.191.171.17 - - [14/Apr/2026:09:34:34 -0700] "GET /uncategorized/teljesen-ingyenes-lepesrol-lepesre-matematikai-megoldo-akciorol-van-e-promocios-kodja-a-ice-kaszinonak-akciora-matematikai-feltetelmegoldo/ HTTP/1.1" 200 30252 "-" "Mozilla/5.0 (compatible; SemrushBot/7~bl; +http://www.semrush.com/bot.html)" 531 **0/531144**
66.249.73.4 - - [14/Apr/2026:09:34:46 -0700] "GET /?w=36370246146 HTTP/1.1" 404 11349 "-" "Mozilla/5.0 (Linux; Android 6.0.1; Nexus 5X Build/MMB29P) AppleWebKit/537.36 (KHTML, like Gecko) Chrome/146.0.7680.177 Mobile Safari/537.36 (compatible; Googlebot/2.1; +http://www.google.com/bot.html)" 544 **0/544373**
66.249.73.4 - - [14/Apr/2026:09:34:51 -0700] "GET /?p=20659194652 HTTP/1.1" 404 11349 "-" "Mozilla/5.0 (Linux; Android 6.0.1; Nexus 5X Build/MMB29P) AppleWebKit/537.36 (KHTML, like Gecko) Chrome/146.0.7680.177 Mobile Safari/537.36 (compatible; Googlebot/2.1; +http://www.google.com/bot.html)" 343 **0/343721**
66.249.73.5 - - [14/Apr/2026:09:35:16 -0700] "GET /?w=36370184652 HTTP/1.1" 404 11349 "-" "Mozilla/5.0 (Linux; Android 6.0.1; Nexus 5X Build/MMB29P) AppleWebKit/537.36 (KHTML, like Gecko) Chrome/146.0.7680.177 Mobile Safari/537.36 (compatible; Googlebot/2.1; +http://www.google.com/bot.html)" 399 **0/399210**
185.153.197.91 - - [14/Apr/2026:09:35:29 -0700] "POST /xmlrpc.php HTTP/1.1" 200 180 "-" "Mozilla/5.0 (Windows NT 10.0; Win64; x64) AppleWebKit/537.36 (KHTML, like Gecko) Chrome/114.0.0.0 Safari/537.36" 845 **0/845004**
142.44.228.4 - - [14/Apr/2026:09:35:30 -0700] "GET /uncategorized/black-jack-gratis-online-vortragen/feed/ HTTP/1.1" 200 434 "-" "Mozilla/5.0 (compatible; AhrefsBot/7.0; +http://ahrefs.com/robot/)" 501 **0/501028**
208.109.41.231 - - [14/Apr/2026:09:35:34 -0700] "POST /wp-cron.php?doing_wp_cron=1776184534.9163389205932617187500 HTTP/1.1" 200 - "-" "WordPress/6.3.8; http://fuentesanza.es" 27 **0/27964**
5.78.159.87 - - [14/Apr/2026:09:35:34 -0700] "POST /xmlrpc.php HTTP/1.1" 200 102 "-" "Mozilla/5.0 (Windows NT 10.0; Win64; x64) AppleWebKit/537.36 (KHTML, like Gecko) Chrome/108.0.0.0 Safari/537.36" 599 **0/599961**
5.78.159.87 - - [14/Apr/2026:09:35:35 -0700] "POST /xmlrpc.php HTTP/1.1" 200 3792 "-" "Mozilla/5.0 (Windows NT 10.0; Win64; x64) AppleWebKit/537.36 (KHTML, like Gecko) Chrome/108.0.0.0 Safari/537.36" 288 **0/288120**
85.208.96.201 - - [14/Apr/2026:09:35:35 -0700] "GET /uncategorized/free-spiny-dnes-jak-vyuzit-nejnovejsi-nabidky/ HTTP/1.1" 200 29595 "-" "Mozilla/5.0 (compatible; SemrushBot/7~bl; +http://www.semrush.com/bot.html)" 837 **0/837529**
185.153.197.91 - - [14/Apr/2026:09:35:37 -0700] "POST /xmlrpc.php HTTP/1.1" 200 8583 "-" "Mozilla/5.0 (Windows NT 10.0; Win64; x64) AppleWebKit/537.36 (KHTML, like Gecko) Chrome/114.0.0.0 Safari/537.36" 527 **0/527444**
5.78.159.87 - - [14/Apr/2026:09:35:38 -0700] "GET /uncategorized/online-kazino-latvija-2026-labako-casino-saraksts-2/ HTTP/1.1" 200 27947 "-" "Mozilla/5.0 (Windows NT 10.0; Win64; x64) AppleWebKit/537.36 (KHTML, like Gecko) Chrome/108.0.0.0 Safari/537.36" 717 **0/717392**
185.153.197.91 - - [14/Apr/2026:09:35:40 -0700] "GET /uncategorized/draftkings-has-a-sensational-selection-of-props-having-business-best-industry-depth/ HTTP/1.1" 200 155324 "-" "Mozilla/5.0 (Windows NT 10.0; Win64; x64) AppleWebKit/537.36 (KHTML, like Gecko) Chrome/123.0.0.0 Safari/537.36" 894 **0/894991**
114.119.129.24 - - [14/Apr/2026:09:35:41 -0700] "GET /uncategorized/seriose-verbunden-casinos-inoffizieller-kostenlos-eye-of-horus-spielen-mitarbeiter-test-unser-8-testsieger-2026/ HTTP/1.1" 200 32596 "http://fuentesanza.es/uncategorized/seriose-verbunden-casinos-inoffizieller-kostenlos-eye-of-horus-spielen-mitarbeiter-test-unser-8-testsieger-2026/" "Mozilla/5.0 (Linux; Android 7.0;) AppleWebKit/537.36 (KHTML, like Gecko) Mobile Safari/537.36 (compatible; PetalBot;+https://webmaster.petalsearch.com/site/petalbot)" 729 **0/729067**
185.191.171.3 - - [14/Apr/2026:09:35:45 -0700] "GET /uncategorized/juegos-sobre-tragamonedas-de-balde-en-haga-clic-en-este-sitio-internet/ HTTP/1.1" 200 31752 "-" "Mozilla/5.0 (compatible; SemrushBot/7~bl; +http://www.semrush.com/bot.html)" 963 **0/963011**
185.191.171.7 - - [14/Apr/2026:09:35:47 -0700] "GET /category/ice-casino-bonus-889/ HTTP/1.1" 200 37601 "-" "Mozilla/5.0 (compatible; SemrushBot/7~bl; +http://www.semrush.com/bot.html)" 668 **0/668955**
66.249.73.5 - - [14/Apr/2026:09:35:53 -0700] "GET /?f=71141289056 HTTP/1.1" 200 46923 "-" "Mozilla/5.0 (Linux; Android 6.0.1; Nexus 5X Build/MMB29P) AppleWebKit/537.36 (KHTML, like Gecko) Chrome/146.0.7680.177 Mobile Safari/537.36 (compatible; Googlebot/2.1; +http://www.google.com/bot.html)" 626 **0/626404**
66.249.73.6 - - [14/Apr/2026:09:36:11 -0700] "GET /?i=20912258978 HTTP/1.1" 200 46923 "-" "Mozilla/5.0 (Linux; Android 6.0.1; Nexus 5X Build/MMB29P) AppleWebKit/537.36 (KHTML, like Gecko) Chrome/146.0.7680.177 Mobile Safari/537.36 (compatible; Googlebot/2.1; +http://www.google.com/bot.html)" 723 **0/723300**
185.191.171.16 - - [14/Apr/2026:09:36:43 -0700] "GET /uncategorized/are-porn-websites-safe-tips-on-how-to-watch-porn-securely/ HTTP/1.1" 200 32147 "-" "Mozilla/5.0 (compatible; SemrushBot/7~bl; +http://www.semrush.com/bot.html)" 926 **0/926104**
148.113.128.208 - - [14/Apr/2026:09:36:46 -0700] "GET /uncategorized/roulette-chat-on-video-with-strangers-on-rouletteride/feed/ HTTP/1.1" 200 452 "-" "Mozilla/5.0 (compatible; AhrefsBot/7.0; +http://ahrefs.com/robot/)" 806 **0/806983**
114.119.135.207 - - [14/Apr/2026:09:36:47 -0700] "GET /uncategorized/seriose-online-casinos-inside-deutschland-legale-versorger-im-gesamtschau-2026/ HTTP/1.1" 200 31986 "http://fuentesanza.es/uncategorized/ramses-guide-respins-out-of-amun-lso-are-gamomat-slot-evaluation-and-trial/" "Mozilla/5.0 (Linux; Android 7.0;) AppleWebKit/537.36 (KHTML, like Gecko) Mobile Safari/537.36 (compatible; PetalBot;+https://webmaster.petalsearch.com/site/petalbot)" 848 **0/848768**
216.244.66.241 - - [14/Apr/2026:09:36:50 -0700] "GET /robots.txt HTTP/1.1" 200 257 "-" "Mozilla/5.0 (compatible; DotBot/1.2; +https://opensiteexplorer.org/dotbot; help@moz.com)" 10 **0/10320**
51.83.9.92 - - [14/Apr/2026:09:36:54 -0700] "GET /robots.txt HTTP/1.1" 200 257 "-" "Mozilla/5.0 (compatible; MJ12bot/v1.4.8; http://mj12bot.com/)" 7 **0/7590**
185.191.171.14 - - [14/Apr/2026:09:36:55 -0700] "GET /epeikon-gr/page-88/ HTTP/1.1" 200 31548 "-" "Mozilla/5.0 (compatible; SemrushBot/7~bl; +http://www.semrush.com/bot.html)" 525 **0/525830**
51.83.9.92 - - [14/Apr/2026:09:36:56 -0700] "GET /1win-app-631/1win-%EB%A8%B9%ED%8A%80-786/ HTTP/1.1" 200 28976 "-" "Mozilla/5.0 (compatible; MJ12bot/v1.4.8; http://mj12bot.com/)" 755 **0/755748**
51.83.9.92 - - [14/Apr/2026:09:36:58 -0700] "GET /1win-app-631/1win-%EB%B3%B4%EB%84%88%EC%8A%A4-%EC%B9%B4%EC%A7%80%EB%85%B8-271/ HTTP/1.1" 200 30664 "-" "Mozilla/5.0 (compatible; MJ12bot/v1.4.8; http://mj12bot.com/)" 978 **0/978624**
51.83.9.92 - - [14/Apr/2026:09:37:01 -0700] "GET /uncategorized/juegos-gamomat-explore-gamesys-ranuras-sobre-ranura-300-shields-android-los-mejores-sitios-de-casino-sobre-2024-dmibs-%DA%86%DB%8C%D8%AF%D8%A7%D9%86%D9%87-%D9%BE%D9%84%D8%A7%D8%B3/ HTTP/1.1" 200 31095 "-" "Mozilla/5.0 (compatible; MJ12bot/v1.4.8; http://mj12bot.com/)" 695 **0/695919**
185.153.197.91 - - [14/Apr/2026:09:37:02 -0700] "POST /xmlrpc.php HTTP/1.1" 200 180 "-" "Mozilla/5.0 (Windows NT 10.0; Win64; x64) AppleWebKit/537.36 (KHTML, like Gecko) Chrome/114.0.0.0 Safari/537.36" 1002 **1/1002795**
85.208.96.193 - - [14/Apr/2026:09:37:02 -0700] "GET /uncategorized/pop-music-harbors-programs-on-the-internet-enjoy/ HTTP/1.1" 200 31335 "-" "Mozilla/5.0 (compatible; SemrushBot/7~bl; +http://www.semrush.com/bot.html)" 1144 **1/1144852**
208.109.41.231 - - [14/Apr/2026:09:37:09 -0700] "POST /wp-cron.php?doing_wp_cron=1776184629.4297900199890136718750 HTTP/1.1" 200 - "-" "WordPress/6.3.8; http://fuentesanza.es" 33 **0/33557**
185.153.197.91 - - [14/Apr/2026:09:37:09 -0700] "POST /xmlrpc.php HTTP/1.1" 200 8494 "-" "Mozilla/5.0 (Windows NT 10.0; Win64; x64) AppleWebKit/537.36 (KHTML, like Gecko) Chrome/114.0.0.0 Safari/537.36" 577 **0/577575**
185.153.197.91 - - [14/Apr/2026:09:37:11 -0700] "GET /uncategorized/caesars-sportsbook-up-to-an-effective-250-bet-matches-profit-otherwise-cure/ HTTP/1.1" 200 155038 "-" "Mozilla/5.0 (Windows NT 10.0; Win64; x64; rv:124.0) Gecko/20100101 Firefox/124.0" 869 **0/869424**
185.191.171.3 - - [14/Apr/2026:09:37:18 -0700] "GET /uncategorized/5-deposit-cats-slot-machine-casino-internet-sites-deposit-5-get-free-revolves-and-you-may-extra-currency/ HTTP/1.1" 200 30552 "-" "Mozilla/5.0 (compatible; SemrushBot/7~bl; +http://www.semrush.com/bot.html)" 497 **0/497207**
185.191.171.2 - - [14/Apr/2026:09:37:31 -0700] "GET /uncategorized/comparer-les-meilleures-plateformes-de-casino-en-ligne-pour-budgets-modestes-et-joueurs-premium/ HTTP/1.1" 200 32462 "-" "Mozilla/5.0 (compatible; SemrushBot/7~bl; +http://www.semrush.com/bot.html)" 401 **0/401029**
66.249.73.6 - - [14/Apr/2026:09:37:34 -0700] "GET /?c=84164263991 HTTP/1.1" 200 47063 "-" "Mozilla/5.0 (Linux; Android 6.0.1; Nexus 5X Build/MMB29P) AppleWebKit/537.36 (KHTML, like Gecko) Chrome/146.0.7680.177 Mobile Safari/537.36 (compatible; Googlebot/2.1; +http://www.google.com/bot.html)" 551 **0/551609**
142.44.225.103 - - [14/Apr/2026:09:37:47 -0700] "GET /uncategorized/jekskljuzivnye-vstrechi-v-krasnodare-kak-vybrat/feed/ HTTP/1.1" 200 566 "-" "Mozilla/5.0 (compatible; AhrefsBot/7.0; +http://ahrefs.com/robot/)" 527 **0/527070**
185.191.171.3 - - [14/Apr/2026:09:37:51 -0700] "GET /tag/cashwin-casino-login/ HTTP/1.1" 200 40660 "-" "Mozilla/5.0 (compatible; SemrushBot/7~bl; +http://www.semrush.com/bot.html)" 584 **0/584935**
66.249.73.4 - - [14/Apr/2026:09:38:06 -0700] "GET /?m=31108191624 HTTP/1.1" 404 11349 "-" "Mozilla/5.0 (Linux; Android 6.0.1; Nexus 5X Build/MMB29P) AppleWebKit/537.36 (KHTML, like Gecko) Chrome/146.0.7680.177 Mobile Safari/537.36 (compatible; Googlebot/2.1; +http://www.google.com/bot.html)" 602 **0/602687**
66.249.73.4 - - [14/Apr/2026:09:38:10 -0700] "GET /?m=3110853310 HTTP/1.1" 404 11349 "-" "Mozilla/5.0 (Linux; Android 6.0.1; Nexus 5X Build/MMB29P) AppleWebKit/537.36 (KHTML, like Gecko) Chrome/146.0.7680.177 Mobile Safari/537.36 (compatible; Googlebot/2.1; +http://www.google.com/bot.html)" 805 **0/805841**
185.153.197.91 - - [14/Apr/2026:09:38:14 -0700] "POST /xmlrpc.php HTTP/1.1" 200 180 "-" "Mozilla/5.0 (Windows NT 10.0; Win64; x64) AppleWebKit/537.36 (KHTML, like Gecko) Chrome/114.0.0.0 Safari/537.36" 1847 **1/1847260**
208.109.41.231 - - [14/Apr/2026:09:38:23 -0700] "POST /wp-cron.php?doing_wp_cron=1776184703.1196289062500000000000 HTTP/1.1" 200 - "-" "WordPress/6.3.8; http://fuentesanza.es" 26 **0/26673**
185.153.197.91 - - [14/Apr/2026:09:38:22 -0700] "POST /xmlrpc.php HTTP/1.1" 200 8098 "-" "Mozilla/5.0 (Windows NT 10.0; Win64; x64) AppleWebKit/537.36 (KHTML, like Gecko) Chrome/114.0.0.0 Safari/537.36" 767 **0/767103**
185.153.197.91 - - [14/Apr/2026:09:38:24 -0700] "GET /uncategorized/personal-gambling-enterprises-was-legal-in-the-prairie-condition-consequently-they-are-obviously-worth-your-time/ HTTP/1.1" 200 154910 "-" "Mozilla/5.0 (Windows NT 10.0; Win64; x64) AppleWebKit/537.36 (KHTML, like Gecko) Chrome/124.0.0.0 Safari/537.36 Edg/124.0.0.0" 712 **0/712747**
185.191.171.14 - - [14/Apr/2026:09:38:48 -0700] "GET /category/mostbet-login-80/ HTTP/1.1" 200 43180 "-" "Mozilla/5.0 (compatible; SemrushBot/7~bl; +http://www.semrush.com/bot.html)" 660 **0/660746**
51.222.95.202 - - [14/Apr/2026:09:39:05 -0700] "GET /uncategorized/fantasies-casino-have-online-games-you-could-play-for-totally-free/feed/ HTTP/1.1" 200 462 "-" "Mozilla/5.0 (compatible; AhrefsBot/7.0; +http://ahrefs.com/robot/)" 692 **0/692143**
185.191.171.13 - - [14/Apr/2026:09:39:23 -0700] "GET /uncategorized/enjoy-large-crappy-buffalo-thunderstruck-position-slot-video-game-on-line-totally-free-revolves/ HTTP/1.1" 200 32048 "-" "Mozilla/5.0 (compatible; SemrushBot/7~bl; +http://www.semrush.com/bot.html)" 383 **0/383117**
185.153.197.91 - - [14/Apr/2026:09:39:32 -0700] "POST /xmlrpc.php HTTP/1.1" 200 180 "-" "Mozilla/5.0 (Windows NT 10.0; Win64; x64) AppleWebKit/537.36 (KHTML, like Gecko) Chrome/114.0.0.0 Safari/537.36" 502 **0/502188**
208.109.41.231 - - [14/Apr/2026:09:39:36 -0700] "POST /wp-cron.php?doing_wp_cron=1776184776.4259970188140869140625 HTTP/1.1" 200 - "-" "WordPress/6.3.8; http://fuentesanza.es" 33 **0/33719**
85.208.96.196 - - [14/Apr/2026:09:39:36 -0700] "GET /1win-bet-451/1-win-922/ HTTP/1.1" 200 32258 "-" "Mozilla/5.0 (compatible; SemrushBot/7~bl; +http://www.semrush.com/bot.html)" 770 **0/770709**
185.153.197.91 - - [14/Apr/2026:09:39:38 -0700] "POST /xmlrpc.php HTTP/1.1" 200 11539 "-" "Mozilla/5.0 (Windows NT 10.0; Win64; x64) AppleWebKit/537.36 (KHTML, like Gecko) Chrome/114.0.0.0 Safari/537.36" 592 **0/592666**
185.153.197.91 - - [14/Apr/2026:09:39:40 -0700] "GET /uncategorized/telbet-gambling-establishment-provides-the-greatest-extra-opportunity-and-you-can-crypto-choices/ HTTP/1.1" 200 158248 "-" "Mozilla/5.0 (Windows NT 10.0; Win64; x64; rv:125.0) Gecko/20100101 Firefox/125.0" 682 **0/682470**
85.208.96.202 - - [14/Apr/2026:09:39:46 -0700] "GET /uncategorized/i-didnt-think-it-was-anywhere-near-this-much-large-earn-regarding-the-gambling-enterprise/ HTTP/1.1" 200 30373 "-" "Mozilla/5.0 (compatible; SemrushBot/7~bl; +http://www.semrush.com/bot.html)" 554 **0/554650**
66.249.73.6 - - [14/Apr/2026:09:39:56 -0700] "GET /?y=45290257313 HTTP/1.1" 200 46818 "-" "Mozilla/5.0 (Linux; Android 6.0.1; Nexus 5X Build/MMB29P) AppleWebKit/537.36 (KHTML, like Gecko) Chrome/146.0.7680.177 Mobile Safari/537.36 (compatible; Googlebot/2.1; +http://www.google.com/bot.html)" 432 **0/432409**
66.249.73.6 - - [14/Apr/2026:09:40:10 -0700] "GET /?i=51696201771 HTTP/1.1" 200 46797 "-" "Mozilla/5.0 (Linux; Android 6.0.1; Nexus 5X Build/MMB29P) AppleWebKit/537.36 (KHTML, like Gecko) Chrome/146.0.7680.177 Mobile Safari/537.36 (compatible; Googlebot/2.1; +http://www.google.com/bot.html)" 587 **0/587904**
31.56.177.209 - - [14/Apr/2026:09:40:26 -0700] "GET /1win-registratsiya-168/1win-bet-496/ HTTP/1.1" 200 30811 "-" "Mozilla/5.0 (compatible; Googlebot/2.1; +http://www.google.com/bot.html)" 690 **0/690184**
148.113.130.43 - - [14/Apr/2026:09:40:33 -0700] "GET /uncategorized/gonzos-journey-position-gameplay-on-line-at-no-cost/ HTTP/1.1" 200 28263 "-" "Mozilla/5.0 (compatible; AhrefsBot/7.0; +http://ahrefs.com/robot/)" 3719 **3/3719729**
216.244.66.241 - - [14/Apr/2026:09:40:37 -0700] "GET /category/luva-bet-casino-online-529/ HTTP/1.1" 200 196563 "-" "Mozilla/5.0 (compatible; DotBot/1.2; +https://opensiteexplorer.org/dotbot; help@moz.com)" 714 **0/714008**
185.153.197.91 - - [14/Apr/2026:09:40:51 -0700] "POST /xmlrpc.php HTTP/1.1" 200 180 "-" "Mozilla/5.0 (Windows NT 10.0; Win64; x64) AppleWebKit/537.36 (KHTML, like Gecko) Chrome/114.0.0.0 Safari/537.36" 1529 **1/1529518**
208.109.41.231 - - [14/Apr/2026:09:40:55 -0700] "POST /wp-cron.php?doing_wp_cron=1776184855.0954720973968505859375 HTTP/1.1" 200 - "-" "WordPress/6.3.8; http://fuentesanza.es" 74 **0/74211**
85.208.96.206 - - [14/Apr/2026:09:40:54 -0700] "GET /uncategorized/authoritative-signed-up-gambling-system/ HTTP/1.1" 200 30897 "-" "Mozilla/5.0 (compatible; SemrushBot/7~bl; +http://www.semrush.com/bot.html)" 980 **0/980314**
185.153.197.91 - - [14/Apr/2026:09:40:59 -0700] "POST /xmlrpc.php HTTP/1.1" 200 8274 "-" "Mozilla/5.0 (Windows NT 10.0; Win64; x64) AppleWebKit/537.36 (KHTML, like Gecko) Chrome/114.0.0.0 Safari/537.36" 631 **0/631503**
185.153.197.91 - - [14/Apr/2026:09:41:00 -0700] "GET /uncategorized/there-are-numerous-esports-gaming-websites-for-sale-in-2026-with-several-countries-that-have-regulated-gambling-markets/ HTTP/1.1" 200 155279 "-" "Mozilla/5.0 (Windows NT 10.0; Win64; x64; rv:124.0) Gecko/20100101 Firefox/124.0" 1042 **1/1042074**
167.249.121.32 - - [14/Apr/2026:09:41:17 -0700] "GET / HTTP/1.1" 200 50495 "-" "Mozilla/5.0 (Windows NT 10.0; Win64; x64) AppleWebKit/537.36 (KHTML, like Gecko) Chrome/120.0.0.0 Safari/537.36" 501 **0/501110**
186.40.231.116 - - [14/Apr/2026:09:41:19 -0700] "GET /wp-login.php HTTP/1.1" 200 2856 "-" "Mozilla/5.0 (Windows NT 10.0; Win64; x64) AppleWebKit/537.36 (KHTML, like Gecko) Chrome/120.0.0.0 Safari/537.36" 336 **0/336340**
66.249.73.6 - - [14/Apr/2026:09:41:19 -0700] "GET /?x=3283536787 HTTP/1.1" 200 46866 "-" "Mozilla/5.0 (Linux; Android 6.0.1; Nexus 5X Build/MMB29P) AppleWebKit/537.36 (KHTML, like Gecko) Chrome/146.0.7680.177 Mobile Safari/537.36 (compatible; Googlebot/2.1; +http://www.google.com/bot.html)" 723 **0/723015**
186.40.231.116 - - [14/Apr/2026:09:41:20 -0700] "POST /wp-login.php HTTP/1.1" 302 - "http://fuentesanza.es/wp-login.php" "Mozilla/5.0 (Windows NT 10.0; Win64; x64) AppleWebKit/537.36 (KHTML, like Gecko) Chrome/120.0.0.0 Safari/537.36" 608 **0/608676**
186.40.231.116 - - [14/Apr/2026:09:41:21 -0700] "GET /wp-admin/ HTTP/1.1" 200 24363 "http://fuentesanza.es/wp-login.php" "Mozilla/5.0 (Windows NT 10.0; Win64; x64) AppleWebKit/537.36 (KHTML, like Gecko) Chrome/120.0.0.0 Safari/537.36" 1002 **1/1002490**
85.208.96.196 - - [14/Apr/2026:09:41:21 -0700] "GET /uncategorized/beste-echtgeld-casinos-land-der-dichter-und-denker-traktandum-erreichbar-provider-2026-im-erprobung/ HTTP/1.1" 200 32925 "-" "Mozilla/5.0 (compatible; SemrushBot/7~bl; +http://www.semrush.com/bot.html)" 1266 **1/1266693**
179.211.119.101 - - [14/Apr/2026:09:41:24 -0700] "GET /wp-admin/ HTTP/1.1" 200 24363 "-" "Mozilla/5.0 (Windows NT 10.0; Win64; x64) AppleWebKit/537.36 (KHTML, like Gecko) Chrome/120.0.0.0 Safari/537.36" 634 **0/634519**
179.211.119.101 - - [14/Apr/2026:09:41:26 -0700] "POST /xmlrpc.php HTTP/1.1" 200 256 "-" "WordPress/5.0; http://fuentesanza.es" 534 **0/534257**
79.32.146.197 - - [14/Apr/2026:09:41:27 -0700] "GET /wp-admin/admin-ajax.php?action=rest-nonce HTTP/1.1" 200 10 "-" "Mozilla/5.0 (Windows NT 10.0; Win64; x64) AppleWebKit/537.36 (KHTML, like Gecko) Chrome/120.0.0.0 Safari/537.36" 222 **0/222530**
79.32.146.197 - - [14/Apr/2026:09:41:28 -0700] "POST /xmlrpc.php HTTP/1.1" 200 131 "-" "Mozilla/5.0 (Windows NT 10.0; Win64; x64) AppleWebKit/537.36 (KHTML, like Gecko) Chrome/120.0.0.0 Safari/537.36" 525 **0/525890**
208.109.41.231 - - [14/Apr/2026:09:41:31 -0700] "POST /wp-cron.php?doing_wp_cron=1776184891.3137938976287841796875 HTTP/1.1" 200 - "-" "WordPress/6.3.8; http://fuentesanza.es" 66 **0/66640**
54.39.136.44 - - [14/Apr/2026:09:41:31 -0700] "GET /uncategorized/a-knowledgeable-100-percent-free-spins-gambling-establishment-caligula-bonus-game-bonuses-in-the-usa-2026/feed/ HTTP/1.1" 200 492 "-" "Mozilla/5.0 (compatible; AhrefsBot/7.0; +http://ahrefs.com/robot/)" 612 **0/612931**
103.126.148.69 - - [14/Apr/2026:09:41:31 -0700] "GET /?p=49281 HTTP/1.1" 301 - "-" "Mozilla/5.0 (Windows NT 10.0; Win64; x64) AppleWebKit/537.36 (KHTML, like Gecko) Chrome/120.0.0.0 Safari/537.36" 221 **0/221431**
66.249.73.4 - - [14/Apr/2026:09:41:31 -0700] "GET /?m=31108212170 HTTP/1.1" 404 11349 "-" "Mozilla/5.0 (Linux; Android 6.0.1; Nexus 5X Build/MMB29P) AppleWebKit/537.36 (KHTML, like Gecko) Chrome/146.0.7680.177 Mobile Safari/537.36 (compatible; Googlebot/2.1; +http://www.google.com/bot.html)" 404 **0/404219**
103.126.148.69 - - [14/Apr/2026:09:41:33 -0700] "GET /uncategorized/optimizatsiia-upravleniia-schetom-cherez-lichnyi-kabinet-pin-ap-sovety-i-triuki/ HTTP/1.1" 200 32152 "-" "Mozilla/5.0 (Windows NT 10.0; Win64; x64) AppleWebKit/537.36 (KHTML, like Gecko) Chrome/120.0.0.0 Safari/537.36" 437 **0/437168**
103.126.148.69 - - [14/Apr/2026:09:41:37 -0700] "GET /?p=49281 HTTP/1.1" 301 - "-" "Mozilla/5.0 (Windows NT 10.0; Win64; x64) AppleWebKit/537.36 (KHTML, like Gecko) Chrome/120.0.0.0 Safari/537.36" 209 **0/209548**
103.126.148.69 - - [14/Apr/2026:09:41:39 -0700] "GET /uncategorized/optimizatsiia-upravleniia-schetom-cherez-lichnyi-kabinet-pin-ap-sovety-i-triuki/ HTTP/1.1" 200 32152 "-" "Mozilla/5.0 (Windows NT 10.0; Win64; x64) AppleWebKit/537.36 (KHTML, like Gecko) Chrome/120.0.0.0 Safari/537.36" 571 **0/571321**
66.249.73.4 - - [14/Apr/2026:09:41:36 -0700] "GET /?s=1010617883 HTTP/1.1" 200 24382 "-" "Mozilla/5.0 (Linux; Android 6.0.1; Nexus 5X Build/MMB29P) AppleWebKit/537.36 (KHTML, like Gecko) Chrome/146.0.7680.177 Mobile Safari/537.36 (compatible; Googlebot/2.1; +http://www.google.com/bot.html)" 3716 **3/3716438**
85.208.96.209 - - [14/Apr/2026:09:41:40 -0700] "GET /uncategorized/on-the-internet-pokies-100-percent-free-pokies-during-the-24spins-com/ HTTP/1.1" 200 32024 "-" "Mozilla/5.0 (compatible; SemrushBot/7~bl; +http://www.semrush.com/bot.html)" 600 **0/600134**
103.126.148.69 - - [14/Apr/2026:09:41:43 -0700] "GET /?p=49281 HTTP/1.1" 301 - "-" "Mozilla/5.0 (Windows NT 10.0; Win64; x64) AppleWebKit/537.36 (KHTML, like Gecko) Chrome/120.0.0.0 Safari/537.36" 215 **0/215265**
103.126.148.69 - - [14/Apr/2026:09:41:44 -0700] "GET /uncategorized/optimizatsiia-upravleniia-schetom-cherez-lichnyi-kabinet-pin-ap-sovety-i-triuki/ HTTP/1.1" 200 32152 "-" "Mozilla/5.0 (Windows NT 10.0; Win64; x64) AppleWebKit/537.36 (KHTML, like Gecko) Chrome/120.0.0.0 Safari/537.36" 323 **0/323213**
103.126.148.69 - - [14/Apr/2026:09:41:46 -0700] "POST /wp-json/wp/v2/posts HTTP/1.1" 201 45852 "-" "Mozilla/5.0 (Windows NT 10.0; Win64; x64) AppleWebKit/537.36 (KHTML, like Gecko) Chrome/120.0.0.0 Safari/537.36" 919 **0/919856**
208.109.41.231 - - [14/Apr/2026:09:41:48 -0700] "POST /wp-cron.php?doing_wp_cron=1776184908.2915558815002441406250 HTTP/1.1" 200 - "-" "WordPress/6.3.8; http://fuentesanza.es" 31 **0/31592**
85.208.96.209 - - [14/Apr/2026:09:41:48 -0700] "GET /uncategorized/vazhnost-raznoobraziia-igr-v-1win-kazino/ HTTP/1.1" 200 30372 "-" "Mozilla/5.0 (compatible; SemrushBot/7~bl; +http://www.semrush.com/bot.html)" 587 **0/587465**
103.126.148.69 - - [14/Apr/2026:09:41:49 -0700] "GET /uncategorized/optimizatsiia-upravleniia-schetom-cherez-lichnyi-kabinet-pin-ap-sovety-i-triuki-2/ HTTP/1.1" 200 32807 "-" "Mozilla/5.0 (Windows NT 10.0; Win64; x64) AppleWebKit/537.36 (KHTML, like Gecko) Chrome/120.0.0.0 Safari/537.36" 651 **0/651599**
103.126.148.69 - - [14/Apr/2026:09:41:53 -0700] "GET /uncategorized/optimizatsiia-upravleniia-schetom-cherez-lichnyi-kabinet-pin-ap-sovety-i-triuki-2/ HTTP/1.1" 200 32807 "-" "Mozilla/5.0 (Windows NT 10.0; Win64; x64) AppleWebKit/537.36 (KHTML, like Gecko) Chrome/120.0.0.0 Safari/537.36" 556 **0/556213**
185.153.197.91 - - [14/Apr/2026:09:41:54 -0700] "POST /xmlrpc.php HTTP/1.1" 200 180 "-" "Mozilla/5.0 (Windows NT 10.0; Win64; x64) AppleWebKit/537.36 (KHTML, like Gecko) Chrome/114.0.0.0 Safari/537.36" 608 **0/608840**
208.109.41.231 - - [14/Apr/2026:09:41:57 -0700] "POST /wp-cron.php?doing_wp_cron=1776184917.8819530010223388671875 HTTP/1.1" 200 - "-" "WordPress/6.3.8; http://fuentesanza.es" 41 **0/41373**
66.249.73.4 - - [14/Apr/2026:09:41:57 -0700] "GET /?c=8416426726 HTTP/1.1" 200 46635 "-" "Mozilla/5.0 (Linux; Android 6.0.1; Nexus 5X Build/MMB29P) AppleWebKit/537.36 (KHTML, like Gecko) Chrome/146.0.7680.177 Mobile Safari/537.36 (compatible; Googlebot/2.1; +http://www.google.com/bot.html)" 843 **0/843111**
103.126.148.69 - - [14/Apr/2026:09:41:58 -0700] "GET /uncategorized/optimizatsiia-upravleniia-schetom-cherez-lichnyi-kabinet-pin-ap-sovety-i-triuki-2/ HTTP/1.1" 200 32817 "-" "Mozilla/5.0 (Windows NT 10.0; Win64; x64) AppleWebKit/537.36 (KHTML, like Gecko) Chrome/120.0.0.0 Safari/537.36" 783 **0/783209**
185.153.197.91 - - [14/Apr/2026:09:42:01 -0700] "POST /xmlrpc.php HTTP/1.1" 200 8386 "-" "Mozilla/5.0 (Windows NT 10.0; Win64; x64) AppleWebKit/537.36 (KHTML, like Gecko) Chrome/114.0.0.0 Safari/537.36" 567 **0/567548**
103.126.148.69 - - [14/Apr/2026:09:42:00 -0700] "POST /wp-json/wp/v2/posts HTTP/1.1" 201 45852 "-" "Mozilla/5.0 (Windows NT 10.0; Win64; x64) AppleWebKit/537.36 (KHTML, like Gecko) Chrome/120.0.0.0 Safari/537.36" 1437 **1/1437914**
208.109.41.231 - - [14/Apr/2026:09:42:04 -0700] "POST /wp-cron.php?doing_wp_cron=1776184924.0929729938507080078125 HTTP/1.1" 200 - "-" "WordPress/6.3.8; http://fuentesanza.es" 122 **0/122190**
185.153.197.91 - - [14/Apr/2026:09:42:03 -0700] "GET /uncategorized/licenses-and-you-can-fees-the-business-regarding-illinois-sports-betting/ HTTP/1.1" 200 155120 "-" "Mozilla/5.0 (Windows NT 10.0; Win64; x64; rv:124.0) Gecko/20100101 Firefox/124.0" 890 **0/890447**
103.126.148.69 - - [14/Apr/2026:09:42:04 -0700] "GET /uncategorized/optimizatsiia-upravleniia-schetom-cherez-lichnyi-kabinet-pin-ap-sovety-i-triuki-3/ HTTP/1.1" 200 32816 "-" "Mozilla/5.0 (Windows NT 10.0; Win64; x64) AppleWebKit/537.36 (KHTML, like Gecko) Chrome/120.0.0.0 Safari/537.36" 731 **0/731282**
103.126.148.69 - - [14/Apr/2026:09:42:09 -0700] "GET /uncategorized/optimizatsiia-upravleniia-schetom-cherez-lichnyi-kabinet-pin-ap-sovety-i-triuki-3/ HTTP/1.1" 200 32816 "-" "Mozilla/5.0 (Windows NT 10.0; Win64; x64) AppleWebKit/537.36 (KHTML, like Gecko) Chrome/120.0.0.0 Safari/537.36" 428 **0/428085**
185.191.171.9 - - [14/Apr/2026:09:42:12 -0700] "GET /mostbet-login-80/mostbet-online-124/ HTTP/1.1" 200 34290 "-" "Mozilla/5.0 (compatible; SemrushBot/7~bl; +http://www.semrush.com/bot.html)" 472 **0/472001**
103.126.148.69 - - [14/Apr/2026:09:42:13 -0700] "GET /uncategorized/optimizatsiia-upravleniia-schetom-cherez-lichnyi-kabinet-pin-ap-sovety-i-triuki-3/ HTTP/1.1" 200 32816 "-" "Mozilla/5.0 (Windows NT 10.0; Win64; x64) AppleWebKit/537.36 (KHTML, like Gecko) Chrome/120.0.0.0 Safari/537.36" 508 **0/508169**
103.126.148.69 - - [14/Apr/2026:09:42:15 -0700] "GET /wp-admin/post-new.php HTTP/1.1" 200 102178 "-" "Mozilla/5.0 (Windows NT 10.0; Win64; x64) AppleWebKit/537.36 (KHTML, like Gecko) Chrome/120.0.0.0 Safari/537.36" 423 **0/423095**
66.249.73.6 - - [14/Apr/2026:09:42:16 -0700] "GET /?c=84164109546 HTTP/1.1" 200 46635 "-" "Mozilla/5.0 (Linux; Android 6.0.1; Nexus 5X Build/MMB29P) AppleWebKit/537.36 (KHTML, like Gecko) Chrome/146.0.7680.177 Mobile Safari/537.36 (compatible; Googlebot/2.1; +http://www.google.com/bot.html)" 423 **0/423886**
103.126.148.69 - - [14/Apr/2026:09:42:18 -0700] "POST /wp-admin/post.php HTTP/1.1" 302 - "-" "Mozilla/5.0 (Windows NT 10.0; Win64; x64) AppleWebKit/537.36 (KHTML, like Gecko) Chrome/120.0.0.0 Safari/537.36" 1379 **1/1379729**
208.109.41.231 - - [14/Apr/2026:09:42:21 -0700] "POST /wp-cron.php?doing_wp_cron=1776184941.6314880847930908203125 HTTP/1.1" 200 - "-" "WordPress/6.3.8; http://fuentesanza.es" 34 **0/34680**
103.126.148.69 - - [14/Apr/2026:09:42:21 -0700] "GET /wp-admin/post.php?post=49287&action=edit&message=1 HTTP/1.1" 200 106908 "-" "Mozilla/5.0 (Windows NT 10.0; Win64; x64) AppleWebKit/537.36 (KHTML, like Gecko) Chrome/120.0.0.0 Safari/537.36" 540 **0/540195**
178.80.251.129 - - [14/Apr/2026:09:42:23 -0700] "GET /?p=49287 HTTP/1.1" 301 - "-" "Mozilla/5.0 (Windows NT 10.0; Win64; x64) AppleWebKit/537.36 (KHTML, like Gecko) Chrome/120.0.0.0 Safari/537.36" 159 **0/159814**
178.80.251.129 - - [14/Apr/2026:09:42:24 -0700] "GET /uncategorized/optimizatsiia-upravleniia-schetom-cherez-lichnyi-kabinet-pin-ap-sovety-i-triuki-4/ HTTP/1.1" 200 32548 "-" "Mozilla/5.0 (Windows NT 10.0; Win64; x64) AppleWebKit/537.36 (KHTML, like Gecko) Chrome/120.0.0.0 Safari/537.36" 456 **0/456944**
178.80.251.129 - - [14/Apr/2026:09:42:27 -0700] "GET /?p=49287 HTTP/1.1" 301 - "-" "Mozilla/5.0 (Windows NT 10.0; Win64; x64) AppleWebKit/537.36 (KHTML, like Gecko) Chrome/120.0.0.0 Safari/537.36" 212 **0/212798**
178.80.251.129 - - [14/Apr/2026:09:42:28 -0700] "GET /uncategorized/optimizatsiia-upravleniia-schetom-cherez-lichnyi-kabinet-pin-ap-sovety-i-triuki-4/ HTTP/1.1" 200 32548 "-" "Mozilla/5.0 (Windows NT 10.0; Win64; x64) AppleWebKit/537.36 (KHTML, like Gecko) Chrome/120.0.0.0 Safari/537.36" 367 **0/367831**
185.191.171.18 - - [14/Apr/2026:09:42:31 -0700] "GET /tag/level-up-casino-sign-up/page/2/ HTTP/1.1" 200 32855 "-" "Mozilla/5.0 (compatible; SemrushBot/7~bl; +http://www.semrush.com/bot.html)" 409 **0/409927**
178.80.251.129 - - [14/Apr/2026:09:42:32 -0700] "GET /?p=49287 HTTP/1.1" 301 - "-" "Mozilla/5.0 (Windows NT 10.0; Win64; x64) AppleWebKit/537.36 (KHTML, like Gecko) Chrome/120.0.0.0 Safari/537.36" 241 **0/241409**
178.80.251.129 - - [14/Apr/2026:09:42:33 -0700] "GET /uncategorized/optimizatsiia-upravleniia-schetom-cherez-lichnyi-kabinet-pin-ap-sovety-i-triuki-4/ HTTP/1.1" 200 32548 "-" "Mozilla/5.0 (Windows NT 10.0; Win64; x64) AppleWebKit/537.36 (KHTML, like Gecko) Chrome/120.0.0.0 Safari/537.36" 532 **0/532754**
190.120.253.213 - - [14/Apr/2026:09:42:35 -0700] "GET / HTTP/1.1" 200 51661 "-" "Mozilla/5.0 (Windows NT 10.0; Win64; x64) AppleWebKit/537.36 (KHTML, like Gecko) Chrome/120.0.0.0 Safari/537.36" 464 **0/464736**
201.182.13.145 - - [14/Apr/2026:09:42:37 -0700] "GET /wp-login.php HTTP/1.1" 200 2856 "-" "Mozilla/5.0 (Windows NT 10.0; Win64; x64) AppleWebKit/537.36 (KHTML, like Gecko) Chrome/120.0.0.0 Safari/537.36" 328 **0/328451**
201.182.13.145 - - [14/Apr/2026:09:42:38 -0700] "POST /wp-login.php HTTP/1.1" 302 - "http://fuentesanza.es/wp-login.php" "Mozilla/5.0 (Windows NT 10.0; Win64; x64) AppleWebKit/537.36 (KHTML, like Gecko) Chrome/120.0.0.0 Safari/537.36" 342 **0/342940**
148.113.130.143 - - [14/Apr/2026:09:42:38 -0700] "GET /uncategorized/best-mobile-porn-games-2026-prime-android-ios-adult-games/feed/ HTTP/1.1" 200 461 "-" "Mozilla/5.0 (compatible; AhrefsBot/7.0; +http://ahrefs.com/robot/)" 575 **0/575025**
201.182.13.145 - - [14/Apr/2026:09:42:39 -0700] "GET /wp-admin/ HTTP/1.1" 200 24400 "http://fuentesanza.es/wp-login.php" "Mozilla/5.0 (Windows NT 10.0; Win64; x64) AppleWebKit/537.36 (KHTML, like Gecko) Chrome/120.0.0.0 Safari/537.36" 448 **0/448028**
179.106.105.135 - - [14/Apr/2026:09:42:41 -0700] "GET /wp-admin/ HTTP/1.1" 200 24400 "-" "Mozilla/5.0 (Windows NT 10.0; Win64; x64) AppleWebKit/537.36 (KHTML, like Gecko) Chrome/120.0.0.0 Safari/537.36" 416 **0/416708**
179.106.105.135 - - [14/Apr/2026:09:42:42 -0700] "POST /xmlrpc.php HTTP/1.1" 200 256 "-" "WordPress/5.0; http://fuentesanza.es" 226 **0/226472**
71.232.40.74 - - [14/Apr/2026:09:42:43 -0700] "GET /wp-admin/admin-ajax.php?action=rest-nonce HTTP/1.1" 200 10 "-" "Mozilla/5.0 (Windows NT 10.0; Win64; x64) AppleWebKit/537.36 (KHTML, like Gecko) Chrome/120.0.0.0 Safari/537.36" 215 **0/215582**
71.232.40.74 - - [14/Apr/2026:09:42:44 -0700] "POST /xmlrpc.php HTTP/1.1" 200 131 "-" "Mozilla/5.0 (Windows NT 10.0; Win64; x64) AppleWebKit/537.36 (KHTML, like Gecko) Chrome/120.0.0.0 Safari/537.36" 566 **0/566359**
208.109.41.231 - - [14/Apr/2026:09:42:45 -0700] "POST /wp-cron.php?doing_wp_cron=1776184965.2955479621887207031250 HTTP/1.1" 200 - "-" "WordPress/6.3.8; http://fuentesanza.es" 22 **0/22963**
114.119.129.24 - - [14/Apr/2026:09:42:45 -0700] "GET /uncategorized/secret-museum-position-review-push-gaming/ HTTP/1.1" 200 30627 "http://fuentesanza.es/uncategorized/wolf-work-with-online-slot-machine-game-free-gambling-establishment-game-zero-obtain/" "Mozilla/5.0 (Linux; Android 7.0;) AppleWebKit/537.36 (KHTML, like Gecko) Mobile Safari/537.36 (compatible; PetalBot;+https://webmaster.petalsearch.com/site/petalbot)" 624 **0/624262**
80.7.48.13 - - [14/Apr/2026:09:42:45 -0700] "GET /?p=49289 HTTP/1.1" 301 - "-" "Mozilla/5.0 (Windows NT 10.0; Win64; x64) AppleWebKit/537.36 (KHTML, like Gecko) Chrome/120.0.0.0 Safari/537.36" 183 **0/183535**
80.7.48.13 - - [14/Apr/2026:09:42:46 -0700] "GET /uncategorized/optimizatsiia-upravleniia-schetom-cherez-lichnyi-kabinet-pin-ap-sovety-i-triuki-5/ HTTP/1.1" 200 32082 "-" "Mozilla/5.0 (Windows NT 10.0; Win64; x64) AppleWebKit/537.36 (KHTML, like Gecko) Chrome/120.0.0.0 Safari/537.36" 453 **0/453468**
80.7.48.13 - - [14/Apr/2026:09:42:49 -0700] "GET /?p=49289 HTTP/1.1" 301 - "-" "Mozilla/5.0 (Windows NT 10.0; Win64; x64) AppleWebKit/537.36 (KHTML, like Gecko) Chrome/120.0.0.0 Safari/537.36" 227 **0/227703**
80.7.48.13 - - [14/Apr/2026:09:42:50 -0700] "GET /uncategorized/optimizatsiia-upravleniia-schetom-cherez-lichnyi-kabinet-pin-ap-sovety-i-triuki-5/ HTTP/1.1" 200 32082 "-" "Mozilla/5.0 (Windows NT 10.0; Win64; x64) AppleWebKit/537.36 (KHTML, like Gecko) Chrome/120.0.0.0 Safari/537.36" 330 **0/330755**
80.7.48.13 - - [14/Apr/2026:09:42:53 -0700] "GET /?p=49289 HTTP/1.1" 301 - "-" "Mozilla/5.0 (Windows NT 10.0; Win64; x64) AppleWebKit/537.36 (KHTML, like Gecko) Chrome/120.0.0.0 Safari/537.36" 183 **0/183104**
80.7.48.13 - - [14/Apr/2026:09:42:54 -0700] "GET /uncategorized/optimizatsiia-upravleniia-schetom-cherez-lichnyi-kabinet-pin-ap-sovety-i-triuki-5/ HTTP/1.1" 200 32082 "-" "Mozilla/5.0 (Windows NT 10.0; Win64; x64) AppleWebKit/537.36 (KHTML, like Gecko) Chrome/120.0.0.0 Safari/537.36" 458 **0/458438**
80.7.48.13 - - [14/Apr/2026:09:42:55 -0700] "POST /wp-json/wp/v2/posts HTTP/1.1" 201 45852 "-" "Mozilla/5.0 (Windows NT 10.0; Win64; x64) AppleWebKit/537.36 (KHTML, like Gecko) Chrome/120.0.0.0 Safari/537.36" 909 **0/909894**
66.249.73.5 - - [14/Apr/2026:09:42:53 -0700] "GET /?s=10106173189 HTTP/1.1" 200 24380 "-" "Mozilla/5.0 (Linux; Android 6.0.1; Nexus 5X Build/MMB29P) AppleWebKit/537.36 (KHTML, like Gecko) Chrome/146.0.7680.177 Mobile Safari/537.36 (compatible; Googlebot/2.1; +http://www.google.com/bot.html)" 3956 **3/3956892**
208.109.41.231 - - [14/Apr/2026:09:42:57 -0700] "POST /wp-cron.php?doing_wp_cron=1776184977.8188300132751464843750 HTTP/1.1" 200 - "-" "WordPress/6.3.8; http://fuentesanza.es" 28 **0/28356**
80.7.48.13 - - [14/Apr/2026:09:42:57 -0700] "GET /uncategorized/optimizatsiia-upravleniia-schetom-cherez-lichnyi-kabinet-pin-ap-sovety-i-triuki-6/ HTTP/1.1" 200 32736 "-" "Mozilla/5.0 (Windows NT 10.0; Win64; x64) AppleWebKit/537.36 (KHTML, like Gecko) Chrome/120.0.0.0 Safari/537.36" 1013 **1/1013748**
85.208.96.196 - - [14/Apr/2026:09:42:59 -0700] "GET /uncategorized/finest-skrill-casinos-british-2026-better-web-based-casinos-that-have-skrill/ HTTP/1.1" 200 30099 "-" "Mozilla/5.0 (compatible; SemrushBot/7~bl; +http://www.semrush.com/bot.html)" 424 **0/424498**
80.7.48.13 - - [14/Apr/2026:09:43:01 -0700] "GET /uncategorized/optimizatsiia-upravleniia-schetom-cherez-lichnyi-kabinet-pin-ap-sovety-i-triuki-6/ HTTP/1.1" 200 32736 "-" "Mozilla/5.0 (Windows NT 10.0; Win64; x64) AppleWebKit/537.36 (KHTML, like Gecko) Chrome/120.0.0.0 Safari/537.36" 826 **0/826222**
80.7.48.13 - - [14/Apr/2026:09:43:05 -0700] "GET /uncategorized/optimizatsiia-upravleniia-schetom-cherez-lichnyi-kabinet-pin-ap-sovety-i-triuki-6/ HTTP/1.1" 200 32736 "-" "Mozilla/5.0 (Windows NT 10.0; Win64; x64) AppleWebKit/537.36 (KHTML, like Gecko) Chrome/120.0.0.0 Safari/537.36" 516 **0/516973**
80.7.48.13 - - [14/Apr/2026:09:43:06 -0700] "POST /wp-json/wp/v2/posts HTTP/1.1" 201 45852 "-" "Mozilla/5.0 (Windows NT 10.0; Win64; x64) AppleWebKit/537.36 (KHTML, like Gecko) Chrome/120.0.0.0 Safari/537.36" 770 **0/770229**
208.109.41.231 - - [14/Apr/2026:09:43:08 -0700] "POST /wp-cron.php?doing_wp_cron=1776184988.3926539421081542968750 HTTP/1.1" 200 - "-" "WordPress/6.3.8; http://fuentesanza.es" 26 **0/26694**
80.7.48.13 - - [14/Apr/2026:09:43:08 -0700] "GET /uncategorized/optimizatsiia-upravleniia-schetom-cherez-lichnyi-kabinet-pin-ap-sovety-i-triuki-7/ HTTP/1.1" 200 32736 "-" "Mozilla/5.0 (Windows NT 10.0; Win64; x64) AppleWebKit/537.36 (KHTML, like Gecko) Chrome/120.0.0.0 Safari/537.36" 658 **0/658707**
80.7.48.13 - - [14/Apr/2026:09:43:11 -0700] "GET /uncategorized/optimizatsiia-upravleniia-schetom-cherez-lichnyi-kabinet-pin-ap-sovety-i-triuki-7/ HTTP/1.1" 200 32736 "-" "Mozilla/5.0 (Windows NT 10.0; Win64; x64) AppleWebKit/537.36 (KHTML, like Gecko) Chrome/120.0.0.0 Safari/537.36" 366 **0/366761**
66.249.73.5 - - [14/Apr/2026:09:43:12 -0700] "GET /?i=20912194151 HTTP/1.1" 200 47592 "-" "Mozilla/5.0 (Linux; Android 6.0.1; Nexus 5X Build/MMB29P) AppleWebKit/537.36 (KHTML, like Gecko) Chrome/146.0.7680.177 Mobile Safari/537.36 (compatible; Googlebot/2.1; +http://www.google.com/bot.html)" 579 **0/579005**
