66.249.73.5 - - [14/Apr/2026:12:18:33 -0700] "GET /?m=31108185030 HTTP/1.1" 404 11349 "-" "Mozilla/5.0 (Linux; Android 6.0.1; Nexus 5X Build/MMB29P) AppleWebKit/537.36 (KHTML, like Gecko) Chrome/146.0.7680.177 Mobile Safari/537.36 (compatible; Googlebot/2.1; +http://www.google.com/bot.html)" 344 **0/344660**
17.241.219.67 - - [14/Apr/2026:12:18:34 -0700] "GET /wp-content/themes/twentytwelve/fonts/font-open-sans.css?ver=20230328 HTTP/1.1" 200 930 "http://fuentesanza.es/pin-up-sports-910/pin-up-casino-online-640/" "Mozilla/5.0 (Macintosh; Intel Mac OS X 10_15_7) AppleWebKit/605.1.15 (KHTML, like Gecko) Version/17.4 Safari/605.1.15 (Applebot/0.1; +http://www.apple.com/go/applebot)" 15 **0/15348**
17.241.227.193 - - [14/Apr/2026:12:18:35 -0700] "GET /wp-includes/js/comment-reply.min.js?ver=6.3.8 HTTP/1.1" 200 1351 "http://fuentesanza.es/pin-up-sports-910/pin-up-casino-online-640/" "Mozilla/5.0 (Macintosh; Intel Mac OS X 10_15_7) AppleWebKit/605.1.15 (KHTML, like Gecko) Version/17.4 Safari/605.1.15 (Applebot/0.1; +http://www.apple.com/go/applebot)" 9 **0/9474**
85.208.96.205 - - [14/Apr/2026:12:18:36 -0700] "GET /uncategorized/malaysian-online-casino-1bet-mobile-casinos-acknowledging-charge-debit-2026/ HTTP/1.1" 200 30595 "-" "Mozilla/5.0 (compatible; SemrushBot/7~bl; +http://www.semrush.com/bot.html)" 664 **0/664883**
17.241.219.51 - - [14/Apr/2026:12:18:36 -0700] "GET /wp-content/themes/twentytwelve/js/navigation.js?ver=20141205 HTTP/1.1" 200 656 "http://fuentesanza.es/pin-up-sports-910/pin-up-casino-online-640/" "Mozilla/5.0 (Macintosh; Intel Mac OS X 10_15_7) AppleWebKit/605.1.15 (KHTML, like Gecko) Version/17.4 Safari/605.1.15 (Applebot/0.1; +http://www.apple.com/go/applebot)" 10 **0/10324**
185.153.197.91 - - [14/Apr/2026:12:18:48 -0700] "POST /xmlrpc.php HTTP/1.1" 200 180 "-" "Mozilla/5.0 (Windows NT 10.0; Win64; x64) AppleWebKit/537.36 (KHTML, like Gecko) Chrome/114.0.0.0 Safari/537.36" 733 **0/733471**
208.109.41.231 - - [14/Apr/2026:12:18:54 -0700] "POST /wp-cron.php?doing_wp_cron=1776194334.5215411186218261718750 HTTP/1.1" 200 - "-" "WordPress/6.3.8; http://fuentesanza.es" 27 **0/27629**
114.119.156.60 - - [14/Apr/2026:12:18:54 -0700] "GET /uncategorized/play-jungle-jim-position-is-free-demo/ HTTP/1.1" 200 32063 "http://fuentesanza.es/uncategorized/regardless-if-you-are-keen-on-big-leagues-otherwise-market-sports-betus-have-something-to-provide/" "Mozilla/5.0 (Linux; Android 7.0;) AppleWebKit/537.36 (KHTML, like Gecko) Mobile Safari/537.36 (compatible; PetalBot;+https://webmaster.petalsearch.com/site/petalbot)" 772 **0/772318**
185.153.197.91 - - [14/Apr/2026:12:18:56 -0700] "POST /xmlrpc.php HTTP/1.1" 200 8237 "-" "Mozilla/5.0 (Windows NT 10.0; Win64; x64) AppleWebKit/537.36 (KHTML, like Gecko) Chrome/114.0.0.0 Safari/537.36" 420 **0/420326**
185.153.197.91 - - [14/Apr/2026:12:18:57 -0700] "GET /uncategorized/lofferta-promozionale-di-sportbet-casino-annovera-us-merge-di-sportbet-bonus-di-benvenuto-promozioni-for-each-and-every-utenti-registrati-e-sporadici-cashback/ HTTP/1.1" 200 155419 "-" "Mozilla/5.0 (Windows NT 10.0; Win64; x64) AppleWebKit/537.36 (KHTML, like Gecko) Chrome/123.0.0.0 Safari/537.36 OPR/109.0.0.0" 452 **0/452649**
148.113.128.54 - - [14/Apr/2026:12:19:01 -0700] "GET /uncategorized/dunder-kasino-probe-boni-spiele-unter-anderem-diese-besten-extra-stars-slot-spiele-streamer/ HTTP/1.1" 200 29564 "-" "Mozilla/5.0 (compatible; AhrefsBot/7.0; +http://ahrefs.com/robot/)" 630 **0/630794**
62.167.165.89 - - [14/Apr/2026:12:19:13 -0700] "POST /xmlrpc.php HTTP/1.1" 200 131 "-" "Python-xmlrpc/3.11" 875 **0/875491**
208.109.41.231 - - [14/Apr/2026:12:19:33 -0700] "POST /wp-cron.php?doing_wp_cron=1776194373.6058590412139892578125 HTTP/1.1" 200 - "-" "WordPress/6.3.8; http://fuentesanza.es" 18 **0/18953**
66.249.73.6 - - [14/Apr/2026:12:19:33 -0700] "GET /?w=3637057382 HTTP/1.1" 404 11349 "-" "Mozilla/5.0 (Linux; Android 6.0.1; Nexus 5X Build/MMB29P) AppleWebKit/537.36 (KHTML, like Gecko) Chrome/146.0.7680.177 Mobile Safari/537.36 (compatible; Googlebot/2.1; +http://www.google.com/bot.html)" 508 **0/508349**
66.249.73.4 - - [14/Apr/2026:12:19:33 -0700] "GET /uncategorized/noms-titres-de-sites-internet/ HTTP/1.1" 200 27496 "-" "Mozilla/5.0 (Linux; Android 6.0.1; Nexus 5X Build/MMB29P) AppleWebKit/537.36 (KHTML, like Gecko) Chrome/146.0.7680.177 Mobile Safari/537.36 (compatible; Googlebot/2.1; +http://www.google.com/bot.html)" 1144 **1/1144929**
66.249.73.5 - - [14/Apr/2026:12:19:33 -0700] "GET /uncategorized/les-10-meilleurs-casinos-en-ligne-en-france-pour-2026/ HTTP/1.1" 200 27573 "-" "Mozilla/5.0 (Linux; Android 6.0.1; Nexus 5X Build/MMB29P) AppleWebKit/537.36 (KHTML, like Gecko) Chrome/146.0.7680.177 Mobile Safari/537.36 (compatible; Googlebot/2.1; +http://www.google.com/bot.html)" 929 **0/929433**
66.249.73.5 - - [14/Apr/2026:12:19:34 -0700] "GET /uncategorized/les-meilleurs-casinos-en-ligne-francais-fiables-en-2025/ HTTP/1.1" 200 27230 "-" "Mozilla/5.0 (Linux; Android 6.0.1; Nexus 5X Build/MMB29P) AppleWebKit/537.36 (KHTML, like Gecko) Chrome/146.0.7680.177 Mobile Safari/537.36 (compatible; Googlebot/2.1; +http://www.google.com/bot.html)" 684 **0/684750**
66.249.73.5 - - [14/Apr/2026:12:19:34 -0700] "GET /uncategorized/meilleurs-casinos-en-ligne-en-france-2026-comparatif-avis-des-sites-fiables/ HTTP/1.1" 200 27579 "-" "Mozilla/5.0 (Linux; Android 6.0.1; Nexus 5X Build/MMB29P) AppleWebKit/537.36 (KHTML, like Gecko) Chrome/146.0.7680.177 Mobile Safari/537.36 (compatible; Googlebot/2.1; +http://www.google.com/bot.html)" 831 **0/831557**
66.249.73.4 - - [14/Apr/2026:12:19:35 -0700] "GET /uncategorized/meilleur-casino-en-ligne-en-france-15-casinos-en-ligne-fiables-pour-2023/ HTTP/1.1" 200 28317 "-" "Mozilla/5.0 (Linux; Android 6.0.1; Nexus 5X Build/MMB29P) AppleWebKit/537.36 (KHTML, like Gecko) Chrome/146.0.7680.177 Mobile Safari/537.36 (compatible; Googlebot/2.1; +http://www.google.com/bot.html)" 579 **0/579127**
66.249.73.5 - - [14/Apr/2026:12:19:35 -0700] "GET /uncategorized/oscar-spin-action-de-machine-a-sous-rapide-pour-le-joueur-moderne/ HTTP/1.1" 200 27404 "-" "Mozilla/5.0 (Linux; Android 6.0.1; Nexus 5X Build/MMB29P) AppleWebKit/537.36 (KHTML, like Gecko) Chrome/146.0.7680.177 Mobile Safari/537.36 (compatible; Googlebot/2.1; +http://www.google.com/bot.html)" 543 **0/543976**
66.249.73.6 - - [14/Apr/2026:12:19:35 -0700] "GET /uncategorized/casino-en-ligne-de-france-jeux-de-casino-en-argent-reel/ HTTP/1.1" 200 27162 "-" "Mozilla/5.0 (Linux; Android 6.0.1; Nexus 5X Build/MMB29P) AppleWebKit/537.36 (KHTML, like Gecko) Chrome/146.0.7680.177 Mobile Safari/537.36 (compatible; Googlebot/2.1; +http://www.google.com/bot.html)" 682 **0/682124**
66.249.73.6 - - [14/Apr/2026:12:19:36 -0700] "GET /uncategorized/machines-sous-en-ligne-gratuites/ HTTP/1.1" 200 28226 "-" "Mozilla/5.0 (Linux; Android 6.0.1; Nexus 5X Build/MMB29P) AppleWebKit/537.36 (KHTML, like Gecko) Chrome/146.0.7680.177 Mobile Safari/537.36 (compatible; Googlebot/2.1; +http://www.google.com/bot.html)" 532 **0/532404**
18.97.14.88 - - [14/Apr/2026:12:19:43 -0700] "GET /category/1/ HTTP/1.1" 200 38301 "-" "CCBot/2.0 (https://commoncrawl.org/faq/)" 458 **0/458837**
185.153.197.91 - - [14/Apr/2026:12:19:46 -0700] "POST /xmlrpc.php HTTP/1.1" 200 180 "-" "Mozilla/5.0 (Windows NT 10.0; Win64; x64) AppleWebKit/537.36 (KHTML, like Gecko) Chrome/114.0.0.0 Safari/537.36" 673 **0/673323**
208.109.41.231 - - [14/Apr/2026:12:19:51 -0700] "POST /wp-cron.php?doing_wp_cron=1776194391.8303918838500976562500 HTTP/1.1" 200 - "-" "WordPress/6.3.8; http://fuentesanza.es" 34 **0/34651**
142.44.233.176 - - [14/Apr/2026:12:19:51 -0700] "GET /uncategorized/reparera-extremt-slitet-och-trasigt-har-efter-blekning-10-5-rollen-video-slots-enkla-pfad/feed/ HTTP/1.1" 200 504 "-" "Mozilla/5.0 (compatible; AhrefsBot/7.0; +http://ahrefs.com/robot/)" 470 **0/470723**
185.153.197.91 - - [14/Apr/2026:12:19:52 -0700] "POST /xmlrpc.php HTTP/1.1" 200 7984 "-" "Mozilla/5.0 (Windows NT 10.0; Win64; x64) AppleWebKit/537.36 (KHTML, like Gecko) Chrome/114.0.0.0 Safari/537.36" 433 **0/433651**
185.153.197.91 - - [14/Apr/2026:12:19:53 -0700] "GET /uncategorized/renato-moicano-into-the-bitcoin-attacking-and-you-can-cashs-big-issues/ HTTP/1.1" 200 154730 "-" "Mozilla/5.0 (Windows NT 10.0; rv:109.0) Gecko/20100101 Firefox/115.0" 597 **0/597408**
18.97.14.88 - - [14/Apr/2026:12:19:55 -0700] "GET /sadan-kober-du-ventolin-generisk-inhalator-online-sikkert/ HTTP/1.1" 200 28062 "-" "CCBot/2.0 (https://commoncrawl.org/faq/)" 462 **0/462955**
185.191.171.6 - - [14/Apr/2026:12:19:57 -0700] "GET /uncategorized/skokka-complaints-reviews/ HTTP/1.1" 200 32150 "-" "Mozilla/5.0 (compatible; SemrushBot/7~bl; +http://www.semrush.com/bot.html)" 535 **0/535770**
185.191.171.16 - - [14/Apr/2026:12:20:37 -0700] "GET /tag/fairplay-login-id-sign-up/ HTTP/1.1" 200 31709 "-" "Mozilla/5.0 (compatible; SemrushBot/7~bl; +http://www.semrush.com/bot.html)" 751 **0/751294**
185.153.197.91 - - [14/Apr/2026:12:20:42 -0700] "POST /xmlrpc.php HTTP/1.1" 200 180 "-" "Mozilla/5.0 (Windows NT 10.0; Win64; x64) AppleWebKit/537.36 (KHTML, like Gecko) Chrome/114.0.0.0 Safari/537.36" 754 **0/754029**
208.109.41.231 - - [14/Apr/2026:12:20:49 -0700] "POST /wp-cron.php?doing_wp_cron=1776194449.1211390495300292968750 HTTP/1.1" 200 - "-" "WordPress/6.3.8; http://fuentesanza.es" 63 **0/63413**
185.153.197.91 - - [14/Apr/2026:12:20:48 -0700] "POST /xmlrpc.php HTTP/1.1" 200 8767 "-" "Mozilla/5.0 (Windows NT 10.0; Win64; x64) AppleWebKit/537.36 (KHTML, like Gecko) Chrome/114.0.0.0 Safari/537.36" 737 **0/737720**
185.153.197.91 - - [14/Apr/2026:12:20:49 -0700] "GET /uncategorized/illinois-and-or-cardio-of-ones-midwest-has-been-probably-one-of-the-most-well-known-betting-destinations-regarding-united-states/ HTTP/1.1" 200 155867 "-" "Mozilla/5.0 (Windows NT 10.0; Win64; x64; rv:125.0) Gecko/20100101 Firefox/125.0" 1358 **1/1358638**
54.39.136.132 - - [14/Apr/2026:12:20:58 -0700] "GET /uncategorized/como-50-rodadas-gratis-sem-deposito-book-of-ra-jogar-mines-apostas-nos-melhores-cassinos-online/feed/ HTTP/1.1" 200 507 "-" "Mozilla/5.0 (compatible; AhrefsBot/7.0; +http://ahrefs.com/robot/)" 698 **0/698612**
185.153.197.91 - - [14/Apr/2026:12:21:39 -0700] "POST /xmlrpc.php HTTP/1.1" 200 180 "-" "Mozilla/5.0 (Windows NT 10.0; Win64; x64) AppleWebKit/537.36 (KHTML, like Gecko) Chrome/114.0.0.0 Safari/537.36" 547 **0/547113**
208.109.41.231 - - [14/Apr/2026:12:21:45 -0700] "POST /wp-cron.php?doing_wp_cron=1776194505.9530239105224609375000 HTTP/1.1" 200 - "-" "WordPress/6.3.8; http://fuentesanza.es" 25 **0/25981**
185.153.197.91 - - [14/Apr/2026:12:21:45 -0700] "POST /xmlrpc.php HTTP/1.1" 200 8194 "-" "Mozilla/5.0 (Windows NT 10.0; Win64; x64) AppleWebKit/537.36 (KHTML, like Gecko) Chrome/114.0.0.0 Safari/537.36" 555 **0/555017**
85.208.96.194 - - [14/Apr/2026:12:21:45 -0700] "GET /uncategorized/online-baccarat-game-play-nambet-online-casino-bonus-at-no-cost-otherwise-real-money/ HTTP/1.1" 200 31519 "-" "Mozilla/5.0 (compatible; SemrushBot/7~bl; +http://www.semrush.com/bot.html)" 814 **0/814241**
185.153.197.91 - - [14/Apr/2026:12:21:46 -0700] "GET /uncategorized/while-we-located-the-1st-time-i-performed-this-page-the-new-guidelines-deciding-on-illegal-playing-are-not-for-example-unknown/ HTTP/1.1" 200 155630 "-" "Mozilla/5.0 (Windows NT 10.0; Win64; x64; rv:125.0) Gecko/20100101 Firefox/125.0" 627 **0/627093**
142.44.220.99 - - [14/Apr/2026:12:22:05 -0700] "GET /uncategorized/avis-casino-decouvrez-spinsy-et-ses-avantages/feed/ HTTP/1.1" 200 457 "-" "Mozilla/5.0 (compatible; AhrefsBot/7.0; +http://ahrefs.com/robot/)" 390 **0/390927**
85.208.96.196 - - [14/Apr/2026:12:22:07 -0700] "GET /uncategorized/%D8%A3%D8%B7%D9%84%D9%82%D8%AA-%D8%B4%D8%B1%D9%83%D8%A9-%D9%83%D9%88%D9%86%D8%AA%D9%85%D8%A8%D8%B1%D9%8A-%D9%85%D9%86%D8%B5%D8%A9-avabet-%D9%81%D9%8A-%D8%A7%D9%84%D9%85%D9%85%D9%84%D9%83%D8%A9-%D8%A7/ HTTP/1.1" 200 32879 "-" "Mozilla/5.0 (compatible; SemrushBot/7~bl; +http://www.semrush.com/bot.html)" 565 **0/565036**
185.153.197.91 - - [14/Apr/2026:12:22:37 -0700] "POST /xmlrpc.php HTTP/1.1" 200 180 "-" "Mozilla/5.0 (Windows NT 10.0; Win64; x64) AppleWebKit/537.36 (KHTML, like Gecko) Chrome/114.0.0.0 Safari/537.36" 610 **0/610841**
208.109.41.231 - - [14/Apr/2026:12:22:44 -0700] "POST /wp-cron.php?doing_wp_cron=1776194564.2446589469909667968750 HTTP/1.1" 200 - "-" "WordPress/6.3.8; http://fuentesanza.es" 22 **0/22306**
185.153.197.91 - - [14/Apr/2026:12:22:43 -0700] "POST /xmlrpc.php HTTP/1.1" 200 7947 "-" "Mozilla/5.0 (Windows NT 10.0; Win64; x64) AppleWebKit/537.36 (KHTML, like Gecko) Chrome/114.0.0.0 Safari/537.36" 419 **0/419387**
185.153.197.91 - - [14/Apr/2026:12:22:44 -0700] "GET /uncategorized/all-of-our-feedback-requirements-to-have-websites-providing-gambling-on-line-within-the-louisiana/ HTTP/1.1" 200 155125 "-" "Mozilla/5.0 (Windows NT 10.0; Win64; x64) AppleWebKit/537.36 (KHTML, like Gecko) Chrome/109.0.0.0 Safari/537.36" 386 **0/386380**
85.208.96.210 - - [14/Apr/2026:12:23:02 -0700] "GET /uncategorized/lexperience-ludique-reinventee-explorez-les-possibilites/ HTTP/1.1" 200 31382 "-" "Mozilla/5.0 (compatible; SemrushBot/7~bl; +http://www.semrush.com/bot.html)" 912 **0/912177**
142.44.228.14 - - [14/Apr/2026:12:23:06 -0700] "GET /tag/betninja-login/ HTTP/1.1" 200 27094 "-" "Mozilla/5.0 (compatible; AhrefsBot/7.0; +http://ahrefs.com/robot/)" 308 **0/308342**
185.191.171.6 - - [14/Apr/2026:12:23:17 -0700] "GET /tag/pin-up-registration/ HTTP/1.1" 200 49486 "-" "Mozilla/5.0 (compatible; SemrushBot/7~bl; +http://www.semrush.com/bot.html)" 330 **0/330214**
185.153.197.91 - - [14/Apr/2026:12:23:29 -0700] "POST /xmlrpc.php HTTP/1.1" 200 180 "-" "Mozilla/5.0 (Windows NT 10.0; Win64; x64) AppleWebKit/537.36 (KHTML, like Gecko) Chrome/114.0.0.0 Safari/537.36" 521 **0/521363**
208.109.41.231 - - [14/Apr/2026:12:23:36 -0700] "POST /wp-cron.php?doing_wp_cron=1776194616.2384879589080810546875 HTTP/1.1" 200 - "-" "WordPress/6.3.8; http://fuentesanza.es" 37 **0/37850**
185.153.197.91 - - [14/Apr/2026:12:23:35 -0700] "POST /xmlrpc.php HTTP/1.1" 200 8548 "-" "Mozilla/5.0 (Windows NT 10.0; Win64; x64) AppleWebKit/537.36 (KHTML, like Gecko) Chrome/114.0.0.0 Safari/537.36" 428 **0/428015**
185.153.197.91 - - [14/Apr/2026:12:23:37 -0700] "GET /uncategorized/illinois-casino-gaming-turned-into-you-are-able-to-if-the-riverboat-playing-act-is-actually-passed-from-inside-the-1990/ HTTP/1.1" 200 155670 "-" "Mozilla/5.0 (Windows NT 10.0; Win64; x64) AppleWebKit/537.36 (KHTML, like Gecko) Chrome/124.0.0.0 Safari/537.36" 387 **0/387988**
18.97.14.88 - - [14/Apr/2026:12:23:56 -0700] "GET /category/1win-app-541/ HTTP/1.1" 200 39175 "-" "CCBot/2.0 (https://commoncrawl.org/faq/)" 464 **0/464926**
17.22.245.150 - - [14/Apr/2026:12:23:58 -0700] "GET /uncategorized/top-platiozhnykh-sistem-na-1xbet-ofitsialnyi-sait-dlia-igrokov/ HTTP/1.1" 200 30367 "-" "Mozilla/5.0 (Macintosh; Intel Mac OS X 10_15_7) AppleWebKit/605.1.15 (KHTML, like Gecko) Version/17.4 Safari/605.1.15 (Applebot/0.1; +http://www.apple.com/go/applebot)" 536 **0/536692**
54.39.203.109 - - [14/Apr/2026:12:24:04 -0700] "GET /uncategorized/step-three-reel-ports-gamble-totally-free-three-reel-slot-machines-on-the-web/feed/ HTTP/1.1" 200 479 "-" "Mozilla/5.0 (compatible; AhrefsBot/7.0; +http://ahrefs.com/robot/)" 479 **0/479051**
66.249.73.4 - - [14/Apr/2026:12:24:05 -0700] "GET /?w=36370162042 HTTP/1.1" 404 11349 "-" "Mozilla/5.0 (Linux; Android 6.0.1; Nexus 5X Build/MMB29P) AppleWebKit/537.36 (KHTML, like Gecko) Chrome/146.0.7680.177 Mobile Safari/537.36 (compatible; Googlebot/2.1; +http://www.google.com/bot.html)" 312 **0/312036**
85.208.96.198 - - [14/Apr/2026:12:24:11 -0700] "GET /uncategorized/online-spielsaal-echtgeld-nachfolgende-besten-echtgeld-casinos/ HTTP/1.1" 200 32327 "-" "Mozilla/5.0 (compatible; SemrushBot/7~bl; +http://www.semrush.com/bot.html)" 338 **0/338028**
17.22.245.241 - - [14/Apr/2026:12:24:15 -0700] "GET /gambling/zmiazdz-kasyno-buduj-swoja-hazardowa-baze-z-prawdopodobienstwem-50-50/ HTTP/1.1" 200 30027 "-" "Mozilla/5.0 (Macintosh; Intel Mac OS X 10_15_7) AppleWebKit/605.1.15 (KHTML, like Gecko) Version/17.4 Safari/605.1.15 (Applebot/0.1; +http://www.apple.com/go/applebot)" 353 **0/353189**
185.153.197.91 - - [14/Apr/2026:12:24:29 -0700] "POST /xmlrpc.php HTTP/1.1" 200 180 "-" "Mozilla/5.0 (Windows NT 10.0; Win64; x64) AppleWebKit/537.36 (KHTML, like Gecko) Chrome/114.0.0.0 Safari/537.36" 734 **0/734264**
208.109.41.231 - - [14/Apr/2026:12:24:38 -0700] "POST /wp-cron.php?doing_wp_cron=1776194678.3104710578918457031250 HTTP/1.1" 200 - "-" "WordPress/6.3.8; http://fuentesanza.es" 20 **0/20805**
185.153.197.91 - - [14/Apr/2026:12:24:37 -0700] "POST /xmlrpc.php HTTP/1.1" 200 8329 "-" "Mozilla/5.0 (Windows NT 10.0; Win64; x64) AppleWebKit/537.36 (KHTML, like Gecko) Chrome/114.0.0.0 Safari/537.36" 525 **0/525073**
185.153.197.91 - - [14/Apr/2026:12:24:39 -0700] "GET /uncategorized/there-are-various-esports-gambling-websites-available-in-2026-with-several-places-that-have-regulated-gambling-markets/ HTTP/1.1" 200 155781 "-" "Mozilla/5.0 (Windows NT 10.0; rv:125.0) Gecko/20100101 Firefox/125.0" 412 **0/412620**
18.97.14.88 - - [14/Apr/2026:12:24:54 -0700] "GET /razumevanje-oznak-z-odmerki-zdravil-2/ HTTP/1.1" 200 27947 "-" "CCBot/2.0 (https://commoncrawl.org/faq/)" 301 **0/301301**
51.161.65.245 - - [14/Apr/2026:12:25:04 -0700] "GET /1win-online-507/1win-bet-345/ HTTP/1.1" 200 30038 "-" "Mozilla/5.0 (compatible; AhrefsBot/7.0; +http://ahrefs.com/robot/)" 622 **0/622746**
167.249.145.189 - - [14/Apr/2026:12:25:16 -0700] "GET / HTTP/1.1" 200 47421 "-" "Mozilla/5.0 (Windows NT 10.0; Win64; x64) AppleWebKit/537.36 (KHTML, like Gecko) Chrome/120.0.0.0 Safari/537.36" 516 **0/516507**
144.79.41.10 - - [14/Apr/2026:12:25:19 -0700] "GET /wp-login.php HTTP/1.1" 200 2856 "-" "Mozilla/5.0 (Windows NT 10.0; Win64; x64) AppleWebKit/537.36 (KHTML, like Gecko) Chrome/120.0.0.0 Safari/537.36" 198 **0/198243**
144.79.41.10 - - [14/Apr/2026:12:25:20 -0700] "POST /wp-login.php HTTP/1.1" 302 - "http://fuentesanza.es/wp-login.php" "Mozilla/5.0 (Windows NT 10.0; Win64; x64) AppleWebKit/537.36 (KHTML, like Gecko) Chrome/120.0.0.0 Safari/537.36" 349 **0/349774**
185.191.171.13 - - [14/Apr/2026:12:25:20 -0700] "GET /uncategorized/%D0%BA%D0%BB%D1%8E%D1%87%D0%B5%D0%B2%D1%8B%D0%B5-%D0%B1%D0%BB%D0%BE%D0%BA%D0%B8-%D1%82%D0%B5%D0%BA%D1%83%D1%89%D0%B5%D0%B3%D0%BE-ui-%D0%BF%D1%80%D0%BE%D0%B5%D0%BA%D1%82%D0%B8%D1%80%D0%BE%D0%B2%D0%B0/ HTTP/1.1" 200 34714 "-" "Mozilla/5.0 (compatible; SemrushBot/7~bl; +http://www.semrush.com/bot.html)" 709 **0/709557**
144.79.41.10 - - [14/Apr/2026:12:25:22 -0700] "GET /wp-admin/ HTTP/1.1" 200 24424 "http://fuentesanza.es/wp-login.php" "Mozilla/5.0 (Windows NT 10.0; Win64; x64) AppleWebKit/537.36 (KHTML, like Gecko) Chrome/120.0.0.0 Safari/537.36" 486 **0/486876**
185.153.197.91 - - [14/Apr/2026:12:25:23 -0700] "POST /xmlrpc.php HTTP/1.1" 200 180 "-" "Mozilla/5.0 (Windows NT 10.0; Win64; x64) AppleWebKit/537.36 (KHTML, like Gecko) Chrome/114.0.0.0 Safari/537.36" 466 **0/466172**
208.109.41.231 - - [14/Apr/2026:12:25:24 -0700] "POST /wp-cron.php?doing_wp_cron=1776194724.6221919059753417968750 HTTP/1.1" 200 - "-" "WordPress/6.3.8; http://fuentesanza.es" 24 **0/24681**
131.196.109.89 - - [14/Apr/2026:12:25:24 -0700] "GET /wp-admin/ HTTP/1.1" 200 24401 "-" "Mozilla/5.0 (Windows NT 10.0; Win64; x64) AppleWebKit/537.36 (KHTML, like Gecko) Chrome/120.0.0.0 Safari/537.36" 444 **0/444875**
131.196.109.89 - - [14/Apr/2026:12:25:25 -0700] "POST /xmlrpc.php HTTP/1.1" 200 256 "-" "WordPress/5.0; http://fuentesanza.es" 205 **0/205282**
185.24.60.91 - - [14/Apr/2026:12:25:27 -0700] "GET /wp-admin/admin-ajax.php?action=rest-nonce HTTP/1.1" 200 10 "-" "Mozilla/5.0 (Windows NT 10.0; Win64; x64) AppleWebKit/537.36 (KHTML, like Gecko) Chrome/120.0.0.0 Safari/537.36" 278 **0/278716**
185.24.60.91 - - [14/Apr/2026:12:25:28 -0700] "POST /xmlrpc.php HTTP/1.1" 200 131 "-" "Mozilla/5.0 (Windows NT 10.0; Win64; x64) AppleWebKit/537.36 (KHTML, like Gecko) Chrome/120.0.0.0 Safari/537.36" 935 **0/935438**
208.109.41.231 - - [14/Apr/2026:12:25:32 -0700] "POST /wp-cron.php?doing_wp_cron=1776194731.8979029655456542968750 HTTP/1.1" 200 - "-" "WordPress/6.3.8; http://fuentesanza.es" 45 **0/45066**
185.153.197.91 - - [14/Apr/2026:12:25:31 -0700] "POST /xmlrpc.php HTTP/1.1" 200 8742 "-" "Mozilla/5.0 (Windows NT 10.0; Win64; x64) AppleWebKit/537.36 (KHTML, like Gecko) Chrome/114.0.0.0 Safari/537.36" 609 **0/609001**
82.79.210.85 - - [14/Apr/2026:12:25:31 -0700] "GET /?p=49666 HTTP/1.1" 301 - "-" "Mozilla/5.0 (Windows NT 10.0; Win64; x64) AppleWebKit/537.36 (KHTML, like Gecko) Chrome/120.0.0.0 Safari/537.36" 668 **0/668027**
185.153.197.91 - - [14/Apr/2026:12:25:32 -0700] "GET /uncategorized/most-readily-useful-crypto-casino-top-9-sites-to-play-with-bitcoin-btc-during-the-2026/ HTTP/1.1" 200 155825 "-" "Mozilla/5.0 (Windows NT 10.0; rv:109.0) Gecko/20100101 Firefox/115.0" 613 **0/613667**
82.79.210.85 - - [14/Apr/2026:12:25:32 -0700] "GET /uncategorized/diverse-payment-options-available-at-mostbet-kasyno/ HTTP/1.1" 200 31703 "-" "Mozilla/5.0 (Windows NT 10.0; Win64; x64) AppleWebKit/537.36 (KHTML, like Gecko) Chrome/120.0.0.0 Safari/537.36" 856 **0/856025**
82.79.210.85 - - [14/Apr/2026:12:25:36 -0700] "GET /?p=49666 HTTP/1.1" 301 - "-" "Mozilla/5.0 (Windows NT 10.0; Win64; x64) AppleWebKit/537.36 (KHTML, like Gecko) Chrome/120.0.0.0 Safari/537.36" 189 **0/189264**
82.79.210.85 - - [14/Apr/2026:12:25:37 -0700] "GET /uncategorized/diverse-payment-options-available-at-mostbet-kasyno/ HTTP/1.1" 200 31703 "-" "Mozilla/5.0 (Windows NT 10.0; Win64; x64) AppleWebKit/537.36 (KHTML, like Gecko) Chrome/120.0.0.0 Safari/537.36" 428 **0/428940**
82.79.210.85 - - [14/Apr/2026:12:25:40 -0700] "GET /?p=49666 HTTP/1.1" 301 - "-" "Mozilla/5.0 (Windows NT 10.0; Win64; x64) AppleWebKit/537.36 (KHTML, like Gecko) Chrome/120.0.0.0 Safari/537.36" 136 **0/136404**
82.79.210.85 - - [14/Apr/2026:12:25:41 -0700] "GET /uncategorized/diverse-payment-options-available-at-mostbet-kasyno/ HTTP/1.1" 200 31703 "-" "Mozilla/5.0 (Windows NT 10.0; Win64; x64) AppleWebKit/537.36 (KHTML, like Gecko) Chrome/120.0.0.0 Safari/537.36" 318 **0/318334**
82.79.210.85 - - [14/Apr/2026:12:25:42 -0700] "POST /wp-json/wp/v2/posts HTTP/1.1" 201 15995 "-" "Mozilla/5.0 (Windows NT 10.0; Win64; x64) AppleWebKit/537.36 (KHTML, like Gecko) Chrome/120.0.0.0 Safari/537.36" 407 **0/407345**
208.109.41.231 - - [14/Apr/2026:12:25:44 -0700] "POST /wp-cron.php?doing_wp_cron=1776194744.1298780441284179687500 HTTP/1.1" 200 - "-" "WordPress/6.3.8; http://fuentesanza.es" 18 **0/18464**
82.79.210.85 - - [14/Apr/2026:12:25:44 -0700] "GET /uncategorized/diverse-payment-options-available-at-mostbet-kasyno-2/ HTTP/1.1" 200 32354 "-" "Mozilla/5.0 (Windows NT 10.0; Win64; x64) AppleWebKit/537.36 (KHTML, like Gecko) Chrome/120.0.0.0 Safari/537.36" 494 **0/494729**
82.79.210.85 - - [14/Apr/2026:12:25:47 -0700] "GET /uncategorized/diverse-payment-options-available-at-mostbet-kasyno-2/ HTTP/1.1" 200 32354 "-" "Mozilla/5.0 (Windows NT 10.0; Win64; x64) AppleWebKit/537.36 (KHTML, like Gecko) Chrome/120.0.0.0 Safari/537.36" 530 **0/530861**
82.79.210.85 - - [14/Apr/2026:12:25:50 -0700] "GET /uncategorized/diverse-payment-options-available-at-mostbet-kasyno-2/ HTTP/1.1" 200 32354 "-" "Mozilla/5.0 (Windows NT 10.0; Win64; x64) AppleWebKit/537.36 (KHTML, like Gecko) Chrome/120.0.0.0 Safari/537.36" 471 **0/471604**
82.79.210.85 - - [14/Apr/2026:12:25:51 -0700] "POST /wp-json/wp/v2/posts HTTP/1.1" 201 15995 "-" "Mozilla/5.0 (Windows NT 10.0; Win64; x64) AppleWebKit/537.36 (KHTML, like Gecko) Chrome/120.0.0.0 Safari/537.36" 676 **0/676363**
208.109.41.231 - - [14/Apr/2026:12:25:53 -0700] "POST /wp-cron.php?doing_wp_cron=1776194753.6266219615936279296875 HTTP/1.1" 200 - "-" "WordPress/6.3.8; http://fuentesanza.es" 21 **0/21958**
82.79.210.85 - - [14/Apr/2026:12:25:53 -0700] "GET /uncategorized/diverse-payment-options-available-at-mostbet-kasyno-3/ HTTP/1.1" 200 32353 "-" "Mozilla/5.0 (Windows NT 10.0; Win64; x64) AppleWebKit/537.36 (KHTML, like Gecko) Chrome/120.0.0.0 Safari/537.36" 537 **0/537345**
82.79.210.85 - - [14/Apr/2026:12:25:56 -0700] "GET /uncategorized/diverse-payment-options-available-at-mostbet-kasyno-3/ HTTP/1.1" 200 32353 "-" "Mozilla/5.0 (Windows NT 10.0; Win64; x64) AppleWebKit/537.36 (KHTML, like Gecko) Chrome/120.0.0.0 Safari/537.36" 258 **0/258581**
82.79.210.85 - - [14/Apr/2026:12:25:59 -0700] "GET /uncategorized/diverse-payment-options-available-at-mostbet-kasyno-3/ HTTP/1.1" 200 32353 "-" "Mozilla/5.0 (Windows NT 10.0; Win64; x64) AppleWebKit/537.36 (KHTML, like Gecko) Chrome/120.0.0.0 Safari/537.36" 338 **0/338432**
82.79.210.85 - - [14/Apr/2026:12:26:01 -0700] "GET /wp-admin/post-new.php HTTP/1.1" 200 102175 "-" "Mozilla/5.0 (Windows NT 10.0; Win64; x64) AppleWebKit/537.36 (KHTML, like Gecko) Chrome/120.0.0.0 Safari/537.36" 400 **0/400619**
82.79.210.85 - - [14/Apr/2026:12:26:03 -0700] "POST /wp-admin/post.php HTTP/1.1" 302 - "-" "Mozilla/5.0 (Windows NT 10.0; Win64; x64) AppleWebKit/537.36 (KHTML, like Gecko) Chrome/120.0.0.0 Safari/537.36" 1155 **1/1155923**
208.109.41.231 - - [14/Apr/2026:12:26:05 -0700] "POST /wp-cron.php?doing_wp_cron=1776194765.1042520999908447265625 HTTP/1.1" 200 - "-" "WordPress/6.3.8; http://fuentesanza.es" 22 **0/22962**
82.79.210.85 - - [14/Apr/2026:12:26:04 -0700] "GET /wp-admin/post.php?post=49670&action=edit&message=1 HTTP/1.1" 200 104910 "-" "Mozilla/5.0 (Windows NT 10.0; Win64; x64) AppleWebKit/537.36 (KHTML, like Gecko) Chrome/120.0.0.0 Safari/537.36" 645 **0/645290**
114.119.135.207 - - [14/Apr/2026:12:26:05 -0700] "GET /uncategorized/play-100-percent-free-slots-enjoyment/ HTTP/1.1" 200 31177 "http://fuentesanza.es/uncategorized/goldilocks-and-also-the-wild-bears-position-comment-demo/" "Mozilla/5.0 (Linux; Android 7.0;) AppleWebKit/537.36 (KHTML, like Gecko) Mobile Safari/537.36 (compatible; PetalBot;+https://webmaster.petalsearch.com/site/petalbot)" 636 **0/636180**
2.37.111.30 - - [14/Apr/2026:12:26:07 -0700] "GET /?p=49670 HTTP/1.1" 301 - "-" "Mozilla/5.0 (Windows NT 10.0; Win64; x64) AppleWebKit/537.36 (KHTML, like Gecko) Chrome/120.0.0.0 Safari/537.36" 155 **0/155720**
2.37.111.30 - - [14/Apr/2026:12:26:08 -0700] "GET /uncategorized/diverse-payment-options-available-at-mostbet-kasyno-4/ HTTP/1.1" 200 32024 "-" "Mozilla/5.0 (Windows NT 10.0; Win64; x64) AppleWebKit/537.36 (KHTML, like Gecko) Chrome/120.0.0.0 Safari/537.36" 534 **0/534663**
54.39.6.105 - - [14/Apr/2026:12:26:09 -0700] "GET /1-1500-links-mix-casino-1-nl-done/ontdek-de-beste-casino-bonus-die-perfect-bij-jou-18/ HTTP/1.1" 200 192378 "-" "Mozilla/5.0 (compatible; AhrefsBot/7.0; +http://ahrefs.com/robot/)" 401 **0/401148**
2.37.111.30 - - [14/Apr/2026:12:26:11 -0700] "GET /?p=49670 HTTP/1.1" 301 - "-" "Mozilla/5.0 (Windows NT 10.0; Win64; x64) AppleWebKit/537.36 (KHTML, like Gecko) Chrome/120.0.0.0 Safari/537.36" 150 **0/150608**
2.37.111.30 - - [14/Apr/2026:12:26:12 -0700] "GET /uncategorized/diverse-payment-options-available-at-mostbet-kasyno-4/ HTTP/1.1" 200 32024 "-" "Mozilla/5.0 (Windows NT 10.0; Win64; x64) AppleWebKit/537.36 (KHTML, like Gecko) Chrome/120.0.0.0 Safari/537.36" 423 **0/423290**
185.191.171.18 - - [14/Apr/2026:12:26:13 -0700] "GET /uncategorized/nove-casino-bonus-za-registraci-vse-co-potrebujete-vedet/ HTTP/1.1" 200 29681 "-" "Mozilla/5.0 (compatible; SemrushBot/7~bl; +http://www.semrush.com/bot.html)" 411 **0/411306**
2.37.111.30 - - [14/Apr/2026:12:26:16 -0700] "GET /?p=49670 HTTP/1.1" 301 - "-" "Mozilla/5.0 (Windows NT 10.0; Win64; x64) AppleWebKit/537.36 (KHTML, like Gecko) Chrome/120.0.0.0 Safari/537.36" 132 **0/132741**
2.37.111.30 - - [14/Apr/2026:12:26:16 -0700] "GET /uncategorized/diverse-payment-options-available-at-mostbet-kasyno-4/ HTTP/1.1" 200 32024 "-" "Mozilla/5.0 (Windows NT 10.0; Win64; x64) AppleWebKit/537.36 (KHTML, like Gecko) Chrome/120.0.0.0 Safari/537.36" 255 **0/255428**
191.191.250.229 - - [14/Apr/2026:12:26:20 -0700] "GET / HTTP/1.1" 200 47263 "-" "Mozilla/5.0 (Windows NT 10.0; Win64; x64) AppleWebKit/537.36 (KHTML, like Gecko) Chrome/120.0.0.0 Safari/537.36" 389 **0/389353**
104.1.195.119 - - [14/Apr/2026:12:26:23 -0700] "GET /wp-login.php HTTP/1.1" 200 2856 "-" "Mozilla/5.0 (Windows NT 10.0; Win64; x64) AppleWebKit/537.36 (KHTML, like Gecko) Chrome/120.0.0.0 Safari/537.36" 123 **0/123611**
104.1.195.119 - - [14/Apr/2026:12:26:24 -0700] "POST /wp-login.php HTTP/1.1" 302 - "http://fuentesanza.es/wp-login.php" "Mozilla/5.0 (Windows NT 10.0; Win64; x64) AppleWebKit/537.36 (KHTML, like Gecko) Chrome/120.0.0.0 Safari/537.36" 162 **0/162855**
104.1.195.119 - - [14/Apr/2026:12:26:24 -0700] "GET /wp-admin/ HTTP/1.1" 200 24359 "http://fuentesanza.es/wp-login.php" "Mozilla/5.0 (Windows NT 10.0; Win64; x64) AppleWebKit/537.36 (KHTML, like Gecko) Chrome/120.0.0.0 Safari/537.36" 445 **0/445769**
93.235.245.131 - - [14/Apr/2026:12:26:26 -0700] "GET /wp-admin/ HTTP/1.1" 200 24358 "-" "Mozilla/5.0 (Windows NT 10.0; Win64; x64) AppleWebKit/537.36 (KHTML, like Gecko) Chrome/120.0.0.0 Safari/537.36" 353 **0/353640**
93.235.245.131 - - [14/Apr/2026:12:26:28 -0700] "POST /xmlrpc.php HTTP/1.1" 200 256 "-" "WordPress/5.0; http://fuentesanza.es" 246 **0/246171**
85.21.63.102 - - [14/Apr/2026:12:26:30 -0700] "GET /wp-admin/admin-ajax.php?action=rest-nonce HTTP/1.1" 200 10 "-" "Mozilla/5.0 (Windows NT 10.0; Win64; x64) AppleWebKit/537.36 (KHTML, like Gecko) Chrome/120.0.0.0 Safari/537.36" 182 **0/182636**
185.153.197.91 - - [14/Apr/2026:12:26:30 -0700] "POST /xmlrpc.php HTTP/1.1" 200 180 "-" "Mozilla/5.0 (Windows NT 10.0; Win64; x64) AppleWebKit/537.36 (KHTML, like Gecko) Chrome/114.0.0.0 Safari/537.36" 612 **0/612642**
208.109.41.231 - - [14/Apr/2026:12:26:31 -0700] "POST /wp-cron.php?doing_wp_cron=1776194791.3522560596466064453125 HTTP/1.1" 200 - "-" "WordPress/6.3.8; http://fuentesanza.es" 32 **0/32118**
85.21.63.102 - - [14/Apr/2026:12:26:31 -0700] "POST /xmlrpc.php HTTP/1.1" 200 131 "-" "Mozilla/5.0 (Windows NT 10.0; Win64; x64) AppleWebKit/537.36 (KHTML, like Gecko) Chrome/120.0.0.0 Safari/537.36" 693 **0/693330**
38.51.246.6 - - [14/Apr/2026:12:26:33 -0700] "GET /?p=49674 HTTP/1.1" 301 - "-" "Mozilla/5.0 (Windows NT 10.0; Win64; x64) AppleWebKit/537.36 (KHTML, like Gecko) Chrome/120.0.0.0 Safari/537.36" 135 **0/135261**
38.51.246.6 - - [14/Apr/2026:12:26:33 -0700] "GET /uncategorized/diverse-payment-options-available-at-mostbet-kasyno-5/ HTTP/1.1" 200 31590 "-" "Mozilla/5.0 (Windows NT 10.0; Win64; x64) AppleWebKit/537.36 (KHTML, like Gecko) Chrome/120.0.0.0 Safari/537.36" 460 **0/460592**
185.153.197.91 - - [14/Apr/2026:12:26:36 -0700] "POST /xmlrpc.php HTTP/1.1" 200 8937 "-" "Mozilla/5.0 (Windows NT 10.0; Win64; x64) AppleWebKit/537.36 (KHTML, like Gecko) Chrome/114.0.0.0 Safari/537.36" 710 **0/710559**
38.51.246.6 - - [14/Apr/2026:12:26:37 -0700] "GET /?p=49674 HTTP/1.1" 301 - "-" "Mozilla/5.0 (Windows NT 10.0; Win64; x64) AppleWebKit/537.36 (KHTML, like Gecko) Chrome/120.0.0.0 Safari/537.36" 188 **0/188300**
38.51.246.6 - - [14/Apr/2026:12:26:38 -0700] "GET /uncategorized/diverse-payment-options-available-at-mostbet-kasyno-5/ HTTP/1.1" 200 31590 "-" "Mozilla/5.0 (Windows NT 10.0; Win64; x64) AppleWebKit/537.36 (KHTML, like Gecko) Chrome/120.0.0.0 Safari/537.36" 323 **0/323397**
161.115.239.117 - - [14/Apr/2026:12:26:40 -0700] "POST /xmlrpc.php HTTP/1.1" 404 50331 "-" "Mozilla/5.0 (Windows NT 10.0; Win64; x64) AppleWebKit/537.36 (KHTML, like Gecko) Chrome/146.0.0.0 Safari/537.36" 231 **0/231041**
185.153.197.91 - - [14/Apr/2026:12:26:40 -0700] "GET /uncategorized/slot-video-game-will-be-totally-new-crypto-video-game-available-at-our-required-gambling-enterprises/ HTTP/1.1" 200 155872 "-" "Mozilla/5.0 (Windows NT 10.0; Win64; x64; rv:125.0) Gecko/20100101 Firefox/125.0" 308 **0/308571**
38.51.246.6 - - [14/Apr/2026:12:26:41 -0700] "GET /?p=49674 HTTP/1.1" 301 - "-" "Mozilla/5.0 (Windows NT 10.0; Win64; x64) AppleWebKit/537.36 (KHTML, like Gecko) Chrome/120.0.0.0 Safari/537.36" 181 **0/181112**
161.115.234.73 - - [14/Apr/2026:12:26:41 -0700] "POST /xmlrpc.php HTTP/1.1" 404 50331 "-" "Mozilla/5.0 (Windows NT 10.0; Win64; x64) AppleWebKit/537.36 (KHTML, like Gecko) Chrome/146.0.0.0 Safari/537.36" 245 **0/245843**
38.51.246.6 - - [14/Apr/2026:12:26:42 -0700] "GET /uncategorized/diverse-payment-options-available-at-mostbet-kasyno-5/ HTTP/1.1" 200 31590 "-" "Mozilla/5.0 (Windows NT 10.0; Win64; x64) AppleWebKit/537.36 (KHTML, like Gecko) Chrome/120.0.0.0 Safari/537.36" 333 **0/333577**
161.115.239.77 - - [14/Apr/2026:12:26:43 -0700] "POST /xmlrpc.php HTTP/1.1" 404 50331 "-" "Mozilla/5.0 (Windows NT 10.0; Win64; x64) AppleWebKit/537.36 (KHTML, like Gecko) Chrome/146.0.0.0 Safari/537.36" 178 **0/178453**
38.51.246.6 - - [14/Apr/2026:12:26:43 -0700] "POST /wp-json/wp/v2/posts HTTP/1.1" 201 15995 "-" "Mozilla/5.0 (Windows NT 10.0; Win64; x64) AppleWebKit/537.36 (KHTML, like Gecko) Chrome/120.0.0.0 Safari/537.36" 392 **0/392836**
208.109.41.231 - - [14/Apr/2026:12:26:44 -0700] "POST /wp-cron.php?doing_wp_cron=1776194804.9802379608154296875000 HTTP/1.1" 200 - "-" "WordPress/6.3.8; http://fuentesanza.es" 21 **0/21550**
38.51.246.6 - - [14/Apr/2026:12:26:44 -0700] "GET /uncategorized/diverse-payment-options-available-at-mostbet-kasyno-6/ HTTP/1.1" 200 32231 "-" "Mozilla/5.0 (Windows NT 10.0; Win64; x64) AppleWebKit/537.36 (KHTML, like Gecko) Chrome/120.0.0.0 Safari/537.36" 367 **0/367252**
38.51.246.6 - - [14/Apr/2026:12:26:48 -0700] "GET /uncategorized/diverse-payment-options-available-at-mostbet-kasyno-6/ HTTP/1.1" 200 32231 "-" "Mozilla/5.0 (Windows NT 10.0; Win64; x64) AppleWebKit/537.36 (KHTML, like Gecko) Chrome/120.0.0.0 Safari/537.36" 599 **0/599866**
38.51.246.6 - - [14/Apr/2026:12:26:52 -0700] "GET /uncategorized/diverse-payment-options-available-at-mostbet-kasyno-6/ HTTP/1.1" 200 32231 "-" "Mozilla/5.0 (Windows NT 10.0; Win64; x64) AppleWebKit/537.36 (KHTML, like Gecko) Chrome/120.0.0.0 Safari/537.36" 420 **0/420440**
38.51.246.6 - - [14/Apr/2026:12:26:55 -0700] "POST /wp-json/wp/v2/posts HTTP/1.1" 201 15995 "-" "Mozilla/5.0 (Windows NT 10.0; Win64; x64) AppleWebKit/537.36 (KHTML, like Gecko) Chrome/120.0.0.0 Safari/537.36" 450 **0/450923**
208.109.41.231 - - [14/Apr/2026:12:26:57 -0700] "POST /wp-cron.php?doing_wp_cron=1776194817.5024080276489257812500 HTTP/1.1" 200 - "-" "WordPress/6.3.8; http://fuentesanza.es" 22 **0/22968**
38.51.246.6 - - [14/Apr/2026:12:26:57 -0700] "GET /uncategorized/diverse-payment-options-available-at-mostbet-kasyno-7/ HTTP/1.1" 200 32232 "-" "Mozilla/5.0 (Windows NT 10.0; Win64; x64) AppleWebKit/537.36 (KHTML, like Gecko) Chrome/120.0.0.0 Safari/537.36" 603 **0/603988**
185.191.171.11 - - [14/Apr/2026:12:27:08 -0700] "GET /uncategorized/missing-on-the-web-slot-online-game-opinion-and-free-gamble/ HTTP/1.1" 200 30352 "-" "Mozilla/5.0 (compatible; SemrushBot/7~bl; +http://www.semrush.com/bot.html)" 487 **0/487432**
15.235.96.28 - - [14/Apr/2026:12:27:08 -0700] "GET /1win-online-507/1win-app-17/ HTTP/1.1" 200 30194 "-" "Mozilla/5.0 (compatible; AhrefsBot/7.0; +http://ahrefs.com/robot/)" 601 **0/601693**
185.191.171.2 - - [14/Apr/2026:12:27:10 -0700] "GET /uncategorized/free-three-dimensional-harbors-gamble-on-the-internet-3d-slots-inside-canada-2026/ HTTP/1.1" 200 29955 "-" "Mozilla/5.0 (compatible; SemrushBot/7~bl; +http://www.semrush.com/bot.html)" 413 **0/413805**
35.187.134.3 - - [14/Apr/2026:12:27:13 -0700] "GET /uncategorized/%D0%B8%D0%B4%D0%B5%D0%B0%D0%BB%D1%8C%D0%BD%D1%8B%D0%B5-%D0%B8%D0%B3%D1%80%D0%BE%D0%B2%D1%8B%D0%B5-%D0%B7%D0%B0%D0%B2%D0%B5%D0%B4%D0%B5%D0%BD%D0%B8%D1%8F-%D0%BA%D0%BE%D1%82%D0%BE%D1%80%D1%8B%D0%B5/ HTTP/1.1" 200 28931 "-" "Mozilla/5.0 (compatible; Google-Apps-Script; beanserver; +https://script.google.com; id: UAEmdDd9xsnqR0U8PwCmAzNN8LImSykEA2g)" 445 **0/445720**
103.121.172.9 - - [14/Apr/2026:12:27:14 -0700] "GET /uncategorized/diverse-payment-options-available-at-mostbet-kasyno-7/ HTTP/1.1" 200 32232 "-" "Mozilla/5.0 (Windows NT 10.0; Win64; x64) AppleWebKit/537.36 (KHTML, like Gecko) Chrome/120.0.0.0 Safari/537.36" 485 **0/485602**
103.121.172.9 - - [14/Apr/2026:12:27:16 -0700] "GET /wp-admin/post-new.php HTTP/1.1" 200 102182 "-" "Mozilla/5.0 (Windows NT 10.0; Win64; x64) AppleWebKit/537.36 (KHTML, like Gecko) Chrome/120.0.0.0 Safari/537.36" 493 **0/493843**
66.249.73.4 - - [14/Apr/2026:12:27:19 -0700] "GET /?i=20912179583 HTTP/1.1" 200 43544 "-" "Mozilla/5.0 (Linux; Android 6.0.1; Nexus 5X Build/MMB29P) AppleWebKit/537.36 (KHTML, like Gecko) Chrome/146.0.7680.177 Mobile Safari/537.36 (compatible; Googlebot/2.1; +http://www.google.com/bot.html)" 655 **0/655770**
85.208.96.194 - - [14/Apr/2026:12:27:20 -0700] "GET /uncategorized/spielsaal-pramie-blos-einzahlung-2026-fur-nusse-echtgeld-boni/ HTTP/1.1" 200 32478 "-" "Mozilla/5.0 (compatible; SemrushBot/7~bl; +http://www.semrush.com/bot.html)" 713 **0/713019**
103.121.172.9 - - [14/Apr/2026:12:27:20 -0700] "POST /wp-admin/post.php HTTP/1.1" 302 - "-" "Mozilla/5.0 (Windows NT 10.0; Win64; x64) AppleWebKit/537.36 (KHTML, like Gecko) Chrome/120.0.0.0 Safari/537.36" 2298 **2/2298529**
185.153.197.91 - - [14/Apr/2026:12:27:22 -0700] "POST /xmlrpc.php HTTP/1.1" 200 180 "-" "Mozilla/5.0 (Windows NT 10.0; Win64; x64) AppleWebKit/537.36 (KHTML, like Gecko) Chrome/114.0.0.0 Safari/537.36" 715 **0/715787**
208.109.41.231 - - [14/Apr/2026:12:27:23 -0700] "POST /wp-cron.php?doing_wp_cron=1776194843.7422249317169189453125 HTTP/1.1" 200 - "-" "WordPress/6.3.8; http://fuentesanza.es" 44 **0/44598**
103.121.172.9 - - [14/Apr/2026:12:27:23 -0700] "GET /wp-admin/post.php?post=49678&action=edit&message=1 HTTP/1.1" 200 104917 "-" "Mozilla/5.0 (Windows NT 10.0; Win64; x64) AppleWebKit/537.36 (KHTML, like Gecko) Chrome/120.0.0.0 Safari/537.36" 935 **0/935593**
212.231.114.164 - - [14/Apr/2026:12:27:26 -0700] "GET /?p=49678 HTTP/1.1" 301 - "-" "Mozilla/5.0 (Windows NT 10.0; Win64; x64) AppleWebKit/537.36 (KHTML, like Gecko) Chrome/120.0.0.0 Safari/537.36" 483 **0/483269**
161.115.235.117 - - [14/Apr/2026:12:27:26 -0700] "POST /xmlrpc.php HTTP/1.1" 404 50331 "-" "Mozilla/5.0 (Windows NT 10.0; Win64; x64) AppleWebKit/537.36 (KHTML, like Gecko) Chrome/146.0.0.0 Safari/537.36" 291 **0/291470**
212.231.114.164 - - [14/Apr/2026:12:27:27 -0700] "GET /uncategorized/diverse-payment-options-available-at-mostbet-kasyno-8/ HTTP/1.1" 200 31961 "-" "Mozilla/5.0 (Windows NT 10.0; Win64; x64) AppleWebKit/537.36 (KHTML, like Gecko) Chrome/120.0.0.0 Safari/537.36" 937 **0/937640**
185.153.197.91 - - [14/Apr/2026:12:27:28 -0700] "POST /xmlrpc.php HTTP/1.1" 200 8310 "-" "Mozilla/5.0 (Windows NT 10.0; Win64; x64) AppleWebKit/537.36 (KHTML, like Gecko) Chrome/114.0.0.0 Safari/537.36" 452 **0/452495**
185.153.197.91 - - [14/Apr/2026:12:27:30 -0700] "GET /uncategorized/one-of-the-main-options-that-come-with-this-type-of-sportsbooks-is-you-is-only-able-to-make-deposits-and-you-will-withdrawals-having-fun-with-cryptocurrency/ HTTP/1.1" 200 155668 "-" "Mozilla/5.0 (Windows NT 10.0; Win64; x64) AppleWebKit/537.36 (KHTML, like Gecko) Chrome/109.0.0.0 Safari/537.36" 486 **0/486469**
212.231.114.164 - - [14/Apr/2026:12:27:31 -0700] "GET /?p=49678 HTTP/1.1" 301 - "-" "Mozilla/5.0 (Windows NT 10.0; Win64; x64) AppleWebKit/537.36 (KHTML, like Gecko) Chrome/120.0.0.0 Safari/537.36" 283 **0/283533**
161.115.235.90 - - [14/Apr/2026:12:27:32 -0700] "POST /xmlrpc.php HTTP/1.1" 404 50331 "-" "Mozilla/5.0 (Windows NT 10.0; Win64; x64) AppleWebKit/537.36 (KHTML, like Gecko) Chrome/146.0.0.0 Safari/537.36" 461 **0/461887**
212.231.114.164 - - [14/Apr/2026:12:27:32 -0700] "GET /uncategorized/diverse-payment-options-available-at-mostbet-kasyno-8/ HTTP/1.1" 200 31961 "-" "Mozilla/5.0 (Windows NT 10.0; Win64; x64) AppleWebKit/537.36 (KHTML, like Gecko) Chrome/120.0.0.0 Safari/537.36" 761 **0/761721**
17.22.237.158 - - [14/Apr/2026:12:27:34 -0700] "GET /1-win-online-293/1win-bet-689/ HTTP/1.1" 200 32634 "-" "Mozilla/5.0 (Macintosh; Intel Mac OS X 10_15_7) AppleWebKit/605.1.15 (KHTML, like Gecko) Version/17.4 Safari/605.1.15 (Applebot/0.1; +http://www.apple.com/go/applebot)" 467 **0/467993**
212.231.114.164 - - [14/Apr/2026:12:27:36 -0700] "GET /?p=49678 HTTP/1.1" 301 - "-" "Mozilla/5.0 (Windows NT 10.0; Win64; x64) AppleWebKit/537.36 (KHTML, like Gecko) Chrome/120.0.0.0 Safari/537.36" 285 **0/285747**
212.231.114.164 - - [14/Apr/2026:12:27:37 -0700] "GET /uncategorized/diverse-payment-options-available-at-mostbet-kasyno-8/ HTTP/1.1" 200 31961 "-" "Mozilla/5.0 (Windows NT 10.0; Win64; x64) AppleWebKit/537.36 (KHTML, like Gecko) Chrome/120.0.0.0 Safari/537.36" 772 **0/772796**
161.115.234.235 - - [14/Apr/2026:12:27:39 -0700] "POST /xmlrpc.php HTTP/1.1" 404 50331 "-" "Mozilla/5.0 (Windows NT 10.0; Win64; x64) AppleWebKit/537.36 (KHTML, like Gecko) Chrome/146.0.0.0 Safari/537.36" 349 **0/349463**
165.51.90.83 - - [14/Apr/2026:12:27:40 -0700] "GET / HTTP/1.1" 200 44832 "-" "Mozilla/5.0 (Windows NT 10.0; Win64; x64) AppleWebKit/537.36 (KHTML, like Gecko) Chrome/120.0.0.0 Safari/537.36" 454 **0/454919**
131.0.217.33 - - [14/Apr/2026:12:27:44 -0700] "GET /wp-login.php HTTP/1.1" 200 2856 "-" "Mozilla/5.0 (Windows NT 10.0; Win64; x64) AppleWebKit/537.36 (KHTML, like Gecko) Chrome/120.0.0.0 Safari/537.36" 181 **0/181548**
131.0.217.33 - - [14/Apr/2026:12:27:47 -0700] "POST /wp-login.php HTTP/1.1" 302 - "http://fuentesanza.es/wp-login.php" "Mozilla/5.0 (Windows NT 10.0; Win64; x64) AppleWebKit/537.36 (KHTML, like Gecko) Chrome/120.0.0.0 Safari/537.36" 216 **0/216170**
131.0.217.33 - - [14/Apr/2026:12:27:49 -0700] "GET /wp-admin/ HTTP/1.1" 200 24304 "http://fuentesanza.es/wp-login.php" "Mozilla/5.0 (Windows NT 10.0; Win64; x64) AppleWebKit/537.36 (KHTML, like Gecko) Chrome/120.0.0.0 Safari/537.36" 466 **0/466430**
66.249.73.5 - - [14/Apr/2026:12:27:50 -0700] "GET /?x=328358025 HTTP/1.1" 200 41181 "-" "Mozilla/5.0 (Linux; Android 6.0.1; Nexus 5X Build/MMB29P) AppleWebKit/537.36 (KHTML, like Gecko) Chrome/146.0.7680.177 Mobile Safari/537.36 (compatible; Googlebot/2.1; +http://www.google.com/bot.html)" 337 **0/337566**
88.203.162.98 - - [14/Apr/2026:12:27:52 -0700] "GET /wp-admin/ HTTP/1.1" 200 24304 "-" "Mozilla/5.0 (Windows NT 10.0; Win64; x64) AppleWebKit/537.36 (KHTML, like Gecko) Chrome/120.0.0.0 Safari/537.36" 473 **0/473511**
88.203.162.98 - - [14/Apr/2026:12:27:54 -0700] "POST /xmlrpc.php HTTP/1.1" 200 256 "-" "WordPress/5.0; http://fuentesanza.es" 222 **0/222262**
18.97.14.88 - - [14/Apr/2026:12:27:54 -0700] "GET /category/1-win-233/ HTTP/1.1" 200 37495 "-" "CCBot/2.0 (https://commoncrawl.org/faq/)" 390 **0/390210**
161.115.234.246 - - [14/Apr/2026:12:27:55 -0700] "POST /xmlrpc.php HTTP/1.1" 404 50331 "-" "Mozilla/5.0 (Windows NT 10.0; Win64; x64) AppleWebKit/537.36 (KHTML, like Gecko) Chrome/146.0.0.0 Safari/537.36" 234 **0/234997**
88.203.162.98 - - [14/Apr/2026:12:27:55 -0700] "GET /wp-admin/admin-ajax.php?action=rest-nonce HTTP/1.1" 200 10 "-" "Mozilla/5.0 (Windows NT 10.0; Win64; x64) AppleWebKit/537.36 (KHTML, like Gecko) Chrome/120.0.0.0 Safari/537.36" 173 **0/173514**
161.115.234.131 - - [14/Apr/2026:12:27:56 -0700] "POST /xmlrpc.php HTTP/1.1" 404 50331 "-" "Mozilla/5.0 (Windows NT 10.0; Win64; x64) AppleWebKit/537.36 (KHTML, like Gecko) Chrome/146.0.0.0 Safari/537.36" 236 **0/236550**
88.203.162.98 - - [14/Apr/2026:12:27:57 -0700] "POST /xmlrpc.php HTTP/1.1" 200 131 "-" "Mozilla/5.0 (Windows NT 10.0; Win64; x64) AppleWebKit/537.36 (KHTML, like Gecko) Chrome/120.0.0.0 Safari/537.36" 725 **0/725039**
208.109.41.231 - - [14/Apr/2026:12:28:05 -0700] "POST /wp-cron.php?doing_wp_cron=1776194885.3326220512390136718750 HTTP/1.1" 200 - "-" "WordPress/6.3.8; http://fuentesanza.es" 38 **0/38824**
196.235.249.80 - - [14/Apr/2026:12:28:05 -0700] "GET /?p=49682 HTTP/1.1" 301 - "-" "Mozilla/5.0 (Windows NT 10.0; Win64; x64) AppleWebKit/537.36 (KHTML, like Gecko) Chrome/120.0.0.0 Safari/537.36" 361 **0/361243**
148.113.130.23 - - [14/Apr/2026:12:28:06 -0700] "GET /1-1500-links-mix-casino-2-dk-done/find-dit-nye-yndlingscasino-vi-har-fundet-de-2/ HTTP/1.1" 200 241204 "-" "Mozilla/5.0 (compatible; AhrefsBot/7.0; +http://ahrefs.com/robot/)" 614 **0/614880**
46.148.128.194 - - [14/Apr/2026:12:28:07 -0700] "POST /xmlrpc.php HTTP/1.1" 200 131 "-" "Python-xmlrpc/3.11" 940 **0/940402**
208.109.41.231 - - [14/Apr/2026:12:28:09 -0700] "POST /wp-cron.php?doing_wp_cron=1776194889.3118429183959960937500 HTTP/1.1" 200 - "-" "WordPress/6.3.8; http://fuentesanza.es" 29 **0/29406**
84.3.193.23 - - [14/Apr/2026:12:28:09 -0700] "GET /?p=49682 HTTP/1.1" 301 - "-" "Mozilla/5.0 (Windows NT 10.0; Win64; x64) AppleWebKit/537.36 (KHTML, like Gecko) Chrome/120.0.0.0 Safari/537.36" 248 **0/248650**
84.3.193.23 - - [14/Apr/2026:12:28:10 -0700] "GET /uncategorized/diverse-payment-options-available-at-mostbet-kasyno-9/ HTTP/1.1" 200 31532 "-" "Mozilla/5.0 (Windows NT 10.0; Win64; x64) AppleWebKit/537.36 (KHTML, like Gecko) Chrome/120.0.0.0 Safari/537.36" 529 **0/529765**
84.3.193.23 - - [14/Apr/2026:12:28:13 -0700] "GET /?p=49682 HTTP/1.1" 301 - "-" "Mozilla/5.0 (Windows NT 10.0; Win64; x64) AppleWebKit/537.36 (KHTML, like Gecko) Chrome/120.0.0.0 Safari/537.36" 220 **0/220958**
84.3.193.23 - - [14/Apr/2026:12:28:14 -0700] "GET /uncategorized/diverse-payment-options-available-at-mostbet-kasyno-9/ HTTP/1.1" 200 31532 "-" "Mozilla/5.0 (Windows NT 10.0; Win64; x64) AppleWebKit/537.36 (KHTML, like Gecko) Chrome/120.0.0.0 Safari/537.36" 450 **0/450699**
185.191.171.13 - - [14/Apr/2026:12:28:16 -0700] "GET /uncategorized/curso-de-theatre-elizabeth-zeus-slot-play-for-real-money-audiovisual-uesb/ HTTP/1.1" 200 32038 "-" "Mozilla/5.0 (compatible; SemrushBot/7~bl; +http://www.semrush.com/bot.html)" 488 **0/488325**
84.3.193.23 - - [14/Apr/2026:12:28:16 -0700] "POST /wp-json/wp/v2/posts HTTP/1.1" 201 16000 "-" "Mozilla/5.0 (Windows NT 10.0; Win64; x64) AppleWebKit/537.36 (KHTML, like Gecko) Chrome/120.0.0.0 Safari/537.36" 943 **0/943348**
208.109.41.231 - - [14/Apr/2026:12:28:18 -0700] "POST /wp-cron.php?doing_wp_cron=1776194898.8502960205078125000000 HTTP/1.1" 200 - "-" "WordPress/6.3.8; http://fuentesanza.es" 37 **0/37661**
84.3.193.23 - - [14/Apr/2026:12:28:18 -0700] "GET /uncategorized/diverse-payment-options-available-at-mostbet-kasyno-10/ HTTP/1.1" 200 32168 "-" "Mozilla/5.0 (Windows NT 10.0; Win64; x64) AppleWebKit/537.36 (KHTML, like Gecko) Chrome/120.0.0.0 Safari/537.36" 845 **0/845785**
185.153.197.91 - - [14/Apr/2026:12:28:21 -0700] "POST /xmlrpc.php HTTP/1.1" 200 180 "-" "Mozilla/5.0 (Windows NT 10.0; Win64; x64) AppleWebKit/537.36 (KHTML, like Gecko) Chrome/114.0.0.0 Safari/537.36" 588 **0/588589**
208.109.41.231 - - [14/Apr/2026:12:28:24 -0700] "POST /wp-cron.php?doing_wp_cron=1776194904.3002600669860839843750 HTTP/1.1" 200 - "-" "WordPress/6.3.8; http://fuentesanza.es" 22 **0/22749**
84.3.193.23 - - [14/Apr/2026:12:28:24 -0700] "GET /uncategorized/diverse-payment-options-available-at-mostbet-kasyno-10/ HTTP/1.1" 200 32243 "-" "Mozilla/5.0 (Windows NT 10.0; Win64; x64) AppleWebKit/537.36 (KHTML, like Gecko) Chrome/120.0.0.0 Safari/537.36" 924 **0/924286**
185.153.197.91 - - [14/Apr/2026:12:28:27 -0700] "POST /xmlrpc.php HTTP/1.1" 200 8424 "-" "Mozilla/5.0 (Windows NT 10.0; Win64; x64) AppleWebKit/537.36 (KHTML, like Gecko) Chrome/114.0.0.0 Safari/537.36" 475 **0/475713**
84.3.193.23 - - [14/Apr/2026:12:28:29 -0700] "GET /uncategorized/diverse-payment-options-available-at-mostbet-kasyno-10/ HTTP/1.1" 200 32243 "-" "Mozilla/5.0 (Windows NT 10.0; Win64; x64) AppleWebKit/537.36 (KHTML, like Gecko) Chrome/120.0.0.0 Safari/537.36" 415 **0/415972**
185.153.197.91 - - [14/Apr/2026:12:28:30 -0700] "GET /uncategorized/an-on-line-local-casino-create-prize-100-free-spins-with-a-specific-motion/ HTTP/1.1" 200 155206 "-" "Mozilla/5.0 (Windows NT 10.0; Win64; x64; rv:124.0) Gecko/20100101 Firefox/124.0" 349 **0/349525**
84.3.193.23 - - [14/Apr/2026:12:28:33 -0700] "POST /wp-json/wp/v2/posts HTTP/1.1" 201 16000 "-" "Mozilla/5.0 (Windows NT 10.0; Win64; x64) AppleWebKit/537.36 (KHTML, like Gecko) Chrome/120.0.0.0 Safari/537.36" 684 **0/684047**
208.109.41.231 - - [14/Apr/2026:12:28:35 -0700] "POST /wp-cron.php?doing_wp_cron=1776194915.1908628940582275390625 HTTP/1.1" 200 - "-" "WordPress/6.3.8; http://fuentesanza.es" 29 **0/29774**
84.3.193.23 - - [14/Apr/2026:12:28:35 -0700] "GET /uncategorized/diverse-payment-options-available-at-mostbet-kasyno-11/ HTTP/1.1" 200 32244 "-" "Mozilla/5.0 (Windows NT 10.0; Win64; x64) AppleWebKit/537.36 (KHTML, like Gecko) Chrome/120.0.0.0 Safari/537.36" 872 **0/872497**
84.3.193.23 - - [14/Apr/2026:12:28:39 -0700] "GET /uncategorized/diverse-payment-options-available-at-mostbet-kasyno-11/ HTTP/1.1" 200 32244 "-" "Mozilla/5.0 (Windows NT 10.0; Win64; x64) AppleWebKit/537.36 (KHTML, like Gecko) Chrome/120.0.0.0 Safari/537.36" 285 **0/285775**
84.3.193.23 - - [14/Apr/2026:12:28:43 -0700] "GET /uncategorized/diverse-payment-options-available-at-mostbet-kasyno-11/ HTTP/1.1" 200 32244 "-" "Mozilla/5.0 (Windows NT 10.0; Win64; x64) AppleWebKit/537.36 (KHTML, like Gecko) Chrome/120.0.0.0 Safari/537.36" 307 **0/307074**
84.3.193.23 - - [14/Apr/2026:12:28:45 -0700] "GET /wp-admin/post-new.php HTTP/1.1" 200 102177 "-" "Mozilla/5.0 (Windows NT 10.0; Win64; x64) AppleWebKit/537.36 (KHTML, like Gecko) Chrome/120.0.0.0 Safari/537.36" 303 **0/303707**
84.3.193.23 - - [14/Apr/2026:12:28:50 -0700] "POST /wp-admin/post.php HTTP/1.1" 302 - "-" "Mozilla/5.0 (Windows NT 10.0; Win64; x64) AppleWebKit/537.36 (KHTML, like Gecko) Chrome/120.0.0.0 Safari/537.36" 994 **0/994606**
208.109.41.231 - - [14/Apr/2026:12:28:52 -0700] "POST /wp-cron.php?doing_wp_cron=1776194932.0968809127807617187500 HTTP/1.1" 200 - "-" "WordPress/6.3.8; http://fuentesanza.es" 20 **0/20317**
