89.184.63.231 - - [14/Apr/2026:08:46:27 -0700] "GET /uncategorized/oyun-tcrublrini-artirmaq-ucun-pinco-yukle-nec-etmli-3/ HTTP/1.1" 200 31515 "-" "Mozilla/5.0 (Windows NT 10.0; Win64; x64) AppleWebKit/537.36 (KHTML, like Gecko) Chrome/120.0.0.0 Safari/537.36" 538 **0/538655**
79.215.221.115 - - [14/Apr/2026:08:46:29 -0700] "GET / HTTP/1.1" 200 48421 "-" "Mozilla/5.0 (Windows NT 10.0; Win64; x64) AppleWebKit/537.36 (KHTML, like Gecko) Chrome/120.0.0.0 Safari/537.36" 500 **0/500845**
103.120.44.198 - - [14/Apr/2026:08:46:33 -0700] "GET /wp-login.php HTTP/1.1" 200 2856 "-" "Mozilla/5.0 (Windows NT 10.0; Win64; x64) AppleWebKit/537.36 (KHTML, like Gecko) Chrome/120.0.0.0 Safari/537.36" 388 **0/388819**
103.120.44.198 - - [14/Apr/2026:08:46:34 -0700] "POST /wp-login.php HTTP/1.1" 302 - "http://fuentesanza.es/wp-login.php" "Mozilla/5.0 (Windows NT 10.0; Win64; x64) AppleWebKit/537.36 (KHTML, like Gecko) Chrome/120.0.0.0 Safari/537.36" 211 **0/211502**
51.161.37.124 - - [14/Apr/2026:08:46:40 -0700] "GET /tag/spinmama-bonus-code/ HTTP/1.1" 200 29273 "-" "Mozilla/5.0 (compatible; AhrefsBot/7.0; +http://ahrefs.com/robot/)" 734 **0/734526**
163.227.63.194 - - [14/Apr/2026:08:46:50 -0700] "POST /wp-login.php HTTP/1.1" 302 - "http://fuentesanza.es/wp-login.php" "Mozilla/5.0 (Windows NT 10.0; Win64; x64) AppleWebKit/537.36 (KHTML, like Gecko) Chrome/120.0.0.0 Safari/537.36" 316 **0/316458**
114.119.130.109 - - [14/Apr/2026:08:46:50 -0700] "GET /uncategorized/this-game-enjoys-simple-video-game-aspects-advanced-image-and-you-may-a-great-500x-maximum-profit/ HTTP/1.1" 200 29551 "http://fuentesanza.es/uncategorized/this-game-enjoys-simple-video-game-aspects-advanced-image-and-you-may-a-great-500x-maximum-profit/" "Mozilla/5.0 (Linux; Android 7.0;) AppleWebKit/537.36 (KHTML, like Gecko) Mobile Safari/537.36 (compatible; PetalBot;+https://webmaster.petalsearch.com/site/petalbot)" 569 **0/569594**
163.227.63.194 - - [14/Apr/2026:08:46:51 -0700] "GET /wp-admin/ HTTP/1.1" 200 24091 "http://fuentesanza.es/wp-login.php" "Mozilla/5.0 (Windows NT 10.0; Win64; x64) AppleWebKit/537.36 (KHTML, like Gecko) Chrome/120.0.0.0 Safari/537.36" 793 **0/793922**
8.243.248.223 - - [14/Apr/2026:08:46:53 -0700] "GET /wp-admin/ HTTP/1.1" 200 24090 "-" "Mozilla/5.0 (Windows NT 10.0; Win64; x64) AppleWebKit/537.36 (KHTML, like Gecko) Chrome/120.0.0.0 Safari/537.36" 805 **0/805507**
8.243.248.223 - - [14/Apr/2026:08:46:54 -0700] "POST /xmlrpc.php HTTP/1.1" 200 256 "-" "WordPress/5.0; http://fuentesanza.es" 230 **0/230802**
185.191.171.15 - - [14/Apr/2026:08:46:55 -0700] "GET /2026/03/page/5/ HTTP/1.1" 200 69618 "-" "Mozilla/5.0 (compatible; SemrushBot/7~bl; +http://www.semrush.com/bot.html)" 620 **0/620166**
105.245.16.240 - - [14/Apr/2026:08:46:57 -0700] "GET /wp-admin/admin-ajax.php?action=rest-nonce HTTP/1.1" 200 10 "-" "Mozilla/5.0 (Windows NT 10.0; Win64; x64) AppleWebKit/537.36 (KHTML, like Gecko) Chrome/120.0.0.0 Safari/537.36" 211 **0/211488**
105.245.16.240 - - [14/Apr/2026:08:46:58 -0700] "POST /xmlrpc.php HTTP/1.1" 200 131 "-" "Mozilla/5.0 (Windows NT 10.0; Win64; x64) AppleWebKit/537.36 (KHTML, like Gecko) Chrome/120.0.0.0 Safari/537.36" 1367 **1/1367885**
208.109.41.231 - - [14/Apr/2026:08:47:11 -0700] "POST /wp-cron.php?doing_wp_cron=1776181631.8329041004180908203125 HTTP/1.1" 200 - "-" "WordPress/6.3.8; http://fuentesanza.es" 43 **0/43541**
148.222.129.142 - - [14/Apr/2026:08:47:11 -0700] "GET /?p=49147 HTTP/1.1" 301 - "-" "Mozilla/5.0 (Windows NT 10.0; Win64; x64) AppleWebKit/537.36 (KHTML, like Gecko) Chrome/120.0.0.0 Safari/537.36" 326 **0/326354**
148.222.129.142 - - [14/Apr/2026:08:47:12 -0700] "GET /uncategorized/oyun-tcrublrini-artirmaq-ucun-pinco-yukle-nec-etmli-4/ HTTP/1.1" 200 31040 "-" "Mozilla/5.0 (Windows NT 10.0; Win64; x64) AppleWebKit/537.36 (KHTML, like Gecko) Chrome/120.0.0.0 Safari/537.36" 987 **0/987379**
85.208.96.208 - - [14/Apr/2026:08:47:13 -0700] "GET /uncategorized/25-fre-spins-kloosterlinge-deposit-te-nederlan-optie-jouw-kosteloos-spins/ HTTP/1.1" 200 30127 "-" "Mozilla/5.0 (compatible; SemrushBot/7~bl; +http://www.semrush.com/bot.html)" 759 **0/759734**
148.222.129.142 - - [14/Apr/2026:08:47:16 -0700] "GET /?p=49147 HTTP/1.1" 301 - "-" "Mozilla/5.0 (Windows NT 10.0; Win64; x64) AppleWebKit/537.36 (KHTML, like Gecko) Chrome/120.0.0.0 Safari/537.36" 277 **0/277786**
148.222.129.142 - - [14/Apr/2026:08:47:17 -0700] "GET /uncategorized/oyun-tcrublrini-artirmaq-ucun-pinco-yukle-nec-etmli-4/ HTTP/1.1" 200 31040 "-" "Mozilla/5.0 (Windows NT 10.0; Win64; x64) AppleWebKit/537.36 (KHTML, like Gecko) Chrome/120.0.0.0 Safari/537.36" 429 **0/429167**
148.222.129.142 - - [14/Apr/2026:08:47:18 -0700] "POST /wp-json/wp/v2/posts HTTP/1.1" 201 16471 "-" "Mozilla/5.0 (Windows NT 10.0; Win64; x64) AppleWebKit/537.36 (KHTML, like Gecko) Chrome/120.0.0.0 Safari/537.36" 765 **0/765755**
208.109.41.231 - - [14/Apr/2026:08:47:19 -0700] "POST /wp-cron.php?doing_wp_cron=1776181639.7891271114349365234375 HTTP/1.1" 200 - "-" "WordPress/6.3.8; http://fuentesanza.es" 34 **0/34419**
185.191.171.1 - - [14/Apr/2026:08:47:19 -0700] "GET /uncategorized/ninja-wonders-three-dimensional-jutsu-hand-lucky-nugget-20-free-spins-2023-no-deposit-enjoy-online-for-free/ HTTP/1.1" 200 31602 "-" "Mozilla/5.0 (compatible; SemrushBot/7~bl; +http://www.semrush.com/bot.html)" 1351 **1/1351495**
148.222.129.142 - - [14/Apr/2026:08:47:20 -0700] "GET /uncategorized/oyun-tcrublrini-artirmaq-ucun-pinco-yukle-nec-etmli-5/ HTTP/1.1" 200 31691 "-" "Mozilla/5.0 (Windows NT 10.0; Win64; x64) AppleWebKit/537.36 (KHTML, like Gecko) Chrome/120.0.0.0 Safari/537.36" 891 **0/891006**
148.222.129.142 - - [14/Apr/2026:08:47:24 -0700] "GET /uncategorized/oyun-tcrublrini-artirmaq-ucun-pinco-yukle-nec-etmli-5/ HTTP/1.1" 200 31691 "-" "Mozilla/5.0 (Windows NT 10.0; Win64; x64) AppleWebKit/537.36 (KHTML, like Gecko) Chrome/120.0.0.0 Safari/537.36" 673 **0/673247**
148.222.129.142 - - [14/Apr/2026:08:47:28 -0700] "GET /uncategorized/oyun-tcrublrini-artirmaq-ucun-pinco-yukle-nec-etmli-5/ HTTP/1.1" 200 31691 "-" "Mozilla/5.0 (Windows NT 10.0; Win64; x64) AppleWebKit/537.36 (KHTML, like Gecko) Chrome/120.0.0.0 Safari/537.36" 710 **0/710040**
148.222.129.142 - - [14/Apr/2026:08:47:29 -0700] "POST /wp-json/wp/v2/posts HTTP/1.1" 201 16471 "-" "Mozilla/5.0 (Windows NT 10.0; Win64; x64) AppleWebKit/537.36 (KHTML, like Gecko) Chrome/120.0.0.0 Safari/537.36" 715 **0/715445**
208.109.41.231 - - [14/Apr/2026:08:47:31 -0700] "POST /wp-cron.php?doing_wp_cron=1776181651.7172510623931884765625 HTTP/1.1" 200 - "-" "WordPress/6.3.8; http://fuentesanza.es" 31 **0/31181**
66.249.73.4 - - [14/Apr/2026:08:47:31 -0700] "GET /?y=45290209020 HTTP/1.1" 200 44713 "-" "Mozilla/5.0 (Linux; Android 6.0.1; Nexus 5X Build/MMB29P) AppleWebKit/537.36 (KHTML, like Gecko) Chrome/146.0.7680.177 Mobile Safari/537.36 (compatible; Googlebot/2.1; +http://www.google.com/bot.html)" 906 **0/906594**
148.222.129.142 - - [14/Apr/2026:08:47:31 -0700] "GET /uncategorized/oyun-tcrublrini-artirmaq-ucun-pinco-yukle-nec-etmli-6/ HTTP/1.1" 200 31688 "-" "Mozilla/5.0 (Windows NT 10.0; Win64; x64) AppleWebKit/537.36 (KHTML, like Gecko) Chrome/120.0.0.0 Safari/537.36" 1278 **1/1278104**
185.156.47.9 - - [14/Apr/2026:08:47:31 -0700] "POST /xmlrpc.php HTTP/1.1" 200 180 "-" "Mozilla/5.0 (Windows NT 10.0; Win64; x64) AppleWebKit/537.36 (KHTML, like Gecko) Chrome/114.0.0.0 Safari/537.36" 1406 **1/1406528**
85.208.96.204 - - [14/Apr/2026:08:47:34 -0700] "GET /gambling/die-karten-geheimnisse-der-profis-bei-vincispin-casino-verstehen/ HTTP/1.1" 200 29747 "-" "Mozilla/5.0 (compatible; SemrushBot/7~bl; +http://www.semrush.com/bot.html)" 1002 **1/1002670**
148.222.129.142 - - [14/Apr/2026:08:47:35 -0700] "GET /uncategorized/oyun-tcrublrini-artirmaq-ucun-pinco-yukle-nec-etmli-6/ HTTP/1.1" 200 31666 "-" "Mozilla/5.0 (Windows NT 10.0; Win64; x64) AppleWebKit/537.36 (KHTML, like Gecko) Chrome/120.0.0.0 Safari/537.36" 692 **0/692064**
185.156.47.9 - - [14/Apr/2026:08:47:38 -0700] "POST /xmlrpc.php HTTP/1.1" 200 16165 "-" "Mozilla/5.0 (Windows NT 10.0; Win64; x64) AppleWebKit/537.36 (KHTML, like Gecko) Chrome/114.0.0.0 Safari/537.36" 521 **0/521400**
185.156.47.9 - - [14/Apr/2026:08:47:39 -0700] "GET /uncategorized/kak-poluchit-i-polzovatsya-bonusnym-schetom-1xbet/ HTTP/1.1" 200 162282 "-" "Mozilla/5.0 (Windows NT 10.0; Win64; x64; rv:125.0) Gecko/20100101 Firefox/125.0" 584 **0/584279**
148.222.129.142 - - [14/Apr/2026:08:47:39 -0700] "GET /uncategorized/oyun-tcrublrini-artirmaq-ucun-pinco-yukle-nec-etmli-6/ HTTP/1.1" 200 31666 "-" "Mozilla/5.0 (Windows NT 10.0; Win64; x64) AppleWebKit/537.36 (KHTML, like Gecko) Chrome/120.0.0.0 Safari/537.36" 660 **0/660757**
148.222.129.142 - - [14/Apr/2026:08:47:41 -0700] "GET /wp-admin/post-new.php HTTP/1.1" 200 102172 "-" "Mozilla/5.0 (Windows NT 10.0; Win64; x64) AppleWebKit/537.36 (KHTML, like Gecko) Chrome/120.0.0.0 Safari/537.36" 704 **0/704833**
148.222.129.142 - - [14/Apr/2026:08:47:43 -0700] "POST /wp-admin/post.php HTTP/1.1" 302 - "-" "Mozilla/5.0 (Windows NT 10.0; Win64; x64) AppleWebKit/537.36 (KHTML, like Gecko) Chrome/120.0.0.0 Safari/537.36" 1328 **1/1328963**
208.109.41.231 - - [14/Apr/2026:08:47:45 -0700] "POST /wp-cron.php?doing_wp_cron=1776181665.5376501083374023437500 HTTP/1.1" 200 - "-" "WordPress/6.3.8; http://fuentesanza.es" 60 **0/60769**
148.222.129.142 - - [14/Apr/2026:08:47:45 -0700] "GET /wp-admin/post.php?post=49153&action=edit&message=1 HTTP/1.1" 200 104633 "-" "Mozilla/5.0 (Windows NT 10.0; Win64; x64) AppleWebKit/537.36 (KHTML, like Gecko) Chrome/120.0.0.0 Safari/537.36" 808 **0/808421**
160.250.255.187 - - [14/Apr/2026:08:47:47 -0700] "GET /?p=49153 HTTP/1.1" 301 - "-" "Mozilla/5.0 (Windows NT 10.0; Win64; x64) AppleWebKit/537.36 (KHTML, like Gecko) Chrome/120.0.0.0 Safari/537.36" 422 **0/422486**
160.250.255.187 - - [14/Apr/2026:08:47:49 -0700] "GET /uncategorized/oyun-tcrublrini-artirmaq-ucun-pinco-yukle-nec-etmli-7/ HTTP/1.1" 200 31400 "-" "Mozilla/5.0 (Windows NT 10.0; Win64; x64) AppleWebKit/537.36 (KHTML, like Gecko) Chrome/120.0.0.0 Safari/537.36" 775 **0/775106**
54.39.0.16 - - [14/Apr/2026:08:47:51 -0700] "GET /tag/pin-up-%D1%81%D0%BA%D0%B0%D1%87%D0%B0%D1%82%D1%8C/ HTTP/1.1" 200 34533 "-" "Mozilla/5.0 (compatible; AhrefsBot/7.0; +http://ahrefs.com/robot/)" 474 **0/474283**
160.250.255.187 - - [14/Apr/2026:08:47:52 -0700] "GET /?p=49153 HTTP/1.1" 301 - "-" "Mozilla/5.0 (Windows NT 10.0; Win64; x64) AppleWebKit/537.36 (KHTML, like Gecko) Chrome/120.0.0.0 Safari/537.36" 188 **0/188521**
160.250.255.187 - - [14/Apr/2026:08:47:53 -0700] "GET /uncategorized/oyun-tcrublrini-artirmaq-ucun-pinco-yukle-nec-etmli-7/ HTTP/1.1" 200 31400 "-" "Mozilla/5.0 (Windows NT 10.0; Win64; x64) AppleWebKit/537.36 (KHTML, like Gecko) Chrome/120.0.0.0 Safari/537.36" 426 **0/426865**
160.250.255.187 - - [14/Apr/2026:08:47:57 -0700] "GET /?p=49153 HTTP/1.1" 301 - "-" "Mozilla/5.0 (Windows NT 10.0; Win64; x64) AppleWebKit/537.36 (KHTML, like Gecko) Chrome/120.0.0.0 Safari/537.36" 325 **0/325617**
160.250.255.187 - - [14/Apr/2026:08:47:58 -0700] "GET /uncategorized/oyun-tcrublrini-artirmaq-ucun-pinco-yukle-nec-etmli-7/ HTTP/1.1" 200 31400 "-" "Mozilla/5.0 (Windows NT 10.0; Win64; x64) AppleWebKit/537.36 (KHTML, like Gecko) Chrome/120.0.0.0 Safari/537.36" 932 **0/932642**
185.191.171.3 - - [14/Apr/2026:08:47:59 -0700] "GET /uncategorized/diese-besten-lucky-8-line-slot-online-verbunden-kasino-bonus-angebote-teutonia-2026/ HTTP/1.1" 200 31835 "-" "Mozilla/5.0 (compatible; SemrushBot/7~bl; +http://www.semrush.com/bot.html)" 991 **0/991453**
102.66.182.4 - - [14/Apr/2026:08:48:01 -0700] "GET / HTTP/1.1" 200 44594 "-" "Mozilla/5.0 (Windows NT 10.0; Win64; x64) AppleWebKit/537.36 (KHTML, like Gecko) Chrome/120.0.0.0 Safari/537.36" 897 **0/897839**
212.237.121.211 - - [14/Apr/2026:08:48:04 -0700] "GET /wp-login.php HTTP/1.1" 200 2856 "-" "Mozilla/5.0 (Windows NT 10.0; Win64; x64) AppleWebKit/537.36 (KHTML, like Gecko) Chrome/120.0.0.0 Safari/537.36" 346 **0/346576**
212.237.121.211 - - [14/Apr/2026:08:48:05 -0700] "POST /wp-login.php HTTP/1.1" 302 - "http://fuentesanza.es/wp-login.php" "Mozilla/5.0 (Windows NT 10.0; Win64; x64) AppleWebKit/537.36 (KHTML, like Gecko) Chrome/120.0.0.0 Safari/537.36" 288 **0/288054**
212.237.121.211 - - [14/Apr/2026:08:48:06 -0700] "GET /wp-admin/ HTTP/1.1" 200 23971 "http://fuentesanza.es/wp-login.php" "Mozilla/5.0 (Windows NT 10.0; Win64; x64) AppleWebKit/537.36 (KHTML, like Gecko) Chrome/120.0.0.0 Safari/537.36" 1355 **1/1355926**
185.2.106.179 - - [14/Apr/2026:08:48:09 -0700] "GET /wp-admin/ HTTP/1.1" 200 23972 "-" "Mozilla/5.0 (Windows NT 10.0; Win64; x64) AppleWebKit/537.36 (KHTML, like Gecko) Chrome/120.0.0.0 Safari/537.36" 734 **0/734834**
185.2.106.179 - - [14/Apr/2026:08:48:11 -0700] "POST /xmlrpc.php HTTP/1.1" 200 256 "-" "WordPress/5.0; http://fuentesanza.es" 223 **0/223336**
181.192.84.24 - - [14/Apr/2026:08:48:13 -0700] "GET /wp-admin/admin-ajax.php?action=rest-nonce HTTP/1.1" 200 10 "-" "Mozilla/5.0 (Windows NT 10.0; Win64; x64) AppleWebKit/537.36 (KHTML, like Gecko) Chrome/120.0.0.0 Safari/537.36" 273 **0/273456**
181.192.84.24 - - [14/Apr/2026:08:48:13 -0700] "POST /xmlrpc.php HTTP/1.1" 200 131 "-" "Mozilla/5.0 (Windows NT 10.0; Win64; x64) AppleWebKit/537.36 (KHTML, like Gecko) Chrome/120.0.0.0 Safari/537.36" 1338 **1/1338058**
208.109.41.231 - - [14/Apr/2026:08:48:17 -0700] "POST /wp-cron.php?doing_wp_cron=1776181696.9196670055389404296875 HTTP/1.1" 200 - "-" "WordPress/6.3.8; http://fuentesanza.es" 38 **0/38313**
45.171.221.34 - - [14/Apr/2026:08:48:16 -0700] "GET /?p=49155 HTTP/1.1" 301 - "-" "Mozilla/5.0 (Windows NT 10.0; Win64; x64) AppleWebKit/537.36 (KHTML, like Gecko) Chrome/120.0.0.0 Safari/537.36" 619 **0/619515**
45.171.221.34 - - [14/Apr/2026:08:48:17 -0700] "GET /uncategorized/oyun-tcrublrini-artirmaq-ucun-pinco-yukle-nec-etmli-8/ HTTP/1.1" 200 30924 "-" "Mozilla/5.0 (Windows NT 10.0; Win64; x64) AppleWebKit/537.36 (KHTML, like Gecko) Chrome/120.0.0.0 Safari/537.36" 802 **0/802240**
45.171.221.34 - - [14/Apr/2026:08:48:21 -0700] "GET /?p=49155 HTTP/1.1" 301 - "-" "Mozilla/5.0 (Windows NT 10.0; Win64; x64) AppleWebKit/537.36 (KHTML, like Gecko) Chrome/120.0.0.0 Safari/537.36" 224 **0/224076**
45.171.221.34 - - [14/Apr/2026:08:48:22 -0700] "GET /uncategorized/oyun-tcrublrini-artirmaq-ucun-pinco-yukle-nec-etmli-8/ HTTP/1.1" 200 30924 "-" "Mozilla/5.0 (Windows NT 10.0; Win64; x64) AppleWebKit/537.36 (KHTML, like Gecko) Chrome/120.0.0.0 Safari/537.36" 685 **0/685234**
45.171.221.34 - - [14/Apr/2026:08:48:25 -0700] "GET /?p=49155 HTTP/1.1" 301 - "-" "Mozilla/5.0 (Windows NT 10.0; Win64; x64) AppleWebKit/537.36 (KHTML, like Gecko) Chrome/120.0.0.0 Safari/537.36" 234 **0/234408**
45.171.221.34 - - [14/Apr/2026:08:48:26 -0700] "GET /uncategorized/oyun-tcrublrini-artirmaq-ucun-pinco-yukle-nec-etmli-8/ HTTP/1.1" 200 30924 "-" "Mozilla/5.0 (Windows NT 10.0; Win64; x64) AppleWebKit/537.36 (KHTML, like Gecko) Chrome/120.0.0.0 Safari/537.36" 615 **0/615027**
45.171.221.34 - - [14/Apr/2026:08:48:27 -0700] "POST /wp-json/wp/v2/posts HTTP/1.1" 201 16471 "-" "Mozilla/5.0 (Windows NT 10.0; Win64; x64) AppleWebKit/537.36 (KHTML, like Gecko) Chrome/120.0.0.0 Safari/537.36" 839 **0/839821**
208.109.41.231 - - [14/Apr/2026:08:48:29 -0700] "POST /wp-cron.php?doing_wp_cron=1776181709.6444931030273437500000 HTTP/1.1" 200 - "-" "WordPress/6.3.8; http://fuentesanza.es" 42 **0/42628**
45.171.221.34 - - [14/Apr/2026:08:48:29 -0700] "GET /uncategorized/oyun-tcrublrini-artirmaq-ucun-pinco-yukle-nec-etmli-9/ HTTP/1.1" 200 31577 "-" "Mozilla/5.0 (Windows NT 10.0; Win64; x64) AppleWebKit/537.36 (KHTML, like Gecko) Chrome/120.0.0.0 Safari/537.36" 1017 **1/1017037**
45.171.221.34 - - [14/Apr/2026:08:48:33 -0700] "GET /uncategorized/oyun-tcrublrini-artirmaq-ucun-pinco-yukle-nec-etmli-9/ HTTP/1.1" 200 31577 "-" "Mozilla/5.0 (Windows NT 10.0; Win64; x64) AppleWebKit/537.36 (KHTML, like Gecko) Chrome/120.0.0.0 Safari/537.36" 1130 **1/1130886**
45.171.221.34 - - [14/Apr/2026:08:48:37 -0700] "GET /uncategorized/oyun-tcrublrini-artirmaq-ucun-pinco-yukle-nec-etmli-9/ HTTP/1.1" 200 31577 "-" "Mozilla/5.0 (Windows NT 10.0; Win64; x64) AppleWebKit/537.36 (KHTML, like Gecko) Chrome/120.0.0.0 Safari/537.36" 914 **0/914338**
45.171.221.34 - - [14/Apr/2026:08:48:38 -0700] "POST /wp-json/wp/v2/posts HTTP/1.1" 201 16475 "-" "Mozilla/5.0 (Windows NT 10.0; Win64; x64) AppleWebKit/537.36 (KHTML, like Gecko) Chrome/120.0.0.0 Safari/537.36" 994 **0/994915**
208.109.41.231 - - [14/Apr/2026:08:48:40 -0700] "POST /wp-cron.php?doing_wp_cron=1776181720.7131359577178955078125 HTTP/1.1" 200 - "-" "WordPress/6.3.8; http://fuentesanza.es" 26 **0/26321**
45.171.221.34 - - [14/Apr/2026:08:48:40 -0700] "GET /uncategorized/oyun-tcrublrini-artirmaq-ucun-pinco-yukle-nec-etmli-10/ HTTP/1.1" 200 31579 "-" "Mozilla/5.0 (Windows NT 10.0; Win64; x64) AppleWebKit/537.36 (KHTML, like Gecko) Chrome/120.0.0.0 Safari/537.36" 1443 **1/1443498**
13.154.16.99 - - [14/Apr/2026:08:48:40 -0700] "POST /xmlrpc.php HTTP/1.1" 200 180 "-" "Mozilla/5.0 (Windows NT 10.0; Win64; x64) AppleWebKit/537.36 (KHTML, like Gecko) Chrome/114.0.0.0 Safari/537.36" 1961 **1/1961235**
208.109.41.231 - - [14/Apr/2026:08:48:45 -0700] "POST /wp-cron.php?doing_wp_cron=1776181725.0685520172119140625000 HTTP/1.1" 200 - "-" "WordPress/6.3.8; http://fuentesanza.es" 123 **0/123127**
45.171.221.34 - - [14/Apr/2026:08:48:44 -0700] "GET /uncategorized/oyun-tcrublrini-artirmaq-ucun-pinco-yukle-nec-etmli-10/ HTTP/1.1" 200 31579 "-" "Mozilla/5.0 (Windows NT 10.0; Win64; x64) AppleWebKit/537.36 (KHTML, like Gecko) Chrome/120.0.0.0 Safari/537.36" 1172 **1/1172135**
13.154.16.99 - - [14/Apr/2026:08:48:48 -0700] "POST /xmlrpc.php HTTP/1.1" 200 17118 "-" "Mozilla/5.0 (Windows NT 10.0; Win64; x64) AppleWebKit/537.36 (KHTML, like Gecko) Chrome/114.0.0.0 Safari/537.36" 729 **0/729062**
45.171.221.34 - - [14/Apr/2026:08:48:48 -0700] "GET /uncategorized/oyun-tcrublrini-artirmaq-ucun-pinco-yukle-nec-etmli-10/ HTTP/1.1" 200 31579 "-" "Mozilla/5.0 (Windows NT 10.0; Win64; x64) AppleWebKit/537.36 (KHTML, like Gecko) Chrome/120.0.0.0 Safari/537.36" 1230 **1/1230386**
13.154.16.99 - - [14/Apr/2026:08:48:49 -0700] "GET /uncategorized/otchego-perezhivaniya-vliyayut-na-sokhranenie-nyuansov/ HTTP/1.1" 200 163435 "-" "Mozilla/5.0 (Windows NT 10.0; Win64; x64; rv:124.0) Gecko/20100101 Firefox/124.0" 687 **0/687017**
45.171.221.34 - - [14/Apr/2026:08:48:50 -0700] "GET /wp-admin/post-new.php HTTP/1.1" 200 102175 "-" "Mozilla/5.0 (Windows NT 10.0; Win64; x64) AppleWebKit/537.36 (KHTML, like Gecko) Chrome/120.0.0.0 Safari/537.36" 842 **0/842821**
85.208.96.208 - - [14/Apr/2026:08:48:50 -0700] "GET /uncategorized/jatssz-valodi-kaszino-trinocasino-penzert/ HTTP/1.1" 200 29998 "-" "Mozilla/5.0 (compatible; SemrushBot/7~bl; +http://www.semrush.com/bot.html)" 966 **0/966304**
45.171.221.34 - - [14/Apr/2026:08:48:52 -0700] "POST /wp-admin/post.php HTTP/1.1" 302 - "-" "Mozilla/5.0 (Windows NT 10.0; Win64; x64) AppleWebKit/537.36 (KHTML, like Gecko) Chrome/120.0.0.0 Safari/537.36" 1446 **1/1446368**
216.244.66.241 - - [14/Apr/2026:08:48:53 -0700] "GET /robots.txt HTTP/1.1" 200 257 "-" "Mozilla/5.0 (compatible; DotBot/1.2; +https://opensiteexplorer.org/dotbot; help@moz.com)" 10 **0/10005**
208.109.41.231 - - [14/Apr/2026:08:48:54 -0700] "POST /wp-cron.php?doing_wp_cron=1776181734.3248560428619384765625 HTTP/1.1" 200 - "-" "WordPress/6.3.8; http://fuentesanza.es" 77 **0/77945**
45.171.221.34 - - [14/Apr/2026:08:48:54 -0700] "GET /wp-admin/post.php?post=49161&action=edit&message=1 HTTP/1.1" 200 104638 "-" "Mozilla/5.0 (Windows NT 10.0; Win64; x64) AppleWebKit/537.36 (KHTML, like Gecko) Chrome/120.0.0.0 Safari/537.36" 690 **0/690831**
187.189.92.243 - - [14/Apr/2026:08:48:55 -0700] "GET /?p=49161 HTTP/1.1" 301 - "-" "Mozilla/5.0 (Windows NT 10.0; Win64; x64) AppleWebKit/537.36 (KHTML, like Gecko) Chrome/120.0.0.0 Safari/537.36" 832 **0/832333**
187.189.92.243 - - [14/Apr/2026:08:48:56 -0700] "GET /uncategorized/oyun-tcrublrini-artirmaq-ucun-pinco-yukle-nec-etmli-11/ HTTP/1.1" 200 31401 "-" "Mozilla/5.0 (Windows NT 10.0; Win64; x64) AppleWebKit/537.36 (KHTML, like Gecko) Chrome/120.0.0.0 Safari/537.36" 983 **0/983515**
148.113.130.28 - - [14/Apr/2026:08:48:58 -0700] "GET /uncategorized/die-9-besten-online-casinos-deutschlands-2026-inoffizieller-fruitoids-symbole-mitarbeiter-kollation/feed/ HTTP/1.1" 200 486 "-" "Mozilla/5.0 (compatible; AhrefsBot/7.0; +http://ahrefs.com/robot/)" 879 **0/879528**
187.189.92.243 - - [14/Apr/2026:08:49:00 -0700] "GET /?p=49161 HTTP/1.1" 301 - "-" "Mozilla/5.0 (Windows NT 10.0; Win64; x64) AppleWebKit/537.36 (KHTML, like Gecko) Chrome/120.0.0.0 Safari/537.36" 286 **0/286230**
187.189.92.243 - - [14/Apr/2026:08:49:00 -0700] "GET /uncategorized/oyun-tcrublrini-artirmaq-ucun-pinco-yukle-nec-etmli-11/ HTTP/1.1" 200 31401 "-" "Mozilla/5.0 (Windows NT 10.0; Win64; x64) AppleWebKit/537.36 (KHTML, like Gecko) Chrome/120.0.0.0 Safari/537.36" 1123 **1/1123864**
187.189.92.243 - - [14/Apr/2026:08:49:04 -0700] "GET /?p=49161 HTTP/1.1" 301 - "-" "Mozilla/5.0 (Windows NT 10.0; Win64; x64) AppleWebKit/537.36 (KHTML, like Gecko) Chrome/120.0.0.0 Safari/537.36" 361 **0/361936**
187.189.92.243 - - [14/Apr/2026:08:49:04 -0700] "GET /uncategorized/oyun-tcrublrini-artirmaq-ucun-pinco-yukle-nec-etmli-11/ HTTP/1.1" 200 31401 "-" "Mozilla/5.0 (Windows NT 10.0; Win64; x64) AppleWebKit/537.36 (KHTML, like Gecko) Chrome/120.0.0.0 Safari/537.36" 1979 **1/1979806**
23.137.104.42 - - [14/Apr/2026:08:49:07 -0700] "HEAD /uncategorized/bonusy-1xbet-pri-registratsii-i-na-pervyy-depozit-aktsii-bukmekerskoy-kontory-1khbet/ HTTP/1.1" 200 - "-" "WordPress/6.9.4; https://quantumsystem.info" 1541 **1/1541055**
177.155.220.163 - - [14/Apr/2026:08:49:07 -0700] "GET / HTTP/1.1" 200 41433 "-" "Mozilla/5.0 (Windows NT 10.0; Win64; x64) AppleWebKit/537.36 (KHTML, like Gecko) Chrome/120.0.0.0 Safari/537.36" 1676 **1/1676830**
67.230.44.131 - - [14/Apr/2026:08:49:09 -0700] "GET /wp-login.php HTTP/1.1" 200 2856 "-" "Mozilla/5.0 (Windows NT 10.0; Win64; x64) AppleWebKit/537.36 (KHTML, like Gecko) Chrome/120.0.0.0 Safari/537.36" 315 **0/315767**
67.230.44.131 - - [14/Apr/2026:08:49:10 -0700] "POST /wp-login.php HTTP/1.1" 302 - "http://fuentesanza.es/wp-login.php" "Mozilla/5.0 (Windows NT 10.0; Win64; x64) AppleWebKit/537.36 (KHTML, like Gecko) Chrome/120.0.0.0 Safari/537.36" 299 **0/299744**
67.230.44.131 - - [14/Apr/2026:08:49:11 -0700] "GET /wp-admin/ HTTP/1.1" 200 23983 "http://fuentesanza.es/wp-login.php" "Mozilla/5.0 (Windows NT 10.0; Win64; x64) AppleWebKit/537.36 (KHTML, like Gecko) Chrome/120.0.0.0 Safari/537.36" 735 **0/735030**
185.191.171.2 - - [14/Apr/2026:08:49:12 -0700] "GET /uncategorized/beste-online-casinos-via-echtgeld-inside-brd-2026/ HTTP/1.1" 200 31683 "-" "Mozilla/5.0 (compatible; SemrushBot/7~bl; +http://www.semrush.com/bot.html)" 574 **0/574222**
194.60.197.89 - - [14/Apr/2026:08:49:13 -0700] "GET /wp-admin/ HTTP/1.1" 200 23984 "-" "Mozilla/5.0 (Windows NT 10.0; Win64; x64) AppleWebKit/537.36 (KHTML, like Gecko) Chrome/120.0.0.0 Safari/537.36" 610 **0/610013**
194.60.197.89 - - [14/Apr/2026:08:49:14 -0700] "POST /xmlrpc.php HTTP/1.1" 200 256 "-" "WordPress/5.0; http://fuentesanza.es" 416 **0/416926**
82.18.193.37 - - [14/Apr/2026:08:49:16 -0700] "GET /wp-admin/admin-ajax.php?action=rest-nonce HTTP/1.1" 200 10 "-" "Mozilla/5.0 (Windows NT 10.0; Win64; x64) AppleWebKit/537.36 (KHTML, like Gecko) Chrome/120.0.0.0 Safari/537.36" 606 **0/606906**
82.18.193.37 - - [14/Apr/2026:08:49:17 -0700] "POST /xmlrpc.php HTTP/1.1" 200 131 "-" "Mozilla/5.0 (Windows NT 10.0; Win64; x64) AppleWebKit/537.36 (KHTML, like Gecko) Chrome/120.0.0.0 Safari/537.36" 738 **0/738708**
208.109.41.231 - - [14/Apr/2026:08:49:19 -0700] "POST /wp-cron.php?doing_wp_cron=1776181759.7180380821228027343750 HTTP/1.1" 200 - "-" "WordPress/6.3.8; http://fuentesanza.es" 77 **0/77817**
5.144.123.212 - - [14/Apr/2026:08:49:19 -0700] "GET /?p=49163 HTTP/1.1" 301 - "-" "Mozilla/5.0 (Windows NT 10.0; Win64; x64) AppleWebKit/537.36 (KHTML, like Gecko) Chrome/120.0.0.0 Safari/537.36" 348 **0/348725**
86.123.234.84 - - [14/Apr/2026:08:49:20 -0700] "HEAD /uncategorized/bonusy-1xbet-pri-registratsii-i-na-pervyy-depozit-aktsii-bukmekerskoy-kontory-1khbet/ HTTP/1.1" 200 - "-" "WordPress/6.9.4; https://www.primariarojiste.ro" 389 **0/389618**
5.144.123.212 - - [14/Apr/2026:08:49:20 -0700] "GET /uncategorized/oyun-tcrublrini-artirmaq-ucun-pinco-yukle-nec-etmli-12/ HTTP/1.1" 200 30922 "-" "Mozilla/5.0 (Windows NT 10.0; Win64; x64) AppleWebKit/537.36 (KHTML, like Gecko) Chrome/120.0.0.0 Safari/537.36" 684 **0/684998**
114.119.130.109 - - [14/Apr/2026:08:49:21 -0700] "GET /uncategorized/syndicate-trusted-casino-to-draculas-family-casino-have-australians/ HTTP/1.1" 200 31949 "http://fuentesanza.es/uncategorized/syndicate-trusted-casino-to-draculas-family-casino-have-australians/" "Mozilla/5.0 (Linux; Android 7.0;) AppleWebKit/537.36 (KHTML, like Gecko) Mobile Safari/537.36 (compatible; PetalBot;+https://webmaster.petalsearch.com/site/petalbot)" 535 **0/535623**
5.144.123.212 - - [14/Apr/2026:08:49:24 -0700] "GET /?p=49163 HTTP/1.1" 301 - "-" "Mozilla/5.0 (Windows NT 10.0; Win64; x64) AppleWebKit/537.36 (KHTML, like Gecko) Chrome/120.0.0.0 Safari/537.36" 296 **0/296407**
66.249.73.4 - - [14/Apr/2026:08:49:24 -0700] "GET /?m=31108118530 HTTP/1.1" 404 11349 "-" "Mozilla/5.0 (Linux; Android 6.0.1; Nexus 5X Build/MMB29P) AppleWebKit/537.36 (KHTML, like Gecko) Chrome/146.0.7680.177 Mobile Safari/537.36 (compatible; Googlebot/2.1; +http://www.google.com/bot.html)" 346 **0/346695**
5.144.123.212 - - [14/Apr/2026:08:49:24 -0700] "GET /uncategorized/oyun-tcrublrini-artirmaq-ucun-pinco-yukle-nec-etmli-12/ HTTP/1.1" 200 30922 "-" "Mozilla/5.0 (Windows NT 10.0; Win64; x64) AppleWebKit/537.36 (KHTML, like Gecko) Chrome/120.0.0.0 Safari/537.36" 470 **0/470478**
66.249.73.4 - - [14/Apr/2026:08:49:26 -0700] "GET /uncategorized/navigating-european-dating-a-compassionate-guide-for-men-seeking-meaningful-connections/ HTTP/1.1" 200 29278 "-" "Mozilla/5.0 (Linux; Android 6.0.1; Nexus 5X Build/MMB29P) AppleWebKit/537.36 (KHTML, like Gecko) Chrome/146.0.7680.177 Mobile Safari/537.36 (compatible; Googlebot/2.1; +http://www.google.com/bot.html)" 600 **0/600762**
5.144.123.212 - - [14/Apr/2026:08:49:28 -0700] "GET /?p=49163 HTTP/1.1" 301 - "-" "Mozilla/5.0 (Windows NT 10.0; Win64; x64) AppleWebKit/537.36 (KHTML, like Gecko) Chrome/120.0.0.0 Safari/537.36" 200 **0/200055**
5.144.123.212 - - [14/Apr/2026:08:49:28 -0700] "GET /uncategorized/oyun-tcrublrini-artirmaq-ucun-pinco-yukle-nec-etmli-12/ HTTP/1.1" 200 30922 "-" "Mozilla/5.0 (Windows NT 10.0; Win64; x64) AppleWebKit/537.36 (KHTML, like Gecko) Chrome/120.0.0.0 Safari/537.36" 344 **0/344098**
5.144.123.212 - - [14/Apr/2026:08:49:29 -0700] "POST /wp-json/wp/v2/posts HTTP/1.1" 201 16475 "-" "Mozilla/5.0 (Windows NT 10.0; Win64; x64) AppleWebKit/537.36 (KHTML, like Gecko) Chrome/120.0.0.0 Safari/537.36" 726 **0/726142**
208.109.41.231 - - [14/Apr/2026:08:49:31 -0700] "POST /wp-cron.php?doing_wp_cron=1776181771.6029789447784423828125 HTTP/1.1" 200 - "-" "WordPress/6.3.8; http://fuentesanza.es" 49 **0/49263**
185.191.171.6 - - [14/Apr/2026:08:49:31 -0700] "GET /uncategorized/freispiele-ohne-einzahlung-2026-book-of-ra-freispiele-wahrscheinlichkeit-spielautomaten-as-part-of-deutschland-vortragen/ HTTP/1.1" 200 31009 "-" "Mozilla/5.0 (compatible; SemrushBot/7~bl; +http://www.semrush.com/bot.html)" 702 **0/702916**
5.144.123.212 - - [14/Apr/2026:08:49:31 -0700] "GET /uncategorized/oyun-tcrublrini-artirmaq-ucun-pinco-yukle-nec-etmli-13/ HTTP/1.1" 200 31574 "-" "Mozilla/5.0 (Windows NT 10.0; Win64; x64) AppleWebKit/537.36 (KHTML, like Gecko) Chrome/120.0.0.0 Safari/537.36" 788 **0/788624**
5.144.123.212 - - [14/Apr/2026:08:49:35 -0700] "GET /uncategorized/oyun-tcrublrini-artirmaq-ucun-pinco-yukle-nec-etmli-13/ HTTP/1.1" 200 31574 "-" "Mozilla/5.0 (Windows NT 10.0; Win64; x64) AppleWebKit/537.36 (KHTML, like Gecko) Chrome/120.0.0.0 Safari/537.36" 516 **0/516418**
66.249.73.4 - - [14/Apr/2026:08:49:38 -0700] "GET /public/oyun-deneyimini-artrmak-icin-basit-ipuclar/ HTTP/1.1" 200 27045 "-" "Mozilla/5.0 (Linux; Android 6.0.1; Nexus 5X Build/MMB29P) AppleWebKit/537.36 (KHTML, like Gecko) Chrome/146.0.7680.177 Mobile Safari/537.36 (compatible; Googlebot/2.1; +http://www.google.com/bot.html)" 741 **0/741050**
5.144.123.212 - - [14/Apr/2026:08:49:38 -0700] "GET /uncategorized/oyun-tcrublrini-artirmaq-ucun-pinco-yukle-nec-etmli-13/ HTTP/1.1" 200 31574 "-" "Mozilla/5.0 (Windows NT 10.0; Win64; x64) AppleWebKit/537.36 (KHTML, like Gecko) Chrome/120.0.0.0 Safari/537.36" 746 **0/746915**
5.144.123.212 - - [14/Apr/2026:08:49:39 -0700] "POST /wp-json/wp/v2/posts HTTP/1.1" 201 16475 "-" "Mozilla/5.0 (Windows NT 10.0; Win64; x64) AppleWebKit/537.36 (KHTML, like Gecko) Chrome/120.0.0.0 Safari/537.36" 605 **0/605595**
208.109.41.231 - - [14/Apr/2026:08:49:41 -0700] "POST /wp-cron.php?doing_wp_cron=1776181781.1688330173492431640625 HTTP/1.1" 200 - "-" "WordPress/6.3.8; http://fuentesanza.es" 23 **0/23466**
47.128.25.35 - - [14/Apr/2026:08:49:40 -0700] "GET /uncategorized/betspin-gambling-establishment-remark-2026-score-a-eight-hundred-100-percent-free-added-mugshot-madness-casino-bonus/ HTTP/1.1" 403 157609 "-" "Mozilla/5.0 (Linux; Android 5.0) AppleWebKit/537.36 (KHTML, like Gecko) Mobile Safari/537.36 (compatible; Bytespider; spider-feedback@bytedance.com)" 1079 **1/1079231**
5.144.123.212 - - [14/Apr/2026:08:49:41 -0700] "GET /uncategorized/oyun-tcrublrini-artirmaq-ucun-pinco-yukle-nec-etmli-14/ HTTP/1.1" 200 31574 "-" "Mozilla/5.0 (Windows NT 10.0; Win64; x64) AppleWebKit/537.36 (KHTML, like Gecko) Chrome/120.0.0.0 Safari/537.36" 1004 **1/1004817**
47.128.25.35 - - [14/Apr/2026:08:49:43 -0700] "GET /wp-content/themes/twentytwelve/fonts/font-open-sans.css?ver=20230328 HTTP/1.1" 404 50331 "http://fuentesanza.es/uncategorized/betspin-gambling-establishment-remark-2026-score-a-eight-hundred-100-percent-free-added-mugshot-madness-casino-bonus/" "Mozilla/5.0 (Linux; Android 5.0) AppleWebKit/537.36 (KHTML, like Gecko) Mobile Safari/537.36 (compatible; Bytespider; spider-feedback@bytedance.com)" 440 **0/440397**
47.128.25.35 - - [14/Apr/2026:08:49:43 -0700] "GET /wp-includes/css/dist/block-library/style.min.css?ver=6.3.8 HTTP/1.1" 404 50331 "http://fuentesanza.es/uncategorized/betspin-gambling-establishment-remark-2026-score-a-eight-hundred-100-percent-free-added-mugshot-madness-casino-bonus/" "Mozilla/5.0 (Linux; Android 5.0) AppleWebKit/537.36 (KHTML, like Gecko) Mobile Safari/537.36 (compatible; Bytespider; spider-feedback@bytedance.com)" 585 **0/585890**
47.128.25.35 - - [14/Apr/2026:08:49:43 -0700] "GET /wp-content/themes/twentytwelve/css/blocks.css?ver=20230213 HTTP/1.1" 404 50331 "http://fuentesanza.es/uncategorized/betspin-gambling-establishment-remark-2026-score-a-eight-hundred-100-percent-free-added-mugshot-madness-casino-bonus/" "Mozilla/5.0 (Linux; Android 5.0) AppleWebKit/537.36 (KHTML, like Gecko) Mobile Safari/537.36 (compatible; Bytespider; spider-feedback@bytedance.com)" 487 **0/487089**
47.128.25.35 - - [14/Apr/2026:08:49:44 -0700] "GET /wp-content/themes/twentytwelve/style.css?ver=20230808 HTTP/1.1" 404 50331 "http://fuentesanza.es/uncategorized/betspin-gambling-establishment-remark-2026-score-a-eight-hundred-100-percent-free-added-mugshot-madness-casino-bonus/" "Mozilla/5.0 (Linux; Android 5.0) AppleWebKit/537.36 (KHTML, like Gecko) Mobile Safari/537.36 (compatible; Bytespider; spider-feedback@bytedance.com)" 613 **0/613382**
5.144.123.212 - - [14/Apr/2026:08:49:44 -0700] "GET /uncategorized/oyun-tcrublrini-artirmaq-ucun-pinco-yukle-nec-etmli-14/ HTTP/1.1" 200 31574 "-" "Mozilla/5.0 (Windows NT 10.0; Win64; x64) AppleWebKit/537.36 (KHTML, like Gecko) Chrome/120.0.0.0 Safari/537.36" 711 **0/711075**
5.144.123.212 - - [14/Apr/2026:08:49:48 -0700] "GET /uncategorized/oyun-tcrublrini-artirmaq-ucun-pinco-yukle-nec-etmli-14/ HTTP/1.1" 200 31574 "-" "Mozilla/5.0 (Windows NT 10.0; Win64; x64) AppleWebKit/537.36 (KHTML, like Gecko) Chrome/120.0.0.0 Safari/537.36" 429 **0/429226**
5.144.123.212 - - [14/Apr/2026:08:49:49 -0700] "GET /wp-admin/post-new.php HTTP/1.1" 200 102180 "-" "Mozilla/5.0 (Windows NT 10.0; Win64; x64) AppleWebKit/537.36 (KHTML, like Gecko) Chrome/120.0.0.0 Safari/537.36" 566 **0/566414**
5.144.123.212 - - [14/Apr/2026:08:49:51 -0700] "POST /wp-admin/post.php HTTP/1.1" 302 - "-" "Mozilla/5.0 (Windows NT 10.0; Win64; x64) AppleWebKit/537.36 (KHTML, like Gecko) Chrome/120.0.0.0 Safari/537.36" 1099 **1/1099854**
208.109.41.231 - - [14/Apr/2026:08:49:52 -0700] "POST /wp-cron.php?doing_wp_cron=1776181792.8978459835052490234375 HTTP/1.1" 200 - "-" "WordPress/6.3.8; http://fuentesanza.es" 32 **0/32749**
85.208.96.198 - - [14/Apr/2026:08:49:52 -0700] "GET /tag/lampions-bet-app/ HTTP/1.1" 200 32081 "-" "Mozilla/5.0 (compatible; SemrushBot/7~bl; +http://www.semrush.com/bot.html)" 750 **0/750488**
5.144.123.212 - - [14/Apr/2026:08:49:52 -0700] "GET /wp-admin/post.php?post=49167&action=edit&message=1 HTTP/1.1" 200 104641 "-" "Mozilla/5.0 (Windows NT 10.0; Win64; x64) AppleWebKit/537.36 (KHTML, like Gecko) Chrome/120.0.0.0 Safari/537.36" 698 **0/698123**
196.117.69.218 - - [14/Apr/2026:08:49:54 -0700] "GET /?p=49167 HTTP/1.1" 301 - "-" "Mozilla/5.0 (Windows NT 10.0; Win64; x64) AppleWebKit/537.36 (KHTML, like Gecko) Chrome/120.0.0.0 Safari/537.36" 312 **0/312665**
196.117.69.218 - - [14/Apr/2026:08:49:55 -0700] "GET /uncategorized/oyun-tcrublrini-artirmaq-ucun-pinco-yukle-nec-etmli-15/ HTTP/1.1" 200 31309 "-" "Mozilla/5.0 (Windows NT 10.0; Win64; x64) AppleWebKit/537.36 (KHTML, like Gecko) Chrome/120.0.0.0 Safari/537.36" 602 **0/602681**
196.117.69.218 - - [14/Apr/2026:08:49:59 -0700] "GET /?p=49167 HTTP/1.1" 301 - "-" "Mozilla/5.0 (Windows NT 10.0; Win64; x64) AppleWebKit/537.36 (KHTML, like Gecko) Chrome/120.0.0.0 Safari/537.36" 206 **0/206195**
196.117.69.218 - - [14/Apr/2026:08:49:59 -0700] "GET /uncategorized/oyun-tcrublrini-artirmaq-ucun-pinco-yukle-nec-etmli-15/ HTTP/1.1" 200 31309 "-" "Mozilla/5.0 (Windows NT 10.0; Win64; x64) AppleWebKit/537.36 (KHTML, like Gecko) Chrome/120.0.0.0 Safari/537.36" 482 **0/482115**
196.117.69.218 - - [14/Apr/2026:08:50:03 -0700] "GET /?p=49167 HTTP/1.1" 301 - "-" "Mozilla/5.0 (Windows NT 10.0; Win64; x64) AppleWebKit/537.36 (KHTML, like Gecko) Chrome/120.0.0.0 Safari/537.36" 547 **0/547535**
196.117.69.218 - - [14/Apr/2026:08:50:04 -0700] "GET /uncategorized/oyun-tcrublrini-artirmaq-ucun-pinco-yukle-nec-etmli-15/ HTTP/1.1" 200 31309 "-" "Mozilla/5.0 (Windows NT 10.0; Win64; x64) AppleWebKit/537.36 (KHTML, like Gecko) Chrome/120.0.0.0 Safari/537.36" 1162 **1/1162885**
190.183.80.138 - - [14/Apr/2026:08:50:07 -0700] "GET / HTTP/1.1" 200 37664 "-" "Mozilla/5.0 (Windows NT 10.0; Win64; x64) AppleWebKit/537.36 (KHTML, like Gecko) Chrome/120.0.0.0 Safari/537.36" 631 **0/631378**
66.249.73.5 - - [14/Apr/2026:08:50:08 -0700] "GET /?w=36370303276 HTTP/1.1" 404 11349 "-" "Mozilla/5.0 (Linux; Android 6.0.1; Nexus 5X Build/MMB29P) AppleWebKit/537.36 (KHTML, like Gecko) Chrome/146.0.7680.177 Mobile Safari/537.36 (compatible; Googlebot/2.1; +http://www.google.com/bot.html)" 391 **0/391800**
207.191.167.24 - - [14/Apr/2026:08:50:09 -0700] "GET /wp-login.php HTTP/1.1" 200 2856 "-" "Mozilla/5.0 (Windows NT 10.0; Win64; x64) AppleWebKit/537.36 (KHTML, like Gecko) Chrome/120.0.0.0 Safari/537.36" 367 **0/367699**
85.208.96.205 - - [14/Apr/2026:08:50:08 -0700] "GET /category/1win-login-718/ HTTP/1.1" 200 39580 "-" "Mozilla/5.0 (compatible; SemrushBot/7~bl; +http://www.semrush.com/bot.html)" 1201 **1/1201441**
185.153.197.91 - - [14/Apr/2026:08:50:11 -0700] "POST /xmlrpc.php HTTP/1.1" 200 180 "-" "Mozilla/5.0 (Windows NT 10.0; Win64; x64) AppleWebKit/537.36 (KHTML, like Gecko) Chrome/114.0.0.0 Safari/537.36" 978 **0/978090**
185.191.171.16 - - [14/Apr/2026:08:50:11 -0700] "GET /mostbet-online-169/mostbet-%E0%A6%85%E0%A7%8D%E0%A6%AF%E0%A6%BE%E0%A6%AA-181/ HTTP/1.1" 200 33123 "-" "Mozilla/5.0 (compatible; SemrushBot/7~bl; +http://www.semrush.com/bot.html)" 767 **0/767987**
208.109.41.231 - - [14/Apr/2026:08:50:13 -0700] "POST /wp-cron.php?doing_wp_cron=1776181812.9922161102294921875000 HTTP/1.1" 200 - "-" "WordPress/6.3.8; http://fuentesanza.es" 83 **0/83496**
207.191.167.24 - - [14/Apr/2026:08:50:12 -0700] "POST /wp-login.php HTTP/1.1" 302 - "http://fuentesanza.es/wp-login.php" "Mozilla/5.0 (Windows NT 10.0; Win64; x64) AppleWebKit/537.36 (KHTML, like Gecko) Chrome/120.0.0.0 Safari/537.36" 576 **0/576081**
207.191.167.24 - - [14/Apr/2026:08:50:13 -0700] "GET /wp-admin/ HTTP/1.1" 200 24035 "http://fuentesanza.es/wp-login.php" "Mozilla/5.0 (Windows NT 10.0; Win64; x64) AppleWebKit/537.36 (KHTML, like Gecko) Chrome/120.0.0.0 Safari/537.36" 868 **0/868483**
41.90.141.66 - - [14/Apr/2026:08:50:17 -0700] "GET /wp-admin/ HTTP/1.1" 200 24035 "-" "Mozilla/5.0 (Windows NT 10.0; Win64; x64) AppleWebKit/537.36 (KHTML, like Gecko) Chrome/120.0.0.0 Safari/537.36" 710 **0/710483**
185.153.197.91 - - [14/Apr/2026:08:50:18 -0700] "POST /xmlrpc.php HTTP/1.1" 200 9256 "-" "Mozilla/5.0 (Windows NT 10.0; Win64; x64) AppleWebKit/537.36 (KHTML, like Gecko) Chrome/114.0.0.0 Safari/537.36" 462 **0/462626**
41.90.141.66 - - [14/Apr/2026:08:50:19 -0700] "POST /xmlrpc.php HTTP/1.1" 200 256 "-" "WordPress/5.0; http://fuentesanza.es" 700 **0/700513**
185.153.197.91 - - [14/Apr/2026:08:50:19 -0700] "GET /uncategorized/lex-spielsaal-erfahrungen-auf-diesem-taschentelefon-computer-datenverarbeitungsanlage/ HTTP/1.1" 200 155591 "-" "Mozilla/5.0 (Windows NT 10.0; Win64; x64) AppleWebKit/537.36 (KHTML, like Gecko) Chrome/109.0.0.0 Safari/537.36" 924 **0/924243**
178.82.50.16 - - [14/Apr/2026:08:50:21 -0700] "GET /wp-admin/admin-ajax.php?action=rest-nonce HTTP/1.1" 200 10 "-" "Mozilla/5.0 (Windows NT 10.0; Win64; x64) AppleWebKit/537.36 (KHTML, like Gecko) Chrome/120.0.0.0 Safari/537.36" 232 **0/232307**
178.82.50.16 - - [14/Apr/2026:08:50:22 -0700] "POST /xmlrpc.php HTTP/1.1" 200 131 "-" "Mozilla/5.0 (Windows NT 10.0; Win64; x64) AppleWebKit/537.36 (KHTML, like Gecko) Chrome/120.0.0.0 Safari/537.36" 1053 **1/1053290**
208.109.41.231 - - [14/Apr/2026:08:50:25 -0700] "POST /wp-cron.php?doing_wp_cron=1776181825.2371840476989746093750 HTTP/1.1" 200 - "-" "WordPress/6.3.8; http://fuentesanza.es" 39 **0/39739**
71.91.43.81 - - [14/Apr/2026:08:50:24 -0700] "GET /?p=49171 HTTP/1.1" 301 - "-" "Mozilla/5.0 (Windows NT 10.0; Win64; x64) AppleWebKit/537.36 (KHTML, like Gecko) Chrome/120.0.0.0 Safari/537.36" 541 **0/541897**
71.91.43.81 - - [14/Apr/2026:08:50:25 -0700] "GET /uncategorized/oyun-tcrublrini-artirmaq-ucun-pinco-yukle-nec-etmli-16/ HTTP/1.1" 200 30923 "-" "Mozilla/5.0 (Windows NT 10.0; Win64; x64) AppleWebKit/537.36 (KHTML, like Gecko) Chrome/120.0.0.0 Safari/537.36" 2401 **2/2401807**
85.208.96.193 - - [14/Apr/2026:08:50:26 -0700] "GET /uncategorized/greatest-slots-in-the-us-finest-online-slots-games-and-1-deposit-rome-and-glory-you-can-web-sites-to-own-2025/ HTTP/1.1" 200 30572 "-" "Mozilla/5.0 (compatible; SemrushBot/7~bl; +http://www.semrush.com/bot.html)" 2055 **2/2055375**
71.91.43.81 - - [14/Apr/2026:08:50:30 -0700] "GET /?p=49171 HTTP/1.1" 301 - "-" "Mozilla/5.0 (Windows NT 10.0; Win64; x64) AppleWebKit/537.36 (KHTML, like Gecko) Chrome/120.0.0.0 Safari/537.36" 239 **0/239101**
71.91.43.81 - - [14/Apr/2026:08:50:31 -0700] "GET /uncategorized/oyun-tcrublrini-artirmaq-ucun-pinco-yukle-nec-etmli-16/ HTTP/1.1" 200 30923 "-" "Mozilla/5.0 (Windows NT 10.0; Win64; x64) AppleWebKit/537.36 (KHTML, like Gecko) Chrome/120.0.0.0 Safari/537.36" 548 **0/548218**
71.91.43.81 - - [14/Apr/2026:08:50:34 -0700] "GET /?p=49171 HTTP/1.1" 301 - "-" "Mozilla/5.0 (Windows NT 10.0; Win64; x64) AppleWebKit/537.36 (KHTML, like Gecko) Chrome/120.0.0.0 Safari/537.36" 291 **0/291266**
71.91.43.81 - - [14/Apr/2026:08:50:35 -0700] "GET /uncategorized/oyun-tcrublrini-artirmaq-ucun-pinco-yukle-nec-etmli-16/ HTTP/1.1" 200 30923 "-" "Mozilla/5.0 (Windows NT 10.0; Win64; x64) AppleWebKit/537.36 (KHTML, like Gecko) Chrome/120.0.0.0 Safari/537.36" 612 **0/612582**
71.91.43.81 - - [14/Apr/2026:08:50:36 -0700] "POST /wp-json/wp/v2/posts HTTP/1.1" 201 16475 "-" "Mozilla/5.0 (Windows NT 10.0; Win64; x64) AppleWebKit/537.36 (KHTML, like Gecko) Chrome/120.0.0.0 Safari/537.36" 891 **0/891608**
208.109.41.231 - - [14/Apr/2026:08:50:37 -0700] "POST /wp-cron.php?doing_wp_cron=1776181837.7515149116516113281250 HTTP/1.1" 200 - "-" "WordPress/6.3.8; http://fuentesanza.es" 32 **0/32376**
85.208.96.204 - - [14/Apr/2026:08:50:37 -0700] "GET /uncategorized/lucky-dreams-1-einzahlung-burning-hot-spielbank-freispiele-exklusive-einzahlung-2026/ HTTP/1.1" 200 31878 "-" "Mozilla/5.0 (compatible; SemrushBot/7~bl; +http://www.semrush.com/bot.html)" 1245 **1/1245824**
71.91.43.81 - - [14/Apr/2026:08:50:37 -0700] "GET /uncategorized/oyun-tcrublrini-artirmaq-ucun-pinco-yukle-nec-etmli-17/ HTTP/1.1" 200 31576 "-" "Mozilla/5.0 (Windows NT 10.0; Win64; x64) AppleWebKit/537.36 (KHTML, like Gecko) Chrome/120.0.0.0 Safari/537.36" 1176 **1/1176587**
114.119.135.207 - - [14/Apr/2026:08:50:40 -0700] "GET /uncategorized/sus-retro-reels-150-giros-gratis-particulares-jackpotcity-espana-indudablemente-indumentarias-estafa/ HTTP/1.1" 200 34651 "http://fuentesanza.es/uncategorized/january-20-dunder-20-totally-booming-games-games-free-spins-2023-no-deposit-2026/" "Mozilla/5.0 (Linux; Android 7.0;) AppleWebKit/537.36 (KHTML, like Gecko) Mobile Safari/537.36 (compatible; PetalBot;+https://webmaster.petalsearch.com/site/petalbot)" 517 **0/517383**
71.91.43.81 - - [14/Apr/2026:08:50:41 -0700] "GET /uncategorized/oyun-tcrublrini-artirmaq-ucun-pinco-yukle-nec-etmli-17/ HTTP/1.1" 200 31576 "-" "Mozilla/5.0 (Windows NT 10.0; Win64; x64) AppleWebKit/537.36 (KHTML, like Gecko) Chrome/120.0.0.0 Safari/537.36" 796 **0/796371**
142.44.228.143 - - [14/Apr/2026:08:50:42 -0700] "GET /uncategorized/dragon-shrine-totally-free-gamble-and-online-game-review-2026/ HTTP/1.1" 200 28539 "-" "Mozilla/5.0 (compatible; AhrefsBot/7.0; +http://ahrefs.com/robot/)" 772 **0/772524**
71.91.43.81 - - [14/Apr/2026:08:50:44 -0700] "GET /uncategorized/oyun-tcrublrini-artirmaq-ucun-pinco-yukle-nec-etmli-17/ HTTP/1.1" 200 31576 "-" "Mozilla/5.0 (Windows NT 10.0; Win64; x64) AppleWebKit/537.36 (KHTML, like Gecko) Chrome/120.0.0.0 Safari/537.36" 831 **0/831855**
71.91.43.81 - - [14/Apr/2026:08:50:46 -0700] "POST /wp-json/wp/v2/posts HTTP/1.1" 201 16475 "-" "Mozilla/5.0 (Windows NT 10.0; Win64; x64) AppleWebKit/537.36 (KHTML, like Gecko) Chrome/120.0.0.0 Safari/537.36" 1394 **1/1394511**
208.109.41.231 - - [14/Apr/2026:08:50:48 -0700] "POST /wp-cron.php?doing_wp_cron=1776181848.3931279182434082031250 HTTP/1.1" 200 - "-" "WordPress/6.3.8; http://fuentesanza.es" 30 **0/30072**
71.91.43.81 - - [14/Apr/2026:08:50:48 -0700] "GET /uncategorized/oyun-tcrublrini-artirmaq-ucun-pinco-yukle-nec-etmli-18/ HTTP/1.1" 200 31576 "-" "Mozilla/5.0 (Windows NT 10.0; Win64; x64) AppleWebKit/537.36 (KHTML, like Gecko) Chrome/120.0.0.0 Safari/537.36" 908 **0/908269**
71.91.43.81 - - [14/Apr/2026:08:50:52 -0700] "GET /uncategorized/oyun-tcrublrini-artirmaq-ucun-pinco-yukle-nec-etmli-18/ HTTP/1.1" 200 31576 "-" "Mozilla/5.0 (Windows NT 10.0; Win64; x64) AppleWebKit/537.36 (KHTML, like Gecko) Chrome/120.0.0.0 Safari/537.36" 626 **0/626305**
71.91.43.81 - - [14/Apr/2026:08:50:55 -0700] "GET /uncategorized/oyun-tcrublrini-artirmaq-ucun-pinco-yukle-nec-etmli-18/ HTTP/1.1" 200 31576 "-" "Mozilla/5.0 (Windows NT 10.0; Win64; x64) AppleWebKit/537.36 (KHTML, like Gecko) Chrome/120.0.0.0 Safari/537.36" 507 **0/507490**
71.91.43.81 - - [14/Apr/2026:08:50:56 -0700] "GET /wp-admin/post-new.php HTTP/1.1" 200 102174 "-" "Mozilla/5.0 (Windows NT 10.0; Win64; x64) AppleWebKit/537.36 (KHTML, like Gecko) Chrome/120.0.0.0 Safari/537.36" 445 **0/445596**
71.91.43.81 - - [14/Apr/2026:08:50:57 -0700] "POST /wp-admin/post.php HTTP/1.1" 302 - "-" "Mozilla/5.0 (Windows NT 10.0; Win64; x64) AppleWebKit/537.36 (KHTML, like Gecko) Chrome/120.0.0.0 Safari/537.36" 1356 **1/1356942**
208.109.41.231 - - [14/Apr/2026:08:50:59 -0700] "POST /wp-cron.php?doing_wp_cron=1776181859.4688920974731445312500 HTTP/1.1" 200 - "-" "WordPress/6.3.8; http://fuentesanza.es" 39 **0/39998**
71.91.43.81 - - [14/Apr/2026:08:50:59 -0700] "GET /wp-admin/post.php?post=49175&action=edit&message=1 HTTP/1.1" 200 104637 "-" "Mozilla/5.0 (Windows NT 10.0; Win64; x64) AppleWebKit/537.36 (KHTML, like Gecko) Chrome/120.0.0.0 Safari/537.36" 513 **0/513033**
81.98.129.65 - - [14/Apr/2026:08:51:01 -0700] "GET /?p=49175 HTTP/1.1" 301 - "-" "Mozilla/5.0 (Windows NT 10.0; Win64; x64) AppleWebKit/537.36 (KHTML, like Gecko) Chrome/120.0.0.0 Safari/537.36" 307 **0/307576**
81.98.129.65 - - [14/Apr/2026:08:51:01 -0700] "GET /uncategorized/oyun-tcrublrini-artirmaq-ucun-pinco-yukle-nec-etmli-19/ HTTP/1.1" 200 31283 "-" "Mozilla/5.0 (Windows NT 10.0; Win64; x64) AppleWebKit/537.36 (KHTML, like Gecko) Chrome/120.0.0.0 Safari/537.36" 916 **0/916693**
85.208.96.198 - - [14/Apr/2026:08:51:04 -0700] "GET /uncategorized/like-to-see-a-map-of-all-of-the-wisconsin-casinos/ HTTP/1.1" 200 29322 "-" "Mozilla/5.0 (compatible; SemrushBot/7~bl; +http://www.semrush.com/bot.html)" 726 **0/726555**
81.98.129.65 - - [14/Apr/2026:08:51:05 -0700] "GET /?p=49175 HTTP/1.1" 301 - "-" "Mozilla/5.0 (Windows NT 10.0; Win64; x64) AppleWebKit/537.36 (KHTML, like Gecko) Chrome/120.0.0.0 Safari/537.36" 217 **0/217711**
81.98.129.65 - - [14/Apr/2026:08:51:06 -0700] "GET /uncategorized/oyun-tcrublrini-artirmaq-ucun-pinco-yukle-nec-etmli-19/ HTTP/1.1" 200 31283 "-" "Mozilla/5.0 (Windows NT 10.0; Win64; x64) AppleWebKit/537.36 (KHTML, like Gecko) Chrome/120.0.0.0 Safari/537.36" 627 **0/627892**
81.98.129.65 - - [14/Apr/2026:08:51:09 -0700] "GET /?p=49175 HTTP/1.1" 301 - "-" "Mozilla/5.0 (Windows NT 10.0; Win64; x64) AppleWebKit/537.36 (KHTML, like Gecko) Chrome/120.0.0.0 Safari/537.36" 205 **0/205978**
81.98.129.65 - - [14/Apr/2026:08:51:10 -0700] "GET /uncategorized/oyun-tcrublrini-artirmaq-ucun-pinco-yukle-nec-etmli-19/ HTTP/1.1" 200 31283 "-" "Mozilla/5.0 (Windows NT 10.0; Win64; x64) AppleWebKit/537.36 (KHTML, like Gecko) Chrome/120.0.0.0 Safari/537.36" 768 **0/768257**
185.156.47.9 - - [14/Apr/2026:08:51:26 -0700] "POST /xmlrpc.php HTTP/1.1" 200 180 "-" "Mozilla/5.0 (Windows NT 10.0; Win64; x64) AppleWebKit/537.36 (KHTML, like Gecko) Chrome/114.0.0.0 Safari/537.36" 1045 **1/1045806**
66.249.73.5 - - [14/Apr/2026:08:51:24 -0700] "GET /?s=10106224180 HTTP/1.1" 200 24103 "-" "Mozilla/5.0 (Linux; Android 6.0.1; Nexus 5X Build/MMB29P) AppleWebKit/537.36 (KHTML, like Gecko) Chrome/146.0.7680.177 Mobile Safari/537.36 (compatible; Googlebot/2.1; +http://www.google.com/bot.html)" 4037 **4/4037641**
208.109.41.231 - - [14/Apr/2026:08:51:32 -0700] "POST /wp-cron.php?doing_wp_cron=1776181892.8804221153259277343750 HTTP/1.1" 200 - "-" "WordPress/6.3.8; http://fuentesanza.es" 79 **0/79090**
185.156.47.9 - - [14/Apr/2026:08:51:32 -0700] "POST /xmlrpc.php HTTP/1.1" 200 17041 "-" "Mozilla/5.0 (Windows NT 10.0; Win64; x64) AppleWebKit/537.36 (KHTML, like Gecko) Chrome/114.0.0.0 Safari/537.36" 806 **0/806811**
185.156.47.9 - - [14/Apr/2026:08:51:33 -0700] "GET /uncategorized/kak-udalit-pustuyu-stranitsu-v-vorde-podrobnoe-rukovodstvo-gorodskoy-portal-goroda-chelyabinska/ HTTP/1.1" 200 163583 "-" "Mozilla/5.0 (Windows NT 10.0; Win64; x64) AppleWebKit/537.36 (KHTML, like Gecko) Chrome/124.0.0.0 Safari/537.36" 786 **0/786714**
85.208.96.193 - - [14/Apr/2026:08:51:37 -0700] "GET /uncategorized/five-hundred-casino-spinzilla-totally-free-revolves-no-deposit-southern-area-africa-march-2026/ HTTP/1.1" 200 31843 "-" "Mozilla/5.0 (compatible; SemrushBot/7~bl; +http://www.semrush.com/bot.html)" 523 **0/523264**
66.249.73.5 - - [14/Apr/2026:08:51:32 -0700] "GET /?s=10106123806 HTTP/1.1" 200 24100 "-" "Mozilla/5.0 (Linux; Android 6.0.1; Nexus 5X Build/MMB29P) AppleWebKit/537.36 (KHTML, like Gecko) Chrome/146.0.7680.177 Mobile Safari/537.36 (compatible; Googlebot/2.1; +http://www.google.com/bot.html)" 5488 **5/5488017**
213.175.208.27 - - [14/Apr/2026:08:51:39 -0700] "HEAD /uncategorized/bonusy-1xbet-pri-registratsii-i-na-pervyy-depozit-aktsii-bukmekerskoy-kontory-1khbet/ HTTP/1.1" 200 - "-" "WordPress/6.9.4; https://www.myuniformshop.co.uk" 189 **0/189735**
43.157.156.190 - - [14/Apr/2026:08:51:40 -0700] "GET /wp-json/wp/v2/pages/27328 HTTP/1.1" 200 14123 "-" "Mozilla/5.0 (iPhone; CPU iPhone OS 13_2_3 like Mac OS X) AppleWebKit/605.1.15 (KHTML, like Gecko) Version/13.0.3 Mobile/15E148 Safari/604.1" 225 **0/225655**
85.208.96.210 - - [14/Apr/2026:08:51:46 -0700] "GET /1win-sign-up-419/1win-sign-up-807/ HTTP/1.1" 200 33923 "-" "Mozilla/5.0 (compatible; SemrushBot/7~bl; +http://www.semrush.com/bot.html)" 474 **0/474683**
213.175.208.27 - - [14/Apr/2026:08:51:39 -0700] "POST /xmlrpc.php HTTP/1.1" 200 148 "-" "The Incutio XML-RPC PHP Library -- WordPress/6.9.4" 11244 **11/11244612**
185.191.171.8 - - [14/Apr/2026:08:51:55 -0700] "GET /1win-sn-990/1win-senegal-270/ HTTP/1.1" 200 33740 "-" "Mozilla/5.0 (compatible; SemrushBot/7~bl; +http://www.semrush.com/bot.html)" 453 **0/453676**
185.153.197.91 - - [14/Apr/2026:08:51:56 -0700] "POST /xmlrpc.php HTTP/1.1" 200 180 "-" "Mozilla/5.0 (Windows NT 10.0; Win64; x64) AppleWebKit/537.36 (KHTML, like Gecko) Chrome/114.0.0.0 Safari/537.36" 572 **0/572879**
208.109.41.231 - - [14/Apr/2026:08:52:01 -0700] "POST /wp-cron.php?doing_wp_cron=1776181921.7282791137695312500000 HTTP/1.1" 200 - "-" "WordPress/6.3.8; http://fuentesanza.es" 39 **0/39641**
216.244.66.241 - - [14/Apr/2026:08:52:01 -0700] "GET /category/winspark-login-682/ HTTP/1.1" 200 182639 "-" "Mozilla/5.0 (compatible; DotBot/1.2; +https://opensiteexplorer.org/dotbot; help@moz.com)" 910 **0/910093**
