176.222.60.129 - - [14/Apr/2026:12:49:10 -0700] "GET /uncategorized/hdth-sdr-mn-tnzyl-brnmj-1xbet-wm-yqdmh-llmstkhdmyn-7/ HTTP/1.1" 200 32281 "-" "Mozilla/5.0 (Windows NT 10.0; Win64; x64) AppleWebKit/537.36 (KHTML, like Gecko) Chrome/120.0.0.0 Safari/537.36" 470 **0/470144**
185.191.171.11 - - [14/Apr/2026:12:49:13 -0700] "GET /uncategorized/free-ports-no-down-load-gamble-on-the-internet-position-game-enjoyment/ HTTP/1.1" 200 31601 "-" "Mozilla/5.0 (compatible; SemrushBot/7~bl; +http://www.semrush.com/bot.html)" 457 **0/457750**
176.222.60.129 - - [14/Apr/2026:12:49:13 -0700] "GET /uncategorized/hdth-sdr-mn-tnzyl-brnmj-1xbet-wm-yqdmh-llmstkhdmyn-7/ HTTP/1.1" 200 32281 "-" "Mozilla/5.0 (Windows NT 10.0; Win64; x64) AppleWebKit/537.36 (KHTML, like Gecko) Chrome/120.0.0.0 Safari/537.36" 488 **0/488471**
176.222.60.129 - - [14/Apr/2026:12:49:15 -0700] "GET /wp-admin/post-new.php HTTP/1.1" 200 102175 "-" "Mozilla/5.0 (Windows NT 10.0; Win64; x64) AppleWebKit/537.36 (KHTML, like Gecko) Chrome/120.0.0.0 Safari/537.36" 610 **0/610723**
66.249.73.4 - - [14/Apr/2026:12:49:17 -0700] "GET /?y=4529013944 HTTP/1.1" 200 45367 "-" "Mozilla/5.0 (Linux; Android 6.0.1; Nexus 5X Build/MMB29P) AppleWebKit/537.36 (KHTML, like Gecko) Chrome/146.0.7680.177 Mobile Safari/537.36 (compatible; Googlebot/2.1; +http://www.google.com/bot.html)" 474 **0/474259**
85.208.96.202 - - [14/Apr/2026:12:49:18 -0700] "GET /uncategorized/100-freispiele-abzuglich-einzahlung-casino-liste-2026/ HTTP/1.1" 200 30560 "-" "Mozilla/5.0 (compatible; SemrushBot/7~bl; +http://www.semrush.com/bot.html)" 409 **0/409928**
176.222.60.129 - - [14/Apr/2026:12:49:19 -0700] "POST /wp-admin/post.php HTTP/1.1" 302 - "-" "Mozilla/5.0 (Windows NT 10.0; Win64; x64) AppleWebKit/537.36 (KHTML, like Gecko) Chrome/120.0.0.0 Safari/537.36" 1301 **1/1301093**
208.109.41.231 - - [14/Apr/2026:12:49:21 -0700] "POST /wp-cron.php?doing_wp_cron=1776196161.8796761035919189453125 HTTP/1.1" 200 - "-" "WordPress/6.3.8; http://fuentesanza.es" 23 **0/23989**
176.222.60.129 - - [14/Apr/2026:12:49:21 -0700] "GET /wp-admin/post.php?post=49772&action=edit&message=1 HTTP/1.1" 200 106041 "-" "Mozilla/5.0 (Windows NT 10.0; Win64; x64) AppleWebKit/537.36 (KHTML, like Gecko) Chrome/120.0.0.0 Safari/537.36" 516 **0/516718**
84.40.218.133 - - [14/Apr/2026:12:49:23 -0700] "GET /?p=49772 HTTP/1.1" 301 - "-" "Mozilla/5.0 (Windows NT 10.0; Win64; x64) AppleWebKit/537.36 (KHTML, like Gecko) Chrome/120.0.0.0 Safari/537.36" 153 **0/153548**
84.40.218.133 - - [14/Apr/2026:12:49:24 -0700] "GET /uncategorized/hdth-sdr-mn-tnzyl-brnmj-1xbet-wm-yqdmh-llmstkhdmyn-8/ HTTP/1.1" 200 32045 "-" "Mozilla/5.0 (Windows NT 10.0; Win64; x64) AppleWebKit/537.36 (KHTML, like Gecko) Chrome/120.0.0.0 Safari/537.36" 555 **0/555458**
84.40.218.133 - - [14/Apr/2026:12:49:27 -0700] "GET /?p=49772 HTTP/1.1" 301 - "-" "Mozilla/5.0 (Windows NT 10.0; Win64; x64) AppleWebKit/537.36 (KHTML, like Gecko) Chrome/120.0.0.0 Safari/537.36" 147 **0/147728**
84.40.218.133 - - [14/Apr/2026:12:49:28 -0700] "GET /uncategorized/hdth-sdr-mn-tnzyl-brnmj-1xbet-wm-yqdmh-llmstkhdmyn-8/ HTTP/1.1" 200 32045 "-" "Mozilla/5.0 (Windows NT 10.0; Win64; x64) AppleWebKit/537.36 (KHTML, like Gecko) Chrome/120.0.0.0 Safari/537.36" 262 **0/262529**
47.128.25.214 - - [14/Apr/2026:12:49:28 -0700] "GET /chicken-road-demo-365/chicken-road-gambling-game-634/ HTTP/1.1" 403 170425 "-" "Mozilla/5.0 (Linux; Android 5.0) AppleWebKit/537.36 (KHTML, like Gecko) Mobile Safari/537.36 (compatible; Bytespider; spider-feedback@bytedance.com)" 408 **0/408757**
47.128.25.214 - - [14/Apr/2026:12:49:29 -0700] "GET /wp-includes/css/dist/block-library/style.min.css?ver=6.3.8 HTTP/1.1" 404 50331 "http://fuentesanza.es/chicken-road-demo-365/chicken-road-gambling-game-634/" "Mozilla/5.0 (Linux; Android 5.0) AppleWebKit/537.36 (KHTML, like Gecko) Mobile Safari/537.36 (compatible; Bytespider; spider-feedback@bytedance.com)" 215 **0/215560**
47.128.25.214 - - [14/Apr/2026:12:49:29 -0700] "GET /wp-content/themes/twentytwelve/fonts/font-open-sans.css?ver=20230328 HTTP/1.1" 404 50331 "http://fuentesanza.es/chicken-road-demo-365/chicken-road-gambling-game-634/" "Mozilla/5.0 (Linux; Android 5.0) AppleWebKit/537.36 (KHTML, like Gecko) Mobile Safari/537.36 (compatible; Bytespider; spider-feedback@bytedance.com)" 519 **0/519565**
47.128.25.214 - - [14/Apr/2026:12:49:29 -0700] "GET /wp-content/themes/twentytwelve/style.css?ver=20230808 HTTP/1.1" 404 50331 "http://fuentesanza.es/chicken-road-demo-365/chicken-road-gambling-game-634/" "Mozilla/5.0 (Linux; Android 5.0) AppleWebKit/537.36 (KHTML, like Gecko) Mobile Safari/537.36 (compatible; Bytespider; spider-feedback@bytedance.com)" 591 **0/591846**
47.128.25.214 - - [14/Apr/2026:12:49:29 -0700] "GET /wp-content/themes/twentytwelve/css/blocks.css?ver=20230213 HTTP/1.1" 404 50331 "http://fuentesanza.es/chicken-road-demo-365/chicken-road-gambling-game-634/" "Mozilla/5.0 (Linux; Android 5.0) AppleWebKit/537.36 (KHTML, like Gecko) Mobile Safari/537.36 (compatible; Bytespider; spider-feedback@bytedance.com)" 551 **0/551597**
84.40.218.133 - - [14/Apr/2026:12:49:31 -0700] "GET /?p=49772 HTTP/1.1" 301 - "-" "Mozilla/5.0 (Windows NT 10.0; Win64; x64) AppleWebKit/537.36 (KHTML, like Gecko) Chrome/120.0.0.0 Safari/537.36" 167 **0/167503**
185.153.197.91 - - [14/Apr/2026:12:49:31 -0700] "POST /xmlrpc.php HTTP/1.1" 200 180 "-" "Mozilla/5.0 (Windows NT 10.0; Win64; x64) AppleWebKit/537.36 (KHTML, like Gecko) Chrome/114.0.0.0 Safari/537.36" 481 **0/481138**
84.40.218.133 - - [14/Apr/2026:12:49:32 -0700] "GET /uncategorized/hdth-sdr-mn-tnzyl-brnmj-1xbet-wm-yqdmh-llmstkhdmyn-8/ HTTP/1.1" 200 32008 "-" "Mozilla/5.0 (Windows NT 10.0; Win64; x64) AppleWebKit/537.36 (KHTML, like Gecko) Chrome/120.0.0.0 Safari/537.36" 473 **0/473225**
208.109.41.231 - - [14/Apr/2026:12:49:34 -0700] "POST /wp-cron.php?doing_wp_cron=1776196174.2687170505523681640625 HTTP/1.1" 200 - "-" "WordPress/6.3.8; http://fuentesanza.es" 22 **0/22488**
177.231.25.49 - - [14/Apr/2026:12:49:34 -0700] "GET / HTTP/1.1" 200 47879 "-" "Mozilla/5.0 (Windows NT 10.0; Win64; x64) AppleWebKit/537.36 (KHTML, like Gecko) Chrome/120.0.0.0 Safari/537.36" 442 **0/442358**
114.119.130.109 - - [14/Apr/2026:12:49:35 -0700] "GET /uncategorized/verbunden-spielsaal-echtgeld-unser-besten-echtgeld-casinos/ HTTP/1.1" 200 32671 "http://fuentesanza.es/uncategorized/kasyno-1-golden-ticket-internetowego-kiedy-wyselekcjonowac-rzetelna-platforme-do-zabawy/" "Mozilla/5.0 (Linux; Android 7.0;) AppleWebKit/537.36 (KHTML, like Gecko) Mobile Safari/537.36 (compatible; PetalBot;+https://webmaster.petalsearch.com/site/petalbot)" 409 **0/409963**
38.41.192.61 - - [14/Apr/2026:12:49:36 -0700] "GET /wp-login.php HTTP/1.1" 200 2856 "-" "Mozilla/5.0 (Windows NT 10.0; Win64; x64) AppleWebKit/537.36 (KHTML, like Gecko) Chrome/120.0.0.0 Safari/537.36" 129 **0/129462**
38.41.192.61 - - [14/Apr/2026:12:49:36 -0700] "POST /wp-login.php HTTP/1.1" 302 - "http://fuentesanza.es/wp-login.php" "Mozilla/5.0 (Windows NT 10.0; Win64; x64) AppleWebKit/537.36 (KHTML, like Gecko) Chrome/120.0.0.0 Safari/537.36" 203 **0/203285**
17.241.75.4 - - [14/Apr/2026:12:49:37 -0700] "GET /tag/1win-casino/page/3/ HTTP/1.1" 200 74162 "-" "Mozilla/5.0 (Macintosh; Intel Mac OS X 10_15_7) AppleWebKit/605.1.15 (KHTML, like Gecko) Version/17.4 Safari/605.1.15 (Applebot/0.1; +http://www.apple.com/go/applebot)" 436 **0/436759**
38.41.192.61 - - [14/Apr/2026:12:49:37 -0700] "GET /wp-admin/ HTTP/1.1" 200 24399 "http://fuentesanza.es/wp-login.php" "Mozilla/5.0 (Windows NT 10.0; Win64; x64) AppleWebKit/537.36 (KHTML, like Gecko) Chrome/120.0.0.0 Safari/537.36" 253 **0/253998**
185.153.197.91 - - [14/Apr/2026:12:49:37 -0700] "POST /xmlrpc.php HTTP/1.1" 200 8595 "-" "Mozilla/5.0 (Windows NT 10.0; Win64; x64) AppleWebKit/537.36 (KHTML, like Gecko) Chrome/114.0.0.0 Safari/537.36" 382 **0/382423**
185.153.197.91 - - [14/Apr/2026:12:49:38 -0700] "GET /uncategorized/that-simple-but-crucial-area-vave-cannot-make-you-exchange-so-you-can-web-site-token/ HTTP/1.1" 200 155504 "-" "Mozilla/5.0 (Windows NT 10.0; Win64; x64; rv:124.0) Gecko/20100101 Firefox/124.0" 316 **0/316192**
177.72.109.68 - - [14/Apr/2026:12:49:39 -0700] "GET /wp-admin/ HTTP/1.1" 200 24401 "-" "Mozilla/5.0 (Windows NT 10.0; Win64; x64) AppleWebKit/537.36 (KHTML, like Gecko) Chrome/120.0.0.0 Safari/537.36" 283 **0/283047**
177.72.109.68 - - [14/Apr/2026:12:49:40 -0700] "POST /xmlrpc.php HTTP/1.1" 200 256 "-" "WordPress/5.0; http://fuentesanza.es" 184 **0/184260**
35.150.221.37 - - [14/Apr/2026:12:49:42 -0700] "GET /wp-admin/admin-ajax.php?action=rest-nonce HTTP/1.1" 200 10 "-" "Mozilla/5.0 (Windows NT 10.0; Win64; x64) AppleWebKit/537.36 (KHTML, like Gecko) Chrome/120.0.0.0 Safari/537.36" 211 **0/211854**
35.150.221.37 - - [14/Apr/2026:12:49:42 -0700] "POST /xmlrpc.php HTTP/1.1" 200 131 "-" "Mozilla/5.0 (Windows NT 10.0; Win64; x64) AppleWebKit/537.36 (KHTML, like Gecko) Chrome/120.0.0.0 Safari/537.36" 658 **0/658781**
208.109.41.231 - - [14/Apr/2026:12:49:46 -0700] "POST /wp-cron.php?doing_wp_cron=1776196186.4491779804229736328125 HTTP/1.1" 200 - "-" "WordPress/6.3.8; http://fuentesanza.es" 24 **0/24658**
185.24.60.116 - - [14/Apr/2026:12:49:46 -0700] "GET /?p=49776 HTTP/1.1" 301 - "-" "Mozilla/5.0 (Windows NT 10.0; Win64; x64) AppleWebKit/537.36 (KHTML, like Gecko) Chrome/120.0.0.0 Safari/537.36" 293 **0/293033**
185.24.60.116 - - [14/Apr/2026:12:49:47 -0700] "GET /uncategorized/hdth-sdr-mn-tnzyl-brnmj-1xbet-wm-yqdmh-llmstkhdmyn-9/ HTTP/1.1" 200 31495 "-" "Mozilla/5.0 (Windows NT 10.0; Win64; x64) AppleWebKit/537.36 (KHTML, like Gecko) Chrome/120.0.0.0 Safari/537.36" 515 **0/515040**
185.24.60.116 - - [14/Apr/2026:12:49:51 -0700] "GET /?p=49776 HTTP/1.1" 301 - "-" "Mozilla/5.0 (Windows NT 10.0; Win64; x64) AppleWebKit/537.36 (KHTML, like Gecko) Chrome/120.0.0.0 Safari/537.36" 161 **0/161427**
185.24.60.116 - - [14/Apr/2026:12:49:51 -0700] "GET /uncategorized/hdth-sdr-mn-tnzyl-brnmj-1xbet-wm-yqdmh-llmstkhdmyn-9/ HTTP/1.1" 200 31495 "-" "Mozilla/5.0 (Windows NT 10.0; Win64; x64) AppleWebKit/537.36 (KHTML, like Gecko) Chrome/120.0.0.0 Safari/537.36" 374 **0/374662**
185.24.60.116 - - [14/Apr/2026:12:49:55 -0700] "GET /?p=49776 HTTP/1.1" 301 - "-" "Mozilla/5.0 (Windows NT 10.0; Win64; x64) AppleWebKit/537.36 (KHTML, like Gecko) Chrome/120.0.0.0 Safari/537.36" 194 **0/194995**
185.24.60.116 - - [14/Apr/2026:12:49:56 -0700] "GET /uncategorized/hdth-sdr-mn-tnzyl-brnmj-1xbet-wm-yqdmh-llmstkhdmyn-9/ HTTP/1.1" 200 31495 "-" "Mozilla/5.0 (Windows NT 10.0; Win64; x64) AppleWebKit/537.36 (KHTML, like Gecko) Chrome/120.0.0.0 Safari/537.36" 527 **0/527173**
17.246.19.97 - - [14/Apr/2026:12:49:57 -0700] "GET /10-641286-links-mix-casino-6-se-1-done/jamfor-alla-onlinecasinon-284/ HTTP/1.1" 200 182064 "-" "Mozilla/5.0 (Macintosh; Intel Mac OS X 10_15_7) AppleWebKit/605.1.15 (KHTML, like Gecko) Version/17.4 Safari/605.1.15 (Applebot/0.1; +http://www.apple.com/go/applebot)" 681 **0/681407**
185.24.60.116 - - [14/Apr/2026:12:49:58 -0700] "POST /wp-json/wp/v2/posts HTTP/1.1" 201 37519 "-" "Mozilla/5.0 (Windows NT 10.0; Win64; x64) AppleWebKit/537.36 (KHTML, like Gecko) Chrome/120.0.0.0 Safari/537.36" 1004 **1/1004811**
208.109.41.231 - - [14/Apr/2026:12:49:59 -0700] "POST /wp-cron.php?doing_wp_cron=1776196199.6999189853668212890625 HTTP/1.1" 200 - "-" "WordPress/6.3.8; http://fuentesanza.es" 30 **0/30940**
137.184.192.18 - - [14/Apr/2026:12:49:59 -0700] "GET /wp-admin/admin-ajax.php?action=rest-nonce HTTP/1.1" 400 1 "-" "Mozilla/5.0 (X11; Linux x86_64) AppleWebKit/537.36 (KHTML, like Gecko) Chrome/55.0.2883.87 Safari/537.36" 218 **0/218731**
185.24.60.116 - - [14/Apr/2026:12:50:00 -0700] "GET /uncategorized/hdth-sdr-mn-tnzyl-brnmj-1xbet-wm-yqdmh-llmstkhdmyn-10/ HTTP/1.1" 200 32156 "-" "Mozilla/5.0 (Windows NT 10.0; Win64; x64) AppleWebKit/537.36 (KHTML, like Gecko) Chrome/120.0.0.0 Safari/537.36" 1286 **1/1286433**
185.24.60.116 - - [14/Apr/2026:12:50:04 -0700] "GET /uncategorized/hdth-sdr-mn-tnzyl-brnmj-1xbet-wm-yqdmh-llmstkhdmyn-10/ HTTP/1.1" 200 32156 "-" "Mozilla/5.0 (Windows NT 10.0; Win64; x64) AppleWebKit/537.36 (KHTML, like Gecko) Chrome/120.0.0.0 Safari/537.36" 1390 **1/1390040**
66.249.73.6 - - [14/Apr/2026:12:50:08 -0700] "GET /uncategorized/machines-a-sous-gratuites-jeux-sans-telechargement/ HTTP/1.1" 200 28084 "-" "Mozilla/5.0 (Linux; Android 6.0.1; Nexus 5X Build/MMB29P) AppleWebKit/537.36 (KHTML, like Gecko) Chrome/146.0.7680.177 Mobile Safari/537.36 (compatible; Googlebot/2.1; +http://www.google.com/bot.html)" 1220 **1/1220772**
66.249.73.6 - - [14/Apr/2026:12:50:08 -0700] "GET /uncategorized/meilleurs-casinos-en-ligne-lgaux-en-france/ HTTP/1.1" 200 29242 "-" "Mozilla/5.0 (Linux; Android 6.0.1; Nexus 5X Build/MMB29P) AppleWebKit/537.36 (KHTML, like Gecko) Chrome/146.0.7680.177 Mobile Safari/537.36 (compatible; Googlebot/2.1; +http://www.google.com/bot.html)" 1331 **1/1331021**
66.249.73.4 - - [14/Apr/2026:12:50:08 -0700] "GET /uncategorized/casino-en-ligne-lgal-en-france-liste-des-sites-agrs-anj/ HTTP/1.1" 200 28231 "-" "Mozilla/5.0 (Linux; Android 6.0.1; Nexus 5X Build/MMB29P) AppleWebKit/537.36 (KHTML, like Gecko) Chrome/146.0.7680.177 Mobile Safari/537.36 (compatible; Googlebot/2.1; +http://www.google.com/bot.html)" 1671 **1/1671036**
66.249.73.6 - - [14/Apr/2026:12:50:08 -0700] "GET /uncategorized/midi-invariable/ HTTP/1.1" 200 27397 "-" "Mozilla/5.0 (Linux; Android 6.0.1; Nexus 5X Build/MMB29P) AppleWebKit/537.36 (KHTML, like Gecko) Chrome/146.0.7680.177 Mobile Safari/537.36 (compatible; Googlebot/2.1; +http://www.google.com/bot.html)" 2028 **2/2028589**
66.249.73.5 - - [14/Apr/2026:12:50:08 -0700] "GET /uncategorized/machine-a-sous-rising-fortunes-jin-ji-bao-xi-jouer-gratuitement/ HTTP/1.1" 200 28299 "-" "Mozilla/5.0 (Linux; Android 6.0.1; Nexus 5X Build/MMB29P) AppleWebKit/537.36 (KHTML, like Gecko) Chrome/146.0.7680.177 Mobile Safari/537.36 (compatible; Googlebot/2.1; +http://www.google.com/bot.html)" 1939 **1/1939981**
185.24.60.116 - - [14/Apr/2026:12:50:09 -0700] "GET /uncategorized/hdth-sdr-mn-tnzyl-brnmj-1xbet-wm-yqdmh-llmstkhdmyn-10/ HTTP/1.1" 200 32156 "-" "Mozilla/5.0 (Windows NT 10.0; Win64; x64) AppleWebKit/537.36 (KHTML, like Gecko) Chrome/120.0.0.0 Safari/537.36" 1433 **1/1433932**
66.249.73.5 - - [14/Apr/2026:12:50:09 -0700] "GET /uncategorized/top-online-casinos-france-2026-49-reviewed/ HTTP/1.1" 200 27499 "-" "Mozilla/5.0 (Linux; Android 6.0.1; Nexus 5X Build/MMB29P) AppleWebKit/537.36 (KHTML, like Gecko) Chrome/146.0.7680.177 Mobile Safari/537.36 (compatible; Googlebot/2.1; +http://www.google.com/bot.html)" 1558 **1/1558848**
66.249.73.4 - - [14/Apr/2026:12:50:09 -0700] "GET /uncategorized/les-meilleurs-casinos-en-ligne-francais-fiables-en-2025-2/ HTTP/1.1" 200 28247 "-" "Mozilla/5.0 (Linux; Android 6.0.1; Nexus 5X Build/MMB29P) AppleWebKit/537.36 (KHTML, like Gecko) Chrome/146.0.7680.177 Mobile Safari/537.36 (compatible; Googlebot/2.1; +http://www.google.com/bot.html)" 1357 **1/1357694**
185.24.60.116 - - [14/Apr/2026:12:50:11 -0700] "POST /wp-json/wp/v2/posts HTTP/1.1" 201 37519 "-" "Mozilla/5.0 (Windows NT 10.0; Win64; x64) AppleWebKit/537.36 (KHTML, like Gecko) Chrome/120.0.0.0 Safari/537.36" 1567 **1/1567288**
208.109.41.231 - - [14/Apr/2026:12:50:14 -0700] "POST /wp-cron.php?doing_wp_cron=1776196214.8562688827514648437500 HTTP/1.1" 200 - "-" "WordPress/6.3.8; http://fuentesanza.es" 53 **0/53408**
185.24.60.116 - - [14/Apr/2026:12:50:14 -0700] "GET /uncategorized/hdth-sdr-mn-tnzyl-brnmj-1xbet-wm-yqdmh-llmstkhdmyn-11/ HTTP/1.1" 200 32155 "-" "Mozilla/5.0 (Windows NT 10.0; Win64; x64) AppleWebKit/537.36 (KHTML, like Gecko) Chrome/120.0.0.0 Safari/537.36" 976 **0/976785**
185.153.197.91 - - [14/Apr/2026:12:50:17 -0700] "POST /xmlrpc.php HTTP/1.1" 200 180 "-" "Mozilla/5.0 (Windows NT 10.0; Win64; x64) AppleWebKit/537.36 (KHTML, like Gecko) Chrome/114.0.0.0 Safari/537.36" 1073 **1/1073763**
208.109.41.231 - - [14/Apr/2026:12:50:19 -0700] "POST /wp-cron.php?doing_wp_cron=1776196219.5712180137634277343750 HTTP/1.1" 200 - "-" "WordPress/6.3.8; http://fuentesanza.es" 41 **0/41286**
185.24.60.116 - - [14/Apr/2026:12:50:19 -0700] "GET /uncategorized/hdth-sdr-mn-tnzyl-brnmj-1xbet-wm-yqdmh-llmstkhdmyn-11/ HTTP/1.1" 200 32188 "-" "Mozilla/5.0 (Windows NT 10.0; Win64; x64) AppleWebKit/537.36 (KHTML, like Gecko) Chrome/120.0.0.0 Safari/537.36" 747 **0/747242**
185.153.197.91 - - [14/Apr/2026:12:50:23 -0700] "POST /xmlrpc.php HTTP/1.1" 200 8474 "-" "Mozilla/5.0 (Windows NT 10.0; Win64; x64) AppleWebKit/537.36 (KHTML, like Gecko) Chrome/114.0.0.0 Safari/537.36" 748 **0/748397**
185.24.60.116 - - [14/Apr/2026:12:50:23 -0700] "GET /uncategorized/hdth-sdr-mn-tnzyl-brnmj-1xbet-wm-yqdmh-llmstkhdmyn-11/ HTTP/1.1" 200 32188 "-" "Mozilla/5.0 (Windows NT 10.0; Win64; x64) AppleWebKit/537.36 (KHTML, like Gecko) Chrome/120.0.0.0 Safari/537.36" 1160 **1/1160988**
185.24.60.116 - - [14/Apr/2026:12:50:25 -0700] "GET /wp-admin/post-new.php HTTP/1.1" 200 102180 "-" "Mozilla/5.0 (Windows NT 10.0; Win64; x64) AppleWebKit/537.36 (KHTML, like Gecko) Chrome/120.0.0.0 Safari/537.36" 816 **0/816564**
185.153.197.91 - - [14/Apr/2026:12:50:27 -0700] "GET /uncategorized/at-most-modern-gambling-websites-cryptocurrency-is-among-the-top-payment-alternatives-that-provides-safer-swift-and-you-may-credible-purchases/ HTTP/1.1" 200 155789 "-" "Mozilla/5.0 (Windows NT 10.0; Win64; x64; rv:124.0) Gecko/20100101 Firefox/124.0" 1104 **1/1104477**
185.24.60.116 - - [14/Apr/2026:12:50:27 -0700] "POST /wp-admin/post.php HTTP/1.1" 302 - "-" "Mozilla/5.0 (Windows NT 10.0; Win64; x64) AppleWebKit/537.36 (KHTML, like Gecko) Chrome/120.0.0.0 Safari/537.36" 1470 **1/1470169**
208.109.41.231 - - [14/Apr/2026:12:50:30 -0700] "POST /wp-cron.php?doing_wp_cron=1776196230.8245320320129394531250 HTTP/1.1" 200 - "-" "WordPress/6.3.8; http://fuentesanza.es" 54 **0/54560**
185.24.60.116 - - [14/Apr/2026:12:50:30 -0700] "GET /wp-admin/post.php?post=49782&action=edit&message=1 HTTP/1.1" 200 106044 "-" "Mozilla/5.0 (Windows NT 10.0; Win64; x64) AppleWebKit/537.36 (KHTML, like Gecko) Chrome/120.0.0.0 Safari/537.36" 722 **0/722553**
77.77.16.222 - - [14/Apr/2026:12:50:32 -0700] "GET /?p=49782 HTTP/1.1" 301 - "-" "Mozilla/5.0 (Windows NT 10.0; Win64; x64) AppleWebKit/537.36 (KHTML, like Gecko) Chrome/120.0.0.0 Safari/537.36" 239 **0/239535**
77.77.16.222 - - [14/Apr/2026:12:50:33 -0700] "GET /uncategorized/hdth-sdr-mn-tnzyl-brnmj-1xbet-wm-yqdmh-llmstkhdmyn-12/ HTTP/1.1" 200 32029 "-" "Mozilla/5.0 (Windows NT 10.0; Win64; x64) AppleWebKit/537.36 (KHTML, like Gecko) Chrome/120.0.0.0 Safari/537.36" 796 **0/796733**
77.77.16.222 - - [14/Apr/2026:12:50:37 -0700] "GET /?p=49782 HTTP/1.1" 301 - "-" "Mozilla/5.0 (Windows NT 10.0; Win64; x64) AppleWebKit/537.36 (KHTML, like Gecko) Chrome/120.0.0.0 Safari/537.36" 371 **0/371031**
77.77.16.222 - - [14/Apr/2026:12:50:38 -0700] "GET /uncategorized/hdth-sdr-mn-tnzyl-brnmj-1xbet-wm-yqdmh-llmstkhdmyn-12/ HTTP/1.1" 200 32029 "-" "Mozilla/5.0 (Windows NT 10.0; Win64; x64) AppleWebKit/537.36 (KHTML, like Gecko) Chrome/120.0.0.0 Safari/537.36" 773 **0/773603**
77.77.16.222 - - [14/Apr/2026:12:50:42 -0700] "GET /?p=49782 HTTP/1.1" 301 - "-" "Mozilla/5.0 (Windows NT 10.0; Win64; x64) AppleWebKit/537.36 (KHTML, like Gecko) Chrome/120.0.0.0 Safari/537.36" 202 **0/202484**
77.77.16.222 - - [14/Apr/2026:12:50:42 -0700] "GET /uncategorized/hdth-sdr-mn-tnzyl-brnmj-1xbet-wm-yqdmh-llmstkhdmyn-12/ HTTP/1.1" 200 32029 "-" "Mozilla/5.0 (Windows NT 10.0; Win64; x64) AppleWebKit/537.36 (KHTML, like Gecko) Chrome/120.0.0.0 Safari/537.36" 521 **0/521587**
71.27.202.253 - - [14/Apr/2026:12:50:44 -0700] "GET / HTTP/1.1" 200 45482 "-" "Mozilla/5.0 (Windows NT 10.0; Win64; x64) AppleWebKit/537.36 (KHTML, like Gecko) Chrome/120.0.0.0 Safari/537.36" 502 **0/502564**
185.244.152.3 - - [14/Apr/2026:12:50:46 -0700] "GET /wp-login.php HTTP/1.1" 200 2856 "-" "Mozilla/5.0 (Windows NT 10.0; Win64; x64) AppleWebKit/537.36 (KHTML, like Gecko) Chrome/120.0.0.0 Safari/537.36" 166 **0/166949**
185.244.152.3 - - [14/Apr/2026:12:50:47 -0700] "POST /wp-login.php HTTP/1.1" 302 - "http://fuentesanza.es/wp-login.php" "Mozilla/5.0 (Windows NT 10.0; Win64; x64) AppleWebKit/537.36 (KHTML, like Gecko) Chrome/120.0.0.0 Safari/537.36" 155 **0/155373**
185.244.152.3 - - [14/Apr/2026:12:50:48 -0700] "GET /wp-admin/ HTTP/1.1" 200 24420 "http://fuentesanza.es/wp-login.php" "Mozilla/5.0 (Windows NT 10.0; Win64; x64) AppleWebKit/537.36 (KHTML, like Gecko) Chrome/120.0.0.0 Safari/537.36" 1111 **1/1111840**
186.71.201.243 - - [14/Apr/2026:12:50:50 -0700] "GET /wp-admin/ HTTP/1.1" 200 24420 "-" "Mozilla/5.0 (Windows NT 10.0; Win64; x64) AppleWebKit/537.36 (KHTML, like Gecko) Chrome/120.0.0.0 Safari/537.36" 483 **0/483666**
186.71.201.243 - - [14/Apr/2026:12:50:51 -0700] "POST /xmlrpc.php HTTP/1.1" 200 256 "-" "WordPress/5.0; http://fuentesanza.es" 252 **0/252381**
185.106.31.95 - - [14/Apr/2026:12:50:53 -0700] "GET /wp-admin/admin-ajax.php?action=rest-nonce HTTP/1.1" 200 10 "-" "Mozilla/5.0 (Windows NT 10.0; Win64; x64) AppleWebKit/537.36 (KHTML, like Gecko) Chrome/120.0.0.0 Safari/537.36" 181 **0/181985**
185.106.31.95 - - [14/Apr/2026:12:50:54 -0700] "POST /xmlrpc.php HTTP/1.1" 200 131 "-" "Mozilla/5.0 (Windows NT 10.0; Win64; x64) AppleWebKit/537.36 (KHTML, like Gecko) Chrome/120.0.0.0 Safari/537.36" 747 **0/747652**
208.109.41.231 - - [14/Apr/2026:12:50:57 -0700] "POST /wp-cron.php?doing_wp_cron=1776196257.9578530788421630859375 HTTP/1.1" 200 - "-" "WordPress/6.3.8; http://fuentesanza.es" 24 **0/24515**
212.194.65.61 - - [14/Apr/2026:12:50:57 -0700] "GET /?p=49784 HTTP/1.1" 301 - "-" "Mozilla/5.0 (Windows NT 10.0; Win64; x64) AppleWebKit/537.36 (KHTML, like Gecko) Chrome/120.0.0.0 Safari/537.36" 318 **0/318577**
212.194.65.61 - - [14/Apr/2026:12:50:58 -0700] "GET /uncategorized/hdth-sdr-mn-tnzyl-brnmj-1xbet-wm-yqdmh-llmstkhdmyn-13/ HTTP/1.1" 200 31516 "-" "Mozilla/5.0 (Windows NT 10.0; Win64; x64) AppleWebKit/537.36 (KHTML, like Gecko) Chrome/120.0.0.0 Safari/537.36" 777 **0/777744**
185.153.197.91 - - [14/Apr/2026:12:50:58 -0700] "POST /xmlrpc.php HTTP/1.1" 200 180 "-" "Mozilla/5.0 (Windows NT 10.0; Win64; x64) AppleWebKit/537.36 (KHTML, like Gecko) Chrome/114.0.0.0 Safari/537.36" 1003 **1/1003611**
208.109.41.231 - - [14/Apr/2026:12:51:00 -0700] "POST /wp-cron.php?doing_wp_cron=1776196260.6615459918975830078125 HTTP/1.1" 200 - "-" "WordPress/6.3.8; http://fuentesanza.es" 37 **0/37739**
54.39.203.142 - - [14/Apr/2026:12:51:00 -0700] "GET /uncategorized/real-money-online-casinos-finest-web-sites-for-5-deposit-casino-88-riches-2026/ HTTP/1.1" 200 28170 "-" "Mozilla/5.0 (compatible; AhrefsBot/7.0; +http://ahrefs.com/robot/)" 947 **0/947406**
212.194.65.61 - - [14/Apr/2026:12:51:02 -0700] "GET /?p=49784 HTTP/1.1" 301 - "-" "Mozilla/5.0 (Windows NT 10.0; Win64; x64) AppleWebKit/537.36 (KHTML, like Gecko) Chrome/120.0.0.0 Safari/537.36" 314 **0/314205**
212.194.65.61 - - [14/Apr/2026:12:51:03 -0700] "GET /uncategorized/hdth-sdr-mn-tnzyl-brnmj-1xbet-wm-yqdmh-llmstkhdmyn-13/ HTTP/1.1" 200 31516 "-" "Mozilla/5.0 (Windows NT 10.0; Win64; x64) AppleWebKit/537.36 (KHTML, like Gecko) Chrome/120.0.0.0 Safari/537.36" 879 **0/879677**
66.249.73.6 - - [14/Apr/2026:12:51:04 -0700] "GET /?x=32835194147 HTTP/1.1" 200 41438 "-" "Mozilla/5.0 (Linux; Android 6.0.1; Nexus 5X Build/MMB29P) AppleWebKit/537.36 (KHTML, like Gecko) Chrome/146.0.7680.177 Mobile Safari/537.36 (compatible; Googlebot/2.1; +http://www.google.com/bot.html)" 677 **0/677118**
185.153.197.91 - - [14/Apr/2026:12:51:04 -0700] "POST /xmlrpc.php HTTP/1.1" 200 9084 "-" "Mozilla/5.0 (Windows NT 10.0; Win64; x64) AppleWebKit/537.36 (KHTML, like Gecko) Chrome/114.0.0.0 Safari/537.36" 518 **0/518346**
212.194.65.61 - - [14/Apr/2026:12:51:06 -0700] "GET /?p=49784 HTTP/1.1" 301 - "-" "Mozilla/5.0 (Windows NT 10.0; Win64; x64) AppleWebKit/537.36 (KHTML, like Gecko) Chrome/120.0.0.0 Safari/537.36" 287 **0/287029**
185.153.197.91 - - [14/Apr/2026:12:51:06 -0700] "GET /uncategorized/cryptocurrency-has-taken-the-fresh-new-igaming-world-from-the-violent-storm-and-therefore-comes-with-online-casinos-from-inside-the-nj/ HTTP/1.1" 200 156176 "-" "Mozilla/5.0 (Windows NT 10.0; Win64; x64) AppleWebKit/537.36 (KHTML, like Gecko) Chrome/124.0.0.0 Safari/537.36" 706 **0/706418**
212.194.65.61 - - [14/Apr/2026:12:51:07 -0700] "GET /uncategorized/hdth-sdr-mn-tnzyl-brnmj-1xbet-wm-yqdmh-llmstkhdmyn-13/ HTTP/1.1" 200 31516 "-" "Mozilla/5.0 (Windows NT 10.0; Win64; x64) AppleWebKit/537.36 (KHTML, like Gecko) Chrome/120.0.0.0 Safari/537.36" 517 **0/517372**
212.194.65.61 - - [14/Apr/2026:12:51:09 -0700] "POST /wp-json/wp/v2/posts HTTP/1.1" 201 37519 "-" "Mozilla/5.0 (Windows NT 10.0; Win64; x64) AppleWebKit/537.36 (KHTML, like Gecko) Chrome/120.0.0.0 Safari/537.36" 1403 **1/1403715**
208.109.41.231 - - [14/Apr/2026:12:51:11 -0700] "POST /wp-cron.php?doing_wp_cron=1776196271.5950000286102294921875 HTTP/1.1" 200 - "-" "WordPress/6.3.8; http://fuentesanza.es" 32 **0/32588**
212.194.65.61 - - [14/Apr/2026:12:51:11 -0700] "GET /uncategorized/hdth-sdr-mn-tnzyl-brnmj-1xbet-wm-yqdmh-llmstkhdmyn-14/ HTTP/1.1" 200 32168 "-" "Mozilla/5.0 (Windows NT 10.0; Win64; x64) AppleWebKit/537.36 (KHTML, like Gecko) Chrome/120.0.0.0 Safari/537.36" 652 **0/652164**
212.194.65.61 - - [14/Apr/2026:12:51:14 -0700] "GET /uncategorized/hdth-sdr-mn-tnzyl-brnmj-1xbet-wm-yqdmh-llmstkhdmyn-14/ HTTP/1.1" 200 32168 "-" "Mozilla/5.0 (Windows NT 10.0; Win64; x64) AppleWebKit/537.36 (KHTML, like Gecko) Chrome/120.0.0.0 Safari/537.36" 333 **0/333045**
212.194.65.61 - - [14/Apr/2026:12:51:17 -0700] "GET /uncategorized/hdth-sdr-mn-tnzyl-brnmj-1xbet-wm-yqdmh-llmstkhdmyn-14/ HTTP/1.1" 200 32168 "-" "Mozilla/5.0 (Windows NT 10.0; Win64; x64) AppleWebKit/537.36 (KHTML, like Gecko) Chrome/120.0.0.0 Safari/537.36" 347 **0/347217**
185.191.171.17 - - [14/Apr/2026:12:51:19 -0700] "GET /robots.txt HTTP/1.1" 200 105 "-" "Mozilla/5.0 (compatible; SemrushBot/7~bl; +http://www.semrush.com/bot.html)" 12 **0/12282**
185.191.171.15 - - [14/Apr/2026:12:51:19 -0700] "GET /uncategorized/better-online-slots-internet-sites-2026-better-real-news-money-position-game-upgrade/ HTTP/1.1" 200 30144 "-" "Mozilla/5.0 (compatible; SemrushBot/7~bl; +http://www.semrush.com/bot.html)" 430 **0/430698**
212.194.65.61 - - [14/Apr/2026:12:51:19 -0700] "POST /wp-json/wp/v2/posts HTTP/1.1" 201 37519 "-" "Mozilla/5.0 (Windows NT 10.0; Win64; x64) AppleWebKit/537.36 (KHTML, like Gecko) Chrome/120.0.0.0 Safari/537.36" 711 **0/711266**
208.109.41.231 - - [14/Apr/2026:12:51:20 -0700] "POST /wp-cron.php?doing_wp_cron=1776196280.5998249053955078125000 HTTP/1.1" 200 - "-" "WordPress/6.3.8; http://fuentesanza.es" 20 **0/20792**
114.119.136.150 - - [14/Apr/2026:12:51:20 -0700] "GET /uncategorized/v-odnoklassnikakh-vy-mozhete-igrat-v-russkoe-loto-onlayn-sovershenno-besplatno/ HTTP/1.1" 200 32318 "http://fuentesanza.es/uncategorized/juegos-divertidos-hace-el-trabajo-sin-cargo-en-internet/" "Mozilla/5.0 (Linux; Android 7.0;) AppleWebKit/537.36 (KHTML, like Gecko) Mobile Safari/537.36 (compatible; PetalBot;+https://webmaster.petalsearch.com/site/petalbot)" 436 **0/436645**
212.194.65.61 - - [14/Apr/2026:12:51:21 -0700] "GET /uncategorized/hdth-sdr-mn-tnzyl-brnmj-1xbet-wm-yqdmh-llmstkhdmyn-15/ HTTP/1.1" 200 32167 "-" "Mozilla/5.0 (Windows NT 10.0; Win64; x64) AppleWebKit/537.36 (KHTML, like Gecko) Chrome/120.0.0.0 Safari/537.36" 330 **0/330019**
185.191.171.9 - - [14/Apr/2026:12:51:24 -0700] "GET /1win-casino-988/1win-kazino-128-2/ HTTP/1.1" 200 33395 "-" "Mozilla/5.0 (compatible; SemrushBot/7~bl; +http://www.semrush.com/bot.html)" 311 **0/311260**
212.194.65.61 - - [14/Apr/2026:12:51:25 -0700] "GET /uncategorized/hdth-sdr-mn-tnzyl-brnmj-1xbet-wm-yqdmh-llmstkhdmyn-15/ HTTP/1.1" 200 32167 "-" "Mozilla/5.0 (Windows NT 10.0; Win64; x64) AppleWebKit/537.36 (KHTML, like Gecko) Chrome/120.0.0.0 Safari/537.36" 284 **0/284625**
212.194.65.61 - - [14/Apr/2026:12:51:28 -0700] "GET /uncategorized/hdth-sdr-mn-tnzyl-brnmj-1xbet-wm-yqdmh-llmstkhdmyn-15/ HTTP/1.1" 200 32167 "-" "Mozilla/5.0 (Windows NT 10.0; Win64; x64) AppleWebKit/537.36 (KHTML, like Gecko) Chrome/120.0.0.0 Safari/537.36" 322 **0/322274**
212.194.65.61 - - [14/Apr/2026:12:51:29 -0700] "GET /wp-admin/post-new.php HTTP/1.1" 200 102180 "-" "Mozilla/5.0 (Windows NT 10.0; Win64; x64) AppleWebKit/537.36 (KHTML, like Gecko) Chrome/120.0.0.0 Safari/537.36" 490 **0/490798**
185.153.197.91 - - [14/Apr/2026:12:51:31 -0700] "POST /xmlrpc.php HTTP/1.1" 200 180 "-" "Mozilla/5.0 (Windows NT 10.0; Win64; x64) AppleWebKit/537.36 (KHTML, like Gecko) Chrome/114.0.0.0 Safari/537.36" 467 **0/467411**
208.109.41.231 - - [14/Apr/2026:12:51:34 -0700] "POST /wp-cron.php?doing_wp_cron=1776196294.3845338821411132812500 HTTP/1.1" 200 - "-" "WordPress/6.3.8; http://fuentesanza.es" 33 **0/33651**
212.194.65.61 - - [14/Apr/2026:12:51:33 -0700] "POST /wp-admin/post.php HTTP/1.1" 302 - "-" "Mozilla/5.0 (Windows NT 10.0; Win64; x64) AppleWebKit/537.36 (KHTML, like Gecko) Chrome/120.0.0.0 Safari/537.36" 1245 **1/1245820**
212.194.65.61 - - [14/Apr/2026:12:51:35 -0700] "GET /wp-admin/post.php?post=49790&action=edit&message=1 HTTP/1.1" 200 106046 "-" "Mozilla/5.0 (Windows NT 10.0; Win64; x64) AppleWebKit/537.36 (KHTML, like Gecko) Chrome/120.0.0.0 Safari/537.36" 469 **0/469263**
94.59.242.196 - - [14/Apr/2026:12:50:44 -0700] "POST /xmlrpc.php HTTP/1.1" 200 604650 "-" "Mozilla/5.0 (Macintosh; Intel Mac OS X 12_5) AppleWebKit/537.36 (KHTML, like Gecko) Chrome/114.0.0.0 Safari/537.36" 52022 **52/52022575**
151.253.243.218 - - [14/Apr/2026:12:51:37 -0700] "GET /?p=49790 HTTP/1.1" 301 - "-" "Mozilla/5.0 (Windows NT 10.0; Win64; x64) AppleWebKit/537.36 (KHTML, like Gecko) Chrome/120.0.0.0 Safari/537.36" 183 **0/183229**
151.253.243.218 - - [14/Apr/2026:12:51:38 -0700] "GET /uncategorized/hdth-sdr-mn-tnzyl-brnmj-1xbet-wm-yqdmh-llmstkhdmyn-16/ HTTP/1.1" 200 32065 "-" "Mozilla/5.0 (Windows NT 10.0; Win64; x64) AppleWebKit/537.36 (KHTML, like Gecko) Chrome/120.0.0.0 Safari/537.36" 593 **0/593770**
185.153.197.91 - - [14/Apr/2026:12:51:45 -0700] "POST /xmlrpc.php HTTP/1.1" 200 8897 "-" "Mozilla/5.0 (Windows NT 10.0; Win64; x64) AppleWebKit/537.36 (KHTML, like Gecko) Chrome/114.0.0.0 Safari/537.36" 399 **0/399140**
185.153.197.91 - - [14/Apr/2026:12:51:46 -0700] "GET /uncategorized/in-todays-mobile-determined-globe-an-educated-idaho-web-based-casinos-need-certainly-to-provide-a-seamless-gaming-experience-across-the-various-products/ HTTP/1.1" 200 156692 "-" "Mozilla/5.0 (Windows NT 10.0; Win64; x64) AppleWebKit/537.36 (KHTML, like Gecko) Chrome/123.0.0.0 Safari/537.36 OPR/109.0.0.0" 382 **0/382899**
170.239.28.152 - - [14/Apr/2026:12:51:53 -0700] "GET /?p=49790 HTTP/1.1" 301 - "-" "Mozilla/5.0 (Windows NT 10.0; Win64; x64) AppleWebKit/537.36 (KHTML, like Gecko) Chrome/120.0.0.0 Safari/537.36" 141 **0/141396**
170.239.28.152 - - [14/Apr/2026:12:51:54 -0700] "GET /uncategorized/hdth-sdr-mn-tnzyl-brnmj-1xbet-wm-yqdmh-llmstkhdmyn-16/ HTTP/1.1" 200 32065 "-" "Mozilla/5.0 (Windows NT 10.0; Win64; x64) AppleWebKit/537.36 (KHTML, like Gecko) Chrome/120.0.0.0 Safari/537.36" 297 **0/297914**
184.52.41.99 - - [14/Apr/2026:12:52:10 -0700] "POST /xmlrpc.php HTTP/1.1" 200 180 "-" "Mozilla/5.0 (Macintosh; Intel Mac OS X 12_5) AppleWebKit/537.36 (KHTML, like Gecko) Chrome/114.0.0.0 Safari/537.36" 626 **0/626448**
208.109.41.231 - - [14/Apr/2026:12:52:19 -0700] "POST /wp-cron.php?doing_wp_cron=1776196339.6678719520568847656250 HTTP/1.1" 200 - "-" "WordPress/6.3.8; http://fuentesanza.es" 22 **0/22109**
111.225.242.75 - - [14/Apr/2026:12:52:19 -0700] "POST /xmlrpc.php HTTP/1.1" 200 10391 "-" "Mozilla/5.0 (Macintosh; Intel Mac OS X 12_5) AppleWebKit/537.36 (KHTML, like Gecko) Chrome/114.0.0.0 Safari/537.36" 211 **0/211723**
185.153.197.91 - - [14/Apr/2026:12:52:24 -0700] "POST /xmlrpc.php HTTP/1.1" 200 180 "-" "Mozilla/5.0 (Windows NT 10.0; Win64; x64) AppleWebKit/537.36 (KHTML, like Gecko) Chrome/114.0.0.0 Safari/537.36" 318 **0/318988**
208.109.41.231 - - [14/Apr/2026:12:52:26 -0700] "POST /wp-cron.php?doing_wp_cron=1776196346.4379279613494873046875 HTTP/1.1" 200 - "-" "WordPress/6.3.8; http://fuentesanza.es" 33 **0/33139**
51.161.65.98 - - [14/Apr/2026:12:52:26 -0700] "GET /tag/verde-casino-logowanie/ HTTP/1.1" 200 29519 "-" "Mozilla/5.0 (compatible; AhrefsBot/7.0; +http://ahrefs.com/robot/)" 476 **0/476148**
85.208.96.196 - - [14/Apr/2026:12:52:28 -0700] "GET /uncategorized/15-no-vorleistung-maklercourtage-in-the-mr-choice-pharaos-wealth-trial-step-one-casino-online-neosurf-kaution-religious-gebuhrenfrei-auffuhren/ HTTP/1.1" 200 31042 "-" "Mozilla/5.0 (compatible; SemrushBot/7~bl; +http://www.semrush.com/bot.html)" 298 **0/298186**
185.153.197.91 - - [14/Apr/2026:12:52:31 -0700] "POST /xmlrpc.php HTTP/1.1" 200 8598 "-" "Mozilla/5.0 (Windows NT 10.0; Win64; x64) AppleWebKit/537.36 (KHTML, like Gecko) Chrome/114.0.0.0 Safari/537.36" 399 **0/399657**
185.153.197.91 - - [14/Apr/2026:12:52:34 -0700] "GET /uncategorized/as-the-institution-in-the-2018-keeps-positioned-by-itself-the-leader-in-the-brand-new-decentralized-cryptocurrency-betting-industry/ HTTP/1.1" 200 155843 "-" "Mozilla/5.0 (Windows NT 10.0; Win64; x64; rv:125.0) Gecko/20100101 Firefox/125.0" 296 **0/296834**
17.246.15.22 - - [14/Apr/2026:12:52:35 -0700] "GET /uncategorized/no-put-casino-the-brand-new-888-silver-video-slot-additional-rules-2025-costa-rica/ HTTP/1.1" 200 31478 "-" "Mozilla/5.0 (Macintosh; Intel Mac OS X 10_15_7) AppleWebKit/605.1.15 (KHTML, like Gecko) Version/17.4 Safari/605.1.15 (Applebot/0.1; +http://www.apple.com/go/applebot)" 361 **0/361723**
66.249.73.6 - - [14/Apr/2026:12:52:36 -0700] "GET /?i=20912240410 HTTP/1.1" 200 38165 "-" "Mozilla/5.0 (Linux; Android 6.0.1; Nexus 5X Build/MMB29P) AppleWebKit/537.36 (KHTML, like Gecko) Chrome/146.0.7680.177 Mobile Safari/537.36 (compatible; Googlebot/2.1; +http://www.google.com/bot.html)" 585 **0/585900**
66.249.73.4 - - [14/Apr/2026:12:52:36 -0700] "GET /?i=20912285585 HTTP/1.1" 200 38165 "-" "Mozilla/5.0 (Linux; Android 6.0.1; Nexus 5X Build/MMB29P) AppleWebKit/537.36 (KHTML, like Gecko) Chrome/146.0.7680.177 Mobile Safari/537.36 (compatible; Googlebot/2.1; +http://www.google.com/bot.html)" 634 **0/634672**
66.249.73.6 - - [14/Apr/2026:12:52:37 -0700] "GET /?x=32835248791 HTTP/1.1" 200 38165 "-" "Mozilla/5.0 (Linux; Android 6.0.1; Nexus 5X Build/MMB29P) AppleWebKit/537.36 (KHTML, like Gecko) Chrome/146.0.7680.177 Mobile Safari/537.36 (compatible; Googlebot/2.1; +http://www.google.com/bot.html)" 603 **0/603669**
85.208.96.199 - - [14/Apr/2026:12:52:57 -0700] "GET /uncategorized/gamble-on-the-play-roulette-real-money-online-internet-pokies-real-cash-better-real-cash-pokies-websites/ HTTP/1.1" 200 31819 "-" "Mozilla/5.0 (compatible; SemrushBot/7~bl; +http://www.semrush.com/bot.html)" 302 **0/302736**
185.191.171.2 - - [14/Apr/2026:12:53:04 -0700] "GET /mostbet-pk-499/most-bet-833/ HTTP/1.1" 200 32660 "-" "Mozilla/5.0 (compatible; SemrushBot/7~bl; +http://www.semrush.com/bot.html)" 317 **0/317646**
185.153.197.91 - - [14/Apr/2026:12:53:12 -0700] "POST /xmlrpc.php HTTP/1.1" 200 180 "-" "Mozilla/5.0 (Windows NT 10.0; Win64; x64) AppleWebKit/537.36 (KHTML, like Gecko) Chrome/114.0.0.0 Safari/537.36" 436 **0/436145**
208.109.41.231 - - [14/Apr/2026:12:53:13 -0700] "POST /wp-cron.php?doing_wp_cron=1776196393.5601379871368408203125 HTTP/1.1" 200 - "-" "WordPress/6.3.8; http://fuentesanza.es" 24 **0/24167**
114.119.151.155 - - [14/Apr/2026:12:53:13 -0700] "GET /uncategorized/thunderstruck-on-the-internet-%CE%B8%CE%AD%CF%83%CE%B7-remark-2026/ HTTP/1.1" 200 31373 "http://fuentesanza.es/uncategorized/rechtslage-bei-bundesrepublik-deutschland-%ef%bf%bd-eignen-angeschlossen-zocken-blo-oasis-legitimate/" "Mozilla/5.0 (Linux; Android 7.0;) AppleWebKit/537.36 (KHTML, like Gecko) Mobile Safari/537.36 (compatible; PetalBot;+https://webmaster.petalsearch.com/site/petalbot)" 419 **0/419018**
185.153.197.91 - - [14/Apr/2026:12:53:18 -0700] "POST /xmlrpc.php HTTP/1.1" 200 8956 "-" "Mozilla/5.0 (Windows NT 10.0; Win64; x64) AppleWebKit/537.36 (KHTML, like Gecko) Chrome/114.0.0.0 Safari/537.36" 419 **0/419865**
185.153.197.91 - - [14/Apr/2026:12:53:19 -0700] "GET /uncategorized/the-brand-new-alive-gambling-establishment-point-provides-an-immersive-betting-knowledge-of-real-go-out-action/ HTTP/1.1" 200 156392 "-" "Mozilla/5.0 (Windows NT 10.0; Win64; x64) AppleWebKit/537.36 (KHTML, like Gecko) Chrome/109.0.0.0 Safari/537.36" 268 **0/268570**
47.128.25.215 - - [14/Apr/2026:12:53:29 -0700] "GET /uncategorized/abenteuer-online-glucksspiel-ein-leitfaden-fur-schweizer-anfanger/ HTTP/1.1" 403 156707 "-" "Mozilla/5.0 (Linux; Android 5.0) AppleWebKit/537.36 (KHTML, like Gecko) Mobile Safari/537.36 (compatible; Bytespider; spider-feedback@bytedance.com)" 287 **0/287526**
47.128.25.215 - - [14/Apr/2026:12:53:30 -0700] "GET /wp-includes/css/dist/block-library/style.min.css?ver=6.3.8 HTTP/1.1" 404 50331 "http://fuentesanza.es/uncategorized/abenteuer-online-glucksspiel-ein-leitfaden-fur-schweizer-anfanger/" "Mozilla/5.0 (Linux; Android 5.0) AppleWebKit/537.36 (KHTML, like Gecko) Mobile Safari/537.36 (compatible; Bytespider; spider-feedback@bytedance.com)" 302 **0/302580**
47.128.25.215 - - [14/Apr/2026:12:53:30 -0700] "GET /wp-content/themes/twentytwelve/style.css?ver=20230808 HTTP/1.1" 404 50331 "http://fuentesanza.es/uncategorized/abenteuer-online-glucksspiel-ein-leitfaden-fur-schweizer-anfanger/" "Mozilla/5.0 (Linux; Android 5.0) AppleWebKit/537.36 (KHTML, like Gecko) Mobile Safari/537.36 (compatible; Bytespider; spider-feedback@bytedance.com)" 556 **0/556476**
47.128.25.215 - - [14/Apr/2026:12:53:30 -0700] "GET /wp-content/themes/twentytwelve/css/blocks.css?ver=20230213 HTTP/1.1" 404 50331 "http://fuentesanza.es/uncategorized/abenteuer-online-glucksspiel-ein-leitfaden-fur-schweizer-anfanger/" "Mozilla/5.0 (Linux; Android 5.0) AppleWebKit/537.36 (KHTML, like Gecko) Mobile Safari/537.36 (compatible; Bytespider; spider-feedback@bytedance.com)" 588 **0/588693**
47.128.25.215 - - [14/Apr/2026:12:53:30 -0700] "GET /wp-content/themes/twentytwelve/fonts/font-open-sans.css?ver=20230328 HTTP/1.1" 404 50331 "http://fuentesanza.es/uncategorized/abenteuer-online-glucksspiel-ein-leitfaden-fur-schweizer-anfanger/" "Mozilla/5.0 (Linux; Android 5.0) AppleWebKit/537.36 (KHTML, like Gecko) Mobile Safari/537.36 (compatible; Bytespider; spider-feedback@bytedance.com)" 599 **0/599246**
17.246.19.132 - - [14/Apr/2026:12:53:31 -0700] "GET /pinup-casino-608/pin-up-india-699/ HTTP/1.1" 200 32241 "-" "Mozilla/5.0 (Macintosh; Intel Mac OS X 10_15_7) AppleWebKit/605.1.15 (KHTML, like Gecko) Version/17.4 Safari/605.1.15 (Applebot/0.1; +http://www.apple.com/go/applebot)" 351 **0/351753**
185.153.197.91 - - [14/Apr/2026:12:53:49 -0700] "POST /xmlrpc.php HTTP/1.1" 200 180 "-" "Mozilla/5.0 (Windows NT 10.0; Win64; x64) AppleWebKit/537.36 (KHTML, like Gecko) Chrome/114.0.0.0 Safari/537.36" 754 **0/754964**
208.109.41.231 - - [14/Apr/2026:12:53:54 -0700] "POST /wp-cron.php?doing_wp_cron=1776196434.8462109565734863281250 HTTP/1.1" 200 - "-" "WordPress/6.3.8; http://fuentesanza.es" 22 **0/22112**
54.39.136.214 - - [14/Apr/2026:12:53:54 -0700] "GET /tag/verde-casino-kod-promocyjny/ HTTP/1.1" 200 30598 "-" "Mozilla/5.0 (compatible; AhrefsBot/7.0; +http://ahrefs.com/robot/)" 460 **0/460338**
185.153.197.91 - - [14/Apr/2026:12:53:55 -0700] "POST /xmlrpc.php HTTP/1.1" 200 9085 "-" "Mozilla/5.0 (Windows NT 10.0; Win64; x64) AppleWebKit/537.36 (KHTML, like Gecko) Chrome/114.0.0.0 Safari/537.36" 408 **0/408895**
185.153.197.91 - - [14/Apr/2026:12:53:57 -0700] "GET /uncategorized/which-will-make-a-merchant-account-within-a-beneficial-crypto-gambling-enterprise-your-normally-need-certainly-to-provide-an-email-address-and-you-can-a-powerful-password/ HTTP/1.1" 200 156891 "-" "Mozilla/5.0 (Windows NT 10.0; Win64; x64) AppleWebKit/537.36 (KHTML, like Gecko) Chrome/123.0.0.0 Safari/537.36" 355 **0/355685**
185.191.171.2 - - [14/Apr/2026:12:54:21 -0700] "GET /uncategorized/finest-online-all-jackpots-20-free-spins-no-deposit-casino-casino-incentives-in-the-usa-inside-the-march-2026/ HTTP/1.1" 200 32469 "-" "Mozilla/5.0 (compatible; SemrushBot/7~bl; +http://www.semrush.com/bot.html)" 278 **0/278068**
185.153.197.91 - - [14/Apr/2026:12:54:29 -0700] "POST /xmlrpc.php HTTP/1.1" 200 180 "-" "Mozilla/5.0 (Windows NT 10.0; Win64; x64) AppleWebKit/537.36 (KHTML, like Gecko) Chrome/114.0.0.0 Safari/537.36" 492 **0/492217**
208.109.41.231 - - [14/Apr/2026:12:54:35 -0700] "POST /wp-cron.php?doing_wp_cron=1776196475.8703510761260986328125 HTTP/1.1" 200 - "-" "WordPress/6.3.8; http://fuentesanza.es" 21 **0/21308**
185.153.197.91 - - [14/Apr/2026:12:54:35 -0700] "POST /xmlrpc.php HTTP/1.1" 200 8425 "-" "Mozilla/5.0 (Windows NT 10.0; Win64; x64) AppleWebKit/537.36 (KHTML, like Gecko) Chrome/114.0.0.0 Safari/537.36" 433 **0/433971**
185.153.197.91 - - [14/Apr/2026:12:54:37 -0700] "GET /uncategorized/also-scam-cannot-always-come-from-plain-old-suspects/ HTTP/1.1" 200 155588 "-" "Mozilla/5.0 (Windows NT 10.0; Win64; x64) AppleWebKit/537.36 (KHTML, like Gecko) Chrome/123.0.0.0 Safari/537.36 OPR/109.0.0.0" 514 **0/514444**
66.249.73.4 - - [14/Apr/2026:12:54:38 -0700] "GET /?x=32835193423 HTTP/1.1" 200 41572 "-" "Mozilla/5.0 (Linux; Android 6.0.1; Nexus 5X Build/MMB29P) AppleWebKit/537.36 (KHTML, like Gecko) Chrome/146.0.7680.177 Mobile Safari/537.36 (compatible; Googlebot/2.1; +http://www.google.com/bot.html)" 618 **0/618073**
85.208.96.194 - - [14/Apr/2026:12:54:44 -0700] "GET /uncategorized/big-earn-the-greatest-nostradamus-casino-bonus-jackpot-ever-within-the-youtube-background-to-own-wolf-work-with-position/ HTTP/1.1" 200 30998 "-" "Mozilla/5.0 (compatible; SemrushBot/7~bl; +http://www.semrush.com/bot.html)" 339 **0/339630**
114.119.129.24 - - [14/Apr/2026:12:54:49 -0700] "GET /uncategorized/thunderstruck-ii-super-moolah-demo-gamble-100-percent-free-slots-during-the-high-com/ HTTP/1.1" 200 30620 "http://fuentesanza.es/uncategorized/thunderstruck-ii-super-moolah-demo-gamble-100-percent-free-slots-during-the-high-com/" "Mozilla/5.0 (Linux; Android 7.0;) AppleWebKit/537.36 (KHTML, like Gecko) Mobile Safari/537.36 (compatible; PetalBot;+https://webmaster.petalsearch.com/site/petalbot)" 294 **0/294526**
185.153.197.91 - - [14/Apr/2026:12:55:19 -0700] "POST /xmlrpc.php HTTP/1.1" 200 180 "-" "Mozilla/5.0 (Windows NT 10.0; Win64; x64) AppleWebKit/537.36 (KHTML, like Gecko) Chrome/114.0.0.0 Safari/537.36" 521 **0/521238**
208.109.41.231 - - [14/Apr/2026:12:55:26 -0700] "POST /wp-cron.php?doing_wp_cron=1776196526.6809129714965820312500 HTTP/1.1" 200 - "-" "WordPress/6.3.8; http://fuentesanza.es" 36 **0/36720**
15.235.98.57 - - [14/Apr/2026:12:55:26 -0700] "GET /tag/totalcasino-pl/ HTTP/1.1" 200 34864 "-" "Mozilla/5.0 (compatible; AhrefsBot/7.0; +http://ahrefs.com/robot/)" 641 **0/641103**
185.153.197.91 - - [14/Apr/2026:12:55:26 -0700] "POST /xmlrpc.php HTTP/1.1" 200 8462 "-" "Mozilla/5.0 (Windows NT 10.0; Win64; x64) AppleWebKit/537.36 (KHTML, like Gecko) Chrome/114.0.0.0 Safari/537.36" 991 **0/991240**
185.153.197.91 - - [14/Apr/2026:12:55:27 -0700] "GET /uncategorized/at-most-modern-playing-sites-cryptocurrency-is-among-the-best-payment-alternatives-that-offers-safe-swift-and-you-can-credible-purchases/ HTTP/1.1" 200 155833 "-" "Mozilla/5.0 (Windows NT 10.0; Win64; x64; rv:125.0) Gecko/20100101 Firefox/125.0" 452 **0/452867**
85.208.96.207 - - [14/Apr/2026:12:55:49 -0700] "GET /gambling/tentez-votre-chance-et-obtenez-des-sensations-de-jeu-lucratives/ HTTP/1.1" 200 29651 "-" "Mozilla/5.0 (compatible; SemrushBot/7~bl; +http://www.semrush.com/bot.html)" 315 **0/315512**
185.153.197.91 - - [14/Apr/2026:12:55:53 -0700] "POST /xmlrpc.php HTTP/1.1" 200 180 "-" "Mozilla/5.0 (Windows NT 10.0; Win64; x64) AppleWebKit/537.36 (KHTML, like Gecko) Chrome/114.0.0.0 Safari/537.36" 388 **0/388858**
208.109.41.231 - - [14/Apr/2026:12:56:00 -0700] "POST /wp-cron.php?doing_wp_cron=1776196560.2809829711914062500000 HTTP/1.1" 200 - "-" "WordPress/6.3.8; http://fuentesanza.es" 27 **0/27878**
185.153.197.91 - - [14/Apr/2026:12:55:59 -0700] "POST /xmlrpc.php HTTP/1.1" 200 8885 "-" "Mozilla/5.0 (Windows NT 10.0; Win64; x64) AppleWebKit/537.36 (KHTML, like Gecko) Chrome/114.0.0.0 Safari/537.36" 452 **0/452984**
185.153.197.91 - - [14/Apr/2026:12:56:00 -0700] "GET /uncategorized/william-slope-try-an-extremely-thought-about-term-about-gambling-community-known-for-the-reliability-and-you-will-range-offerings/ HTTP/1.1" 200 156406 "-" "Mozilla/5.0 (Windows NT 10.0; Win64; x64; rv:125.0) Gecko/20100101 Firefox/125.0" 346 **0/346232**
66.249.73.6 - - [14/Apr/2026:12:56:10 -0700] "GET /?w=36370101924 HTTP/1.1" 404 11349 "-" "Mozilla/5.0 (Linux; Android 6.0.1; Nexus 5X Build/MMB29P) AppleWebKit/537.36 (KHTML, like Gecko) Chrome/146.0.7680.177 Mobile Safari/537.36 (compatible; Googlebot/2.1; +http://www.google.com/bot.html)" 225 **0/225051**
66.249.73.5 - - [14/Apr/2026:12:56:21 -0700] "GET /?m=31108135586 HTTP/1.1" 404 11349 "-" "Mozilla/5.0 (Linux; Android 6.0.1; Nexus 5X Build/MMB29P) AppleWebKit/537.36 (KHTML, like Gecko) Chrome/146.0.7680.177 Mobile Safari/537.36 (compatible; Googlebot/2.1; +http://www.google.com/bot.html)" 330 **0/330299**
185.153.197.91 - - [14/Apr/2026:12:56:28 -0700] "POST /xmlrpc.php HTTP/1.1" 200 180 "-" "Mozilla/5.0 (Windows NT 10.0; Win64; x64) AppleWebKit/537.36 (KHTML, like Gecko) Chrome/114.0.0.0 Safari/537.36" 350 **0/350478**
208.109.41.231 - - [14/Apr/2026:12:56:34 -0700] "POST /wp-cron.php?doing_wp_cron=1776196594.6621239185333251953125 HTTP/1.1" 200 - "-" "WordPress/6.3.8; http://fuentesanza.es" 31 **0/31059**
185.153.197.91 - - [14/Apr/2026:12:56:34 -0700] "POST /xmlrpc.php HTTP/1.1" 200 8329 "-" "Mozilla/5.0 (Windows NT 10.0; Win64; x64) AppleWebKit/537.36 (KHTML, like Gecko) Chrome/114.0.0.0 Safari/537.36" 477 **0/477007**
85.208.96.197 - - [14/Apr/2026:12:56:34 -0700] "GET /uncategorized/weight-santa-slot-remark-push-playing-play-online-real-money-casino-for-free-real/ HTTP/1.1" 200 30703 "-" "Mozilla/5.0 (compatible; SemrushBot/7~bl; +http://www.semrush.com/bot.html)" 414 **0/414404**
185.153.197.91 - - [14/Apr/2026:12:56:35 -0700] "GET /uncategorized/8-bear-in-mind-that-genuine-money-can-be-used-before-bonus-fund/ HTTP/1.1" 200 155376 "-" "Mozilla/5.0 (Windows NT 10.0; Win64; x64) AppleWebKit/537.36 (KHTML, like Gecko) Chrome/109.0.0.0 Safari/537.36" 318 **0/318518**
85.208.96.195 - - [14/Apr/2026:12:56:49 -0700] "GET /uncategorized/thunderstruck-ii-super-moolah-demo-gamble-100-percent-free-slots-during-the-high-com/ HTTP/1.1" 200 30578 "-" "Mozilla/5.0 (compatible; SemrushBot/7~bl; +http://www.semrush.com/bot.html)" 236 **0/236804**
185.153.197.91 - - [14/Apr/2026:12:57:10 -0700] "POST /xmlrpc.php HTTP/1.1" 200 180 "-" "Mozilla/5.0 (Windows NT 10.0; Win64; x64) AppleWebKit/537.36 (KHTML, like Gecko) Chrome/114.0.0.0 Safari/537.36" 704 **0/704285**
208.109.41.231 - - [14/Apr/2026:12:57:13 -0700] "POST /wp-cron.php?doing_wp_cron=1776196633.0845410823822021484375 HTTP/1.1" 200 - "-" "WordPress/6.3.8; http://fuentesanza.es" 22 **0/22155**
142.44.225.199 - - [14/Apr/2026:12:57:12 -0700] "GET /uncategorized/gamble-slots-treasures-from-xmas-for-real-casino-action-instant-play-currency-and-fun-without-put/ HTTP/1.1" 200 28154 "-" "Mozilla/5.0 (compatible; AhrefsBot/7.0; +http://ahrefs.com/robot/)" 622 **0/622834**
85.208.96.212 - - [14/Apr/2026:12:57:14 -0700] "GET /tag/1win-register/page/2/ HTTP/1.1" 200 71114 "-" "Mozilla/5.0 (compatible; SemrushBot/7~bl; +http://www.semrush.com/bot.html)" 434 **0/434869**
185.153.197.91 - - [14/Apr/2026:12:57:16 -0700] "POST /xmlrpc.php HTTP/1.1" 200 9219 "-" "Mozilla/5.0 (Windows NT 10.0; Win64; x64) AppleWebKit/537.36 (KHTML, like Gecko) Chrome/114.0.0.0 Safari/537.36" 373 **0/373756**
185.153.197.91 - - [14/Apr/2026:12:57:17 -0700] "GET /uncategorized/free-spins-bonuses-try-promotions-that-let-your-gamble-actual-currency-position-game-free-of-charge/ HTTP/1.1" 200 156125 "-" "Mozilla/5.0 (Windows NT 10.0; Win64; x64; rv:124.0) Gecko/20100101 Firefox/124.0" 465 **0/465402**
66.249.73.5 - - [14/Apr/2026:12:57:15 -0700] "GET /?s=10106139248 HTTP/1.1" 200 24348 "-" "Mozilla/5.0 (Linux; Android 6.0.1; Nexus 5X Build/MMB29P) AppleWebKit/537.36 (KHTML, like Gecko) Chrome/146.0.7680.177 Mobile Safari/537.36 (compatible; Googlebot/2.1; +http://www.google.com/bot.html)" 3336 **3/3336647**
35.187.134.1 - - [14/Apr/2026:12:57:29 -0700] "GET /uncategorized/%D0%B8%D0%B4%D0%B5%D0%B0%D0%BB%D1%8C%D0%BD%D1%8B%D0%B5-%D0%B8%D0%B3%D1%80%D0%BE%D0%B2%D1%8B%D0%B5-%D0%B7%D0%B0%D0%B2%D0%B5%D0%B4%D0%B5%D0%BD%D0%B8%D1%8F-%D0%BA%D0%BE%D1%82%D0%BE%D1%80%D1%8B%D0%B5/ HTTP/1.1" 200 28891 "-" "Mozilla/5.0 (compatible; Google-Apps-Script; beanserver; +https://script.google.com; id: UAEmdDd9xsnqR0U8PwCmAzNN8LImSykEA2g)" 265 **0/265690**
185.153.197.91 - - [14/Apr/2026:12:57:45 -0700] "POST /xmlrpc.php HTTP/1.1" 200 180 "-" "Mozilla/5.0 (Windows NT 10.0; Win64; x64) AppleWebKit/537.36 (KHTML, like Gecko) Chrome/114.0.0.0 Safari/537.36" 376 **0/376499**
208.109.41.231 - - [14/Apr/2026:12:57:48 -0700] "POST /wp-cron.php?doing_wp_cron=1776196668.9689860343933105468750 HTTP/1.1" 200 - "-" "WordPress/6.3.8; http://fuentesanza.es" 25 **0/25962**
17.246.19.57 - - [14/Apr/2026:12:57:48 -0700] "GET /uncategorized/%d9%85%d9%86%d8%a7%d9%81%d8%b0-%d9%85%d8%ac%d8%a7%d9%86%d9%8a%d8%a9-%d8%aa%d9%84%d8%b9%d8%a8-32178-%d8%b9%d8%b1%d9%88%d8%b6-%d9%85%d9%88%d9%82%d9%81%d9%8a%d8%a9-%d8%a8%d8%af%d9%88%d9%86-%d8%a7%d9%84/ HTTP/1.1" 200 30927 "-" "Mozilla/5.0 (Macintosh; Intel Mac OS X 10_15_7) AppleWebKit/605.1.15 (KHTML, like Gecko) Version/17.4 Safari/605.1.15 (Applebot/0.1; +http://www.apple.com/go/applebot)" 427 **0/427844**
185.153.197.91 - - [14/Apr/2026:12:57:52 -0700] "POST /xmlrpc.php HTTP/1.1" 200 9066 "-" "Mozilla/5.0 (Windows NT 10.0; Win64; x64) AppleWebKit/537.36 (KHTML, like Gecko) Chrome/114.0.0.0 Safari/537.36" 376 **0/376061**
