212.34.148.156 - - [14/Apr/2026:06:34:11 -0700] "GET /wp-content/themes/twentytwelve/style.css?ver=20230808 HTTP/1.1" 200 7924 "http://fuentesanza.es/1win-registratsiya-168/1win-bet-496/" "Mozilla/5.0 (Windows NT 10.0; Win64; x64) AppleWebKit/537.36 (KHTML, like Gecko) Chrome/145.0.0.0 Safari/537.36" 15 **0/15865**
212.34.148.156 - - [14/Apr/2026:06:34:12 -0700] "GET /wp-content/themes/twentytwelve/css/blocks.css?ver=20230213 HTTP/1.1" 200 1744 "http://fuentesanza.es/1win-registratsiya-168/1win-bet-496/" "Mozilla/5.0 (Windows NT 10.0; Win64; x64) AppleWebKit/537.36 (KHTML, like Gecko) Chrome/145.0.0.0 Safari/537.36" 12 **0/12566**
208.109.41.231 - - [14/Apr/2026:06:34:12 -0700] "POST /wp-cron.php?doing_wp_cron=1776173652.1725060939788818359375 HTTP/1.1" 200 - "-" "WordPress/6.3.8; http://fuentesanza.es" 24 **0/24417**
185.191.171.17 - - [14/Apr/2026:06:34:12 -0700] "GET /uncategorized/casino-online-jamfor-alla-casinon-fa-bonus-topplista-2026/ HTTP/1.1" 200 30849 "-" "Mozilla/5.0 (compatible; SemrushBot/7~bl; +http://www.semrush.com/bot.html)" 421 **0/421732**
212.34.148.156 - - [14/Apr/2026:06:34:12 -0700] "POST /wp-comments-post.php HTTP/1.1" 404 11349 "http://fuentesanza.es/1win-registratsiya-168/1win-bet-496/" "Mozilla/5.0 (Macintosh; Intel Mac OS X 10_15_7) AppleWebKit/537.36 (KHTML, like Gecko) Chrome/146.0.0.0 Safari/537.36" 1149 **1/1149059**
212.34.148.156 - - [14/Apr/2026:06:34:14 -0700] "POST /wp-comments-post.php HTTP/1.1" 404 11349 "http://fuentesanza.es/1win-registratsiya-168/1win-bet-496/" "Mozilla/5.0 (Macintosh; Intel Mac OS X 10_15_7) AppleWebKit/537.36 (KHTML, like Gecko) Chrome/146.0.0.0 Safari/537.36" 322 **0/322155**
185.191.171.16 - - [14/Apr/2026:06:34:13 -0700] "GET /uncategorized/dit-fr-online-casino-idraetsgren-nu-om-vulkanbet-login-registrering-stunder/ HTTP/1.1" 200 31696 "-" "Mozilla/5.0 (compatible; SemrushBot/7~bl; +http://www.semrush.com/bot.html)" 436 **0/436294**
212.34.148.156 - - [14/Apr/2026:06:34:14 -0700] "POST /wp-comments-post.php HTTP/1.1" 404 11349 "http://fuentesanza.es/1win-registratsiya-168/1win-bet-496/" "Mozilla/5.0 (Macintosh; Intel Mac OS X 10_15_7) AppleWebKit/537.36 (KHTML, like Gecko) Chrome/146.0.0.0 Safari/537.36" 204 **0/204013**
212.34.148.156 - - [14/Apr/2026:06:34:15 -0700] "POST /wp-comments-post.php HTTP/1.1" 404 11349 "http://fuentesanza.es/1win-registratsiya-168/1win-bet-496/" "Mozilla/5.0 (Macintosh; Intel Mac OS X 10_15_7) AppleWebKit/537.36 (KHTML, like Gecko) Chrome/146.0.0.0 Safari/537.36" 226 **0/226993**
212.34.148.156 - - [14/Apr/2026:06:34:15 -0700] "GET /1win-registratsiya-168/1win-bet-496/ HTTP/1.1" 200 30766 "-" "Mozilla/5.0 (compatible; Googlebot/2.1; +http://www.google.com/bot.html)" 890 **0/890023**
66.249.73.4 - - [14/Apr/2026:06:34:16 -0700] "GET /?i=2091253761 HTTP/1.1" 200 27868 "-" "Mozilla/5.0 (Linux; Android 6.0.1; Nexus 5X Build/MMB29P) AppleWebKit/537.36 (KHTML, like Gecko) Chrome/146.0.7680.177 Mobile Safari/537.36 (compatible; Googlebot/2.1; +http://www.google.com/bot.html)" 427 **0/427095**
103.219.169.195 - - [14/Apr/2026:06:34:16 -0700] "POST /xmlrpc.php HTTP/1.1" 200 11578 "-" "Mozilla/5.0 (Windows NT 10.0; Win64; x64) AppleWebKit/537.36 (KHTML, like Gecko) Chrome/114.0.0.0 Safari/537.36" 500 **0/500687**
103.219.169.195 - - [14/Apr/2026:06:34:18 -0700] "GET /uncategorized/zodiac-casino-hot-spin-megaways-rtp-online-slot-incentive-80-spins-to-own-1-in-2026/ HTTP/1.1" 200 157923 "-" "Mozilla/5.0 (Windows NT 10.0; rv:109.0) Gecko/20100101 Firefox/115.0" 348 **0/348600**
15.235.98.180 - - [14/Apr/2026:06:34:19 -0700] "GET /uncategorized/sign-up-spinbit-au-your-biggest-on-line-casino/feed/ HTTP/1.1" 200 457 "-" "Mozilla/5.0 (compatible; AhrefsBot/7.0; +http://ahrefs.com/robot/)" 441 **0/441562**
66.249.73.4 - - [14/Apr/2026:06:34:26 -0700] "GET /?i=51696293371 HTTP/1.1" 200 27869 "-" "Mozilla/5.0 (Linux; Android 6.0.1; Nexus 5X Build/MMB29P) AppleWebKit/537.36 (KHTML, like Gecko) Chrome/146.0.7680.177 Mobile Safari/537.36 (compatible; Googlebot/2.1; +http://www.google.com/bot.html)" 560 **0/560822**
66.249.73.4 - - [14/Apr/2026:06:34:23 -0700] "GET /?s=10106302071 HTTP/1.1" 200 24320 "-" "Mozilla/5.0 (Linux; Android 6.0.1; Nexus 5X Build/MMB29P) AppleWebKit/537.36 (KHTML, like Gecko) Chrome/146.0.7680.177 Mobile Safari/537.36 (compatible; Googlebot/2.1; +http://www.google.com/bot.html)" 4118 **4/4118639**
185.191.171.10 - - [14/Apr/2026:06:34:31 -0700] "GET /uncategorized/golden-ticket-dos-sin-deposito-casino-mafia-casino-2026-slot-demo-entretenimiento-tragamonedas-regalado/ HTTP/1.1" 200 31855 "-" "Mozilla/5.0 (compatible; SemrushBot/7~bl; +http://www.semrush.com/bot.html)" 373 **0/373610**
66.249.73.4 - - [14/Apr/2026:06:34:34 -0700] "GET /?p=20659182557 HTTP/1.1" 404 11349 "-" "Mozilla/5.0 (Linux; Android 6.0.1; Nexus 5X Build/MMB29P) AppleWebKit/537.36 (KHTML, like Gecko) Chrome/146.0.7680.177 Mobile Safari/537.36 (compatible; Googlebot/2.1; +http://www.google.com/bot.html)" 231 **0/231588**
85.208.96.206 - - [14/Apr/2026:06:34:39 -0700] "GET /uncategorized/40-freispiele-abzuglich-einzahlung-zupacken-6-appeal-slot-free-spins-and-chance-nutzen/ HTTP/1.1" 200 30884 "-" "Mozilla/5.0 (compatible; SemrushBot/7~bl; +http://www.semrush.com/bot.html)" 352 **0/352290**
216.244.66.241 - - [14/Apr/2026:06:34:39 -0700] "GET /category/mostbet-aviator-app-811/ HTTP/1.1" 200 192644 "-" "Mozilla/5.0 (compatible; DotBot/1.2; +https://opensiteexplorer.org/dotbot; help@moz.com)" 428 **0/428692**
167.114.139.247 - - [14/Apr/2026:06:34:41 -0700] "GET /bez-rubriki/oficialnyj-sajt-up-x-785641/feed/ HTTP/1.1" 200 462 "-" "Mozilla/5.0 (compatible; AhrefsBot/7.0; +http://ahrefs.com/robot/)" 267 **0/267267**
66.249.73.4 - - [14/Apr/2026:06:34:43 -0700] "GET /?m=311081036 HTTP/1.1" 404 11349 "-" "Mozilla/5.0 (Linux; Android 6.0.1; Nexus 5X Build/MMB29P) AppleWebKit/537.36 (KHTML, like Gecko) Chrome/146.0.7680.177 Mobile Safari/537.36 (compatible; Googlebot/2.1; +http://www.google.com/bot.html)" 255 **0/255855**
85.208.96.210 - - [14/Apr/2026:06:34:45 -0700] "GET /pin-up-casino-993/pinup-283/ HTTP/1.1" 200 31170 "-" "Mozilla/5.0 (compatible; SemrushBot/7~bl; +http://www.semrush.com/bot.html)" 317 **0/317233**
207.180.219.104 - - [14/Apr/2026:06:34:47 -0700] "GET /public/la-fascinante-historia-de-los-casinos-a-traves-de/ HTTP/1.1" 200 30072 "-" "Mozilla/5.0 (X11; Linux x86_64) AppleWebKit/537.36 (KHTML, like Gecko) Chrome/120.0.0.0 Safari/537.36" 381 **0/381638**
207.180.219.104 - - [14/Apr/2026:06:34:47 -0700] "GET /wp-includes/css/dist/block-library/style.min.css?ver=6.3.8 HTTP/1.1" 200 13841 "http://fuentesanza.es/public/la-fascinante-historia-de-los-casinos-a-traves-de/" "Mozilla/5.0 (X11; Linux x86_64) AppleWebKit/537.36 (KHTML, like Gecko) Chrome/120.0.0.0 Safari/537.36" 14 **0/14390**
207.180.219.104 - - [14/Apr/2026:06:34:48 -0700] "GET /wp-content/themes/twentytwelve/fonts/font-open-sans.css?ver=20230328 HTTP/1.1" 200 930 "http://fuentesanza.es/public/la-fascinante-historia-de-los-casinos-a-traves-de/" "Mozilla/5.0 (X11; Linux x86_64) AppleWebKit/537.36 (KHTML, like Gecko) Chrome/120.0.0.0 Safari/537.36" 11 **0/11446**
207.180.219.104 - - [14/Apr/2026:06:34:48 -0700] "GET /wp-content/themes/twentytwelve/css/blocks.css?ver=20230213 HTTP/1.1" 200 1872 "http://fuentesanza.es/public/la-fascinante-historia-de-los-casinos-a-traves-de/" "Mozilla/5.0 (X11; Linux x86_64) AppleWebKit/537.36 (KHTML, like Gecko) Chrome/120.0.0.0 Safari/537.36" 12 **0/12468**
207.180.219.104 - - [14/Apr/2026:06:34:48 -0700] "GET /wp-content/themes/twentytwelve/style.css?ver=20230808 HTTP/1.1" 200 8255 "http://fuentesanza.es/public/la-fascinante-historia-de-los-casinos-a-traves-de/" "Mozilla/5.0 (X11; Linux x86_64) AppleWebKit/537.36 (KHTML, like Gecko) Chrome/120.0.0.0 Safari/537.36" 18 **0/18317**
207.180.219.104 - - [14/Apr/2026:06:34:48 -0700] "GET /wp-includes/js/jquery/jquery-migrate.min.js?ver=3.4.1 HTTP/1.1" 200 4872 "http://fuentesanza.es/public/la-fascinante-historia-de-los-casinos-a-traves-de/" "Mozilla/5.0 (X11; Linux x86_64) AppleWebKit/537.36 (KHTML, like Gecko) Chrome/120.0.0.0 Safari/537.36" 15 **0/15994**
207.180.219.104 - - [14/Apr/2026:06:34:48 -0700] "GET /wp-includes/js/jquery/jquery.min.js?ver=3.7.0 HTTP/1.1" 200 30343 "http://fuentesanza.es/public/la-fascinante-historia-de-los-casinos-a-traves-de/" "Mozilla/5.0 (X11; Linux x86_64) AppleWebKit/537.36 (KHTML, like Gecko) Chrome/120.0.0.0 Safari/537.36" 17 **0/17332**
207.180.219.104 - - [14/Apr/2026:06:34:48 -0700] "GET /wp-includes/js/comment-reply.min.js?ver=6.3.8 HTTP/1.1" 200 1351 "http://fuentesanza.es/public/la-fascinante-historia-de-los-casinos-a-traves-de/" "Mozilla/5.0 (X11; Linux x86_64) AppleWebKit/537.36 (KHTML, like Gecko) Chrome/120.0.0.0 Safari/537.36" 11 **0/11822**
207.180.219.104 - - [14/Apr/2026:06:34:48 -0700] "GET /wp-content/themes/twentytwelve/js/navigation.js?ver=20141205 HTTP/1.1" 200 656 "http://fuentesanza.es/public/la-fascinante-historia-de-los-casinos-a-traves-de/" "Mozilla/5.0 (X11; Linux x86_64) AppleWebKit/537.36 (KHTML, like Gecko) Chrome/120.0.0.0 Safari/537.36" 10 **0/10904**
207.180.219.104 - - [14/Apr/2026:06:34:48 -0700] "GET /wp-content/themes/twentytwelve/fonts/open-sans/open-sans-latin-400-normal.woff2?ver=34 HTTP/1.1" 200 16740 "http://fuentesanza.es/wp-content/themes/twentytwelve/fonts/font-open-sans.css?ver=20230328" "Mozilla/5.0 (X11; Linux x86_64) AppleWebKit/537.36 (KHTML, like Gecko) Chrome/120.0.0.0 Safari/537.36" 11 **0/11514**
207.180.219.104 - - [14/Apr/2026:06:34:48 -0700] "GET /wp-content/themes/twentytwelve/fonts/open-sans/open-sans-latin-ext-400-normal.woff2?ver=34 HTTP/1.1" 200 12972 "http://fuentesanza.es/wp-content/themes/twentytwelve/fonts/font-open-sans.css?ver=20230328" "Mozilla/5.0 (X11; Linux x86_64) AppleWebKit/537.36 (KHTML, like Gecko) Chrome/120.0.0.0 Safari/537.36" 7 **0/7590**
207.180.219.104 - - [14/Apr/2026:06:34:48 -0700] "GET /wp-content/themes/twentytwelve/fonts/open-sans/open-sans-cyrillic-400-normal.woff2?ver=34 HTTP/1.1" 200 10652 "http://fuentesanza.es/wp-content/themes/twentytwelve/fonts/font-open-sans.css?ver=20230328" "Mozilla/5.0 (X11; Linux x86_64) AppleWebKit/537.36 (KHTML, like Gecko) Chrome/120.0.0.0 Safari/537.36" 11 **0/11327**
207.180.219.104 - - [14/Apr/2026:06:34:48 -0700] "GET /wp-content/themes/twentytwelve/fonts/open-sans/open-sans-greek-400-normal.woff2?ver=34 HTTP/1.1" 200 8952 "http://fuentesanza.es/wp-content/themes/twentytwelve/fonts/font-open-sans.css?ver=20230328" "Mozilla/5.0 (X11; Linux x86_64) AppleWebKit/537.36 (KHTML, like Gecko) Chrome/120.0.0.0 Safari/537.36" 11 **0/11718**
207.180.219.104 - - [14/Apr/2026:06:34:48 -0700] "GET /wp-content/themes/twentytwelve/fonts/open-sans/open-sans-latin-700-normal.woff2?ver=34 HTTP/1.1" 200 16372 "http://fuentesanza.es/wp-content/themes/twentytwelve/fonts/font-open-sans.css?ver=20230328" "Mozilla/5.0 (X11; Linux x86_64) AppleWebKit/537.36 (KHTML, like Gecko) Chrome/120.0.0.0 Safari/537.36" 12 **0/12662**
207.180.219.104 - - [14/Apr/2026:06:34:49 -0700] "GET /wp-includes/js/wp-emoji-release.min.js?ver=6.3.8 HTTP/1.1" 200 5039 "http://fuentesanza.es/public/la-fascinante-historia-de-los-casinos-a-traves-de/" "Mozilla/5.0 (X11; Linux x86_64) AppleWebKit/537.36 (KHTML, like Gecko) Chrome/120.0.0.0 Safari/537.36" 14 **0/14062**
66.249.73.4 - - [14/Apr/2026:06:34:56 -0700] "GET /?m=3110821655 HTTP/1.1" 404 11349 "-" "Mozilla/5.0 (Linux; Android 6.0.1; Nexus 5X Build/MMB29P) AppleWebKit/537.36 (KHTML, like Gecko) Chrome/146.0.7680.177 Mobile Safari/537.36 (compatible; Googlebot/2.1; +http://www.google.com/bot.html)" 224 **0/224068**
185.191.171.16 - - [14/Apr/2026:06:34:59 -0700] "GET /uncategorized/phoenix-sunrays-slots-enjoy-quickspin-phoenix-sunshine-slot-online/ HTTP/1.1" 200 30340 "-" "Mozilla/5.0 (compatible; SemrushBot/7~bl; +http://www.semrush.com/bot.html)" 352 **0/352256**
54.39.203.30 - - [14/Apr/2026:06:35:12 -0700] "GET /uncategorized/best-sweepstakes-kasino-no-vorleistung-diese-seite-durchsuchen-pramie-free-sc-2026/feed/ HTTP/1.1" 200 496 "-" "Mozilla/5.0 (compatible; AhrefsBot/7.0; +http://ahrefs.com/robot/)" 191 **0/191360**
66.249.73.5 - - [14/Apr/2026:06:35:14 -0700] "GET /?w=36370104022 HTTP/1.1" 404 11349 "-" "Mozilla/5.0 (Linux; Android 6.0.1; Nexus 5X Build/MMB29P) AppleWebKit/537.36 (KHTML, like Gecko) Chrome/146.0.7680.177 Mobile Safari/537.36 (compatible; Googlebot/2.1; +http://www.google.com/bot.html)" 369 **0/369683**
185.191.171.19 - - [14/Apr/2026:06:35:14 -0700] "GET /uncategorized/wonderful-goddess-slot-reel-rich-devil-free-spins-stimulate-awesome-hemorrhoids-win-step-one000x/ HTTP/1.1" 200 31650 "-" "Mozilla/5.0 (compatible; SemrushBot/7~bl; +http://www.semrush.com/bot.html)" 551 **0/551997**
85.208.96.210 - - [14/Apr/2026:06:35:25 -0700] "GET /uncategorized/forest-australia-online-slots-real-money-jim-el-dorado-slot-review-have-reviews-gamble-bonus/ HTTP/1.1" 200 30705 "-" "Mozilla/5.0 (compatible; SemrushBot/7~bl; +http://www.semrush.com/bot.html)" 363 **0/363331**
185.191.171.19 - - [14/Apr/2026:06:35:30 -0700] "GET /category/new/ HTTP/1.1" 200 30774 "-" "Mozilla/5.0 (compatible; SemrushBot/7~bl; +http://www.semrush.com/bot.html)" 544 **0/544932**
167.114.139.149 - - [14/Apr/2026:06:35:34 -0700] "GET /tag/jogo-betano/ HTTP/1.1" 200 28917 "-" "Mozilla/5.0 (compatible; AhrefsBot/7.0; +http://ahrefs.com/robot/)" 426 **0/426853**
15.235.98.172 - - [14/Apr/2026:06:35:52 -0700] "GET /blog/the-essential-role-of-brand-consultancy-in-shaping-business-identity/feed/ HTTP/1.1" 200 456 "-" "Mozilla/5.0 (compatible; AhrefsBot/7.0; +http://ahrefs.com/robot/)" 186 **0/186353**
85.208.96.201 - - [14/Apr/2026:06:35:52 -0700] "GET /category/1win-official-951/ HTTP/1.1" 200 42747 "-" "Mozilla/5.0 (compatible; SemrushBot/7~bl; +http://www.semrush.com/bot.html)" 402 **0/402648**
185.153.197.91 - - [14/Apr/2026:06:35:53 -0700] "POST /xmlrpc.php HTTP/1.1" 200 180 "-" "Mozilla/5.0 (Windows NT 10.0; Win64; x64) AppleWebKit/537.36 (KHTML, like Gecko) Chrome/114.0.0.0 Safari/537.36" 423 **0/423157**
208.109.41.231 - - [14/Apr/2026:06:36:00 -0700] "POST /wp-cron.php?doing_wp_cron=1776173760.0835249423980712890625 HTTP/1.1" 200 - "-" "WordPress/6.3.8; http://fuentesanza.es" 28 **0/28007**
185.153.197.91 - - [14/Apr/2026:06:35:59 -0700] "POST /xmlrpc.php HTTP/1.1" 200 10044 "-" "Mozilla/5.0 (Windows NT 10.0; Win64; x64) AppleWebKit/537.36 (KHTML, like Gecko) Chrome/114.0.0.0 Safari/537.36" 621 **0/621270**
185.153.197.91 - - [14/Apr/2026:06:36:02 -0700] "GET /uncategorized/sie-beherrschen-zukunftige-anmeldungen-schneller-werden-damit-sie-unser-geratevertrauen-unter-ein-ersten-ankurbeln/ HTTP/1.1" 200 156838 "-" "Mozilla/5.0 (Windows NT 10.0; Win64; x64) AppleWebKit/537.36 (KHTML, like Gecko) Chrome/124.0.0.0 Safari/537.36" 805 **0/805044**
66.249.73.4 - - [14/Apr/2026:06:36:03 -0700] "GET /?m=31108235671 HTTP/1.1" 404 11349 "-" "Mozilla/5.0 (Linux; Android 6.0.1; Nexus 5X Build/MMB29P) AppleWebKit/537.36 (KHTML, like Gecko) Chrome/146.0.7680.177 Mobile Safari/537.36 (compatible; Googlebot/2.1; +http://www.google.com/bot.html)" 493 **0/493107**
185.191.171.16 - - [14/Apr/2026:06:36:09 -0700] "GET /tag/mostbet-app-download/ HTTP/1.1" 200 81499 "-" "Mozilla/5.0 (compatible; SemrushBot/7~bl; +http://www.semrush.com/bot.html)" 391 **0/391907**
54.39.203.97 - - [14/Apr/2026:06:36:21 -0700] "GET /tag/betano-cassino/ HTTP/1.1" 200 28947 "-" "Mozilla/5.0 (compatible; AhrefsBot/7.0; +http://ahrefs.com/robot/)" 412 **0/412564**
85.208.96.207 - - [14/Apr/2026:06:36:32 -0700] "GET /gambling/mettez-en-avant-des-croyances-fiables-sur-les-jeux-dargent-pour-battre-le-casino/ HTTP/1.1" 200 29578 "-" "Mozilla/5.0 (compatible; SemrushBot/7~bl; +http://www.semrush.com/bot.html)" 576 **0/576673**
94.46.15.210 - - [14/Apr/2026:06:36:34 -0700] "HEAD /uncategorized/1xbet-zerkalo-dlya-vkhoda-na-ofitsialnyy-sayt-1khbet/ HTTP/1.1" 200 - "-" "WordPress/6.5.8; https://vectorconjuga.pt" 174 **0/174219**
66.249.73.4 - - [14/Apr/2026:06:36:38 -0700] "GET /?f=71141270447 HTTP/1.1" 200 30523 "-" "Mozilla/5.0 (Linux; Android 6.0.1; Nexus 5X Build/MMB29P) AppleWebKit/537.36 (KHTML, like Gecko) Chrome/146.0.7680.177 Mobile Safari/537.36 (compatible; Googlebot/2.1; +http://www.google.com/bot.html)" 444 **0/444093**
185.191.171.13 - - [14/Apr/2026:06:36:43 -0700] "GET /uncategorized/finest-us-real-money-slots-2026-free-luckland-200-spins-no-deposit-better-gambling-enterprises-position-game/ HTTP/1.1" 200 33665 "-" "Mozilla/5.0 (compatible; SemrushBot/7~bl; +http://www.semrush.com/bot.html)" 582 **0/582903**
66.249.73.4 - - [14/Apr/2026:06:36:45 -0700] "GET /?m=31108206004 HTTP/1.1" 404 11349 "-" "Mozilla/5.0 (Linux; Android 6.0.1; Nexus 5X Build/MMB29P) AppleWebKit/537.36 (KHTML, like Gecko) Chrome/146.0.7680.177 Mobile Safari/537.36 (compatible; Googlebot/2.1; +http://www.google.com/bot.html)" 292 **0/292839**
66.249.73.4 - - [14/Apr/2026:06:36:45 -0700] "GET /?m=31108143292 HTTP/1.1" 404 11349 "-" "Mozilla/5.0 (Linux; Android 6.0.1; Nexus 5X Build/MMB29P) AppleWebKit/537.36 (KHTML, like Gecko) Chrome/146.0.7680.177 Mobile Safari/537.36 (compatible; Googlebot/2.1; +http://www.google.com/bot.html)" 477 **0/477422**
54.39.89.114 - - [14/Apr/2026:06:36:48 -0700] "GET /uncategorized/purchase-grass-on-the-web-discreet-beginning-which-have-record/ HTTP/1.1" 200 28125 "-" "Mozilla/5.0 (compatible; AhrefsBot/7.0; +http://ahrefs.com/robot/)" 525 **0/525555**
185.191.171.13 - - [14/Apr/2026:06:36:48 -0700] "GET /uncategorized/best-you-real-money-slots-2026-greatest-casinos-slot-online-game/ HTTP/1.1" 200 32018 "-" "Mozilla/5.0 (compatible; SemrushBot/7~bl; +http://www.semrush.com/bot.html)" 470 **0/470193**
66.249.73.4 - - [14/Apr/2026:06:36:46 -0700] "GET /?s=10106105152 HTTP/1.1" 200 24308 "-" "Mozilla/5.0 (Linux; Android 6.0.1; Nexus 5X Build/MMB29P) AppleWebKit/537.36 (KHTML, like Gecko) Chrome/146.0.7680.177 Mobile Safari/537.36 (compatible; Googlebot/2.1; +http://www.google.com/bot.html)" 4209 **4/4209164**
66.249.73.4 - - [14/Apr/2026:06:36:51 -0700] "GET /?i=20912222241 HTTP/1.1" 200 30520 "-" "Mozilla/5.0 (Linux; Android 6.0.1; Nexus 5X Build/MMB29P) AppleWebKit/537.36 (KHTML, like Gecko) Chrome/146.0.7680.177 Mobile Safari/537.36 (compatible; Googlebot/2.1; +http://www.google.com/bot.html)" 426 **0/426842**
63.250.32.222 - - [14/Apr/2026:06:36:53 -0700] "HEAD /uncategorized/1xbet-zerkalo-dlya-vkhoda-na-ofitsialnyy-sayt-1khbet/ HTTP/1.1" 200 - "-" "WordPress/6.9.4; https://ark-contracting.co" 256 **0/256715**
63.250.32.222 - - [14/Apr/2026:06:36:57 -0700] "HEAD /uncategorized/1xbet-zerkalo-dlya-vkhoda-na-ofitsialnyy-sayt-1khbet/ HTTP/1.1" 200 - "-" "WordPress/6.9.4; https://ark-contracting.co" 152 **0/152883**
63.250.32.222 - - [14/Apr/2026:06:36:53 -0700] "POST /xmlrpc.php HTTP/1.1" 200 277 "-" "The Incutio XML-RPC PHP Library -- WordPress/6.9.4" 10578 **10/10578109**
148.113.130.116 - - [14/Apr/2026:06:37:05 -0700] "GET /uncategorized/priliv-live-rulety-krypto-kasino-stranek-komplexni-prehled/feed/ HTTP/1.1" 200 482 "-" "Mozilla/5.0 (compatible; AhrefsBot/7.0; +http://ahrefs.com/robot/)" 442 **0/442767**
85.208.96.201 - - [14/Apr/2026:06:37:08 -0700] "GET /category/pinup-login-142/ HTTP/1.1" 200 34935 "-" "Mozilla/5.0 (compatible; SemrushBot/7~bl; +http://www.semrush.com/bot.html)" 393 **0/393739**
66.249.73.4 - - [14/Apr/2026:06:37:13 -0700] "GET /?y=4529092922 HTTP/1.1" 200 30520 "-" "Mozilla/5.0 (Linux; Android 6.0.1; Nexus 5X Build/MMB29P) AppleWebKit/537.36 (KHTML, like Gecko) Chrome/146.0.7680.177 Mobile Safari/537.36 (compatible; Googlebot/2.1; +http://www.google.com/bot.html)" 418 **0/418180**
35.183.34.190 - - [14/Apr/2026:06:37:13 -0700] "POST /xmlrpc.php HTTP/1.1" 200 180 "-" "Mozilla/5.0 (Windows NT 10.0; Win64; x64) AppleWebKit/537.36 (KHTML, like Gecko) Chrome/114.0.0.0 Safari/537.36" 706 **0/706223**
208.109.41.231 - - [14/Apr/2026:06:37:14 -0700] "POST /wp-cron.php?doing_wp_cron=1776173834.0687599182128906250000 HTTP/1.1" 200 - "-" "WordPress/6.3.8; http://fuentesanza.es" 22 **0/22149**
66.249.73.5 - - [14/Apr/2026:06:37:13 -0700] "GET /?s=10106265435 HTTP/1.1" 200 24370 "-" "Mozilla/5.0 (Linux; Android 6.0.1; Nexus 5X Build/MMB29P) AppleWebKit/537.36 (KHTML, like Gecko) Chrome/146.0.7680.177 Mobile Safari/537.36 (compatible; Googlebot/2.1; +http://www.google.com/bot.html)" 3312 **3/3312119**
35.183.34.190 - - [14/Apr/2026:06:37:19 -0700] "POST /xmlrpc.php HTTP/1.1" 200 13354 "-" "Mozilla/5.0 (Windows NT 10.0; Win64; x64) AppleWebKit/537.36 (KHTML, like Gecko) Chrome/114.0.0.0 Safari/537.36" 381 **0/381367**
35.183.34.190 - - [14/Apr/2026:06:37:20 -0700] "GET /uncategorized/skachat-1xbet-na-android-ofitsialnyy-apk-poslednyaya-versiya/ HTTP/1.1" 200 159975 "-" "Mozilla/5.0 (Windows NT 10.0; Win64; x64) AppleWebKit/537.36 (KHTML, like Gecko) Chrome/124.0.0.0 Safari/537.36" 296 **0/296787**
54.39.0.75 - - [14/Apr/2026:06:37:21 -0700] "GET /tag/betano-casino-online/ HTTP/1.1" 200 28965 "-" "Mozilla/5.0 (compatible; AhrefsBot/7.0; +http://ahrefs.com/robot/)" 448 **0/448159**
185.191.171.15 - - [14/Apr/2026:06:37:21 -0700] "GET /uncategorized/individual-banking-playing-cards-money-casino-level-up-slots-using/ HTTP/1.1" 200 30049 "-" "Mozilla/5.0 (compatible; SemrushBot/7~bl; +http://www.semrush.com/bot.html)" 398 **0/398162**
185.191.171.16 - - [14/Apr/2026:06:37:23 -0700] "GET /gambling/investigate-the-distinguished-path-to-premium-gambling-experiences/ HTTP/1.1" 200 29757 "-" "Mozilla/5.0 (compatible; SemrushBot/7~bl; +http://www.semrush.com/bot.html)" 360 **0/360328**
47.128.25.237 - - [14/Apr/2026:06:37:27 -0700] "GET /uncategorized/uitgelezene-mobiele-casinos-va-nederland-2026/ HTTP/1.1" 403 158845 "-" "Mozilla/5.0 (Linux; Android 5.0) AppleWebKit/537.36 (KHTML, like Gecko) Mobile Safari/537.36 (compatible; Bytespider; spider-feedback@bytedance.com)" 328 **0/328085**
66.249.73.5 - - [14/Apr/2026:06:37:28 -0700] "GET /?w=3637044590 HTTP/1.1" 404 11349 "-" "Mozilla/5.0 (Linux; Android 6.0.1; Nexus 5X Build/MMB29P) AppleWebKit/537.36 (KHTML, like Gecko) Chrome/146.0.7680.177 Mobile Safari/537.36 (compatible; Googlebot/2.1; +http://www.google.com/bot.html)" 613 **0/613637**
47.128.25.237 - - [14/Apr/2026:06:37:28 -0700] "GET /wp-includes/css/dist/block-library/style.min.css?ver=6.3.8 HTTP/1.1" 404 50331 "http://fuentesanza.es/uncategorized/uitgelezene-mobiele-casinos-va-nederland-2026/" "Mozilla/5.0 (Linux; Android 5.0) AppleWebKit/537.36 (KHTML, like Gecko) Mobile Safari/537.36 (compatible; Bytespider; spider-feedback@bytedance.com)" 650 **0/650137**
47.128.25.237 - - [14/Apr/2026:06:37:28 -0700] "GET /wp-content/themes/twentytwelve/fonts/font-open-sans.css?ver=20230328 HTTP/1.1" 404 50331 "http://fuentesanza.es/uncategorized/uitgelezene-mobiele-casinos-va-nederland-2026/" "Mozilla/5.0 (Linux; Android 5.0) AppleWebKit/537.36 (KHTML, like Gecko) Mobile Safari/537.36 (compatible; Bytespider; spider-feedback@bytedance.com)" 768 **0/768420**
47.128.25.237 - - [14/Apr/2026:06:37:28 -0700] "GET /wp-content/themes/twentytwelve/style.css?ver=20230808 HTTP/1.1" 404 50331 "http://fuentesanza.es/uncategorized/uitgelezene-mobiele-casinos-va-nederland-2026/" "Mozilla/5.0 (Linux; Android 5.0) AppleWebKit/537.36 (KHTML, like Gecko) Mobile Safari/537.36 (compatible; Bytespider; spider-feedback@bytedance.com)" 763 **0/763380**
47.128.25.237 - - [14/Apr/2026:06:37:28 -0700] "GET /wp-content/themes/twentytwelve/css/blocks.css?ver=20230213 HTTP/1.1" 404 50331 "http://fuentesanza.es/uncategorized/uitgelezene-mobiele-casinos-va-nederland-2026/" "Mozilla/5.0 (Linux; Android 5.0) AppleWebKit/537.36 (KHTML, like Gecko) Mobile Safari/537.36 (compatible; Bytespider; spider-feedback@bytedance.com)" 831 **0/831158**
47.128.25.196 - - [14/Apr/2026:06:37:35 -0700] "GET /uncategorized/australian-on-the-web-pokies-for-real-money-best-aussie-pokies/ HTTP/1.1" 403 154574 "-" "Mozilla/5.0 (Linux; Android 5.0) AppleWebKit/537.36 (KHTML, like Gecko) Mobile Safari/537.36 (compatible; Bytespider; spider-feedback@bytedance.com)" 251 **0/251447**
47.128.25.196 - - [14/Apr/2026:06:37:35 -0700] "GET /wp-includes/css/dist/block-library/style.min.css?ver=6.3.8 HTTP/1.1" 404 50331 "http://fuentesanza.es/uncategorized/australian-on-the-web-pokies-for-real-money-best-aussie-pokies/" "Mozilla/5.0 (Linux; Android 5.0) AppleWebKit/537.36 (KHTML, like Gecko) Mobile Safari/537.36 (compatible; Bytespider; spider-feedback@bytedance.com)" 234 **0/234129**
47.128.25.196 - - [14/Apr/2026:06:37:36 -0700] "GET /wp-content/themes/twentytwelve/fonts/font-open-sans.css?ver=20230328 HTTP/1.1" 404 50331 "http://fuentesanza.es/uncategorized/australian-on-the-web-pokies-for-real-money-best-aussie-pokies/" "Mozilla/5.0 (Linux; Android 5.0) AppleWebKit/537.36 (KHTML, like Gecko) Mobile Safari/537.36 (compatible; Bytespider; spider-feedback@bytedance.com)" 510 **0/510752**
47.128.25.196 - - [14/Apr/2026:06:37:36 -0700] "GET /wp-content/themes/twentytwelve/css/blocks.css?ver=20230213 HTTP/1.1" 404 50331 "http://fuentesanza.es/uncategorized/australian-on-the-web-pokies-for-real-money-best-aussie-pokies/" "Mozilla/5.0 (Linux; Android 5.0) AppleWebKit/537.36 (KHTML, like Gecko) Mobile Safari/537.36 (compatible; Bytespider; spider-feedback@bytedance.com)" 509 **0/509326**
47.128.25.196 - - [14/Apr/2026:06:37:36 -0700] "GET /wp-content/themes/twentytwelve/style.css?ver=20230808 HTTP/1.1" 404 50331 "http://fuentesanza.es/uncategorized/australian-on-the-web-pokies-for-real-money-best-aussie-pokies/" "Mozilla/5.0 (Linux; Android 5.0) AppleWebKit/537.36 (KHTML, like Gecko) Mobile Safari/537.36 (compatible; Bytespider; spider-feedback@bytedance.com)" 632 **0/632327**
66.249.73.4 - - [14/Apr/2026:06:37:44 -0700] "GET /?y=45290168899 HTTP/1.1" 200 30721 "-" "Mozilla/5.0 (Linux; Android 6.0.1; Nexus 5X Build/MMB29P) AppleWebKit/537.36 (KHTML, like Gecko) Chrome/146.0.7680.177 Mobile Safari/537.36 (compatible; Googlebot/2.1; +http://www.google.com/bot.html)" 404 **0/404724**
114.119.135.207 - - [14/Apr/2026:06:37:48 -0700] "GET /uncategorized/thunderstruck-dos-100-percent-free-video-slot-online-gamble-games-%E1%90%88-microgaming/ HTTP/1.1" 200 31437 "http://fuentesanza.es/uncategorized/thunderstruck-dos-100-percent-free-video-slot-online-gamble-games-%E1%90%88-microgaming/" "Mozilla/5.0 (Linux; Android 7.0;) AppleWebKit/537.36 (KHTML, like Gecko) Mobile Safari/537.36 (compatible; PetalBot;+https://webmaster.petalsearch.com/site/petalbot)" 300 **0/300766**
43.159.145.149 - - [14/Apr/2026:06:37:48 -0700] "GET /uncategorized/multiple-diamond-betprimeiro-bet-login-local-casino-games-opinion/ HTTP/1.1" 200 31908 "-" "Mozilla/5.0 (iPhone; CPU iPhone OS 13_2_3 like Mac OS X) AppleWebKit/605.1.15 (KHTML, like Gecko) Version/13.0.3 Mobile/15E148 Safari/604.1" 334 **0/334881**
142.44.220.15 - - [14/Apr/2026:06:37:51 -0700] "GET /13/apostas-esportivas-e-uso-de-analise-estatistica-75/feed/ HTTP/1.1" 200 494 "-" "Mozilla/5.0 (compatible; AhrefsBot/7.0; +http://ahrefs.com/robot/)" 467 **0/467851**
85.208.96.205 - - [14/Apr/2026:06:38:05 -0700] "GET /uncategorized/query-and-you-can-trapping-licenses-and-you-can-permits-alaska-department-of-fish-and-you-may-video-game/ HTTP/1.1" 200 31613 "-" "Mozilla/5.0 (compatible; SemrushBot/7~bl; +http://www.semrush.com/bot.html)" 329 **0/329387**
85.208.96.197 - - [14/Apr/2026:06:38:33 -0700] "GET /uncategorized/gesellschaftliche-auswirkungen-von-wettanbietern-ohne-oasis-ubersicht-prasentieren/ HTTP/1.1" 200 29915 "-" "Mozilla/5.0 (compatible; SemrushBot/7~bl; +http://www.semrush.com/bot.html)" 329 **0/329676**
85.208.96.208 - - [14/Apr/2026:06:38:48 -0700] "GET /gambling/pokrocila-hra-podrobne-poznatky-pro-overeny-uspech-v-hazardnich-hrach/ HTTP/1.1" 200 30395 "-" "Mozilla/5.0 (compatible; SemrushBot/7~bl; +http://www.semrush.com/bot.html)" 342 **0/342744**
185.191.171.2 - - [14/Apr/2026:06:38:59 -0700] "GET /uncategorized/eggomatic-spilleautomat-flettverk-gevinsthjulene-thunderstruck-2-spilleautomat-verde-casino-spilleautomater-kampanjekode-igang-edel-penger-autonom-her/ HTTP/1.1" 200 30026 "-" "Mozilla/5.0 (compatible; SemrushBot/7~bl; +http://www.semrush.com/bot.html)" 281 **0/281899**
103.219.169.211 - - [14/Apr/2026:06:39:00 -0700] "POST /xmlrpc.php HTTP/1.1" 200 180 "-" "Mozilla/5.0 (Windows NT 10.0; Win64; x64) AppleWebKit/537.36 (KHTML, like Gecko) Chrome/114.0.0.0 Safari/537.36" 600 **0/600327**
208.109.41.231 - - [14/Apr/2026:06:39:01 -0700] "POST /wp-cron.php?doing_wp_cron=1776173941.1168529987335205078125 HTTP/1.1" 200 - "-" "WordPress/6.3.8; http://fuentesanza.es" 24 **0/24344**
185.191.171.10 - - [14/Apr/2026:06:39:00 -0700] "GET /tag/slot777/ HTTP/1.1" 200 30586 "-" "Mozilla/5.0 (compatible; SemrushBot/7~bl; +http://www.semrush.com/bot.html)" 587 **0/587686**
185.191.171.19 - - [14/Apr/2026:06:39:03 -0700] "GET /category/pin-up-aviator-46/ HTTP/1.1" 200 37209 "-" "Mozilla/5.0 (compatible; SemrushBot/7~bl; +http://www.semrush.com/bot.html)" 648 **0/648576**
66.249.73.6 - - [14/Apr/2026:06:39:04 -0700] "GET /?y=4529089186 HTTP/1.1" 200 30811 "-" "Mozilla/5.0 (Linux; Android 6.0.1; Nexus 5X Build/MMB29P) AppleWebKit/537.36 (KHTML, like Gecko) Chrome/146.0.7680.177 Mobile Safari/537.36 (compatible; Googlebot/2.1; +http://www.google.com/bot.html)" 494 **0/494473**
103.219.169.211 - - [14/Apr/2026:06:39:06 -0700] "POST /xmlrpc.php HTTP/1.1" 200 11730 "-" "Mozilla/5.0 (Windows NT 10.0; Win64; x64) AppleWebKit/537.36 (KHTML, like Gecko) Chrome/114.0.0.0 Safari/537.36" 652 **0/652480**
103.219.169.211 - - [14/Apr/2026:06:39:07 -0700] "GET /uncategorized/no-deposit-added-bonus-codes-personal-100-percent-free-also-provides-inside-the-centre-court-casino-bonus-2026/ HTTP/1.1" 200 158135 "-" "Mozilla/5.0 (Windows NT 10.0; Win64; x64; rv:125.0) Gecko/20100101 Firefox/125.0" 402 **0/402635**
185.191.171.9 - - [14/Apr/2026:06:39:09 -0700] "GET /uncategorized/fortunate-bonanza-internet-casino-incentive-betting-cobber-casino-canada-login-portal/ HTTP/1.1" 200 31320 "-" "Mozilla/5.0 (compatible; SemrushBot/7~bl; +http://www.semrush.com/bot.html)" 473 **0/473496**
85.208.96.194 - - [14/Apr/2026:06:39:16 -0700] "GET /pin-up-casino-login-839/pin-up-online-casino-825/ HTTP/1.1" 200 32344 "-" "Mozilla/5.0 (compatible; SemrushBot/7~bl; +http://www.semrush.com/bot.html)" 338 **0/338235**
66.249.73.4 - - [14/Apr/2026:06:39:17 -0700] "GET /?p=2065968598 HTTP/1.1" 404 11349 "-" "Mozilla/5.0 (Linux; Android 6.0.1; Nexus 5X Build/MMB29P) AppleWebKit/537.36 (KHTML, like Gecko) Chrome/146.0.7680.177 Mobile Safari/537.36 (compatible; Googlebot/2.1; +http://www.google.com/bot.html)" 220 **0/220707**
66.249.73.4 - - [14/Apr/2026:06:39:17 -0700] "GET /?i=51696248479 HTTP/1.1" 200 30812 "-" "Mozilla/5.0 (Linux; Android 6.0.1; Nexus 5X Build/MMB29P) AppleWebKit/537.36 (KHTML, like Gecko) Chrome/146.0.7680.177 Mobile Safari/537.36 (compatible; Googlebot/2.1; +http://www.google.com/bot.html)" 445 **0/445871**
66.249.73.5 - - [14/Apr/2026:06:39:18 -0700] "GET /?s=10106342571 HTTP/1.1" 200 24386 "-" "Mozilla/5.0 (Linux; Android 6.0.1; Nexus 5X Build/MMB29P) AppleWebKit/537.36 (KHTML, like Gecko) Chrome/146.0.7680.177 Mobile Safari/537.36 (compatible; Googlebot/2.1; +http://www.google.com/bot.html)" 3615 **3/3615086**
66.249.73.4 - - [14/Apr/2026:06:39:22 -0700] "GET /?f=71141267933 HTTP/1.1" 200 30812 "-" "Mozilla/5.0 (Linux; Android 6.0.1; Nexus 5X Build/MMB29P) AppleWebKit/537.36 (KHTML, like Gecko) Chrome/146.0.7680.177 Mobile Safari/537.36 (compatible; Googlebot/2.1; +http://www.google.com/bot.html)" 446 **0/446944**
66.249.73.4 - - [14/Apr/2026:06:39:22 -0700] "GET /?w=36370122322 HTTP/1.1" 404 11349 "-" "Mozilla/5.0 (Linux; Android 6.0.1; Nexus 5X Build/MMB29P) AppleWebKit/537.36 (KHTML, like Gecko) Chrome/146.0.7680.177 Mobile Safari/537.36 (compatible; Googlebot/2.1; +http://www.google.com/bot.html)" 393 **0/393583**
185.191.171.15 - - [14/Apr/2026:06:39:35 -0700] "GET /uncategorized/dated-egypt-ramses-ii-pyramids-pharaohs/ HTTP/1.1" 200 31790 "-" "Mozilla/5.0 (compatible; SemrushBot/7~bl; +http://www.semrush.com/bot.html)" 789 **0/789640**
212.34.148.156 - - [14/Apr/2026:06:39:43 -0700] "GET /1win-registratsiya-168/1win-bet-496/ HTTP/1.1" 200 30801 "-" "Mozilla/5.0 (compatible; Googlebot/2.1; +http://www.google.com/bot.html)" 656 **0/656209**
85.208.96.203 - - [14/Apr/2026:06:39:52 -0700] "GET /category/10-641286-links-mix-casino-5-se-4-done/ HTTP/1.1" 200 1778450 "-" "Mozilla/5.0 (compatible; SemrushBot/7~bl; +http://www.semrush.com/bot.html)" 729 **0/729917**
66.249.73.4 - - [14/Apr/2026:06:39:56 -0700] "GET /?s=1010646305 HTTP/1.1" 200 24386 "-" "Mozilla/5.0 (Linux; Android 6.0.1; Nexus 5X Build/MMB29P) AppleWebKit/537.36 (KHTML, like Gecko) Chrome/146.0.7680.177 Mobile Safari/537.36 (compatible; Googlebot/2.1; +http://www.google.com/bot.html)" 3192 **3/3192813**
66.249.73.4 - - [14/Apr/2026:06:39:59 -0700] "GET /?x=3283543067 HTTP/1.1" 200 30811 "-" "Mozilla/5.0 (Linux; Android 6.0.1; Nexus 5X Build/MMB29P) AppleWebKit/537.36 (KHTML, like Gecko) Chrome/146.0.7680.177 Mobile Safari/537.36 (compatible; Googlebot/2.1; +http://www.google.com/bot.html)" 378 **0/378957**
66.249.73.4 - - [14/Apr/2026:06:40:00 -0700] "GET /?x=3283565076 HTTP/1.1" 200 30807 "-" "Mozilla/5.0 (Linux; Android 6.0.1; Nexus 5X Build/MMB29P) AppleWebKit/537.36 (KHTML, like Gecko) Chrome/146.0.7680.177 Mobile Safari/537.36 (compatible; Googlebot/2.1; +http://www.google.com/bot.html)" 410 **0/410738**
66.249.73.4 - - [14/Apr/2026:06:40:00 -0700] "GET /?s=10106350695 HTTP/1.1" 200 24386 "-" "Mozilla/5.0 (Linux; Android 6.0.1; Nexus 5X Build/MMB29P) AppleWebKit/537.36 (KHTML, like Gecko) Chrome/146.0.7680.177 Mobile Safari/537.36 (compatible; Googlebot/2.1; +http://www.google.com/bot.html)" 5074 **5/5074913**
198.27.126.63 - - [14/Apr/2026:06:40:06 -0700] "HEAD /uncategorized/1xbet-zerkalo-dlya-vkhoda-na-ofitsialnyy-sayt-1khbet/ HTTP/1.1" 200 - "-" "WordPress/6.3.8; https://novoseguros.com" 387 **0/387485**
185.191.171.7 - - [14/Apr/2026:06:40:31 -0700] "GET /1win-casino-login-3/1-win-417/ HTTP/1.1" 200 31877 "-" "Mozilla/5.0 (compatible; SemrushBot/7~bl; +http://www.semrush.com/bot.html)" 356 **0/356103**
35.187.134.2 - - [14/Apr/2026:06:40:35 -0700] "GET /uncategorized/%D0%B8%D0%B4%D0%B5%D0%B0%D0%BB%D1%8C%D0%BD%D1%8B%D0%B5-%D0%B8%D0%B3%D1%80%D0%BE%D0%B2%D1%8B%D0%B5-%D0%B7%D0%B0%D0%B2%D0%B5%D0%B4%D0%B5%D0%BD%D0%B8%D1%8F-%D0%BA%D0%BE%D1%82%D0%BE%D1%80%D1%8B%D0%B5/ HTTP/1.1" 200 28861 "-" "Mozilla/5.0 (compatible; Google-Apps-Script; beanserver; +https://script.google.com; id: UAEmdDd9xsnqR0U8PwCmAzNN8LImSykEA2g)" 462 **0/462587**
85.208.96.194 - - [14/Apr/2026:06:40:37 -0700] "GET /uncategorized/your-own-premier-on-the-web-playing-appeal/ HTTP/1.1" 200 31565 "-" "Mozilla/5.0 (compatible; SemrushBot/7~bl; +http://www.semrush.com/bot.html)" 387 **0/387067**
185.191.171.2 - - [14/Apr/2026:06:41:07 -0700] "GET /uncategorized/vzryv-adrenalina-v-karmane-1xbet-vxod-nacnite-vyigryvat-uze/ HTTP/1.1" 200 31871 "-" "Mozilla/5.0 (compatible; SemrushBot/7~bl; +http://www.semrush.com/bot.html)" 366 **0/366224**
35.183.34.190 - - [14/Apr/2026:06:41:13 -0700] "POST /xmlrpc.php HTTP/1.1" 200 180 "-" "Mozilla/5.0 (Windows NT 10.0; Win64; x64) AppleWebKit/537.36 (KHTML, like Gecko) Chrome/114.0.0.0 Safari/537.36" 883 **0/883127**
208.109.41.231 - - [14/Apr/2026:06:41:23 -0700] "POST /wp-cron.php?doing_wp_cron=1776174083.8668069839477539062500 HTTP/1.1" 200 - "-" "WordPress/6.3.8; http://fuentesanza.es" 25 **0/25596**
85.208.96.208 - - [14/Apr/2026:06:41:23 -0700] "GET /1win-bet-623/1win-casino-55/ HTTP/1.1" 200 33324 "-" "Mozilla/5.0 (compatible; SemrushBot/7~bl; +http://www.semrush.com/bot.html)" 518 **0/518713**
85.208.96.200 - - [14/Apr/2026:06:41:25 -0700] "GET /uncategorized/beste-casinos-exklusive-konto-2026-spielen-ohne-anmeldung/ HTTP/1.1" 200 32631 "-" "Mozilla/5.0 (compatible; SemrushBot/7~bl; +http://www.semrush.com/bot.html)" 436 **0/436409**
35.183.34.190 - - [14/Apr/2026:06:41:26 -0700] "POST /xmlrpc.php HTTP/1.1" 200 10484 "-" "Mozilla/5.0 (Windows NT 10.0; Win64; x64) AppleWebKit/537.36 (KHTML, like Gecko) Chrome/114.0.0.0 Safari/537.36" 518 **0/518048**
35.183.34.190 - - [14/Apr/2026:06:41:26 -0700] "GET /uncategorized/nachni-igru-i-prover-svoyu-udachu/ HTTP/1.1" 200 157119 "-" "Mozilla/5.0 (Windows NT 10.0; Win64; x64) AppleWebKit/537.36 (KHTML, like Gecko) Chrome/123.0.0.0 Safari/537.36 OPR/109.0.0.0" 390 **0/390069**
185.191.171.6 - - [14/Apr/2026:06:41:38 -0700] "GET /uncategorized/kotorom-stavki-perevod-na-angliyskiy-primery-russkiy/ HTTP/1.1" 200 31303 "-" "Mozilla/5.0 (compatible; SemrushBot/7~bl; +http://www.semrush.com/bot.html)" 329 **0/329480**
66.249.73.5 - - [14/Apr/2026:06:41:46 -0700] "GET /?c=8416425298 HTTP/1.1" 200 30810 "-" "Mozilla/5.0 (Linux; Android 6.0.1; Nexus 5X Build/MMB29P) AppleWebKit/537.36 (KHTML, like Gecko) Chrome/146.0.7680.177 Mobile Safari/537.36 (compatible; Googlebot/2.1; +http://www.google.com/bot.html)" 477 **0/477848**
66.249.73.5 - - [14/Apr/2026:06:41:46 -0700] "GET /?i=5169627973 HTTP/1.1" 200 30810 "-" "Mozilla/5.0 (Linux; Android 6.0.1; Nexus 5X Build/MMB29P) AppleWebKit/537.36 (KHTML, like Gecko) Chrome/146.0.7680.177 Mobile Safari/537.36 (compatible; Googlebot/2.1; +http://www.google.com/bot.html)" 481 **0/481052**
66.249.73.5 - - [14/Apr/2026:06:41:47 -0700] "GET /?w=3637032091 HTTP/1.1" 404 11349 "-" "Mozilla/5.0 (Linux; Android 6.0.1; Nexus 5X Build/MMB29P) AppleWebKit/537.36 (KHTML, like Gecko) Chrome/146.0.7680.177 Mobile Safari/537.36 (compatible; Googlebot/2.1; +http://www.google.com/bot.html)" 233 **0/233135**
66.249.73.4 - - [14/Apr/2026:06:41:56 -0700] "GET /?f=7114195847 HTTP/1.1" 200 30810 "-" "Mozilla/5.0 (Linux; Android 6.0.1; Nexus 5X Build/MMB29P) AppleWebKit/537.36 (KHTML, like Gecko) Chrome/146.0.7680.177 Mobile Safari/537.36 (compatible; Googlebot/2.1; +http://www.google.com/bot.html)" 547 **0/547627**
66.249.73.4 - - [14/Apr/2026:06:41:57 -0700] "GET /?x=3283533895 HTTP/1.1" 200 30811 "-" "Mozilla/5.0 (Linux; Android 6.0.1; Nexus 5X Build/MMB29P) AppleWebKit/537.36 (KHTML, like Gecko) Chrome/146.0.7680.177 Mobile Safari/537.36 (compatible; Googlebot/2.1; +http://www.google.com/bot.html)" 482 **0/482342**
66.249.73.4 - - [14/Apr/2026:06:42:20 -0700] "GET /?m=3110851995 HTTP/1.1" 404 11349 "-" "Mozilla/5.0 (Linux; Android 6.0.1; Nexus 5X Build/MMB29P) AppleWebKit/537.36 (KHTML, like Gecko) Chrome/146.0.7680.177 Mobile Safari/537.36 (compatible; Googlebot/2.1; +http://www.google.com/bot.html)" 225 **0/225079**
66.249.73.5 - - [14/Apr/2026:06:42:21 -0700] "GET /?i=5169624894 HTTP/1.1" 200 30810 "-" "Mozilla/5.0 (Linux; Android 6.0.1; Nexus 5X Build/MMB29P) AppleWebKit/537.36 (KHTML, like Gecko) Chrome/146.0.7680.177 Mobile Safari/537.36 (compatible; Googlebot/2.1; +http://www.google.com/bot.html)" 366 **0/366861**
66.249.73.4 - - [14/Apr/2026:06:42:28 -0700] "GET /?s=10106228777 HTTP/1.1" 200 24385 "-" "Mozilla/5.0 (Linux; Android 6.0.1; Nexus 5X Build/MMB29P) AppleWebKit/537.36 (KHTML, like Gecko) Chrome/146.0.7680.177 Mobile Safari/537.36 (compatible; Googlebot/2.1; +http://www.google.com/bot.html)" 3881 **3/3881343**
185.191.171.9 - - [14/Apr/2026:06:42:41 -0700] "GET /1win-skachat-978/1win-app-697/ HTTP/1.1" 200 32447 "-" "Mozilla/5.0 (compatible; SemrushBot/7~bl; +http://www.semrush.com/bot.html)" 391 **0/391300**
161.97.176.255 - - [14/Apr/2026:06:42:43 -0700] "GET /public/mastering-the-odds-an-advanced-guide-to-strategic-7/ HTTP/1.1" 200 30344 "-" "Mozilla/5.0 (X11; Linux x86_64) AppleWebKit/537.36 (KHTML, like Gecko) Chrome/120.0.0.0 Safari/537.36" 348 **0/348000**
161.97.176.255 - - [14/Apr/2026:06:42:43 -0700] "GET /wp-includes/css/dist/block-library/style.min.css?ver=6.3.8 HTTP/1.1" 200 13841 "http://fuentesanza.es/public/mastering-the-odds-an-advanced-guide-to-strategic-7/" "Mozilla/5.0 (X11; Linux x86_64) AppleWebKit/537.36 (KHTML, like Gecko) Chrome/120.0.0.0 Safari/537.36" 19 **0/19233**
161.97.176.255 - - [14/Apr/2026:06:42:43 -0700] "GET /wp-content/themes/twentytwelve/fonts/font-open-sans.css?ver=20230328 HTTP/1.1" 200 930 "http://fuentesanza.es/public/mastering-the-odds-an-advanced-guide-to-strategic-7/" "Mozilla/5.0 (X11; Linux x86_64) AppleWebKit/537.36 (KHTML, like Gecko) Chrome/120.0.0.0 Safari/537.36" 10 **0/10421**
161.97.176.255 - - [14/Apr/2026:06:42:43 -0700] "GET /wp-content/themes/twentytwelve/css/blocks.css?ver=20230213 HTTP/1.1" 200 1872 "http://fuentesanza.es/public/mastering-the-odds-an-advanced-guide-to-strategic-7/" "Mozilla/5.0 (X11; Linux x86_64) AppleWebKit/537.36 (KHTML, like Gecko) Chrome/120.0.0.0 Safari/537.36" 13 **0/13946**
161.97.176.255 - - [14/Apr/2026:06:42:43 -0700] "GET /wp-content/themes/twentytwelve/style.css?ver=20230808 HTTP/1.1" 200 8255 "http://fuentesanza.es/public/mastering-the-odds-an-advanced-guide-to-strategic-7/" "Mozilla/5.0 (X11; Linux x86_64) AppleWebKit/537.36 (KHTML, like Gecko) Chrome/120.0.0.0 Safari/537.36" 14 **0/14083**
161.97.176.255 - - [14/Apr/2026:06:42:43 -0700] "GET /wp-includes/js/jquery/jquery.min.js?ver=3.7.0 HTTP/1.1" 200 30343 "http://fuentesanza.es/public/mastering-the-odds-an-advanced-guide-to-strategic-7/" "Mozilla/5.0 (X11; Linux x86_64) AppleWebKit/537.36 (KHTML, like Gecko) Chrome/120.0.0.0 Safari/537.36" 22 **0/22021**
161.97.176.255 - - [14/Apr/2026:06:42:43 -0700] "GET /wp-includes/js/jquery/jquery-migrate.min.js?ver=3.4.1 HTTP/1.1" 200 4872 "http://fuentesanza.es/public/mastering-the-odds-an-advanced-guide-to-strategic-7/" "Mozilla/5.0 (X11; Linux x86_64) AppleWebKit/537.36 (KHTML, like Gecko) Chrome/120.0.0.0 Safari/537.36" 7 **0/7403**
161.97.176.255 - - [14/Apr/2026:06:42:43 -0700] "GET /wp-includes/js/comment-reply.min.js?ver=6.3.8 HTTP/1.1" 200 1351 "http://fuentesanza.es/public/mastering-the-odds-an-advanced-guide-to-strategic-7/" "Mozilla/5.0 (X11; Linux x86_64) AppleWebKit/537.36 (KHTML, like Gecko) Chrome/120.0.0.0 Safari/537.36" 11 **0/11395**
161.97.176.255 - - [14/Apr/2026:06:42:43 -0700] "GET /public/mastering-the-odds-an-advanced-guide-to-strategic-7/%3Cdiv%20class=%22video-container%22%3E%3Ciframe%20src=%22https://cdn.pixabay.com/video/2020/11/07/55664-503971675_medium.mp4%22%20frameborder=%220%22%20allowfullscreen%3E%3C/iframe%3E%3C/div%3E HTTP/1.1" 301 - "http://fuentesanza.es/public/mastering-the-odds-an-advanced-guide-to-strategic-7/" "Mozilla/5.0 (X11; Linux x86_64) AppleWebKit/537.36 (KHTML, like Gecko) Chrome/120.0.0.0 Safari/537.36" 171 **0/171318**
161.97.176.255 - - [14/Apr/2026:06:42:44 -0700] "GET /wp-content/themes/twentytwelve/js/navigation.js?ver=20141205 HTTP/1.1" 200 656 "http://fuentesanza.es/public/mastering-the-odds-an-advanced-guide-to-strategic-7/" "Mozilla/5.0 (X11; Linux x86_64) AppleWebKit/537.36 (KHTML, like Gecko) Chrome/120.0.0.0 Safari/537.36" 11 **0/11270**
161.97.176.255 - - [14/Apr/2026:06:42:44 -0700] "GET /wp-content/themes/twentytwelve/fonts/open-sans/open-sans-latin-700-normal.woff2?ver=34 HTTP/1.1" 200 16372 "http://fuentesanza.es/wp-content/themes/twentytwelve/fonts/font-open-sans.css?ver=20230328" "Mozilla/5.0 (X11; Linux x86_64) AppleWebKit/537.36 (KHTML, like Gecko) Chrome/120.0.0.0 Safari/537.36" 10 **0/10464**
161.97.176.255 - - [14/Apr/2026:06:42:44 -0700] "GET /wp-content/themes/twentytwelve/fonts/open-sans/open-sans-cyrillic-400-normal.woff2?ver=34 HTTP/1.1" 200 10652 "http://fuentesanza.es/wp-content/themes/twentytwelve/fonts/font-open-sans.css?ver=20230328" "Mozilla/5.0 (X11; Linux x86_64) AppleWebKit/537.36 (KHTML, like Gecko) Chrome/120.0.0.0 Safari/537.36" 11 **0/11775**
161.97.176.255 - - [14/Apr/2026:06:42:44 -0700] "GET /wp-content/themes/twentytwelve/fonts/open-sans/open-sans-latin-ext-400-normal.woff2?ver=34 HTTP/1.1" 200 12972 "http://fuentesanza.es/wp-content/themes/twentytwelve/fonts/font-open-sans.css?ver=20230328" "Mozilla/5.0 (X11; Linux x86_64) AppleWebKit/537.36 (KHTML, like Gecko) Chrome/120.0.0.0 Safari/537.36" 12 **0/12347**
161.97.176.255 - - [14/Apr/2026:06:42:44 -0700] "GET /wp-content/themes/twentytwelve/fonts/open-sans/open-sans-greek-400-normal.woff2?ver=34 HTTP/1.1" 200 8952 "http://fuentesanza.es/wp-content/themes/twentytwelve/fonts/font-open-sans.css?ver=20230328" "Mozilla/5.0 (X11; Linux x86_64) AppleWebKit/537.36 (KHTML, like Gecko) Chrome/120.0.0.0 Safari/537.36" 15 **0/15436**
161.97.176.255 - - [14/Apr/2026:06:42:44 -0700] "GET /wp-content/themes/twentytwelve/fonts/open-sans/open-sans-latin-400-normal.woff2?ver=34 HTTP/1.1" 200 16740 "http://fuentesanza.es/wp-content/themes/twentytwelve/fonts/font-open-sans.css?ver=20230328" "Mozilla/5.0 (X11; Linux x86_64) AppleWebKit/537.36 (KHTML, like Gecko) Chrome/120.0.0.0 Safari/537.36" 11 **0/11333**
185.191.171.18 - - [14/Apr/2026:06:42:43 -0700] "GET /1win-%D8%AA%D8%AD%D9%85%D9%8A%D9%84-322/aviator-1win-676/ HTTP/1.1" 200 33344 "-" "Mozilla/5.0 (compatible; SemrushBot/7~bl; +http://www.semrush.com/bot.html)" 389 **0/389570**
161.97.176.255 - - [14/Apr/2026:06:42:44 -0700] "GET /public/mastering-the-odds-an-advanced-guide-to-strategic-7/%3Cdiv%20class=%22video-container%22%3E%3Ciframe%20src=%22https:/cdn.pixabay.com/video/2020/11/07/55664-503971675_medium.mp4%22%20frameborder=%220%22%20allowfullscreen%3E%3C/iframe%3E%3C/div%3E HTTP/1.1" 404 50331 "http://fuentesanza.es/public/mastering-the-odds-an-advanced-guide-to-strategic-7/" "Mozilla/5.0 (X11; Linux x86_64) AppleWebKit/537.36 (KHTML, like Gecko) Chrome/120.0.0.0 Safari/537.36" 252 **0/252295**
161.97.176.255 - - [14/Apr/2026:06:42:44 -0700] "GET /wp-includes/js/wp-emoji-release.min.js?ver=6.3.8 HTTP/1.1" 200 5039 "http://fuentesanza.es/public/mastering-the-odds-an-advanced-guide-to-strategic-7/" "Mozilla/5.0 (X11; Linux x86_64) AppleWebKit/537.36 (KHTML, like Gecko) Chrome/120.0.0.0 Safari/537.36" 11 **0/11470**
185.191.171.3 - - [14/Apr/2026:06:42:45 -0700] "GET /uncategorized/21000-juegos-sobre-legal-keno-en-linea-casino-sin-cargo-referente-a-mexico-falto-registro/ HTTP/1.1" 200 32030 "-" "Mozilla/5.0 (compatible; SemrushBot/7~bl; +http://www.semrush.com/bot.html)" 307 **0/307205**
85.208.96.212 - - [14/Apr/2026:06:42:51 -0700] "GET /category/1-win-540/ HTTP/1.1" 200 38314 "-" "Mozilla/5.0 (compatible; SemrushBot/7~bl; +http://www.semrush.com/bot.html)" 449 **0/449334**
66.249.73.4 - - [14/Apr/2026:06:42:54 -0700] "GET /?m=31108200906 HTTP/1.1" 404 11349 "-" "Mozilla/5.0 (Linux; Android 6.0.1; Nexus 5X Build/MMB29P) AppleWebKit/537.36 (KHTML, like Gecko) Chrome/146.0.7680.177 Mobile Safari/537.36 (compatible; Googlebot/2.1; +http://www.google.com/bot.html)" 227 **0/227869**
185.191.171.1 - - [14/Apr/2026:06:42:58 -0700] "GET /uncategorized/inside-folgendem-hosenschritt-seien-die-autoren-nachfolgende-verschiedenen-arten-durch-nv-spielsalon-boni-extensiv-rezensieren/ HTTP/1.1" 200 30130 "-" "Mozilla/5.0 (compatible; SemrushBot/7~bl; +http://www.semrush.com/bot.html)" 353 **0/353019**
109.200.253.115 - - [14/Apr/2026:06:43:03 -0700] "GET /news/beste-online-casinos-ohne-limits-in-deutschland-6/ HTTP/1.1" 200 28627 "-" "Mozilla/5.0 (Windows NT 10.0; Win64; x64) AppleWebKit/537.36 (KHTML, like Gecko) Chrome/122.0.0.0 Safari/537.36" 481 **0/481241**
85.208.96.205 - - [14/Apr/2026:06:43:04 -0700] "GET /ice-kasyno-656/icekasyno-781/ HTTP/1.1" 200 33846 "-" "Mozilla/5.0 (compatible; SemrushBot/7~bl; +http://www.semrush.com/bot.html)" 529 **0/529497**
85.208.96.210 - - [14/Apr/2026:06:43:06 -0700] "GET /uncategorized/find-an-ideal-match-for-you/ HTTP/1.1" 200 29152 "-" "Mozilla/5.0 (compatible; SemrushBot/7~bl; +http://www.semrush.com/bot.html)" 567 **0/567798**
85.208.96.197 - - [14/Apr/2026:06:43:11 -0700] "GET /uncategorized/greatest-on-line-casino-no-deposit-jingle-on-line-a-lot-more-regulations-2026-keller-williams/ HTTP/1.1" 200 30258 "-" "Mozilla/5.0 (compatible; SemrushBot/7~bl; +http://www.semrush.com/bot.html)" 684 **0/684283**
85.208.96.207 - - [14/Apr/2026:06:43:23 -0700] "GET /uncategorized/tragaperras-buffalo-blitz-top-1-beetle-frenzy-casinos-de-semejante-una-saga-2026/ HTTP/1.1" 200 31930 "-" "Mozilla/5.0 (compatible; SemrushBot/7~bl; +http://www.semrush.com/bot.html)" 510 **0/510900**
85.208.96.195 - - [14/Apr/2026:06:43:25 -0700] "GET /uncategorized/hitta-sveriges-gratissnurr-utan-insattning-genies-touch-ultimat-casino-topplista-2023/ HTTP/1.1" 200 30494 "-" "Mozilla/5.0 (compatible; SemrushBot/7~bl; +http://www.semrush.com/bot.html)" 403 **0/403695**
185.191.171.4 - - [14/Apr/2026:06:43:35 -0700] "GET /uncategorized/test-2/ HTTP/1.1" 200 27282 "-" "Mozilla/5.0 (compatible; SemrushBot/7~bl; +http://www.semrush.com/bot.html)" 377 **0/377671**
66.249.73.4 - - [14/Apr/2026:06:43:44 -0700] "GET /?c=8416470470 HTTP/1.1" 200 30810 "-" "Mozilla/5.0 (Linux; Android 6.0.1; Nexus 5X Build/MMB29P) AppleWebKit/537.36 (KHTML, like Gecko) Chrome/146.0.7680.177 Mobile Safari/537.36 (compatible; Googlebot/2.1; +http://www.google.com/bot.html)" 486 **0/486706**
185.191.171.15 - - [14/Apr/2026:06:43:54 -0700] "GET /uncategorized/is-wird-ein-crypto-spielsaal-weiters-genau-so-wie-verlauft-sera/ HTTP/1.1" 200 30083 "-" "Mozilla/5.0 (compatible; SemrushBot/7~bl; +http://www.semrush.com/bot.html)" 559 **0/559120**
114.119.141.83 - - [14/Apr/2026:06:44:07 -0700] "GET /uncategorized/the-new-web-based-casinos-inside-nz-2026/ HTTP/1.1" 200 30503 "http://fuentesanza.es/uncategorized/southern-area-park-slot-norns-fate-slot-machine-machine-game/" "Mozilla/5.0 (Linux; Android 7.0;) AppleWebKit/537.36 (KHTML, like Gecko) Mobile Safari/537.36 (compatible; PetalBot;+https://webmaster.petalsearch.com/site/petalbot)" 321 **0/321007**
66.249.73.6 - - [14/Apr/2026:06:44:16 -0700] "GET /?f=7114166750 HTTP/1.1" 200 30810 "-" "Mozilla/5.0 (Linux; Android 6.0.1; Nexus 5X Build/MMB29P) AppleWebKit/537.36 (KHTML, like Gecko) Chrome/146.0.7680.177 Mobile Safari/537.36 (compatible; Googlebot/2.1; +http://www.google.com/bot.html)" 406 **0/406666**
185.191.171.18 - - [14/Apr/2026:06:44:20 -0700] "GET /public/upptack-hemligheterna-bakom-framgangsrika-casinostrategier/ HTTP/1.1" 200 29416 "-" "Mozilla/5.0 (compatible; SemrushBot/7~bl; +http://www.semrush.com/bot.html)" 391 **0/391142**
