208.109.41.231 - - [14/Apr/2026:08:10:13 -0700] "POST /wp-cron.php?doing_wp_cron=1776179413.4641170501708984375000 HTTP/1.1" 200 - "-" "WordPress/6.3.8; http://fuentesanza.es" 78 **0/78793**
92.208.21.227 - - [14/Apr/2026:08:10:13 -0700] "GET /wp-admin/post.php?post=49066&action=edit&message=1 HTTP/1.1" 200 104225 "-" "Mozilla/5.0 (Windows NT 10.0; Win64; x64) AppleWebKit/537.36 (KHTML, like Gecko) Chrome/120.0.0.0 Safari/537.36" 1494 **1/1494297**
151.70.75.65 - - [14/Apr/2026:08:10:15 -0700] "GET /?p=49066 HTTP/1.1" 301 - "-" "Mozilla/5.0 (Windows NT 10.0; Win64; x64) AppleWebKit/537.36 (KHTML, like Gecko) Chrome/120.0.0.0 Safari/537.36" 365 **0/365883**
151.70.75.65 - - [14/Apr/2026:08:10:16 -0700] "GET /uncategorized/jak-kontaktovat-podporu-mostbet-prostrednictvim-aplikace-apk-12/ HTTP/1.1" 200 31091 "-" "Mozilla/5.0 (Windows NT 10.0; Win64; x64) AppleWebKit/537.36 (KHTML, like Gecko) Chrome/120.0.0.0 Safari/537.36" 1329 **1/1329442**
151.70.75.65 - - [14/Apr/2026:08:10:21 -0700] "GET /?p=49066 HTTP/1.1" 301 - "-" "Mozilla/5.0 (Windows NT 10.0; Win64; x64) AppleWebKit/537.36 (KHTML, like Gecko) Chrome/120.0.0.0 Safari/537.36" 366 **0/366469**
151.70.75.65 - - [14/Apr/2026:08:10:21 -0700] "GET /uncategorized/jak-kontaktovat-podporu-mostbet-prostrednictvim-aplikace-apk-12/ HTTP/1.1" 200 31091 "-" "Mozilla/5.0 (Windows NT 10.0; Win64; x64) AppleWebKit/537.36 (KHTML, like Gecko) Chrome/120.0.0.0 Safari/537.36" 1177 **1/1177055**
185.153.197.91 - - [14/Apr/2026:08:10:22 -0700] "POST /xmlrpc.php HTTP/1.1" 200 180 "-" "Mozilla/5.0 (Windows NT 10.0; Win64; x64) AppleWebKit/537.36 (KHTML, like Gecko) Chrome/114.0.0.0 Safari/537.36" 1161 **1/1161887**
208.109.41.231 - - [14/Apr/2026:08:10:26 -0700] "POST /wp-cron.php?doing_wp_cron=1776179426.1415948867797851562500 HTTP/1.1" 200 - "-" "WordPress/6.3.8; http://fuentesanza.es" 40 **0/40876**
151.70.75.65 - - [14/Apr/2026:08:10:25 -0700] "GET /?p=49066 HTTP/1.1" 301 - "-" "Mozilla/5.0 (Windows NT 10.0; Win64; x64) AppleWebKit/537.36 (KHTML, like Gecko) Chrome/120.0.0.0 Safari/537.36" 387 **0/387672**
151.70.75.65 - - [14/Apr/2026:08:10:26 -0700] "GET /uncategorized/jak-kontaktovat-podporu-mostbet-prostrednictvim-aplikace-apk-12/ HTTP/1.1" 200 31212 "-" "Mozilla/5.0 (Windows NT 10.0; Win64; x64) AppleWebKit/537.36 (KHTML, like Gecko) Chrome/120.0.0.0 Safari/537.36" 1046 **1/1046531**
90.26.100.179 - - [14/Apr/2026:08:10:29 -0700] "GET / HTTP/1.1" 200 48284 "-" "Mozilla/5.0 (Windows NT 10.0; Win64; x64) AppleWebKit/537.36 (KHTML, like Gecko) Chrome/120.0.0.0 Safari/537.36" 776 **0/776256**
185.153.197.91 - - [14/Apr/2026:08:10:30 -0700] "POST /xmlrpc.php HTTP/1.1" 200 11307 "-" "Mozilla/5.0 (Windows NT 10.0; Win64; x64) AppleWebKit/537.36 (KHTML, like Gecko) Chrome/114.0.0.0 Safari/537.36" 724 **0/724486**
185.136.148.249 - - [14/Apr/2026:08:10:31 -0700] "GET /wp-login.php HTTP/1.1" 200 2856 "-" "Mozilla/5.0 (Windows NT 10.0; Win64; x64) AppleWebKit/537.36 (KHTML, like Gecko) Chrome/120.0.0.0 Safari/537.36" 245 **0/245394**
54.39.89.117 - - [14/Apr/2026:08:10:31 -0700] "GET /uncategorized/travel-back-in-time-that-have-aztec-gifts-ports-to-make-sweet-wins-best-free-spins-no-deposit-extra-100-percent-free-revolves-bonus-bulletlike-hut-incentive-bulletmagic-room-bonus-roundquick-earn-b/ HTTP/1.1" 200 28031 "-" "Mozilla/5.0 (compatible; AhrefsBot/7.0; +http://ahrefs.com/robot/)" 712 **0/712572**
185.136.148.249 - - [14/Apr/2026:08:10:32 -0700] "POST /wp-login.php HTTP/1.1" 302 - "http://fuentesanza.es/wp-login.php" "Mozilla/5.0 (Windows NT 10.0; Win64; x64) AppleWebKit/537.36 (KHTML, like Gecko) Chrome/120.0.0.0 Safari/537.36" 351 **0/351058**
185.153.197.91 - - [14/Apr/2026:08:10:32 -0700] "GET /uncategorized/wir-hatten-24casino-rigoros-uberpruft-unter-anderem-ihm-einen-auerordentlichen-sicherheitsindex-zugewiesen/ HTTP/1.1" 200 157726 "-" "Mozilla/5.0 (Windows NT 10.0; Win64; x64) AppleWebKit/537.36 (KHTML, like Gecko) Chrome/124.0.0.0 Safari/537.36 Edg/124.0.0.0" 835 **0/835151**
185.191.171.14 - - [14/Apr/2026:08:10:32 -0700] "GET /category/mostbet-casino-845/ HTTP/1.1" 200 40166 "-" "Mozilla/5.0 (compatible; SemrushBot/7~bl; +http://www.semrush.com/bot.html)" 1265 **1/1265799**
185.136.148.249 - - [14/Apr/2026:08:10:33 -0700] "GET /wp-admin/ HTTP/1.1" 200 24074 "http://fuentesanza.es/wp-login.php" "Mozilla/5.0 (Windows NT 10.0; Win64; x64) AppleWebKit/537.36 (KHTML, like Gecko) Chrome/120.0.0.0 Safari/537.36" 866 **0/866151**
58.10.170.65 - - [14/Apr/2026:08:10:36 -0700] "GET /wp-admin/ HTTP/1.1" 200 24073 "-" "Mozilla/5.0 (Windows NT 10.0; Win64; x64) AppleWebKit/537.36 (KHTML, like Gecko) Chrome/120.0.0.0 Safari/537.36" 457 **0/457959**
58.10.170.65 - - [14/Apr/2026:08:10:38 -0700] "POST /xmlrpc.php HTTP/1.1" 200 256 "-" "WordPress/5.0; http://fuentesanza.es" 282 **0/282131**
208.109.41.231 - - [14/Apr/2026:08:10:41 -0700] "POST /wp-cron.php?doing_wp_cron=1776179441.0849030017852783203125 HTTP/1.1" 200 - "-" "WordPress/6.3.8; http://fuentesanza.es" 26 **0/26352**
197.185.188.240 - - [14/Apr/2026:08:10:40 -0700] "GET /wp-admin/admin-ajax.php?action=rest-nonce HTTP/1.1" 200 10 "-" "Mozilla/5.0 (Windows NT 10.0; Win64; x64) AppleWebKit/537.36 (KHTML, like Gecko) Chrome/120.0.0.0 Safari/537.36" 246 **0/246525**
85.208.96.204 - - [14/Apr/2026:08:10:41 -0700] "GET /uncategorized/free-ports-on-line-personal-gambling-establishment/ HTTP/1.1" 200 31730 "-" "Mozilla/5.0 (compatible; SemrushBot/7~bl; +http://www.semrush.com/bot.html)" 892 **0/892103**
197.185.188.240 - - [14/Apr/2026:08:10:42 -0700] "POST /xmlrpc.php HTTP/1.1" 200 131 "-" "Mozilla/5.0 (Windows NT 10.0; Win64; x64) AppleWebKit/537.36 (KHTML, like Gecko) Chrome/120.0.0.0 Safari/537.36" 1133 **1/1133622**
208.109.41.231 - - [14/Apr/2026:08:10:44 -0700] "POST /wp-cron.php?doing_wp_cron=1776179444.9073510169982910156250 HTTP/1.1" 200 - "-" "WordPress/6.3.8; http://fuentesanza.es" 37 **0/37685**
41.201.253.123 - - [14/Apr/2026:08:10:44 -0700] "GET /?p=49070 HTTP/1.1" 301 - "-" "Mozilla/5.0 (Windows NT 10.0; Win64; x64) AppleWebKit/537.36 (KHTML, like Gecko) Chrome/120.0.0.0 Safari/537.36" 402 **0/402371**
41.201.253.123 - - [14/Apr/2026:08:10:45 -0700] "GET /casino/jak-kontaktovat-podporu-mostbet-prostrednictvim-aplikace-apk-13/ HTTP/1.1" 200 30641 "-" "Mozilla/5.0 (Windows NT 10.0; Win64; x64) AppleWebKit/537.36 (KHTML, like Gecko) Chrome/120.0.0.0 Safari/537.36" 946 **0/946805**
41.201.253.123 - - [14/Apr/2026:08:10:49 -0700] "GET /?p=49070 HTTP/1.1" 301 - "-" "Mozilla/5.0 (Windows NT 10.0; Win64; x64) AppleWebKit/537.36 (KHTML, like Gecko) Chrome/120.0.0.0 Safari/537.36" 300 **0/300002**
41.201.253.123 - - [14/Apr/2026:08:10:50 -0700] "GET /casino/jak-kontaktovat-podporu-mostbet-prostrednictvim-aplikace-apk-13/ HTTP/1.1" 200 30641 "-" "Mozilla/5.0 (Windows NT 10.0; Win64; x64) AppleWebKit/537.36 (KHTML, like Gecko) Chrome/120.0.0.0 Safari/537.36" 596 **0/596848**
85.208.96.206 - - [14/Apr/2026:08:10:50 -0700] "GET /1win-registratsiya-71/1-win-45/ HTTP/1.1" 200 33482 "-" "Mozilla/5.0 (compatible; SemrushBot/7~bl; +http://www.semrush.com/bot.html)" 649 **0/649727**
41.201.253.123 - - [14/Apr/2026:08:10:54 -0700] "GET /?p=49070 HTTP/1.1" 301 - "-" "Mozilla/5.0 (Windows NT 10.0; Win64; x64) AppleWebKit/537.36 (KHTML, like Gecko) Chrome/120.0.0.0 Safari/537.36" 253 **0/253224**
185.191.171.2 - - [14/Apr/2026:08:10:54 -0700] "GET /uncategorized/no-deposit-casino-farm-of-fun-slot-free-spins-bonuses-requirements/ HTTP/1.1" 200 32032 "-" "Mozilla/5.0 (compatible; SemrushBot/7~bl; +http://www.semrush.com/bot.html)" 641 **0/641375**
41.201.253.123 - - [14/Apr/2026:08:10:55 -0700] "GET /casino/jak-kontaktovat-podporu-mostbet-prostrednictvim-aplikace-apk-13/ HTTP/1.1" 200 30641 "-" "Mozilla/5.0 (Windows NT 10.0; Win64; x64) AppleWebKit/537.36 (KHTML, like Gecko) Chrome/120.0.0.0 Safari/537.36" 840 **0/840682**
85.208.96.203 - - [14/Apr/2026:08:10:56 -0700] "GET /tag/mostbet-bonus-bez-depozytu/ HTTP/1.1" 200 34905 "-" "Mozilla/5.0 (compatible; SemrushBot/7~bl; +http://www.semrush.com/bot.html)" 658 **0/658718**
41.201.253.123 - - [14/Apr/2026:08:10:57 -0700] "GET /wp-json/wp/v2/categories?search=casino HTTP/1.1" 200 6787 "-" "Mozilla/5.0 (Windows NT 10.0; Win64; x64) AppleWebKit/537.36 (KHTML, like Gecko) Chrome/120.0.0.0 Safari/537.36" 496 **0/496786**
41.201.253.123 - - [14/Apr/2026:08:10:58 -0700] "POST /wp-json/wp/v2/categories HTTP/1.1" 400 152 "-" "Mozilla/5.0 (Windows NT 10.0; Win64; x64) AppleWebKit/537.36 (KHTML, like Gecko) Chrome/120.0.0.0 Safari/537.36" 372 **0/372410**
185.157.121.207 - - [14/Apr/2026:08:11:00 -0700] "POST /wp-json/wp/v2/posts HTTP/1.1" 201 12080 "-" "Mozilla/5.0 (Windows NT 10.0; Win64; x64) AppleWebKit/537.36 (KHTML, like Gecko) Chrome/120.0.0.0 Safari/537.36" 2111 **2/2111224**
208.109.41.231 - - [14/Apr/2026:08:11:03 -0700] "POST /wp-cron.php?doing_wp_cron=1776179463.8264141082763671875000 HTTP/1.1" 200 - "-" "WordPress/6.3.8; http://fuentesanza.es" 132 **0/132906**
185.157.121.207 - - [14/Apr/2026:08:11:03 -0700] "GET /uncategorized/jak-kontaktovat-podporu-mostbet-prostrednictvim-aplikace-apk-14/ HTTP/1.1" 200 31312 "-" "Mozilla/5.0 (Windows NT 10.0; Win64; x64) AppleWebKit/537.36 (KHTML, like Gecko) Chrome/120.0.0.0 Safari/537.36" 1583 **1/1583659**
185.157.121.207 - - [14/Apr/2026:08:11:07 -0700] "GET /uncategorized/jak-kontaktovat-podporu-mostbet-prostrednictvim-aplikace-apk-14/ HTTP/1.1" 200 31312 "-" "Mozilla/5.0 (Windows NT 10.0; Win64; x64) AppleWebKit/537.36 (KHTML, like Gecko) Chrome/120.0.0.0 Safari/537.36" 741 **0/741800**
177.245.241.182 - - [14/Apr/2026:08:11:08 -0700] "GET http://fuentesanza.es/ HTTP/1.1" 301 - "-" "Mozilla/5.0 (Windows NT 10.0; Win64; x64) AppleWebKit/537.36 (KHTML, like Gecko) Chrome/120.0.0.0 Safari/537.36" 196 **0/196733**
185.157.121.207 - - [14/Apr/2026:08:11:11 -0700] "GET /uncategorized/jak-kontaktovat-podporu-mostbet-prostrednictvim-aplikace-apk-14/ HTTP/1.1" 200 31312 "-" "Mozilla/5.0 (Windows NT 10.0; Win64; x64) AppleWebKit/537.36 (KHTML, like Gecko) Chrome/120.0.0.0 Safari/537.36" 980 **0/980763**
185.157.121.207 - - [14/Apr/2026:08:11:13 -0700] "GET /wp-json/wp/v2/categories?search=casino HTTP/1.1" 200 6787 "-" "Mozilla/5.0 (Windows NT 10.0; Win64; x64) AppleWebKit/537.36 (KHTML, like Gecko) Chrome/120.0.0.0 Safari/537.36" 489 **0/489993**
185.157.121.207 - - [14/Apr/2026:08:11:14 -0700] "POST /wp-json/wp/v2/categories HTTP/1.1" 400 152 "-" "Mozilla/5.0 (Windows NT 10.0; Win64; x64) AppleWebKit/537.36 (KHTML, like Gecko) Chrome/120.0.0.0 Safari/537.36" 520 **0/520361**
85.208.96.207 - - [14/Apr/2026:08:11:15 -0700] "GET /uncategorized/join-now-casinos4u-login-online-and-claim-your-spielsaal-jaxx-live-pramie-costa-rica/ HTTP/1.1" 200 32068 "-" "Mozilla/5.0 (compatible; SemrushBot/7~bl; +http://www.semrush.com/bot.html)" 892 **0/892519**
186.177.185.246 - - [14/Apr/2026:08:11:16 -0700] "POST /wp-json/wp/v2/posts HTTP/1.1" 201 12080 "-" "Mozilla/5.0 (Windows NT 10.0; Win64; x64) AppleWebKit/537.36 (KHTML, like Gecko) Chrome/120.0.0.0 Safari/537.36" 1387 **1/1387122**
208.109.41.231 - - [14/Apr/2026:08:11:18 -0700] "POST /wp-cron.php?doing_wp_cron=1776179478.5880980491638183593750 HTTP/1.1" 200 - "-" "WordPress/6.3.8; http://fuentesanza.es" 62 **0/62752**
186.177.185.246 - - [14/Apr/2026:08:11:18 -0700] "GET /uncategorized/jak-kontaktovat-podporu-mostbet-prostrednictvim-aplikace-apk-15/ HTTP/1.1" 200 31311 "-" "Mozilla/5.0 (Windows NT 10.0; Win64; x64) AppleWebKit/537.36 (KHTML, like Gecko) Chrome/120.0.0.0 Safari/537.36" 1023 **1/1023544**
186.177.185.246 - - [14/Apr/2026:08:11:22 -0700] "GET /uncategorized/jak-kontaktovat-podporu-mostbet-prostrednictvim-aplikace-apk-15/ HTTP/1.1" 200 31311 "-" "Mozilla/5.0 (Windows NT 10.0; Win64; x64) AppleWebKit/537.36 (KHTML, like Gecko) Chrome/120.0.0.0 Safari/537.36" 522 **0/522455**
186.177.185.246 - - [14/Apr/2026:08:11:25 -0700] "GET /uncategorized/jak-kontaktovat-podporu-mostbet-prostrednictvim-aplikace-apk-15/ HTTP/1.1" 200 31311 "-" "Mozilla/5.0 (Windows NT 10.0; Win64; x64) AppleWebKit/537.36 (KHTML, like Gecko) Chrome/120.0.0.0 Safari/537.36" 490 **0/490836**
186.177.185.246 - - [14/Apr/2026:08:11:26 -0700] "GET /wp-admin/post-new.php HTTP/1.1" 200 102172 "-" "Mozilla/5.0 (Windows NT 10.0; Win64; x64) AppleWebKit/537.36 (KHTML, like Gecko) Chrome/120.0.0.0 Safari/537.36" 770 **0/770022**
186.177.185.246 - - [14/Apr/2026:08:11:28 -0700] "POST /wp-json/wp/v2/categories?_locale=user HTTP/1.1" 400 152 "-" "Mozilla/5.0 (Windows NT 10.0; Win64; x64) AppleWebKit/537.36 (KHTML, like Gecko) Chrome/120.0.0.0 Safari/537.36" 354 **0/354286**
102.105.48.80 - - [14/Apr/2026:08:11:30 -0700] "POST /wp-admin/post.php HTTP/1.1" 302 - "-" "Mozilla/5.0 (Windows NT 10.0; Win64; x64) AppleWebKit/537.36 (KHTML, like Gecko) Chrome/120.0.0.0 Safari/537.36" 1389 **1/1389670**
208.109.41.231 - - [14/Apr/2026:08:11:32 -0700] "POST /wp-cron.php?doing_wp_cron=1776179492.8224248886108398437500 HTTP/1.1" 200 - "-" "WordPress/6.3.8; http://fuentesanza.es" 25 **0/25259**
102.105.48.80 - - [14/Apr/2026:08:11:32 -0700] "GET /wp-admin/post.php?post=49074&action=edit&message=1 HTTP/1.1" 200 104222 "-" "Mozilla/5.0 (Windows NT 10.0; Win64; x64) AppleWebKit/537.36 (KHTML, like Gecko) Chrome/120.0.0.0 Safari/537.36" 971 **0/971548**
102.249.37.1 - - [14/Apr/2026:08:11:35 -0700] "GET /?p=49074 HTTP/1.1" 301 - "-" "Mozilla/5.0 (Windows NT 10.0; Win64; x64) AppleWebKit/537.36 (KHTML, like Gecko) Chrome/120.0.0.0 Safari/537.36" 304 **0/304276**
102.249.37.1 - - [14/Apr/2026:08:11:37 -0700] "GET /uncategorized/jak-kontaktovat-podporu-mostbet-prostrednictvim-aplikace-apk-16/ HTTP/1.1" 200 31107 "-" "Mozilla/5.0 (Windows NT 10.0; Win64; x64) AppleWebKit/537.36 (KHTML, like Gecko) Chrome/120.0.0.0 Safari/537.36" 1080 **1/1080133**
85.208.96.200 - - [14/Apr/2026:08:11:37 -0700] "GET /category/pin-up-sports-910/ HTTP/1.1" 200 39556 "-" "Mozilla/5.0 (compatible; SemrushBot/7~bl; +http://www.semrush.com/bot.html)" 881 **0/881208**
177.245.241.182 - - [14/Apr/2026:08:11:09 -0700] "POST http://fuentesanza.es/ HTTP/1.1" 301 - "-" "Mozilla/5.0 (Windows NT 10.0; Win64; x64) AppleWebKit/537.36 (KHTML, like Gecko) Chrome/120.0.0.0 Safari/537.36" 30234 **30/30234187**
102.249.37.1 - - [14/Apr/2026:08:11:42 -0700] "GET /?p=49074 HTTP/1.1" 301 - "-" "Mozilla/5.0 (Windows NT 10.0; Win64; x64) AppleWebKit/537.36 (KHTML, like Gecko) Chrome/120.0.0.0 Safari/537.36" 320 **0/320863**
102.249.37.1 - - [14/Apr/2026:08:11:43 -0700] "GET /uncategorized/jak-kontaktovat-podporu-mostbet-prostrednictvim-aplikace-apk-16/ HTTP/1.1" 200 31107 "-" "Mozilla/5.0 (Windows NT 10.0; Win64; x64) AppleWebKit/537.36 (KHTML, like Gecko) Chrome/120.0.0.0 Safari/537.36" 600 **0/600621**
43.135.133.241 - - [14/Apr/2026:08:11:43 -0700] "GET /forsta-viagra-professional-och-dess-anvandningsomraden/ HTTP/1.1" 200 26486 "-" "Mozilla/5.0 (iPhone; CPU iPhone OS 13_2_3 like Mac OS X) AppleWebKit/605.1.15 (KHTML, like Gecko) Version/13.0.3 Mobile/15E148 Safari/604.1" 620 **0/620762**
185.153.197.91 - - [14/Apr/2026:08:11:44 -0700] "POST /xmlrpc.php HTTP/1.1" 200 180 "-" "Mozilla/5.0 (Windows NT 10.0; Win64; x64) AppleWebKit/537.36 (KHTML, like Gecko) Chrome/114.0.0.0 Safari/537.36" 1049 **1/1049894**
208.109.41.231 - - [14/Apr/2026:08:11:47 -0700] "POST /wp-cron.php?doing_wp_cron=1776179507.8965630531311035156250 HTTP/1.1" 200 - "-" "WordPress/6.3.8; http://fuentesanza.es" 82 **0/82337**
102.249.37.1 - - [14/Apr/2026:08:11:47 -0700] "GET /?p=49074 HTTP/1.1" 301 - "-" "Mozilla/5.0 (Windows NT 10.0; Win64; x64) AppleWebKit/537.36 (KHTML, like Gecko) Chrome/120.0.0.0 Safari/537.36" 439 **0/439520**
102.249.37.1 - - [14/Apr/2026:08:11:49 -0700] "GET /uncategorized/jak-kontaktovat-podporu-mostbet-prostrednictvim-aplikace-apk-16/ HTTP/1.1" 200 31246 "-" "Mozilla/5.0 (Windows NT 10.0; Win64; x64) AppleWebKit/537.36 (KHTML, like Gecko) Chrome/120.0.0.0 Safari/537.36" 1122 **1/1122722**
185.153.197.91 - - [14/Apr/2026:08:11:51 -0700] "POST /xmlrpc.php HTTP/1.1" 200 9562 "-" "Mozilla/5.0 (Windows NT 10.0; Win64; x64) AppleWebKit/537.36 (KHTML, like Gecko) Chrome/114.0.0.0 Safari/537.36" 620 **0/620161**
54.39.203.47 - - [14/Apr/2026:08:11:51 -0700] "GET /uncategorized/casinos-sobre-alicante-el-blog/ HTTP/1.1" 200 29271 "-" "Mozilla/5.0 (compatible; AhrefsBot/7.0; +http://ahrefs.com/robot/)" 1008 **1/1008499**
66.249.73.6 - - [14/Apr/2026:08:11:52 -0700] "GET /?i=20912192224 HTTP/1.1" 200 41767 "-" "Mozilla/5.0 (Linux; Android 6.0.1; Nexus 5X Build/MMB29P) AppleWebKit/537.36 (KHTML, like Gecko) Chrome/146.0.7680.177 Mobile Safari/537.36 (compatible; Googlebot/2.1; +http://www.google.com/bot.html)" 1024 **1/1024319**
189.219.190.106 - - [14/Apr/2026:08:11:52 -0700] "GET / HTTP/1.1" 200 45443 "-" "Mozilla/5.0 (Windows NT 10.0; Win64; x64) AppleWebKit/537.36 (KHTML, like Gecko) Chrome/120.0.0.0 Safari/537.36" 679 **0/679607**
149.18.8.98 - - [14/Apr/2026:08:11:54 -0700] "GET /wp-login.php HTTP/1.1" 200 2856 "-" "Mozilla/5.0 (Windows NT 10.0; Win64; x64) AppleWebKit/537.36 (KHTML, like Gecko) Chrome/120.0.0.0 Safari/537.36" 291 **0/291388**
149.18.8.98 - - [14/Apr/2026:08:11:54 -0700] "POST /wp-login.php HTTP/1.1" 302 - "http://fuentesanza.es/wp-login.php" "Mozilla/5.0 (Windows NT 10.0; Win64; x64) AppleWebKit/537.36 (KHTML, like Gecko) Chrome/120.0.0.0 Safari/537.36" 288 **0/288935**
185.153.197.91 - - [14/Apr/2026:08:11:55 -0700] "GET /uncategorized/50-freispiele-blo-einzahlung-inoffizieller-mitarbeiter-dusenflieger-spielsaal-vermittlungsprovision-kode-playbest/ HTTP/1.1" 200 156060 "-" "Mozilla/5.0 (Windows NT 10.0; Win64; x64; rv:125.0) Gecko/20100101 Firefox/125.0" 741 **0/741094**
149.18.8.98 - - [14/Apr/2026:08:11:55 -0700] "GET /wp-admin/ HTTP/1.1" 200 24090 "http://fuentesanza.es/wp-login.php" "Mozilla/5.0 (Windows NT 10.0; Win64; x64) AppleWebKit/537.36 (KHTML, like Gecko) Chrome/120.0.0.0 Safari/537.36" 1294 **1/1294623**
62.151.250.40 - - [14/Apr/2026:08:11:58 -0700] "GET /wp-admin/ HTTP/1.1" 200 24090 "-" "Mozilla/5.0 (Windows NT 10.0; Win64; x64) AppleWebKit/537.36 (KHTML, like Gecko) Chrome/120.0.0.0 Safari/537.36" 891 **0/891707**
62.151.250.40 - - [14/Apr/2026:08:11:59 -0700] "POST /xmlrpc.php HTTP/1.1" 200 256 "-" "WordPress/5.0; http://fuentesanza.es" 263 **0/263945**
185.191.171.19 - - [14/Apr/2026:08:12:00 -0700] "GET /1win-sait-838/1win-kazino-787/ HTTP/1.1" 200 35538 "-" "Mozilla/5.0 (compatible; SemrushBot/7~bl; +http://www.semrush.com/bot.html)" 1022 **1/1022554**
125.161.58.179 - - [14/Apr/2026:08:12:02 -0700] "GET /wp-admin/admin-ajax.php?action=rest-nonce HTTP/1.1" 200 10 "-" "Mozilla/5.0 (Windows NT 10.0; Win64; x64) AppleWebKit/537.36 (KHTML, like Gecko) Chrome/120.0.0.0 Safari/537.36" 344 **0/344675**
125.161.58.179 - - [14/Apr/2026:08:12:03 -0700] "POST /xmlrpc.php HTTP/1.1" 200 131 "-" "Mozilla/5.0 (Windows NT 10.0; Win64; x64) AppleWebKit/537.36 (KHTML, like Gecko) Chrome/120.0.0.0 Safari/537.36" 1427 **1/1427013**
208.109.41.231 - - [14/Apr/2026:08:12:07 -0700] "POST /wp-cron.php?doing_wp_cron=1776179527.1660070419311523437500 HTTP/1.1" 200 - "-" "WordPress/6.3.8; http://fuentesanza.es" 24 **0/24680**
179.125.158.235 - - [14/Apr/2026:08:12:06 -0700] "GET /?p=49078 HTTP/1.1" 301 - "-" "Mozilla/5.0 (Windows NT 10.0; Win64; x64) AppleWebKit/537.36 (KHTML, like Gecko) Chrome/120.0.0.0 Safari/537.36" 326 **0/326053**
179.125.158.235 - - [14/Apr/2026:08:12:07 -0700] "GET /casino/jak-kontaktovat-podporu-mostbet-prostrednictvim-aplikace-apk-17/ HTTP/1.1" 200 30671 "-" "Mozilla/5.0 (Windows NT 10.0; Win64; x64) AppleWebKit/537.36 (KHTML, like Gecko) Chrome/120.0.0.0 Safari/537.36" 1016 **1/1016202**
177.245.241.182 - - [14/Apr/2026:08:12:09 -0700] "POST http://fuentesanza.es/wp-cache.php HTTP/1.1" 301 - "-" "Mozilla/5.0 (Windows NT 10.0; Win64; x64) AppleWebKit/537.36 (KHTML, like Gecko) Chrome/120.0.0.0 Safari/537.36" 325 **0/325089**
177.245.241.182 - - [14/Apr/2026:08:11:39 -0700] "POST http://fuentesanza.es/wp-content/index.php HTTP/1.1" 301 - "-" "Mozilla/5.0 (Windows NT 10.0; Win64; x64) AppleWebKit/537.36 (KHTML, like Gecko) Chrome/120.0.0.0 Safari/537.36" 30436 **30/30436375**
177.245.241.182 - - [14/Apr/2026:08:12:10 -0700] "POST http://fuentesanza.es/wp-includes/css/wp-cache.php HTTP/1.1" 301 - "-" "Mozilla/5.0 (Windows NT 10.0; Win64; x64) AppleWebKit/537.36 (KHTML, like Gecko) Chrome/120.0.0.0 Safari/537.36" 342 **0/342161**
177.245.241.182 - - [14/Apr/2026:08:12:11 -0700] "POST http://fuentesanza.es/wp-includes/theme-compat/wp-cache.php HTTP/1.1" 301 - "-" "Mozilla/5.0 (Windows NT 10.0; Win64; x64) AppleWebKit/537.36 (KHTML, like Gecko) Chrome/120.0.0.0 Safari/537.36" 218 **0/218727**
177.245.241.182 - - [14/Apr/2026:08:12:11 -0700] "POST http://fuentesanza.es/wp-admin/admin-ajax.php?action=sm_ping HTTP/1.1" 400 1 "-" "Mozilla/5.0 (Windows NT 10.0; Win64; x64) AppleWebKit/537.36 (KHTML, like Gecko) Chrome/120.0.0.0 Safari/537.36" 280 **0/280712**
179.125.158.235 - - [14/Apr/2026:08:12:12 -0700] "GET /?p=49078 HTTP/1.1" 301 - "-" "Mozilla/5.0 (Windows NT 10.0; Win64; x64) AppleWebKit/537.36 (KHTML, like Gecko) Chrome/120.0.0.0 Safari/537.36" 346 **0/346426**
177.245.241.182 - - [14/Apr/2026:08:12:12 -0700] "POST http://fuentesanza.es/wp-admin/admin-ajax.php?action=hnpt_ping HTTP/1.1" 400 1 "-" "Mozilla/5.0 (Windows NT 10.0; Win64; x64) AppleWebKit/537.36 (KHTML, like Gecko) Chrome/120.0.0.0 Safari/537.36" 211 **0/211257**
179.125.158.235 - - [14/Apr/2026:08:12:13 -0700] "GET /casino/jak-kontaktovat-podporu-mostbet-prostrednictvim-aplikace-apk-17/ HTTP/1.1" 200 30671 "-" "Mozilla/5.0 (Windows NT 10.0; Win64; x64) AppleWebKit/537.36 (KHTML, like Gecko) Chrome/120.0.0.0 Safari/537.36" 572 **0/572236**
196.39.26.125 - - [14/Apr/2026:08:12:14 -0700] "GET http://fuentesanza.es/ HTTP/1.1" 301 - "-" "Mozilla/5.0 (Windows NT 10.0; Win64; x64) AppleWebKit/537.36 (KHTML, like Gecko) Chrome/120.0.0.0 Safari/537.36" 240 **0/240618**
179.125.158.235 - - [14/Apr/2026:08:12:16 -0700] "GET /?p=49078 HTTP/1.1" 301 - "-" "Mozilla/5.0 (Windows NT 10.0; Win64; x64) AppleWebKit/537.36 (KHTML, like Gecko) Chrome/120.0.0.0 Safari/537.36" 210 **0/210845**
179.125.158.235 - - [14/Apr/2026:08:12:17 -0700] "GET /casino/jak-kontaktovat-podporu-mostbet-prostrednictvim-aplikace-apk-17/ HTTP/1.1" 200 30671 "-" "Mozilla/5.0 (Windows NT 10.0; Win64; x64) AppleWebKit/537.36 (KHTML, like Gecko) Chrome/120.0.0.0 Safari/537.36" 661 **0/661040**
179.125.158.235 - - [14/Apr/2026:08:12:19 -0700] "GET /wp-json/wp/v2/categories?search=casino HTTP/1.1" 200 6787 "-" "Mozilla/5.0 (Windows NT 10.0; Win64; x64) AppleWebKit/537.36 (KHTML, like Gecko) Chrome/120.0.0.0 Safari/537.36" 272 **0/272833**
179.125.158.235 - - [14/Apr/2026:08:12:20 -0700] "POST /wp-json/wp/v2/categories HTTP/1.1" 400 152 "-" "Mozilla/5.0 (Windows NT 10.0; Win64; x64) AppleWebKit/537.36 (KHTML, like Gecko) Chrome/120.0.0.0 Safari/537.36" 641 **0/641602**
185.191.171.19 - - [14/Apr/2026:08:12:22 -0700] "GET /uncategorized/50-freispiele-exklusive-einzahlung-fix-erhaltlich-no-vorleistung/ HTTP/1.1" 200 31351 "-" "Mozilla/5.0 (compatible; SemrushBot/7~bl; +http://www.semrush.com/bot.html)" 953 **0/953204**
115.164.36.2 - - [14/Apr/2026:08:12:22 -0700] "POST /wp-json/wp/v2/posts HTTP/1.1" 201 12080 "-" "Mozilla/5.0 (Windows NT 10.0; Win64; x64) AppleWebKit/537.36 (KHTML, like Gecko) Chrome/120.0.0.0 Safari/537.36" 1257 **1/1257666**
208.109.41.231 - - [14/Apr/2026:08:12:23 -0700] "POST /wp-cron.php?doing_wp_cron=1776179543.8997631072998046875000 HTTP/1.1" 200 - "-" "WordPress/6.3.8; http://fuentesanza.es" 45 **0/45752**
66.249.73.6 - - [14/Apr/2026:08:12:23 -0700] "GET /?m=31108264035 HTTP/1.1" 404 11349 "-" "Mozilla/5.0 (Linux; Android 6.0.1; Nexus 5X Build/MMB29P) AppleWebKit/537.36 (KHTML, like Gecko) Chrome/146.0.7680.177 Mobile Safari/537.36 (compatible; Googlebot/2.1; +http://www.google.com/bot.html)" 513 **0/513653**
115.164.36.2 - - [14/Apr/2026:08:12:24 -0700] "GET /uncategorized/jak-kontaktovat-podporu-mostbet-prostrednictvim-aplikace-apk-18/ HTTP/1.1" 200 31339 "-" "Mozilla/5.0 (Windows NT 10.0; Win64; x64) AppleWebKit/537.36 (KHTML, like Gecko) Chrome/120.0.0.0 Safari/537.36" 632 **0/632271**
66.249.73.6 - - [14/Apr/2026:08:12:24 -0700] "GET /?s=10106296789 HTTP/1.1" 200 24237 "-" "Mozilla/5.0 (Linux; Android 6.0.1; Nexus 5X Build/MMB29P) AppleWebKit/537.36 (KHTML, like Gecko) Chrome/146.0.7680.177 Mobile Safari/537.36 (compatible; Googlebot/2.1; +http://www.google.com/bot.html)" 4439 **4/4439939**
66.249.73.5 - - [14/Apr/2026:08:12:28 -0700] "GET /?w=3637057593 HTTP/1.1" 404 11349 "-" "Mozilla/5.0 (Linux; Android 6.0.1; Nexus 5X Build/MMB29P) AppleWebKit/537.36 (KHTML, like Gecko) Chrome/146.0.7680.177 Mobile Safari/537.36 (compatible; Googlebot/2.1; +http://www.google.com/bot.html)" 535 **0/535053**
189.169.114.235 - - [14/Apr/2026:08:12:36 -0700] "GET /uncategorized/jak-kontaktovat-podporu-mostbet-prostrednictvim-aplikace-apk-18/ HTTP/1.1" 200 31339 "-" "Mozilla/5.0 (Windows NT 10.0; Win64; x64) AppleWebKit/537.36 (KHTML, like Gecko) Chrome/120.0.0.0 Safari/537.36" 607 **0/607871**
189.169.114.235 - - [14/Apr/2026:08:12:37 -0700] "GET /wp-json/wp/v2/categories?search=casino HTTP/1.1" 200 6787 "-" "Mozilla/5.0 (Windows NT 10.0; Win64; x64) AppleWebKit/537.36 (KHTML, like Gecko) Chrome/120.0.0.0 Safari/537.36" 441 **0/441265**
189.169.114.235 - - [14/Apr/2026:08:12:38 -0700] "POST /wp-json/wp/v2/categories HTTP/1.1" 400 152 "-" "Mozilla/5.0 (Windows NT 10.0; Win64; x64) AppleWebKit/537.36 (KHTML, like Gecko) Chrome/120.0.0.0 Safari/537.36" 496 **0/496374**
86.227.26.21 - - [14/Apr/2026:08:12:40 -0700] "POST /wp-json/wp/v2/posts HTTP/1.1" 201 12080 "-" "Mozilla/5.0 (Windows NT 10.0; Win64; x64) AppleWebKit/537.36 (KHTML, like Gecko) Chrome/120.0.0.0 Safari/537.36" 1401 **1/1401917**
208.109.41.231 - - [14/Apr/2026:08:12:42 -0700] "POST /wp-cron.php?doing_wp_cron=1776179562.8366630077362060546875 HTTP/1.1" 200 - "-" "WordPress/6.3.8; http://fuentesanza.es" 59 **0/59238**
86.227.26.21 - - [14/Apr/2026:08:12:42 -0700] "GET /uncategorized/jak-kontaktovat-podporu-mostbet-prostrednictvim-aplikace-apk-19/ HTTP/1.1" 200 31340 "-" "Mozilla/5.0 (Windows NT 10.0; Win64; x64) AppleWebKit/537.36 (KHTML, like Gecko) Chrome/120.0.0.0 Safari/537.36" 1019 **1/1019918**
196.39.26.125 - - [14/Apr/2026:08:12:16 -0700] "POST http://fuentesanza.es/ HTTP/1.1" 301 - "-" "Mozilla/5.0 (Windows NT 10.0; Win64; x64) AppleWebKit/537.36 (KHTML, like Gecko) Chrome/120.0.0.0 Safari/537.36" 30127 **30/30127864**
86.227.26.21 - - [14/Apr/2026:08:12:46 -0700] "GET /uncategorized/jak-kontaktovat-podporu-mostbet-prostrednictvim-aplikace-apk-19/ HTTP/1.1" 200 31340 "-" "Mozilla/5.0 (Windows NT 10.0; Win64; x64) AppleWebKit/537.36 (KHTML, like Gecko) Chrome/120.0.0.0 Safari/537.36" 403 **0/403429**
86.227.26.21 - - [14/Apr/2026:08:12:50 -0700] "GET /uncategorized/jak-kontaktovat-podporu-mostbet-prostrednictvim-aplikace-apk-19/ HTTP/1.1" 200 31340 "-" "Mozilla/5.0 (Windows NT 10.0; Win64; x64) AppleWebKit/537.36 (KHTML, like Gecko) Chrome/120.0.0.0 Safari/537.36" 699 **0/699893**
185.191.171.8 - - [14/Apr/2026:08:12:51 -0700] "GET /tag/pin-up-india/page/2/ HTTP/1.1" 200 35331 "-" "Mozilla/5.0 (compatible; SemrushBot/7~bl; +http://www.semrush.com/bot.html)" 470 **0/470622**
86.227.26.21 - - [14/Apr/2026:08:12:52 -0700] "GET /wp-admin/post-new.php HTTP/1.1" 200 102173 "-" "Mozilla/5.0 (Windows NT 10.0; Win64; x64) AppleWebKit/537.36 (KHTML, like Gecko) Chrome/120.0.0.0 Safari/537.36" 628 **0/628870**
86.227.26.21 - - [14/Apr/2026:08:12:54 -0700] "POST /wp-json/wp/v2/categories?_locale=user HTTP/1.1" 400 152 "-" "Mozilla/5.0 (Windows NT 10.0; Win64; x64) AppleWebKit/537.36 (KHTML, like Gecko) Chrome/120.0.0.0 Safari/537.36" 244 **0/244264**
169.150.197.242 - - [14/Apr/2026:08:12:55 -0700] "POST /xmlrpc.php HTTP/1.1" 200 602938 "-" "Mozilla/5.0 (Macintosh; Intel Mac OS X 10_15_7) AppleWebKit/537.36 (KHTML, like Gecko) Chrome/122.0.0.0 Safari/537.36" 624 **0/624990**
45.190.197.4 - - [14/Apr/2026:08:12:55 -0700] "POST /wp-admin/post.php HTTP/1.1" 302 - "-" "Mozilla/5.0 (Windows NT 10.0; Win64; x64) AppleWebKit/537.36 (KHTML, like Gecko) Chrome/120.0.0.0 Safari/537.36" 1106 **1/1106929**
208.109.41.231 - - [14/Apr/2026:08:12:57 -0700] "POST /wp-cron.php?doing_wp_cron=1776179577.1554720401763916015625 HTTP/1.1" 200 - "-" "WordPress/6.3.8; http://fuentesanza.es" 31 **0/31360**
45.190.197.4 - - [14/Apr/2026:08:12:56 -0700] "GET /wp-admin/post.php?post=49082&action=edit&message=1 HTTP/1.1" 200 104222 "-" "Mozilla/5.0 (Windows NT 10.0; Win64; x64) AppleWebKit/537.36 (KHTML, like Gecko) Chrome/120.0.0.0 Safari/537.36" 650 **0/650318**
169.150.197.242 - - [14/Apr/2026:08:12:57 -0700] "POST /xmlrpc.php HTTP/1.1" 200 180 "-" "Mozilla/5.0 (Macintosh; Intel Mac OS X 10_15_7) AppleWebKit/537.36 (KHTML, like Gecko) Chrome/122.0.0.0 Safari/537.36" 321 **0/321650**
208.109.41.231 - - [14/Apr/2026:08:12:59 -0700] "POST /wp-cron.php?doing_wp_cron=1776179579.1729199886322021484375 HTTP/1.1" 200 - "-" "WordPress/6.3.8; http://fuentesanza.es" 31 **0/31675**
181.226.197.239 - - [14/Apr/2026:08:12:58 -0700] "GET /?p=49082 HTTP/1.1" 301 - "-" "Mozilla/5.0 (Windows NT 10.0; Win64; x64) AppleWebKit/537.36 (KHTML, like Gecko) Chrome/120.0.0.0 Safari/537.36" 344 **0/344024**
169.150.197.242 - - [14/Apr/2026:08:12:58 -0700] "POST /xmlrpc.php HTTP/1.1" 200 10931 "-" "Mozilla/5.0 (Macintosh; Intel Mac OS X 10_15_7) AppleWebKit/537.36 (KHTML, like Gecko) Chrome/122.0.0.0 Safari/537.36" 338 **0/338544**
181.226.197.239 - - [14/Apr/2026:08:12:59 -0700] "GET /uncategorized/jak-kontaktovat-podporu-mostbet-prostrednictvim-aplikace-apk-20/ HTTP/1.1" 200 31153 "-" "Mozilla/5.0 (Windows NT 10.0; Win64; x64) AppleWebKit/537.36 (KHTML, like Gecko) Chrome/120.0.0.0 Safari/537.36" 1260 **1/1260283**
181.226.197.239 - - [14/Apr/2026:08:13:03 -0700] "GET /?p=49082 HTTP/1.1" 301 - "-" "Mozilla/5.0 (Windows NT 10.0; Win64; x64) AppleWebKit/537.36 (KHTML, like Gecko) Chrome/120.0.0.0 Safari/537.36" 357 **0/357526**
185.153.197.91 - - [14/Apr/2026:08:13:04 -0700] "POST /xmlrpc.php HTTP/1.1" 200 180 "-" "Mozilla/5.0 (Windows NT 10.0; Win64; x64) AppleWebKit/537.36 (KHTML, like Gecko) Chrome/114.0.0.0 Safari/537.36" 1207 **1/1207020**
208.109.41.231 - - [14/Apr/2026:08:13:06 -0700] "POST /wp-cron.php?doing_wp_cron=1776179586.0907111167907714843750 HTTP/1.1" 200 - "-" "WordPress/6.3.8; http://fuentesanza.es" 31 **0/31753**
181.226.197.239 - - [14/Apr/2026:08:13:04 -0700] "GET /uncategorized/jak-kontaktovat-podporu-mostbet-prostrednictvim-aplikace-apk-20/ HTTP/1.1" 200 31288 "-" "Mozilla/5.0 (Windows NT 10.0; Win64; x64) AppleWebKit/537.36 (KHTML, like Gecko) Chrome/120.0.0.0 Safari/537.36" 1386 **1/1386809**
85.208.96.200 - - [14/Apr/2026:08:13:05 -0700] "GET /uncategorized/gambling-enterprise-casino-pokerstars-mobile-expertise-game-flames-connect/ HTTP/1.1" 200 31164 "-" "Mozilla/5.0 (compatible; SemrushBot/7~bl; +http://www.semrush.com/bot.html)" 1047 **1/1047240**
181.226.197.239 - - [14/Apr/2026:08:13:08 -0700] "GET /?p=49082 HTTP/1.1" 301 - "-" "Mozilla/5.0 (Windows NT 10.0; Win64; x64) AppleWebKit/537.36 (KHTML, like Gecko) Chrome/120.0.0.0 Safari/537.36" 372 **0/372343**
85.208.96.200 - - [14/Apr/2026:08:13:08 -0700] "GET /uncategorized/within-einen-letzten-jahren-head-wear-unser-beliebtheit-von-online-casinos-enorm-zugenommen/ HTTP/1.1" 200 30625 "-" "Mozilla/5.0 (compatible; SemrushBot/7~bl; +http://www.semrush.com/bot.html)" 1267 **1/1267711**
181.226.197.239 - - [14/Apr/2026:08:13:09 -0700] "GET /uncategorized/jak-kontaktovat-podporu-mostbet-prostrednictvim-aplikace-apk-20/ HTTP/1.1" 200 31288 "-" "Mozilla/5.0 (Windows NT 10.0; Win64; x64) AppleWebKit/537.36 (KHTML, like Gecko) Chrome/120.0.0.0 Safari/537.36" 616 **0/616467**
54.39.6.65 - - [14/Apr/2026:08:13:10 -0700] "GET /uncategorized/playing-sites-which-1xslot-apk-login-have-welcome-incentive-to-the-subscription-within-the-kenya-february-2026/feed/ HTTP/1.1" 200 492 "-" "Mozilla/5.0 (compatible; AhrefsBot/7.0; +http://ahrefs.com/robot/)" 744 **0/744973**
185.153.197.91 - - [14/Apr/2026:08:13:11 -0700] "POST /xmlrpc.php HTTP/1.1" 200 13137 "-" "Mozilla/5.0 (Windows NT 10.0; Win64; x64) AppleWebKit/537.36 (KHTML, like Gecko) Chrome/114.0.0.0 Safari/537.36" 573 **0/573816**
196.39.26.125 - - [14/Apr/2026:08:12:46 -0700] "POST http://fuentesanza.es/wp-content/index.php HTTP/1.1" 301 - "-" "Mozilla/5.0 (Windows NT 10.0; Win64; x64) AppleWebKit/537.36 (KHTML, like Gecko) Chrome/120.0.0.0 Safari/537.36" 30123 **30/30123116**
196.39.26.125 - - [14/Apr/2026:08:13:16 -0700] "POST http://fuentesanza.es/wp-cache.php HTTP/1.1" 301 - "-" "Mozilla/5.0 (Windows NT 10.0; Win64; x64) AppleWebKit/537.36 (KHTML, like Gecko) Chrome/120.0.0.0 Safari/537.36" 334 **0/334273**
185.153.197.91 - - [14/Apr/2026:08:13:17 -0700] "GET /uncategorized/bingo-bonga-angeschlossen-spielcasino-sight-for-horus-deutsch-spielcasino-erfahrungen-as-well-as-bewertung-in-osterreich/ HTTP/1.1" 200 159821 "-" "Mozilla/5.0 (Windows NT 10.0; rv:125.0) Gecko/20100101 Firefox/125.0" 840 **0/840184**
196.39.26.125 - - [14/Apr/2026:08:13:17 -0700] "POST http://fuentesanza.es/wp-includes/css/wp-cache.php HTTP/1.1" 301 - "-" "Mozilla/5.0 (Windows NT 10.0; Win64; x64) AppleWebKit/537.36 (KHTML, like Gecko) Chrome/120.0.0.0 Safari/537.36" 306 **0/306821**
196.39.26.125 - - [14/Apr/2026:08:13:19 -0700] "POST http://fuentesanza.es/wp-includes/theme-compat/wp-cache.php HTTP/1.1" 301 - "-" "Mozilla/5.0 (Windows NT 10.0; Win64; x64) AppleWebKit/537.36 (KHTML, like Gecko) Chrome/120.0.0.0 Safari/537.36" 310 **0/310567**
196.39.26.125 - - [14/Apr/2026:08:13:20 -0700] "POST http://fuentesanza.es/wp-admin/admin-ajax.php?action=sm_ping HTTP/1.1" 400 1 "-" "Mozilla/5.0 (Windows NT 10.0; Win64; x64) AppleWebKit/537.36 (KHTML, like Gecko) Chrome/120.0.0.0 Safari/537.36" 219 **0/219795**
196.39.26.125 - - [14/Apr/2026:08:13:22 -0700] "POST http://fuentesanza.es/wp-admin/admin-ajax.php?action=hnpt_ping HTTP/1.1" 400 1 "-" "Mozilla/5.0 (Windows NT 10.0; Win64; x64) AppleWebKit/537.36 (KHTML, like Gecko) Chrome/120.0.0.0 Safari/537.36" 218 **0/218100**
179.60.73.248 - - [14/Apr/2026:08:13:24 -0700] "GET http://fuentesanza.es/ HTTP/1.1" 301 - "-" "Mozilla/5.0 (Windows NT 10.0; Win64; x64) AppleWebKit/537.36 (KHTML, like Gecko) Chrome/120.0.0.0 Safari/537.36" 192 **0/192330**
185.191.171.3 - - [14/Apr/2026:08:13:28 -0700] "GET /uncategorized/uncover-one-of-the-best-world-instant-online-chat-expertise/ HTTP/1.1" 200 119172 "-" "Mozilla/5.0 (compatible; SemrushBot/7~bl; +http://www.semrush.com/bot.html)" 734 **0/734610**
47.128.25.221 - - [14/Apr/2026:08:13:38 -0700] "GET /1win-azerbaycan-550/1win-oyna-10/ HTTP/1.1" 403 160359 "-" "Mozilla/5.0 (Linux; Android 5.0) AppleWebKit/537.36 (KHTML, like Gecko) Mobile Safari/537.36 (compatible; Bytespider; spider-feedback@bytedance.com)" 1030 **1/1030097**
47.128.25.221 - - [14/Apr/2026:08:13:40 -0700] "GET /wp-content/themes/twentytwelve/style.css?ver=20230808 HTTP/1.1" 404 50331 "http://fuentesanza.es/1win-azerbaycan-550/1win-oyna-10/" "Mozilla/5.0 (Linux; Android 5.0) AppleWebKit/537.36 (KHTML, like Gecko) Mobile Safari/537.36 (compatible; Bytespider; spider-feedback@bytedance.com)" 512 **0/512572**
47.128.25.221 - - [14/Apr/2026:08:13:40 -0700] "GET /wp-content/themes/twentytwelve/fonts/font-open-sans.css?ver=20230328 HTTP/1.1" 404 50331 "http://fuentesanza.es/1win-azerbaycan-550/1win-oyna-10/" "Mozilla/5.0 (Linux; Android 5.0) AppleWebKit/537.36 (KHTML, like Gecko) Mobile Safari/537.36 (compatible; Bytespider; spider-feedback@bytedance.com)" 550 **0/550152**
47.128.25.221 - - [14/Apr/2026:08:13:40 -0700] "GET /wp-includes/css/dist/block-library/style.min.css?ver=6.3.8 HTTP/1.1" 404 50331 "http://fuentesanza.es/1win-azerbaycan-550/1win-oyna-10/" "Mozilla/5.0 (Linux; Android 5.0) AppleWebKit/537.36 (KHTML, like Gecko) Mobile Safari/537.36 (compatible; Bytespider; spider-feedback@bytedance.com)" 656 **0/656167**
47.128.25.221 - - [14/Apr/2026:08:13:40 -0700] "GET /wp-content/themes/twentytwelve/css/blocks.css?ver=20230213 HTTP/1.1" 404 50331 "http://fuentesanza.es/1win-azerbaycan-550/1win-oyna-10/" "Mozilla/5.0 (Linux; Android 5.0) AppleWebKit/537.36 (KHTML, like Gecko) Mobile Safari/537.36 (compatible; Bytespider; spider-feedback@bytedance.com)" 658 **0/658699**
185.191.171.2 - - [14/Apr/2026:08:13:43 -0700] "GET /uncategorized/utforska-psykologin-bakom-att-vinna-pa-casinon-vad-driver-verkligen-spelare/ HTTP/1.1" 200 29067 "-" "Mozilla/5.0 (compatible; SemrushBot/7~bl; +http://www.semrush.com/bot.html)" 1249 **1/1249933**
179.60.73.248 - - [14/Apr/2026:08:13:25 -0700] "POST http://fuentesanza.es/ HTTP/1.1" 301 - "-" "Mozilla/5.0 (Windows NT 10.0; Win64; x64) AppleWebKit/537.36 (KHTML, like Gecko) Chrome/120.0.0.0 Safari/537.36" 30349 **30/30349174**
185.191.171.3 - - [14/Apr/2026:08:13:59 -0700] "GET /gambling/energize-your-game-build-a-stable-gambling-strategy/ HTTP/1.1" 200 29578 "-" "Mozilla/5.0 (compatible; SemrushBot/7~bl; +http://www.semrush.com/bot.html)" 808 **0/808006**
185.191.171.13 - - [14/Apr/2026:08:14:04 -0700] "GET /uncategorized/love-slots-maquina-tragamonedas-de-balde-en-linea-tratar-de-divertirte-no-name-el-mejor-casino-en-linea-fairy-land-2-slots/ HTTP/1.1" 200 32007 "-" "Mozilla/5.0 (compatible; SemrushBot/7~bl; +http://www.semrush.com/bot.html)" 864 **0/864489**
85.208.96.198 - - [14/Apr/2026:08:14:06 -0700] "GET /uncategorized/chicken-road-oficialna-stranka-inout-gaming-zahrajte-si-hru-chicken/ HTTP/1.1" 200 30875 "-" "Mozilla/5.0 (compatible; SemrushBot/7~bl; +http://www.semrush.com/bot.html)" 666 **0/666313**
179.60.73.248 - - [14/Apr/2026:08:13:55 -0700] "POST http://fuentesanza.es/wp-content/index.php HTTP/1.1" 301 - "-" "Mozilla/5.0 (Windows NT 10.0; Win64; x64) AppleWebKit/537.36 (KHTML, like Gecko) Chrome/120.0.0.0 Safari/537.36" 30358 **30/30358084**
179.60.73.248 - - [14/Apr/2026:08:14:25 -0700] "POST http://fuentesanza.es/wp-cache.php HTTP/1.1" 301 - "-" "Mozilla/5.0 (Windows NT 10.0; Win64; x64) AppleWebKit/537.36 (KHTML, like Gecko) Chrome/120.0.0.0 Safari/537.36" 349 **0/349438**
185.153.197.91 - - [14/Apr/2026:08:14:25 -0700] "POST /xmlrpc.php HTTP/1.1" 200 180 "-" "Mozilla/5.0 (Windows NT 10.0; Win64; x64) AppleWebKit/537.36 (KHTML, like Gecko) Chrome/114.0.0.0 Safari/537.36" 1061 **1/1061420**
42.200.231.39 - - [14/Apr/2026:08:14:26 -0700] "GET /robots.txt HTTP/1.1" 200 257 "-" "Mozilla/5.0 (compatible; MJ12bot/v1.4.8; http://mj12bot.com/)" 10 **0/10240**
208.109.41.231 - - [14/Apr/2026:08:14:27 -0700] "POST /wp-cron.php?doing_wp_cron=1776179667.1707079410552978515625 HTTP/1.1" 200 - "-" "WordPress/6.3.8; http://fuentesanza.es" 42 **0/42581**
179.60.73.248 - - [14/Apr/2026:08:14:26 -0700] "POST http://fuentesanza.es/wp-includes/css/wp-cache.php HTTP/1.1" 301 - "-" "Mozilla/5.0 (Windows NT 10.0; Win64; x64) AppleWebKit/537.36 (KHTML, like Gecko) Chrome/120.0.0.0 Safari/537.36" 456 **0/456360**
179.60.73.248 - - [14/Apr/2026:08:14:28 -0700] "POST http://fuentesanza.es/wp-includes/theme-compat/wp-cache.php HTTP/1.1" 301 - "-" "Mozilla/5.0 (Windows NT 10.0; Win64; x64) AppleWebKit/537.36 (KHTML, like Gecko) Chrome/120.0.0.0 Safari/537.36" 291 **0/291963**
42.200.231.39 - - [14/Apr/2026:08:14:28 -0700] "GET /mostbet-app-bangladesh-237/mostbet-%E0%A6%B2%E0%A6%97%E0%A6%87%E0%A6%A8-944/ HTTP/1.1" 200 29875 "-" "Mozilla/5.0 (compatible; MJ12bot/v1.4.8; http://mj12bot.com/)" 984 **0/984466**
179.60.73.248 - - [14/Apr/2026:08:14:29 -0700] "POST http://fuentesanza.es/wp-admin/admin-ajax.php?action=sm_ping HTTP/1.1" 400 1 "-" "Mozilla/5.0 (Windows NT 10.0; Win64; x64) AppleWebKit/537.36 (KHTML, like Gecko) Chrome/120.0.0.0 Safari/537.36" 375 **0/375071**
179.60.73.248 - - [14/Apr/2026:08:14:30 -0700] "POST http://fuentesanza.es/wp-admin/admin-ajax.php?action=hnpt_ping HTTP/1.1" 400 1 "-" "Mozilla/5.0 (Windows NT 10.0; Win64; x64) AppleWebKit/537.36 (KHTML, like Gecko) Chrome/120.0.0.0 Safari/537.36" 240 **0/240168**
143.0.229.54 - - [14/Apr/2026:08:14:31 -0700] "GET http://fuentesanza.es/ HTTP/1.1" 301 - "-" "Mozilla/5.0 (Windows NT 10.0; Win64; x64) AppleWebKit/537.36 (KHTML, like Gecko) Chrome/120.0.0.0 Safari/537.36" 476 **0/476541**
42.200.231.39 - - [14/Apr/2026:08:14:31 -0700] "GET /other/%D0%BE%D0%BD%D0%BB%D0%B0%D0%B9%D0%BD-%D0%BA%D0%B0%D0%B7%D0%B8%D0%BD%D0%BE-%D0%BB%D0%B0%D0%BA%D0%B8-%D0%B2%D0%BE%D1%80%D0%BB%D0%B4-%D0%BB%D1%83%D1%87%D1%88%D0%B8%D0%B5-%D0%B8%D0%B3%D1%80/ HTTP/1.1" 200 30317 "-" "Mozilla/5.0 (compatible; MJ12bot/v1.4.8; http://mj12bot.com/)" 1009 **1/1009420**
185.153.197.91 - - [14/Apr/2026:08:14:32 -0700] "POST /xmlrpc.php HTTP/1.1" 200 10102 "-" "Mozilla/5.0 (Windows NT 10.0; Win64; x64) AppleWebKit/537.36 (KHTML, like Gecko) Chrome/114.0.0.0 Safari/537.36" 645 **0/645170**
185.153.197.91 - - [14/Apr/2026:08:14:34 -0700] "GET /uncategorized/billybets-erreichbar-spielsalon-gibt-eine-vielzahl-durch-zum-besten-geben-online-slots-live-dealer-spiele-weiters-tischspiele/ HTTP/1.1" 200 157022 "-" "Mozilla/5.0 (Windows NT 10.0; rv:109.0) Gecko/20100101 Firefox/115.0" 644 **0/644198**
42.200.231.39 - - [14/Apr/2026:08:14:34 -0700] "GET /tag/%D0%BC%D0%BE%D1%81%D1%82%D0%B1%D0%B5%D1%82-%D0%B0%D0%B7/ HTTP/1.1" 200 51032 "-" "Mozilla/5.0 (compatible; MJ12bot/v1.4.8; http://mj12bot.com/)" 630 **0/630907**
42.200.231.39 - - [14/Apr/2026:08:14:37 -0700] "GET /tag/%D0%BC%D0%BE%D1%81%D1%82%D0%B1%D0%B5%D1%82-%D0%BA%D0%B0%D0%B7%D0%B8%D0%BD%D0%BE/ HTTP/1.1" 200 58865 "-" "Mozilla/5.0 (compatible; MJ12bot/v1.4.8; http://mj12bot.com/)" 480 **0/480425**
42.200.231.39 - - [14/Apr/2026:08:14:40 -0700] "GET /tag/%D0%BC%D0%BE%D1%81%D1%82%D0%B1%D0%B5%D1%82-%D0%BA%D0%B0%D0%B7%D0%B8%D0%BD%D0%BE-%D0%BA%D0%B0%D0%B7%D0%B0%D1%85%D1%81%D1%82%D0%B0%D0%BD/ HTTP/1.1" 200 28547 "-" "Mozilla/5.0 (compatible; MJ12bot/v1.4.8; http://mj12bot.com/)" 687 **0/687383**
42.200.231.39 - - [14/Apr/2026:08:14:42 -0700] "GET /tag/%D0%BC%D0%BE%D1%81%D1%82%D0%B1%D0%B5%D1%82-%D1%83%D0%B7/ HTTP/1.1" 200 36814 "-" "Mozilla/5.0 (compatible; MJ12bot/v1.4.8; http://mj12bot.com/)" 682 **0/682535**
42.200.231.39 - - [14/Apr/2026:08:14:45 -0700] "GET /tag/%D0%BF%D0%B8%D0%BD-%D0%B0%D0%BF-%D0%BA%D0%B0%D0%B7%D0%B0%D1%85%D1%81%D1%82%D0%B0%D0%BD/ HTTP/1.1" 200 32997 "-" "Mozilla/5.0 (compatible; MJ12bot/v1.4.8; http://mj12bot.com/)" 419 **0/419861**
42.200.231.39 - - [14/Apr/2026:08:14:47 -0700] "GET /tag/jeetbuzz-%E0%A6%95%E0%A7%8D%E0%A6%AF%E0%A6%BE%E0%A6%B8%E0%A6%BF%E0%A6%A8%E0%A7%8B/ HTTP/1.1" 200 30037 "-" "Mozilla/5.0 (compatible; MJ12bot/v1.4.8; http://mj12bot.com/)" 500 **0/500403**
54.39.89.41 - - [14/Apr/2026:08:14:47 -0700] "GET /uncategorized/position-fairy-gate-on-line-rather-wolf-pack-play-slot-than-registration/feed/ HTTP/1.1" 200 474 "-" "Mozilla/5.0 (compatible; AhrefsBot/7.0; +http://ahrefs.com/robot/)" 577 **0/577122**
42.200.231.39 - - [14/Apr/2026:08:14:50 -0700] "GET /tag/laki-world-%D0%BE%D1%84%D0%B8%D1%86%D0%B8%D0%B0%D0%BB%D1%8C%D0%BD%D1%8B%D0%B9-%D1%81%D0%B0%D0%B9%D1%82/ HTTP/1.1" 200 29768 "-" "Mozilla/5.0 (compatible; MJ12bot/v1.4.8; http://mj12bot.com/)" 386 **0/386788**
42.200.231.39 - - [14/Apr/2026:08:14:53 -0700] "GET /tag/laki-world-casino-%D0%B7%D0%B5%D1%80%D0%BA%D0%B0%D0%BB%D0%BE/ HTTP/1.1" 200 29542 "-" "Mozilla/5.0 (compatible; MJ12bot/v1.4.8; http://mj12bot.com/)" 465 **0/465350**
85.208.96.206 - - [14/Apr/2026:08:14:54 -0700] "GET /uncategorized/finest-5-casino-spinshake-free-spins-sign-up-put-gambling-enterprise-website-incentives-in-to-the-2026-minimal-dumps-uk-keller-williams/ HTTP/1.1" 200 30719 "-" "Mozilla/5.0 (compatible; SemrushBot/7~bl; +http://www.semrush.com/bot.html)" 474 **0/474355**
42.200.231.39 - - [14/Apr/2026:08:14:55 -0700] "GET /tag/mostbet-%D0%BF%D1%80%D0%BE%D0%BC%D0%BE%D0%BA%D0%BE%D0%B4/ HTTP/1.1" 200 30378 "-" "Mozilla/5.0 (compatible; MJ12bot/v1.4.8; http://mj12bot.com/)" 531 **0/531368**
85.208.96.193 - - [14/Apr/2026:08:14:56 -0700] "GET /tag/1-win-login/page/2/ HTTP/1.1" 200 71076 "-" "Mozilla/5.0 (compatible; SemrushBot/7~bl; +http://www.semrush.com/bot.html)" 512 **0/512276**
185.191.171.13 - - [14/Apr/2026:08:14:58 -0700] "GET /ice-kasyno-logowanie-928/ice-kasyno-741/ HTTP/1.1" 200 34142 "-" "Mozilla/5.0 (compatible; SemrushBot/7~bl; +http://www.semrush.com/bot.html)" 554 **0/554935**
42.200.231.39 - - [14/Apr/2026:08:14:58 -0700] "GET /tag/mostbet-%D8%AA%D9%86%D8%B2%D9%8A%D9%84/ HTTP/1.1" 200 34653 "-" "Mozilla/5.0 (compatible; MJ12bot/v1.4.8; http://mj12bot.com/)" 825 **0/825853**
42.200.231.39 - - [14/Apr/2026:08:15:01 -0700] "GET /tag/mostbet-%E0%A6%B2%E0%A6%97%E0%A6%87%E0%A6%A8/ HTTP/1.1" 200 31718 "-" "Mozilla/5.0 (compatible; MJ12bot/v1.4.8; http://mj12bot.com/)" 1361 **1/1361688**
143.0.229.54 - - [14/Apr/2026:08:14:33 -0700] "POST http://fuentesanza.es/ HTTP/1.1" 301 - "-" "Mozilla/5.0 (Windows NT 10.0; Win64; x64) AppleWebKit/537.36 (KHTML, like Gecko) Chrome/120.0.0.0 Safari/537.36" 30525 **30/30525341**
42.200.231.39 - - [14/Apr/2026:08:15:04 -0700] "GET /tag/mostbet-kz-%D0%B2%D0%BE%D0%B9%D1%82%D0%B8/ HTTP/1.1" 200 32912 "-" "Mozilla/5.0 (compatible; MJ12bot/v1.4.8; http://mj12bot.com/)" 1096 **1/1096794**
42.200.231.39 - - [14/Apr/2026:08:15:08 -0700] "GET /tag/pin-up-%D0%BA%D0%B0%D0%B7%D0%B8%D0%BD%D0%BE/ HTTP/1.1" 200 56911 "-" "Mozilla/5.0 (compatible; MJ12bot/v1.4.8; http://mj12bot.com/)" 1544 **1/1544874**
42.200.231.39 - - [14/Apr/2026:08:15:11 -0700] "GET /tag/pin-up-casino-%D0%B2%D1%85%D0%BE%D0%B4/ HTTP/1.1" 200 35159 "-" "Mozilla/5.0 (compatible; MJ12bot/v1.4.8; http://mj12bot.com/)" 1874 **1/1874384**
42.200.231.39 - - [14/Apr/2026:08:15:15 -0700] "GET /uncategorized/%CF%88%CE%AC%CF%81%CE%B5%CE%BC%CE%B1-%CF%83%CF%84%CE%B7%CE%BD-%CE%B1%CE%BB%CE%AC%CF%83%CE%BA%CE%B1-%CE%BF%CE%BB%CF%8C%CE%BA%CE%BB%CE%B7%CF%81%CE%BF-%CF%84%CE%BF-%CE%B2%CE%B9%CE%B2%CE%BB%CE%AF%CE%BF/ HTTP/1.1" 200 28599 "-" "Mozilla/5.0 (compatible; MJ12bot/v1.4.8; http://mj12bot.com/)" 995 **0/995088**
42.200.231.39 - - [14/Apr/2026:08:15:18 -0700] "GET /uncategorized/champion-spielbank-pramie-unter-einsatz-von-einzahlung-%E1%97%8E-traktandum-50-kostenlose-spins-rocky-bei-registrierung-ohne-einzahlung-10-startguthaben-2026/ HTTP/1.1" 200 29619 "-" "Mozilla/5.0 (compatible; MJ12bot/v1.4.8; http://mj12bot.com/)" 1122 **1/1122802**
42.200.231.39 - - [14/Apr/2026:08:15:21 -0700] "GET /uncategorized/eye-of-horus-fur-nusse-zum-besten-geben-top-sonnennachster-planet-spiele-agent-jane-blonde-casino-2026-%E0%B8%A7%E0%B8%B4%E0%B8%97%E0%B8%A2%E0%B8%B2%E0%B8%A5%E0%B8%B1%E0%B8%A2%E0%B8%81%E0%B8%B2/ HTTP/1.1" 200 28894 "-" "Mozilla/5.0 (compatible; MJ12bot/v1.4.8; http://mj12bot.com/)" 675 **0/675007**
42.200.231.39 - - [14/Apr/2026:08:15:24 -0700] "GET /uncategorized/eye-of-horus-tricks-tipps-maklercourtage-enthullt-2026-%D7%90%D7%95%D7%A4%D7%A0%D7%AA-%D7%99%D7%94%D7%9C%D7%95%D7%9D/ HTTP/1.1" 200 29339 "-" "Mozilla/5.0 (compatible; MJ12bot/v1.4.8; http://mj12bot.com/)" 1852 **1/1852255**
85.208.96.197 - - [14/Apr/2026:08:15:24 -0700] "GET /uncategorized/i-tre-migliori-proiezione-per-questione-casino-disponibili-apk-di-download-dellapp-mafia-casino-sopra-netflix/ HTTP/1.1" 200 32259 "-" "Mozilla/5.0 (compatible; SemrushBot/7~bl; +http://www.semrush.com/bot.html)" 1473 **1/1473207**
148.135.195.139 - - [14/Apr/2026:08:15:26 -0700] "POST /xmlrpc.php HTTP/1.1" 200 602938 "-" "Mozilla/5.0 (Windows NT 10.0; Win64; x64) AppleWebKit/537.36 (KHTML, like Gecko) Chrome/70.0.3538.102 Safari/537.36 Edge/18.18362" 1455 **1/1455122**
185.191.171.18 - - [14/Apr/2026:08:15:27 -0700] "GET /tag/pin-up-apostas/ HTTP/1.1" 200 42756 "-" "Mozilla/5.0 (compatible; SemrushBot/7~bl; +http://www.semrush.com/bot.html)" 2902 **2/2902880**
42.200.231.39 - - [14/Apr/2026:08:15:27 -0700] "GET /uncategorized/gratisproben-spielbank-casumo-bewertungen-gewinnspiele-gutscheine-%D8%B4%D8%B1%D9%83%D8%A9-herr-bet-casino-register-%D8%A7%D9%84%D8%B9%D8%A7%D9%84%D9%85%D9%8A%D8%A9-%D9%84%D9%84%D9%85%D9%86%D8%B3/ HTTP/1.1" 200 28775 "-" "Mozilla/5.0 (compatible; MJ12bot/v1.4.8; http://mj12bot.com/)" 3547 **3/3547804**
66.249.73.6 - - [14/Apr/2026:08:15:29 -0700] "GET /?y=45290164532 HTTP/1.1" 200 42784 "-" "Mozilla/5.0 (Linux; Android 6.0.1; Nexus 5X Build/MMB29P) AppleWebKit/537.36 (KHTML, like Gecko) Chrome/146.0.7680.177 Mobile Safari/537.36 (compatible; Googlebot/2.1; +http://www.google.com/bot.html)" 3620 **3/3620934**
148.135.195.139 - - [14/Apr/2026:08:15:29 -0700] "POST /xmlrpc.php HTTP/1.1" 200 180 "-" "Mozilla/5.0 (Windows NT 10.0; Win64; x64) AppleWebKit/537.36 (KHTML, like Gecko) Chrome/70.0.3538.102 Safari/537.36 Edge/18.18362" 4952 **4/4952210**
85.208.96.193 - - [14/Apr/2026:08:15:31 -0700] "GET /casino/tipos-de-bonos-de-casino-desde-bonos-sin-deposito-7/ HTTP/1.1" 200 31031 "-" "Mozilla/5.0 (compatible; SemrushBot/7~bl; +http://www.semrush.com/bot.html)" 3795 **3/3795437**
208.109.41.231 - - [14/Apr/2026:08:15:33 -0700] "POST /wp-cron.php?doing_wp_cron=1776179733.8473670482635498046875 HTTP/1.1" 200 - "-" "WordPress/6.3.8; http://fuentesanza.es" 1184 **1/1184931**
143.0.229.54 - - [14/Apr/2026:08:15:03 -0700] "POST http://fuentesanza.es/wp-content/index.php HTTP/1.1" 301 - "-" "Mozilla/5.0 (Windows NT 10.0; Win64; x64) AppleWebKit/537.36 (KHTML, like Gecko) Chrome/120.0.0.0 Safari/537.36" 32014 **32/32014541**
143.0.229.54 - - [14/Apr/2026:08:15:33 -0700] "POST http://fuentesanza.es/wp-cache.php HTTP/1.1" 301 - "-" "Mozilla/5.0 (Windows NT 10.0; Win64; x64) AppleWebKit/537.36 (KHTML, like Gecko) Chrome/120.0.0.0 Safari/537.36" 2209 **2/2209138**
148.135.195.139 - - [14/Apr/2026:08:15:35 -0700] "POST /xmlrpc.php HTTP/1.1" 200 169542 "-" "Mozilla/5.0 (Windows NT 10.0; Win64; x64) AppleWebKit/537.36 (KHTML, like Gecko) Chrome/70.0.3538.102 Safari/537.36 Edge/18.18362" 942 **0/942146**
143.0.229.54 - - [14/Apr/2026:08:15:36 -0700] "POST http://fuentesanza.es/wp-includes/css/wp-cache.php HTTP/1.1" 301 - "-" "Mozilla/5.0 (Windows NT 10.0; Win64; x64) AppleWebKit/537.36 (KHTML, like Gecko) Chrome/120.0.0.0 Safari/537.36" 777 **0/777744**
