185.153.197.91 - - [14/Apr/2026:11:22:04 -0700] "POST /xmlrpc.php HTTP/1.1" 200 8672 "-" "Mozilla/5.0 (Windows NT 10.0; Win64; x64) AppleWebKit/537.36 (KHTML, like Gecko) Chrome/114.0.0.0 Safari/537.36" 1069 **1/1069477**
185.153.197.91 - - [14/Apr/2026:11:22:05 -0700] "GET /uncategorized/new-customers-in-the-az-co-ct-dc-ia-ky-los-angeles-ma-md-mi-mo-nj-new-jersey-oh-pa-vt-wv-wy/ HTTP/1.1" 200 156052 "-" "Mozilla/5.0 (Windows NT 10.0; Win64; x64) AppleWebKit/537.36 (KHTML, like Gecko) Chrome/123.0.0.0 Safari/537.36" 398 **0/398441**
18.97.14.88 - - [14/Apr/2026:11:22:11 -0700] "GET /category/1win-kazino-480/ HTTP/1.1" 200 38686 "-" "CCBot/2.0 (https://commoncrawl.org/faq/)" 381 **0/381659**
66.249.73.5 - - [14/Apr/2026:11:22:21 -0700] "GET /?s=10106149087 HTTP/1.1" 200 24499 "-" "Mozilla/5.0 (Linux; Android 6.0.1; Nexus 5X Build/MMB29P) AppleWebKit/537.36 (KHTML, like Gecko) Chrome/146.0.7680.177 Mobile Safari/537.36 (compatible; Googlebot/2.1; +http://www.google.com/bot.html)" 3301 **3/3301856**
185.191.171.6 - - [14/Apr/2026:11:22:25 -0700] "GET /uncategorized/better-free-revolves-incentives-no-deposit-from-the-u-s-casinos-march-2026/ HTTP/1.1" 200 30584 "-" "Mozilla/5.0 (compatible; SemrushBot/7~bl; +http://www.semrush.com/bot.html)" 497 **0/497692**
185.191.171.8 - - [14/Apr/2026:11:22:29 -0700] "GET /uncategorized/diese-besten-verbunden-spielsaal-maklercourtage-angebote-50-freie-spins-auf-crazy-starter-im-2026/ HTTP/1.1" 200 32404 "-" "Mozilla/5.0 (compatible; SemrushBot/7~bl; +http://www.semrush.com/bot.html)" 332 **0/332821**
85.208.96.201 - - [14/Apr/2026:11:22:33 -0700] "GET /uncategorized/a-real-income-game-prompt-earnings-incentives/ HTTP/1.1" 200 31858 "-" "Mozilla/5.0 (compatible; SemrushBot/7~bl; +http://www.semrush.com/bot.html)" 321 **0/321227**
114.119.141.83 - - [14/Apr/2026:11:22:33 -0700] "GET /uncategorized/showboat-branson-belle-2026-slot-attila-schedule-and-seats/ HTTP/1.1" 200 32321 "http://fuentesanza.es/uncategorized/top-erreichbar-spielsaal-bonus-angebote-beste-power-stars-paypal-slots-online-spielen-inside-brd-2026/" "Mozilla/5.0 (Linux; Android 7.0;) AppleWebKit/537.36 (KHTML, like Gecko) Mobile Safari/537.36 (compatible; PetalBot;+https://webmaster.petalsearch.com/site/petalbot)" 304 **0/304679**
18.97.14.88 - - [14/Apr/2026:11:22:35 -0700] "GET /category/general/ HTTP/1.1" 200 45658 "-" "CCBot/2.0 (https://commoncrawl.org/faq/)" 325 **0/325990**
185.153.197.91 - - [14/Apr/2026:11:22:50 -0700] "POST /xmlrpc.php HTTP/1.1" 200 180 "-" "Mozilla/5.0 (Windows NT 10.0; Win64; x64) AppleWebKit/537.36 (KHTML, like Gecko) Chrome/114.0.0.0 Safari/537.36" 355 **0/355587**
208.109.41.231 - - [14/Apr/2026:11:22:53 -0700] "POST /wp-cron.php?doing_wp_cron=1776190973.8984539508819580078125 HTTP/1.1" 200 - "-" "WordPress/6.3.8; http://fuentesanza.es" 27 **0/27563**
15.235.96.221 - - [14/Apr/2026:11:22:53 -0700] "GET /1win-online-507/1win-onlain-539/ HTTP/1.1" 200 30355 "-" "Mozilla/5.0 (compatible; AhrefsBot/7.0; +http://ahrefs.com/robot/)" 485 **0/485628**
185.153.197.91 - - [14/Apr/2026:11:22:56 -0700] "POST /xmlrpc.php HTTP/1.1" 200 8532 "-" "Mozilla/5.0 (Windows NT 10.0; Win64; x64) AppleWebKit/537.36 (KHTML, like Gecko) Chrome/114.0.0.0 Safari/537.36" 359 **0/359934**
185.153.197.91 - - [14/Apr/2026:11:22:57 -0700] "GET /uncategorized/at-most-progressive-gambling-websites-cryptocurrency-is-among-the-best-percentage-alternatives-which-provides-safe-swift-and-you-may-reputable-transactions/ HTTP/1.1" 200 156279 "-" "Mozilla/5.0 (Windows NT 10.0; Win64; x64) AppleWebKit/537.36 (KHTML, like Gecko) Chrome/123.0.0.0 Safari/537.36 OPR/109.0.0.0" 318 **0/318661**
18.97.14.88 - - [14/Apr/2026:11:23:11 -0700] "GET /category/10-641286-links-mix-casino-8-ca-2-done/ HTTP/1.1" 200 263190 "-" "CCBot/2.0 (https://commoncrawl.org/faq/)" 412 **0/412399**
216.73.216.141 - - [14/Apr/2026:11:23:26 -0700] "GET /bob-casino-286/bob-casino-642/feed/ HTTP/1.1" 200 461 "-" "Mozilla/5.0 AppleWebKit/537.36 (KHTML, like Gecko; compatible; ClaudeBot/1.0; +claudebot@anthropic.com)" 444 **0/444224**
216.73.216.141 - - [14/Apr/2026:11:23:27 -0700] "GET /tag/jackpotbob/ HTTP/1.1" 200 34791 "-" "Mozilla/5.0 AppleWebKit/537.36 (KHTML, like Gecko; compatible; ClaudeBot/1.0; +claudebot@anthropic.com)" 362 **0/362821**
66.249.73.6 - - [14/Apr/2026:11:23:27 -0700] "GET /?f=71141217606 HTTP/1.1" 200 46482 "-" "Mozilla/5.0 (Linux; Android 6.0.1; Nexus 5X Build/MMB29P) AppleWebKit/537.36 (KHTML, like Gecko) Chrome/146.0.7680.177 Mobile Safari/537.36 (compatible; Googlebot/2.1; +http://www.google.com/bot.html)" 342 **0/342693**
66.249.73.5 - - [14/Apr/2026:11:23:44 -0700] "GET /?x=32835239464 HTTP/1.1" 200 46483 "-" "Mozilla/5.0 (Linux; Android 6.0.1; Nexus 5X Build/MMB29P) AppleWebKit/537.36 (KHTML, like Gecko) Chrome/146.0.7680.177 Mobile Safari/537.36 (compatible; Googlebot/2.1; +http://www.google.com/bot.html)" 736 **0/736240**
66.249.73.6 - - [14/Apr/2026:11:23:44 -0700] "GET /?i=20912170167 HTTP/1.1" 200 46482 "-" "Mozilla/5.0 (Linux; Android 6.0.1; Nexus 5X Build/MMB29P) AppleWebKit/537.36 (KHTML, like Gecko) Chrome/146.0.7680.177 Mobile Safari/537.36 (compatible; Googlebot/2.1; +http://www.google.com/bot.html)" 760 **0/760838**
185.153.197.91 - - [14/Apr/2026:11:23:47 -0700] "POST /xmlrpc.php HTTP/1.1" 200 180 "-" "Mozilla/5.0 (Windows NT 10.0; Win64; x64) AppleWebKit/537.36 (KHTML, like Gecko) Chrome/114.0.0.0 Safari/537.36" 352 **0/352182**
208.109.41.231 - - [14/Apr/2026:11:23:51 -0700] "POST /wp-cron.php?doing_wp_cron=1776191031.8140060901641845703125 HTTP/1.1" 200 - "-" "WordPress/6.3.8; http://fuentesanza.es" 21 **0/21022**
185.191.171.10 - - [14/Apr/2026:11:23:51 -0700] "GET /uncategorized/quick-hit-platinum-harbors-free-multiple-blazing-7s-from-the-bally/ HTTP/1.1" 200 30774 "-" "Mozilla/5.0 (compatible; SemrushBot/7~bl; +http://www.semrush.com/bot.html)" 374 **0/374673**
185.153.197.91 - - [14/Apr/2026:11:23:54 -0700] "POST /xmlrpc.php HTTP/1.1" 200 8365 "-" "Mozilla/5.0 (Windows NT 10.0; Win64; x64) AppleWebKit/537.36 (KHTML, like Gecko) Chrome/114.0.0.0 Safari/537.36" 352 **0/352994**
185.153.197.91 - - [14/Apr/2026:11:23:55 -0700] "GET /uncategorized/more-casinos-need-you-at-the-least-guarantee-your-own-character-having-a-telephone-number-immediately-following-verification/ HTTP/1.1" 200 156093 "-" "Mozilla/5.0 (Windows NT 10.0; rv:125.0) Gecko/20100101 Firefox/125.0" 254 **0/254859**
51.222.168.30 - - [14/Apr/2026:11:24:05 -0700] "GET /pinup-casino-700/pin-up-466/ HTTP/1.1" 200 29713 "-" "Mozilla/5.0 (compatible; AhrefsBot/7.0; +http://ahrefs.com/robot/)" 312 **0/312314**
18.97.14.88 - - [14/Apr/2026:11:24:05 -0700] "GET /category/1win-aviator-616/ HTTP/1.1" 200 37880 "-" "CCBot/2.0 (https://commoncrawl.org/faq/)" 439 **0/439324**
216.73.216.141 - - [14/Apr/2026:11:24:17 -0700] "GET /uncategorized/obzor-onlain-kazino-pin-up-dlia-igrokov-iz-raznykh-stran-4/ HTTP/1.1" 200 28023 "-" "Mozilla/5.0 AppleWebKit/537.36 (KHTML, like Gecko; compatible; ClaudeBot/1.0; +claudebot@anthropic.com)" 235 **0/235419**
185.191.171.14 - - [14/Apr/2026:11:24:42 -0700] "GET /uncategorized/neue-online-casinos-und-spielotheken-inoffizieller-mitarbeiter-dritter-monat-des-jahres-2026/ HTTP/1.1" 200 31630 "-" "Mozilla/5.0 (compatible; SemrushBot/7~bl; +http://www.semrush.com/bot.html)" 293 **0/293775**
85.208.96.203 - - [14/Apr/2026:11:24:44 -0700] "GET /public/beginner-x27-s-guide-to-winning-at-osom-casino/ HTTP/1.1" 200 30143 "-" "Mozilla/5.0 (compatible; SemrushBot/7~bl; +http://www.semrush.com/bot.html)" 258 **0/258580**
37.187.27.125 - - [14/Apr/2026:11:24:44 -0700] "GET /robots.txt HTTP/1.1" 200 257 "-" "Mozilla/5.0 (compatible; MJ12bot/v1.4.8; http://mj12bot.com/)" 7 **0/7323**
18.97.14.88 - - [14/Apr/2026:11:24:45 -0700] "GET /category/1win-registratsiya-659/ HTTP/1.1" 200 39864 "-" "CCBot/2.0 (https://commoncrawl.org/faq/)" 331 **0/331888**
37.187.27.125 - - [14/Apr/2026:11:24:46 -0700] "GET /1win-casino-844/1win-%EB%B3%B4%EB%84%88%EC%8A%A4-%EC%B9%B4%EC%A7%80%EB%85%B8-68/ HTTP/1.1" 200 31755 "-" "Mozilla/5.0 (compatible; MJ12bot/v1.4.8; http://mj12bot.com/)" 260 **0/260635**
185.153.197.91 - - [14/Apr/2026:11:24:47 -0700] "POST /xmlrpc.php HTTP/1.1" 200 180 "-" "Mozilla/5.0 (Windows NT 10.0; Win64; x64) AppleWebKit/537.36 (KHTML, like Gecko) Chrome/114.0.0.0 Safari/537.36" 459 **0/459046**
208.109.41.231 - - [14/Apr/2026:11:24:49 -0700] "POST /wp-cron.php?doing_wp_cron=1776191089.0617239475250244140625 HTTP/1.1" 200 - "-" "WordPress/6.3.8; http://fuentesanza.es" 17 **0/17940**
37.187.27.125 - - [14/Apr/2026:11:24:48 -0700] "GET /1win-casino-844/1win-%EB%B3%B4%EB%84%88%EC%8A%A4-%EC%B9%B4%EC%A7%80%EB%85%B8-796/ HTTP/1.1" 200 31506 "-" "Mozilla/5.0 (compatible; MJ12bot/v1.4.8; http://mj12bot.com/)" 454 **0/454900**
37.187.27.125 - - [14/Apr/2026:11:24:51 -0700] "GET /mostbet-app-download-924/%D8%AA%D8%AD%D9%85%D9%8A%D9%84-mostbet-%D9%84%D9%84%D8%A7%D9%86%D8%AF%D8%B1%D9%88%D9%8A%D8%AF-234/ HTTP/1.1" 200 29809 "-" "Mozilla/5.0 (compatible; MJ12bot/v1.4.8; http://mj12bot.com/)" 344 **0/344394**
185.153.197.91 - - [14/Apr/2026:11:24:53 -0700] "POST /xmlrpc.php HTTP/1.1" 200 8482 "-" "Mozilla/5.0 (Windows NT 10.0; Win64; x64) AppleWebKit/537.36 (KHTML, like Gecko) Chrome/114.0.0.0 Safari/537.36" 424 **0/424189**
37.187.27.125 - - [14/Apr/2026:11:24:54 -0700] "GET /tag/%D0%BC%D0%BE%D1%81%D1%82%D0%B1%D0%B5%D1%82-%D0%BA%D0%B7/ HTTP/1.1" 200 45431 "-" "Mozilla/5.0 (compatible; MJ12bot/v1.4.8; http://mj12bot.com/)" 361 **0/361143**
185.153.197.91 - - [14/Apr/2026:11:24:54 -0700] "GET /uncategorized/finest-ct-gambling-internet-sites-2026-the-guide-to-legal-connecticut-gambling/ HTTP/1.1" 200 155776 "-" "Mozilla/5.0 (Windows NT 10.0; Win64; x64) AppleWebKit/537.36 (KHTML, like Gecko) Chrome/124.0.0.0 Safari/537.36" 196 **0/196848**
37.187.27.125 - - [14/Apr/2026:11:24:56 -0700] "GET /tag/%D0%BC%D0%BE%D1%81%D1%82%D0%B1%D0%B5%D1%82-%D0%BF%D0%BB/ HTTP/1.1" 200 36133 "-" "Mozilla/5.0 (compatible; MJ12bot/v1.4.8; http://mj12bot.com/)" 327 **0/327314**
37.187.27.125 - - [14/Apr/2026:11:24:58 -0700] "GET /tag/%D0%BC%D0%BE%D1%81%D1%82%D0%B1%D0%B5%D1%82-%D0%BF%D0%BE%D0%BB%D1%8C%D1%88%D0%B0/ HTTP/1.1" 200 34227 "-" "Mozilla/5.0 (compatible; MJ12bot/v1.4.8; http://mj12bot.com/)" 250 **0/250937**
18.97.14.88 - - [14/Apr/2026:11:25:23 -0700] "GET /2023/11/ HTTP/1.1" 200 30148 "-" "CCBot/2.0 (https://commoncrawl.org/faq/)" 282 **0/282467**
85.208.96.202 - - [14/Apr/2026:11:25:23 -0700] "GET /category/1win-azerbaycan-786/ HTTP/1.1" 200 38831 "-" "Mozilla/5.0 (compatible; SemrushBot/7~bl; +http://www.semrush.com/bot.html)" 373 **0/373430**
54.39.210.40 - - [14/Apr/2026:11:25:26 -0700] "GET /casino-mania-67/codice-promozionale-casinomania-502/ HTTP/1.1" 200 30964 "-" "Mozilla/5.0 (compatible; AhrefsBot/7.0; +http://ahrefs.com/robot/)" 356 **0/356203**
66.249.73.4 - - [14/Apr/2026:11:25:26 -0700] "GET /?i=2091233713 HTTP/1.1" 200 44093 "-" "Mozilla/5.0 (Linux; Android 6.0.1; Nexus 5X Build/MMB29P) AppleWebKit/537.36 (KHTML, like Gecko) Chrome/146.0.7680.177 Mobile Safari/537.36 (compatible; Googlebot/2.1; +http://www.google.com/bot.html)" 482 **0/482266**
47.128.25.247 - - [14/Apr/2026:11:25:29 -0700] "GET /1-win-181/1win-casino-181/ HTTP/1.1" 403 166572 "-" "Mozilla/5.0 (Linux; Android 5.0) AppleWebKit/537.36 (KHTML, like Gecko) Mobile Safari/537.36 (compatible; Bytespider; spider-feedback@bytedance.com)" 255 **0/255033**
47.128.25.247 - - [14/Apr/2026:11:25:30 -0700] "GET /wp-content/themes/twentytwelve/fonts/font-open-sans.css?ver=20230328 HTTP/1.1" 404 50331 "http://fuentesanza.es/1-win-181/1win-casino-181/" "Mozilla/5.0 (Linux; Android 5.0) AppleWebKit/537.36 (KHTML, like Gecko) Mobile Safari/537.36 (compatible; Bytespider; spider-feedback@bytedance.com)" 427 **0/427337**
47.128.25.247 - - [14/Apr/2026:11:25:30 -0700] "GET /wp-includes/css/dist/block-library/style.min.css?ver=6.3.8 HTTP/1.1" 404 50331 "http://fuentesanza.es/1-win-181/1win-casino-181/" "Mozilla/5.0 (Linux; Android 5.0) AppleWebKit/537.36 (KHTML, like Gecko) Mobile Safari/537.36 (compatible; Bytespider; spider-feedback@bytedance.com)" 556 **0/556833**
47.128.25.247 - - [14/Apr/2026:11:25:30 -0700] "GET /wp-content/themes/twentytwelve/css/blocks.css?ver=20230213 HTTP/1.1" 404 50331 "http://fuentesanza.es/1-win-181/1win-casino-181/" "Mozilla/5.0 (Linux; Android 5.0) AppleWebKit/537.36 (KHTML, like Gecko) Mobile Safari/537.36 (compatible; Bytespider; spider-feedback@bytedance.com)" 526 **0/526761**
47.128.25.247 - - [14/Apr/2026:11:25:30 -0700] "GET /wp-content/themes/twentytwelve/style.css?ver=20230808 HTTP/1.1" 404 50331 "http://fuentesanza.es/1-win-181/1win-casino-181/" "Mozilla/5.0 (Linux; Android 5.0) AppleWebKit/537.36 (KHTML, like Gecko) Mobile Safari/537.36 (compatible; Bytespider; spider-feedback@bytedance.com)" 638 **0/638749**
185.153.197.91 - - [14/Apr/2026:11:25:33 -0700] "POST /xmlrpc.php HTTP/1.1" 200 180 "-" "Mozilla/5.0 (Windows NT 10.0; Win64; x64) AppleWebKit/537.36 (KHTML, like Gecko) Chrome/114.0.0.0 Safari/537.36" 366 **0/366227**
208.109.41.231 - - [14/Apr/2026:11:25:40 -0700] "POST /wp-cron.php?doing_wp_cron=1776191140.7245230674743652343750 HTTP/1.1" 200 - "-" "WordPress/6.3.8; http://fuentesanza.es" 19 **0/19908**
185.153.197.91 - - [14/Apr/2026:11:25:40 -0700] "POST /xmlrpc.php HTTP/1.1" 200 8660 "-" "Mozilla/5.0 (Windows NT 10.0; Win64; x64) AppleWebKit/537.36 (KHTML, like Gecko) Chrome/114.0.0.0 Safari/537.36" 417 **0/417462**
114.119.135.207 - - [14/Apr/2026:11:25:42 -0700] "GET /uncategorized/serba-serbi-tentang-slot-online/ HTTP/1.1" 200 30272 "http://fuentesanza.es/uncategorized/wunderino-provision-abzuglich-einzahlung-2025-kostenfrei-wunderino-com-freispiele-willkommensbonus/" "Mozilla/5.0 (Linux; Android 7.0;) AppleWebKit/537.36 (KHTML, like Gecko) Mobile Safari/537.36 (compatible; PetalBot;+https://webmaster.petalsearch.com/site/petalbot)" 387 **0/387247**
85.208.96.205 - - [14/Apr/2026:11:25:42 -0700] "GET /uncategorized/gamble-hot-because-the-hades-200-deposit-bonus-british-ports-computers/ HTTP/1.1" 200 30210 "-" "Mozilla/5.0 (compatible; SemrushBot/7~bl; +http://www.semrush.com/bot.html)" 509 **0/509387**
216.73.216.141 - - [14/Apr/2026:11:25:44 -0700] "GET /uncategorized/obzor-onlain-kazino-pin-up-dlia-igrokov-iz-raznykh-stran-16/ HTTP/1.1" 200 27853 "-" "Mozilla/5.0 AppleWebKit/537.36 (KHTML, like Gecko; compatible; ClaudeBot/1.0; +claudebot@anthropic.com)" 275 **0/275704**
185.153.197.91 - - [14/Apr/2026:11:25:48 -0700] "GET /uncategorized/one-of-is-why-standout-possess-are-blockchain-built-wager-payment/ HTTP/1.1" 200 155653 "-" "Mozilla/5.0 (Windows NT 10.0; Win64; x64; rv:125.0) Gecko/20100101 Firefox/125.0" 276 **0/276257**
18.97.14.88 - - [14/Apr/2026:11:25:59 -0700] "GET /category/lottomatica-better-547/ HTTP/1.1" 200 33817 "-" "CCBot/2.0 (https://commoncrawl.org/faq/)" 372 **0/372908**
66.249.73.5 - - [14/Apr/2026:11:26:20 -0700] "GET /?p=2065924105 HTTP/1.1" 404 11349 "-" "Mozilla/5.0 (Linux; Android 6.0.1; Nexus 5X Build/MMB29P) AppleWebKit/537.36 (KHTML, like Gecko) Chrome/146.0.7680.177 Mobile Safari/537.36 (compatible; Googlebot/2.1; +http://www.google.com/bot.html)" 199 **0/199178**
185.153.197.91 - - [14/Apr/2026:11:26:23 -0700] "POST /xmlrpc.php HTTP/1.1" 200 180 "-" "Mozilla/5.0 (Windows NT 10.0; Win64; x64) AppleWebKit/537.36 (KHTML, like Gecko) Chrome/114.0.0.0 Safari/537.36" 324 **0/324481**
208.109.41.231 - - [14/Apr/2026:11:26:29 -0700] "POST /wp-cron.php?doing_wp_cron=1776191189.5012600421905517578125 HTTP/1.1" 200 - "-" "WordPress/6.3.8; http://fuentesanza.es" 25 **0/25459**
185.153.197.91 - - [14/Apr/2026:11:26:29 -0700] "POST /xmlrpc.php HTTP/1.1" 200 8363 "-" "Mozilla/5.0 (Windows NT 10.0; Win64; x64) AppleWebKit/537.36 (KHTML, like Gecko) Chrome/114.0.0.0 Safari/537.36" 552 **0/552112**
185.153.197.91 - - [14/Apr/2026:11:26:30 -0700] "GET /uncategorized/must-be-personally-within-mi-new-jersey-pa-wv-so-you-can-bet/ HTTP/1.1" 200 155185 "-" "Mozilla/5.0 (Windows NT 10.0; Win64; x64) AppleWebKit/537.36 (KHTML, like Gecko) Chrome/123.0.0.0 Safari/537.36" 374 **0/374899**
18.97.14.88 - - [14/Apr/2026:11:26:36 -0700] "GET /category/1win-brasil-491/ HTTP/1.1" 200 37633 "-" "CCBot/2.0 (https://commoncrawl.org/faq/)" 449 **0/449890**
66.249.73.5 - - [14/Apr/2026:11:26:37 -0700] "GET /?c=84164154140 HTTP/1.1" 200 43463 "-" "Mozilla/5.0 (Linux; Android 6.0.1; Nexus 5X Build/MMB29P) AppleWebKit/537.36 (KHTML, like Gecko) Chrome/146.0.7680.177 Mobile Safari/537.36 (compatible; Googlebot/2.1; +http://www.google.com/bot.html)" 504 **0/504569**
85.208.96.207 - - [14/Apr/2026:11:26:42 -0700] "GET /uncategorized/this-means-during-your-100-percent-free-revolves-theres-increased-risk-of-landing-the-individuals-large-wins-with-our-symbols-since-you-spin-be-looking-for-many-of-your-gamess-tal/ HTTP/1.1" 200 30522 "-" "Mozilla/5.0 (compatible; SemrushBot/7~bl; +http://www.semrush.com/bot.html)" 342 **0/342267**
51.222.95.66 - - [14/Apr/2026:11:26:47 -0700] "GET /tag/%D0%BF%D0%B8%D0%BD-%D0%B0%D0%BF-%D0%BA%D0%B0%D0%B7%D0%B0%D1%85%D1%81%D1%82%D0%B0%D0%BD/ HTTP/1.1" 200 33061 "-" "Mozilla/5.0 (compatible; AhrefsBot/7.0; +http://ahrefs.com/robot/)" 376 **0/376437**
66.249.73.5 - - [14/Apr/2026:11:27:05 -0700] "GET /?p=20659119353 HTTP/1.1" 404 11349 "-" "Mozilla/5.0 (Linux; Android 6.0.1; Nexus 5X Build/MMB29P) AppleWebKit/537.36 (KHTML, like Gecko) Chrome/146.0.7680.177 Mobile Safari/537.36 (compatible; Googlebot/2.1; +http://www.google.com/bot.html)" 225 **0/225468**
18.97.14.88 - - [14/Apr/2026:11:27:12 -0700] "GET /category/most-bet-821/ HTTP/1.1" 200 36906 "-" "CCBot/2.0 (https://commoncrawl.org/faq/)" 483 **0/483366**
185.153.197.91 - - [14/Apr/2026:11:27:13 -0700] "POST /xmlrpc.php HTTP/1.1" 200 180 "-" "Mozilla/5.0 (Windows NT 10.0; Win64; x64) AppleWebKit/537.36 (KHTML, like Gecko) Chrome/114.0.0.0 Safari/537.36" 680 **0/680454**
208.109.41.231 - - [14/Apr/2026:11:27:17 -0700] "POST /wp-cron.php?doing_wp_cron=1776191237.9207270145416259765625 HTTP/1.1" 200 - "-" "WordPress/6.3.8; http://fuentesanza.es" 20 **0/20172**
43.163.206.70 - - [14/Apr/2026:11:27:17 -0700] "GET /intelegerea-levitra-professional-o-prezentare-generala/ HTTP/1.1" 200 31137 "-" "Mozilla/5.0 (iPhone; CPU iPhone OS 13_2_3 like Mac OS X) AppleWebKit/605.1.15 (KHTML, like Gecko) Version/13.0.3 Mobile/15E148 Safari/604.1" 388 **0/388819**
216.73.216.141 - - [14/Apr/2026:11:27:23 -0700] "GET /robots.txt HTTP/1.1" 200 92 "-" "Mozilla/5.0 AppleWebKit/537.36 (KHTML, like Gecko; compatible; ClaudeBot/1.0; +claudebot@anthropic.com)" 8 **0/8436**
216.73.216.141 - - [14/Apr/2026:11:27:24 -0700] "GET /uncategorized/obzor-onlain-kazino-pin-up-dlia-igrokov-iz-raznykh-stran-8/ HTTP/1.1" 200 27747 "-" "Mozilla/5.0 AppleWebKit/537.36 (KHTML, like Gecko; compatible; ClaudeBot/1.0; +claudebot@anthropic.com)" 381 **0/381007**
216.73.216.141 - - [14/Apr/2026:11:27:24 -0700] "GET /tag/le-jackpot-casino/ HTTP/1.1" 200 34765 "-" "Mozilla/5.0 AppleWebKit/537.36 (KHTML, like Gecko; compatible; ClaudeBot/1.0; +claudebot@anthropic.com)" 269 **0/269222**
185.153.197.91 - - [14/Apr/2026:11:27:25 -0700] "POST /xmlrpc.php HTTP/1.1" 200 8038 "-" "Mozilla/5.0 (Windows NT 10.0; Win64; x64) AppleWebKit/537.36 (KHTML, like Gecko) Chrome/114.0.0.0 Safari/537.36" 587 **0/587229**
185.191.171.15 - - [14/Apr/2026:11:27:25 -0700] "GET /uncategorized/przeglad-automatow-queen-of-the-north-zagraj-po-robot-przez-internet-queen-of-the-north-casino-pl/ HTTP/1.1" 200 30756 "-" "Mozilla/5.0 (compatible; SemrushBot/7~bl; +http://www.semrush.com/bot.html)" 414 **0/414079**
185.153.197.91 - - [14/Apr/2026:11:27:26 -0700] "GET /uncategorized/finding-the-right-driver-for-you-adding-a-personal-contact-to-the-connecticut-internet-casino-sense/ HTTP/1.1" 200 155021 "-" "Mozilla/5.0 (Windows NT 10.0; Win64; x64) AppleWebKit/537.36 (KHTML, like Gecko) Chrome/109.0.0.0 Safari/537.36" 364 **0/364375**
18.97.14.88 - - [14/Apr/2026:11:27:48 -0700] "GET /category/1win-app-download-871/ HTTP/1.1" 200 34226 "-" "CCBot/2.0 (https://commoncrawl.org/faq/)" 515 **0/515051**
142.44.233.163 - - [14/Apr/2026:11:27:58 -0700] "GET /uncategorized/fifty-gladiator-free-spins-150-no-deposit-free-revolves-bonuses/ HTTP/1.1" 200 28050 "-" "Mozilla/5.0 (compatible; AhrefsBot/7.0; +http://ahrefs.com/robot/)" 270 **0/270020**
185.153.197.91 - - [14/Apr/2026:11:28:13 -0700] "POST /xmlrpc.php HTTP/1.1" 200 180 "-" "Mozilla/5.0 (Windows NT 10.0; Win64; x64) AppleWebKit/537.36 (KHTML, like Gecko) Chrome/114.0.0.0 Safari/537.36" 598 **0/598842**
208.109.41.231 - - [14/Apr/2026:11:28:20 -0700] "POST /wp-cron.php?doing_wp_cron=1776191300.7280340194702148437500 HTTP/1.1" 200 - "-" "WordPress/6.3.8; http://fuentesanza.es" 31 **0/31541**
185.153.197.91 - - [14/Apr/2026:11:28:20 -0700] "POST /xmlrpc.php HTTP/1.1" 200 8136 "-" "Mozilla/5.0 (Windows NT 10.0; Win64; x64) AppleWebKit/537.36 (KHTML, like Gecko) Chrome/114.0.0.0 Safari/537.36" 451 **0/451126**
18.97.14.88 - - [14/Apr/2026:11:28:20 -0700] "GET /category/pin-up-giris-760/ HTTP/1.1" 200 32152 "-" "CCBot/2.0 (https://commoncrawl.org/faq/)" 411 **0/411384**
185.153.197.91 - - [14/Apr/2026:11:28:24 -0700] "GET /uncategorized/exactly-what-if-i-should-not-have-fun-with-inclave-to-have-casino-sign-on/ HTTP/1.1" 200 154829 "-" "Mozilla/5.0 (Windows NT 10.0; rv:109.0) Gecko/20100101 Firefox/115.0" 460 **0/460795**
216.73.216.141 - - [14/Apr/2026:11:28:32 -0700] "GET /uncategorized/obzor-onlain-kazino-pin-up-dlia-igrokov-iz-raznykh-stran-20/ HTTP/1.1" 200 27815 "-" "Mozilla/5.0 AppleWebKit/537.36 (KHTML, like Gecko; compatible; ClaudeBot/1.0; +claudebot@anthropic.com)" 305 **0/305127**
216.73.216.141 - - [14/Apr/2026:11:28:32 -0700] "GET /category/zet-casino-promo-code-445/ HTTP/1.1" 200 37570 "-" "Mozilla/5.0 AppleWebKit/537.36 (KHTML, like Gecko; compatible; ClaudeBot/1.0; +claudebot@anthropic.com)" 417 **0/417512**
85.208.96.208 - - [14/Apr/2026:11:28:38 -0700] "GET /uncategorized/top-5-sovetov-kak-skachat-prilozhenie-mostbet-na-android/ HTTP/1.1" 200 30248 "-" "Mozilla/5.0 (compatible; SemrushBot/7~bl; +http://www.semrush.com/bot.html)" 344 **0/344918**
18.97.14.88 - - [14/Apr/2026:11:28:57 -0700] "GET /category/verde-casino-bonus-bez-depozytu-813/ HTTP/1.1" 200 39047 "-" "CCBot/2.0 (https://commoncrawl.org/faq/)" 438 **0/438290**
114.119.135.207 - - [14/Apr/2026:11:29:01 -0700] "GET /uncategorized/safe-online-rock-climber-offers-casinos-australian-continent-2024-best-local-casino-websites-modify/ HTTP/1.1" 200 30988 "http://fuentesanza.es/uncategorized/totally-21casino-25-free-spins-free-casino-games-wager-fun-22300-demo-video-game/" "Mozilla/5.0 (Linux; Android 7.0;) AppleWebKit/537.36 (KHTML, like Gecko) Mobile Safari/537.36 (compatible; PetalBot;+https://webmaster.petalsearch.com/site/petalbot)" 512 **0/512562**
185.191.171.14 - - [14/Apr/2026:11:29:02 -0700] "GET /uncategorized/uk-slots-shell-out-the-very-first-thing-are-qia/ HTTP/1.1" 200 30101 "-" "Mozilla/5.0 (compatible; SemrushBot/7~bl; +http://www.semrush.com/bot.html)" 811 **0/811744**
185.153.197.91 - - [14/Apr/2026:11:29:09 -0700] "POST /xmlrpc.php HTTP/1.1" 200 180 "-" "Mozilla/5.0 (Windows NT 10.0; Win64; x64) AppleWebKit/537.36 (KHTML, like Gecko) Chrome/114.0.0.0 Safari/537.36" 765 **0/765814**
208.109.41.231 - - [14/Apr/2026:11:29:10 -0700] "POST /wp-cron.php?doing_wp_cron=1776191350.6231288909912109375000 HTTP/1.1" 200 - "-" "WordPress/6.3.8; http://fuentesanza.es" 20 **0/20606**
142.44.220.219 - - [14/Apr/2026:11:29:10 -0700] "GET /uncategorized/how-to-gamble-pokies-and-six-tips-for-free-10-spins-no-deposit-to-play-pokies/ HTTP/1.1" 200 28385 "-" "Mozilla/5.0 (compatible; AhrefsBot/7.0; +http://ahrefs.com/robot/)" 560 **0/560019**
85.208.96.201 - - [14/Apr/2026:11:29:14 -0700] "GET /uncategorized/greatest-online-casino-apps-within-the-february-2026/ HTTP/1.1" 200 31558 "-" "Mozilla/5.0 (compatible; SemrushBot/7~bl; +http://www.semrush.com/bot.html)" 538 **0/538818**
185.153.197.91 - - [14/Apr/2026:11:29:15 -0700] "POST /xmlrpc.php HTTP/1.1" 200 8793 "-" "Mozilla/5.0 (Windows NT 10.0; Win64; x64) AppleWebKit/537.36 (KHTML, like Gecko) Chrome/114.0.0.0 Safari/537.36" 504 **0/504768**
66.249.73.4 - - [14/Apr/2026:11:29:16 -0700] "GET /?i=5169644731 HTTP/1.1" 200 42268 "-" "Mozilla/5.0 (Linux; Android 6.0.1; Nexus 5X Build/MMB29P) AppleWebKit/537.36 (KHTML, like Gecko) Chrome/146.0.7680.177 Mobile Safari/537.36 (compatible; Googlebot/2.1; +http://www.google.com/bot.html)" 439 **0/439615**
185.153.197.91 - - [14/Apr/2026:11:29:17 -0700] "GET /uncategorized/reload-incentives-are-designed-for-established-users-in-lieu-of-new-registered-users/ HTTP/1.1" 200 155484 "-" "Mozilla/5.0 (Windows NT 10.0; Win64; x64) AppleWebKit/537.36 (KHTML, like Gecko) Chrome/124.0.0.0 Safari/537.36" 342 **0/342300**
18.97.14.88 - - [14/Apr/2026:11:29:41 -0700] "GET /category/1win-bet-928/ HTTP/1.1" 200 35813 "-" "CCBot/2.0 (https://commoncrawl.org/faq/)" 375 **0/375461**
85.208.96.204 - - [14/Apr/2026:11:29:54 -0700] "GET /uncategorized/crypto-gambling-establishment-no-deposit-bonus-2026-totally-free-spins-50-btc/ HTTP/1.1" 200 30532 "-" "Mozilla/5.0 (compatible; SemrushBot/7~bl; +http://www.semrush.com/bot.html)" 322 **0/322803**
185.153.197.91 - - [14/Apr/2026:11:30:04 -0700] "POST /xmlrpc.php HTTP/1.1" 200 180 "-" "Mozilla/5.0 (Windows NT 10.0; Win64; x64) AppleWebKit/537.36 (KHTML, like Gecko) Chrome/114.0.0.0 Safari/537.36" 1165 **1/1165515**
208.109.41.231 - - [14/Apr/2026:11:30:10 -0700] "POST /wp-cron.php?doing_wp_cron=1776191410.0606930255889892578125 HTTP/1.1" 200 - "-" "WordPress/6.3.8; http://fuentesanza.es" 25 **0/25755**
54.39.210.174 - - [14/Apr/2026:11:30:09 -0700] "GET /category/26/feed/ HTTP/1.1" 200 2509 "-" "Mozilla/5.0 (compatible; AhrefsBot/7.0; +http://ahrefs.com/robot/)" 725 **0/725240**
216.73.216.141 - - [14/Apr/2026:11:30:11 -0700] "GET /uncategorized/obzor-onlain-kazino-pin-up-dlia-igrokov-iz-raznykh-stran-12/ HTTP/1.1" 200 27708 "-" "Mozilla/5.0 AppleWebKit/537.36 (KHTML, like Gecko; compatible; ClaudeBot/1.0; +claudebot@anthropic.com)" 699 **0/699686**
216.73.216.141 - - [14/Apr/2026:11:30:11 -0700] "GET /category/18/ HTTP/1.1" 200 25827 "-" "Mozilla/5.0 AppleWebKit/537.36 (KHTML, like Gecko; compatible; ClaudeBot/1.0; +claudebot@anthropic.com)" 683 **0/683015**
185.153.197.91 - - [14/Apr/2026:11:30:11 -0700] "POST /xmlrpc.php HTTP/1.1" 200 8490 "-" "Mozilla/5.0 (Windows NT 10.0; Win64; x64) AppleWebKit/537.36 (KHTML, like Gecko) Chrome/114.0.0.0 Safari/537.36" 925 **0/925629**
185.153.197.91 - - [14/Apr/2026:11:30:13 -0700] "GET /uncategorized/recreations-as-you-must-be-aware-is-the-greatest-athletics-international/ HTTP/1.1" 200 155031 "-" "Mozilla/5.0 (Windows NT 10.0; Win64; x64) AppleWebKit/537.36 (KHTML, like Gecko) Chrome/109.0.0.0 Safari/537.36" 458 **0/458671**
66.249.73.5 - - [14/Apr/2026:11:30:17 -0700] "GET /?s=10106326125 HTTP/1.1" 200 24346 "-" "Mozilla/5.0 (Linux; Android 6.0.1; Nexus 5X Build/MMB29P) AppleWebKit/537.36 (KHTML, like Gecko) Chrome/146.0.7680.177 Mobile Safari/537.36 (compatible; Googlebot/2.1; +http://www.google.com/bot.html)" 4048 **4/4048204**
185.191.171.1 - - [14/Apr/2026:11:30:30 -0700] "GET /1win-bonus-984/1win-bonus-100/ HTTP/1.1" 200 34909 "-" "Mozilla/5.0 (compatible; SemrushBot/7~bl; +http://www.semrush.com/bot.html)" 3256 **3/3256631**
114.119.136.150 - - [14/Apr/2026:11:30:32 -0700] "GET /uncategorized/roulette-de-casino-en-ligne-decouvrez-la-riviera/ HTTP/1.1" 200 30061 "http://fuentesanza.es/uncategorized/skachat-1xbet-ofitsialnyi-sait-poslednie-obnovleniia-i-novosti/" "Mozilla/5.0 (Linux; Android 7.0;) AppleWebKit/537.36 (KHTML, like Gecko) Mobile Safari/537.36 (compatible; PetalBot;+https://webmaster.petalsearch.com/site/petalbot)" 2267 **2/2267183**
18.97.14.88 - - [14/Apr/2026:11:30:33 -0700] "GET /category/mostbet-uz-registratsiya-559/ HTTP/1.1" 200 36549 "-" "CCBot/2.0 (https://commoncrawl.org/faq/)" 1906 **1/1906776**
66.249.73.5 - - [14/Apr/2026:11:30:38 -0700] "GET /?f=71141284042 HTTP/1.1" 200 42203 "-" "Mozilla/5.0 (Linux; Android 6.0.1; Nexus 5X Build/MMB29P) AppleWebKit/537.36 (KHTML, like Gecko) Chrome/146.0.7680.177 Mobile Safari/537.36 (compatible; Googlebot/2.1; +http://www.google.com/bot.html)" 464 **0/464656**
66.249.73.4 - - [14/Apr/2026:11:30:40 -0700] "GET /?m=31108112201 HTTP/1.1" 404 11349 "-" "Mozilla/5.0 (Linux; Android 6.0.1; Nexus 5X Build/MMB29P) AppleWebKit/537.36 (KHTML, like Gecko) Chrome/146.0.7680.177 Mobile Safari/537.36 (compatible; Googlebot/2.1; +http://www.google.com/bot.html)" 257 **0/257001**
185.153.197.91 - - [14/Apr/2026:11:31:00 -0700] "POST /xmlrpc.php HTTP/1.1" 200 180 "-" "Mozilla/5.0 (Windows NT 10.0; Win64; x64) AppleWebKit/537.36 (KHTML, like Gecko) Chrome/114.0.0.0 Safari/537.36" 488 **0/488910**
208.109.41.231 - - [14/Apr/2026:11:31:09 -0700] "POST /wp-cron.php?doing_wp_cron=1776191469.1273329257965087890625 HTTP/1.1" 200 - "-" "WordPress/6.3.8; http://fuentesanza.es" 22 **0/22417**
185.153.197.91 - - [14/Apr/2026:11:31:08 -0700] "POST /xmlrpc.php HTTP/1.1" 200 8489 "-" "Mozilla/5.0 (Windows NT 10.0; Win64; x64) AppleWebKit/537.36 (KHTML, like Gecko) Chrome/114.0.0.0 Safari/537.36" 415 **0/415987**
185.153.197.91 - - [14/Apr/2026:11:31:11 -0700] "GET /uncategorized/kind-of-bonuses-that-are-offered-inside-cs2-gambling-websites/ HTTP/1.1" 200 155126 "-" "Mozilla/5.0 (Windows NT 10.0; Win64; x64) AppleWebKit/537.36 (KHTML, like Gecko) Chrome/123.0.0.0 Safari/537.36" 439 **0/439704**
18.97.14.88 - - [14/Apr/2026:11:31:19 -0700] "GET /category/mines-1win-458/ HTTP/1.1" 200 37634 "-" "CCBot/2.0 (https://commoncrawl.org/faq/)" 360 **0/360726**
51.222.168.67 - - [14/Apr/2026:11:31:21 -0700] "GET /category/casino-online-2/feed/ HTTP/1.1" 200 2748 "-" "Mozilla/5.0 (compatible; AhrefsBot/7.0; +http://ahrefs.com/robot/)" 350 **0/350583**
114.119.129.24 - - [14/Apr/2026:11:31:29 -0700] "GET /uncategorized/roulette-casino-canada-low-volatility-a-comprehensive-guide/ HTTP/1.1" 200 27886 "http://fuentesanza.es/uncategorized/roulette-casino-canada-low-volatility-a-comprehensive-guide/" "Mozilla/5.0 (Linux; Android 7.0;) AppleWebKit/537.36 (KHTML, like Gecko) Mobile Safari/537.36 (compatible; PetalBot;+https://webmaster.petalsearch.com/site/petalbot)" 305 **0/305515**
185.153.197.91 - - [14/Apr/2026:11:31:50 -0700] "POST /xmlrpc.php HTTP/1.1" 200 180 "-" "Mozilla/5.0 (Windows NT 10.0; Win64; x64) AppleWebKit/537.36 (KHTML, like Gecko) Chrome/114.0.0.0 Safari/537.36" 385 **0/385589**
208.109.41.231 - - [14/Apr/2026:11:31:55 -0700] "POST /wp-cron.php?doing_wp_cron=1776191515.0143809318542480468750 HTTP/1.1" 200 - "-" "WordPress/6.3.8; http://fuentesanza.es" 28 **0/28282**
185.191.171.1 - - [14/Apr/2026:11:31:54 -0700] "GET /tag/pinup/page/3/ HTTP/1.1" 200 62939 "-" "Mozilla/5.0 (compatible; SemrushBot/7~bl; +http://www.semrush.com/bot.html)" 630 **0/630810**
185.153.197.91 - - [14/Apr/2026:11:31:56 -0700] "POST /xmlrpc.php HTTP/1.1" 200 8401 "-" "Mozilla/5.0 (Windows NT 10.0; Win64; x64) AppleWebKit/537.36 (KHTML, like Gecko) Chrome/114.0.0.0 Safari/537.36" 380 **0/380590**
185.153.197.91 - - [14/Apr/2026:11:31:57 -0700] "GET /uncategorized/illinois-lawmakers-will-add-sites-playing-to-countrys-bevy-of-gambling-choice/ HTTP/1.1" 200 155101 "-" "Mozilla/5.0 (Windows NT 10.0; Win64; x64; rv:124.0) Gecko/20100101 Firefox/124.0" 359 **0/359297**
18.97.14.88 - - [14/Apr/2026:11:32:01 -0700] "GET /category/celuapuestas-casino-online-941/ HTTP/1.1" 200 36604 "-" "CCBot/2.0 (https://commoncrawl.org/faq/)" 594 **0/594706**
216.73.216.141 - - [14/Apr/2026:11:32:09 -0700] "GET /?p=48316 HTTP/1.1" 301 1 "-" "Mozilla/5.0 AppleWebKit/537.36 (KHTML, like Gecko; compatible; ClaudeBot/1.0; +claudebot@anthropic.com)" 155 **0/155069**
216.73.216.141 - - [14/Apr/2026:11:32:09 -0700] "GET /bob-casino-286/bob-casino-642/ HTTP/1.1" 200 30004 "http://fuentesanza.es/?p=48316" "Mozilla/5.0 AppleWebKit/537.36 (KHTML, like Gecko; compatible; ClaudeBot/1.0; +claudebot@anthropic.com)" 357 **0/357211**
114.119.130.109 - - [14/Apr/2026:11:32:23 -0700] "GET /uncategorized/resenas-independientes-guias-y-documentacion/ HTTP/1.1" 200 31740 "http://fuentesanza.es/uncategorized/then-youre-able-to-comprehend-the-average-commission-per-of-your-pokies-although-there-are-never-people-pledges-that-have-payouts-the-new-online-game-should-also-getting-separately-tested-so-that-f/" "Mozilla/5.0 (Linux; Android 7.0;) AppleWebKit/537.36 (KHTML, like Gecko) Mobile Safari/537.36 (compatible; PetalBot;+https://webmaster.petalsearch.com/site/petalbot)" 313 **0/313047**
66.249.73.5 - - [14/Apr/2026:11:32:35 -0700] "GET /?x=32835266291 HTTP/1.1" 200 42386 "-" "Mozilla/5.0 (Linux; Android 6.0.1; Nexus 5X Build/MMB29P) AppleWebKit/537.36 (KHTML, like Gecko) Chrome/146.0.7680.177 Mobile Safari/537.36 (compatible; Googlebot/2.1; +http://www.google.com/bot.html)" 332 **0/332233**
185.153.197.91 - - [14/Apr/2026:11:32:39 -0700] "POST /xmlrpc.php HTTP/1.1" 200 180 "-" "Mozilla/5.0 (Windows NT 10.0; Win64; x64) AppleWebKit/537.36 (KHTML, like Gecko) Chrome/114.0.0.0 Safari/537.36" 401 **0/401464**
208.109.41.231 - - [14/Apr/2026:11:32:40 -0700] "POST /wp-cron.php?doing_wp_cron=1776191560.3982610702514648437500 HTTP/1.1" 200 - "-" "WordPress/6.3.8; http://fuentesanza.es" 28 **0/28435**
54.39.0.248 - - [14/Apr/2026:11:32:40 -0700] "GET /category/chinabridgegroup-co-uk-2/feed/ HTTP/1.1" 200 2432 "-" "Mozilla/5.0 (compatible; AhrefsBot/7.0; +http://ahrefs.com/robot/)" 526 **0/526214**
185.153.197.91 - - [14/Apr/2026:11:32:45 -0700] "POST /xmlrpc.php HTTP/1.1" 200 8929 "-" "Mozilla/5.0 (Windows NT 10.0; Win64; x64) AppleWebKit/537.36 (KHTML, like Gecko) Chrome/114.0.0.0 Safari/537.36" 398 **0/398593**
185.153.197.91 - - [14/Apr/2026:11:32:46 -0700] "GET /uncategorized/slot-game-will-be-the-brand-new-crypto-online-game-available-at-all-our-required-casinos/ HTTP/1.1" 200 155680 "-" "Mozilla/5.0 (Windows NT 10.0; Win64; x64) AppleWebKit/537.36 (KHTML, like Gecko) Chrome/109.0.0.0 Safari/537.36" 316 **0/316563**
18.97.14.88 - - [14/Apr/2026:11:32:51 -0700] "GET /2026/01/ HTTP/1.1" 200 126702 "-" "CCBot/2.0 (https://commoncrawl.org/faq/)" 330 **0/330688**
85.208.96.209 - - [14/Apr/2026:11:32:58 -0700] "GET /uncategorized/el-futuro-del-juego-online-en-espana-un-analisis-para-expertos/ HTTP/1.1" 200 30490 "-" "Mozilla/5.0 (compatible; SemrushBot/7~bl; +http://www.semrush.com/bot.html)" 272 **0/272088**
85.208.96.199 - - [14/Apr/2026:11:32:59 -0700] "GET /uncategorized/100-freispiele-exklusive-einzahlung-top-angebote-2026/ HTTP/1.1" 200 31571 "-" "Mozilla/5.0 (compatible; SemrushBot/7~bl; +http://www.semrush.com/bot.html)" 245 **0/245041**
81.37.205.134 - - [14/Apr/2026:11:33:13 -0700] "POST /xmlrpc.php HTTP/1.1" 200 131 "-" "Python-xmlrpc/3.11" 412 **0/412496**
208.109.41.231 - - [14/Apr/2026:11:33:25 -0700] "POST /wp-cron.php?doing_wp_cron=1776191605.2971329689025878906250 HTTP/1.1" 200 - "-" "WordPress/6.3.8; http://fuentesanza.es" 16 **0/16461**
185.153.197.91 - - [14/Apr/2026:11:33:25 -0700] "POST /xmlrpc.php HTTP/1.1" 200 180 "-" "Mozilla/5.0 (Windows NT 10.0; Win64; x64) AppleWebKit/537.36 (KHTML, like Gecko) Chrome/114.0.0.0 Safari/537.36" 354 **0/354556**
185.153.197.91 - - [14/Apr/2026:11:33:31 -0700] "POST /xmlrpc.php HTTP/1.1" 200 8874 "-" "Mozilla/5.0 (Windows NT 10.0; Win64; x64) AppleWebKit/537.36 (KHTML, like Gecko) Chrome/114.0.0.0 Safari/537.36" 385 **0/385764**
47.128.25.224 - - [14/Apr/2026:11:33:32 -0700] "GET /uncategorized/quick-bet-verovapaa-expert-guide-to-online-roulette/ HTTP/1.1" 403 154823 "-" "Mozilla/5.0 (Linux; Android 5.0) AppleWebKit/537.36 (KHTML, like Gecko) Mobile Safari/537.36 (compatible; Bytespider; spider-feedback@bytedance.com)" 316 **0/316223**
185.153.197.91 - - [14/Apr/2026:11:33:33 -0700] "GET /uncategorized/finest-crypto-casino-ideal-nine-sites-so-youre-able-to-gamble-which-have-bitcoin-btc-within-the-2026/ HTTP/1.1" 200 155647 "-" "Mozilla/5.0 (Windows NT 10.0; rv:109.0) Gecko/20100101 Firefox/115.0" 366 **0/366729**
18.97.14.88 - - [14/Apr/2026:11:33:33 -0700] "GET /category/1vin-575/ HTTP/1.1" 200 36079 "-" "CCBot/2.0 (https://commoncrawl.org/faq/)" 416 **0/416923**
47.128.25.224 - - [14/Apr/2026:11:33:34 -0700] "GET /wp-content/themes/twentytwelve/fonts/font-open-sans.css?ver=20230328 HTTP/1.1" 404 50331 "http://fuentesanza.es/uncategorized/quick-bet-verovapaa-expert-guide-to-online-roulette/" "Mozilla/5.0 (Linux; Android 5.0) AppleWebKit/537.36 (KHTML, like Gecko) Mobile Safari/537.36 (compatible; Bytespider; spider-feedback@bytedance.com)" 146 **0/146622**
47.128.25.224 - - [14/Apr/2026:11:33:34 -0700] "GET /wp-includes/css/dist/block-library/style.min.css?ver=6.3.8 HTTP/1.1" 404 50331 "http://fuentesanza.es/uncategorized/quick-bet-verovapaa-expert-guide-to-online-roulette/" "Mozilla/5.0 (Linux; Android 5.0) AppleWebKit/537.36 (KHTML, like Gecko) Mobile Safari/537.36 (compatible; Bytespider; spider-feedback@bytedance.com)" 149 **0/149449**
47.128.25.224 - - [14/Apr/2026:11:33:34 -0700] "GET /wp-content/themes/twentytwelve/css/blocks.css?ver=20230213 HTTP/1.1" 404 50331 "http://fuentesanza.es/uncategorized/quick-bet-verovapaa-expert-guide-to-online-roulette/" "Mozilla/5.0 (Linux; Android 5.0) AppleWebKit/537.36 (KHTML, like Gecko) Mobile Safari/537.36 (compatible; Bytespider; spider-feedback@bytedance.com)" 325 **0/325782**
47.128.25.224 - - [14/Apr/2026:11:33:34 -0700] "GET /wp-content/themes/twentytwelve/style.css?ver=20230808 HTTP/1.1" 404 50331 "http://fuentesanza.es/uncategorized/quick-bet-verovapaa-expert-guide-to-online-roulette/" "Mozilla/5.0 (Linux; Android 5.0) AppleWebKit/537.36 (KHTML, like Gecko) Mobile Safari/537.36 (compatible; Bytespider; spider-feedback@bytedance.com)" 358 **0/358499**
54.39.6.128 - - [14/Apr/2026:11:33:47 -0700] "GET /tag/1win-apuestas/ HTTP/1.1" 200 35777 "-" "Mozilla/5.0 (compatible; AhrefsBot/7.0; +http://ahrefs.com/robot/)" 226 **0/226820**
66.249.73.4 - - [14/Apr/2026:11:33:55 -0700] "GET /?x=32835257321 HTTP/1.1" 200 43707 "-" "Mozilla/5.0 (Linux; Android 6.0.1; Nexus 5X Build/MMB29P) AppleWebKit/537.36 (KHTML, like Gecko) Chrome/146.0.7680.177 Mobile Safari/537.36 (compatible; Googlebot/2.1; +http://www.google.com/bot.html)" 348 **0/348018**
80.44.178.224 - - [14/Apr/2026:11:34:04 -0700] "POST /xmlrpc.php HTTP/1.1" 200 131 "-" "Python-xmlrpc/3.11" 634 **0/634101**
208.109.41.231 - - [14/Apr/2026:11:34:07 -0700] "POST /wp-cron.php?doing_wp_cron=1776191647.2198419570922851562500 HTTP/1.1" 200 - "-" "WordPress/6.3.8; http://fuentesanza.es" 19 **0/19174**
66.249.73.4 - - [14/Apr/2026:11:34:07 -0700] "GET /?i=209126314 HTTP/1.1" 200 43650 "-" "Mozilla/5.0 (Linux; Android 6.0.1; Nexus 5X Build/MMB29P) AppleWebKit/537.36 (KHTML, like Gecko) Chrome/146.0.7680.177 Mobile Safari/537.36 (compatible; Googlebot/2.1; +http://www.google.com/bot.html)" 433 **0/433502**
66.249.73.4 - - [14/Apr/2026:11:34:07 -0700] "GET /?w=36370113432 HTTP/1.1" 404 11349 "-" "Mozilla/5.0 (Linux; Android 6.0.1; Nexus 5X Build/MMB29P) AppleWebKit/537.36 (KHTML, like Gecko) Chrome/146.0.7680.177 Mobile Safari/537.36 (compatible; Googlebot/2.1; +http://www.google.com/bot.html)" 215 **0/215679**
18.97.14.88 - - [14/Apr/2026:11:34:08 -0700] "GET /cost-of-slotobit-casino-in-united-kingdom-how-prices-vary-and-where-to-buy/ HTTP/1.1" 200 30447 "-" "CCBot/2.0 (https://commoncrawl.org/faq/)" 262 **0/262340**
185.191.171.19 - - [14/Apr/2026:11:34:11 -0700] "GET /uncategorized/slotigo-de-nachfolgende-besten-online-live-casino-payfix-slots-spielautomaten-gebuhrenfrei/ HTTP/1.1" 200 31162 "-" "Mozilla/5.0 (compatible; SemrushBot/7~bl; +http://www.semrush.com/bot.html)" 250 **0/250423**
66.249.73.4 - - [14/Apr/2026:11:34:17 -0700] "GET /?w=36370236210 HTTP/1.1" 404 11349 "-" "Mozilla/5.0 (Linux; Android 6.0.1; Nexus 5X Build/MMB29P) AppleWebKit/537.36 (KHTML, like Gecko) Chrome/146.0.7680.177 Mobile Safari/537.36 (compatible; Googlebot/2.1; +http://www.google.com/bot.html)" 161 **0/161297**
185.153.197.91 - - [14/Apr/2026:11:34:18 -0700] "POST /xmlrpc.php HTTP/1.1" 200 180 "-" "Mozilla/5.0 (Windows NT 10.0; Win64; x64) AppleWebKit/537.36 (KHTML, like Gecko) Chrome/114.0.0.0 Safari/537.36" 279 **0/279915**
208.109.41.231 - - [14/Apr/2026:11:34:25 -0700] "POST /wp-cron.php?doing_wp_cron=1776191665.3752911090850830078125 HTTP/1.1" 200 - "-" "WordPress/6.3.8; http://fuentesanza.es" 21 **0/21408**
185.153.197.91 - - [14/Apr/2026:11:34:25 -0700] "POST /xmlrpc.php HTTP/1.1" 200 8493 "-" "Mozilla/5.0 (Windows NT 10.0; Win64; x64) AppleWebKit/537.36 (KHTML, like Gecko) Chrome/114.0.0.0 Safari/537.36" 391 **0/391894**
185.153.197.91 - - [14/Apr/2026:11:34:25 -0700] "GET /uncategorized/why-does-getids-automatic-id-confirmation-boost-kyc-getting-gambling-enterprises/ HTTP/1.1" 200 155268 "-" "Mozilla/5.0 (Windows NT 10.0; Win64; x64) AppleWebKit/537.36 (KHTML, like Gecko) Chrome/109.0.0.0 Safari/537.36" 295 **0/295049**
18.97.14.88 - - [14/Apr/2026:11:34:44 -0700] "GET /interactiuni-potentiale-intre-kamagra-gold-si-isrs/ HTTP/1.1" 200 29080 "-" "CCBot/2.0 (https://commoncrawl.org/faq/)" 209 **0/209166**
114.119.129.24 - - [14/Apr/2026:11:34:45 -0700] "GET /uncategorized/rabochee-zerkalo-1xbet-kak-nayti-rabochee-zerkalo-sayta-1xbet/ HTTP/1.1" 200 30225 "http://fuentesanza.es/uncategorized/wunderino-zugang-und-registrierung-inoffizieller-mitarbeiter-kasino-fur-glucksspieler-aus-teutonia/" "Mozilla/5.0 (Linux; Android 7.0;) AppleWebKit/537.36 (KHTML, like Gecko) Mobile Safari/537.36 (compatible; PetalBot;+https://webmaster.petalsearch.com/site/petalbot)" 220 **0/220916**
185.153.197.91 - - [14/Apr/2026:11:35:01 -0700] "POST /xmlrpc.php HTTP/1.1" 200 180 "-" "Mozilla/5.0 (Windows NT 10.0; Win64; x64) AppleWebKit/537.36 (KHTML, like Gecko) Chrome/114.0.0.0 Safari/537.36" 1352 **1/1352732**
208.109.41.231 - - [14/Apr/2026:11:35:05 -0700] "POST /wp-cron.php?doing_wp_cron=1776191705.0869920253753662109375 HTTP/1.1" 200 - "-" "WordPress/6.3.8; http://fuentesanza.es" 83 **0/83276**
148.113.130.201 - - [14/Apr/2026:11:35:04 -0700] "GET /uncategorized/machines-a-sous-wildlife-explorez-la-nature-avec-locowin/feed/ HTTP/1.1" 200 463 "-" "Mozilla/5.0 (compatible; AhrefsBot/7.0; +http://ahrefs.com/robot/)" 957 **0/957399**
185.153.197.91 - - [14/Apr/2026:11:35:08 -0700] "POST /xmlrpc.php HTTP/1.1" 200 8378 "-" "Mozilla/5.0 (Windows NT 10.0; Win64; x64) AppleWebKit/537.36 (KHTML, like Gecko) Chrome/114.0.0.0 Safari/537.36" 459 **0/459278**
185.153.197.91 - - [14/Apr/2026:11:35:13 -0700] "GET /uncategorized/when-we-profit-you-want-to-withdraw-our-very-own-currency-quickly-and-first-off-hassle-totally-free/ HTTP/1.1" 200 155251 "-" "Mozilla/5.0 (Windows NT 10.0; Win64; x64) AppleWebKit/537.36 (KHTML, like Gecko) Chrome/123.0.0.0 Safari/537.36" 563 **0/563505**
18.97.14.88 - - [14/Apr/2026:11:35:16 -0700] "GET /category/luva-bet-casino-830/ HTTP/1.1" 200 39292 "-" "CCBot/2.0 (https://commoncrawl.org/faq/)" 481 **0/481235**
114.119.129.24 - - [14/Apr/2026:11:35:26 -0700] "GET /uncategorized/queen-of-your-own-nile-review-ancient-egypt-gambling-enterprise-2026/ HTTP/1.1" 200 30356 "http://fuentesanza.es/uncategorized/queen-of-your-own-nile-review-ancient-egypt-gambling-enterprise-2026/" "Mozilla/5.0 (Linux; Android 7.0;) AppleWebKit/537.36 (KHTML, like Gecko) Mobile Safari/537.36 (compatible; PetalBot;+https://webmaster.petalsearch.com/site/petalbot)" 1986 **1/1986867**
85.208.96.207 - - [14/Apr/2026:11:35:44 -0700] "GET /levelup-casino-australia-906/level-up-casino-app-download-494/ HTTP/1.1" 200 32506 "-" "Mozilla/5.0 (compatible; SemrushBot/7~bl; +http://www.semrush.com/bot.html)" 474 **0/474732**
35.187.134.2 - - [14/Apr/2026:11:35:47 -0700] "GET /uncategorized/%D0%B8%D0%B4%D0%B5%D0%B0%D0%BB%D1%8C%D0%BD%D1%8B%D0%B5-%D0%B8%D0%B3%D1%80%D0%BE%D0%B2%D1%8B%D0%B5-%D0%B7%D0%B0%D0%B2%D0%B5%D0%B4%D0%B5%D0%BD%D0%B8%D1%8F-%D0%BA%D0%BE%D1%82%D0%BE%D1%80%D1%8B%D0%B5/ HTTP/1.1" 200 28874 "-" "Mozilla/5.0 (compatible; Google-Apps-Script; beanserver; +https://script.google.com; id: UAEmdDd9xsnqR0U8PwCmAzNN8LImSykEA2g)" 377 **0/377562**
18.97.14.88 - - [14/Apr/2026:11:35:47 -0700] "GET /category/brabet-casino-218/ HTTP/1.1" 200 36306 "-" "CCBot/2.0 (https://commoncrawl.org/faq/)" 440 **0/440167**
185.153.197.91 - - [14/Apr/2026:11:35:58 -0700] "POST /xmlrpc.php HTTP/1.1" 200 180 "-" "Mozilla/5.0 (Windows NT 10.0; Win64; x64) AppleWebKit/537.36 (KHTML, like Gecko) Chrome/114.0.0.0 Safari/537.36" 720 **0/720426**
208.109.41.231 - - [14/Apr/2026:11:36:05 -0700] "POST /wp-cron.php?doing_wp_cron=1776191765.3135459423065185546875 HTTP/1.1" 200 - "-" "WordPress/6.3.8; http://fuentesanza.es" 40 **0/40627**
185.153.197.91 - - [14/Apr/2026:11:36:04 -0700] "POST /xmlrpc.php HTTP/1.1" 200 8023 "-" "Mozilla/5.0 (Windows NT 10.0; Win64; x64) AppleWebKit/537.36 (KHTML, like Gecko) Chrome/114.0.0.0 Safari/537.36" 654 **0/654661**
185.153.197.91 - - [14/Apr/2026:11:36:05 -0700] "GET /uncategorized/it-is-unknown-though-this-is-exactly-ever-implemented-to-possess-gambling-on-line/ HTTP/1.1" 200 154867 "-" "Mozilla/5.0 (Windows NT 10.0; Win64; x64) AppleWebKit/537.36 (KHTML, like Gecko) Chrome/123.0.0.0 Safari/537.36 OPR/109.0.0.0" 452 **0/452466**
142.44.225.9 - - [14/Apr/2026:11:36:08 -0700] "GET /uncategorized/die-arten-bei-freispielen-ermi%EF%BF%BDglichen-sich-inside-moglich-casinos/feed/ HTTP/1.1" 200 491 "-" "Mozilla/5.0 (compatible; AhrefsBot/7.0; +http://ahrefs.com/robot/)" 447 **0/447926**
18.97.14.88 - - [14/Apr/2026:11:36:20 -0700] "GET /category/1win-online-450/ HTTP/1.1" 200 38659 "-" "CCBot/2.0 (https://commoncrawl.org/faq/)" 326 **0/326275**
185.153.197.91 - - [14/Apr/2026:11:36:41 -0700] "POST /xmlrpc.php HTTP/1.1" 200 180 "-" "Mozilla/5.0 (Windows NT 10.0; Win64; x64) AppleWebKit/537.36 (KHTML, like Gecko) Chrome/114.0.0.0 Safari/537.36" 411 **0/411476**
208.109.41.231 - - [14/Apr/2026:11:36:43 -0700] "POST /wp-cron.php?doing_wp_cron=1776191803.9284970760345458984375 HTTP/1.1" 200 - "-" "WordPress/6.3.8; http://fuentesanza.es" 18 **0/18842**
114.119.141.83 - - [14/Apr/2026:11:36:43 -0700] "GET /uncategorized/purpose-reward-features-modify-lightning-hook-betprimeiro-login-download-apk-local-casino/ HTTP/1.1" 200 31537 "http://fuentesanza.es/uncategorized/leprechauns-5-lions-slot-for-money/" "Mozilla/5.0 (Linux; Android 7.0;) AppleWebKit/537.36 (KHTML, like Gecko) Mobile Safari/537.36 (compatible; PetalBot;+https://webmaster.petalsearch.com/site/petalbot)" 435 **0/435997**
185.153.197.91 - - [14/Apr/2026:11:36:47 -0700] "POST /xmlrpc.php HTTP/1.1" 200 8576 "-" "Mozilla/5.0 (Windows NT 10.0; Win64; x64) AppleWebKit/537.36 (KHTML, like Gecko) Chrome/114.0.0.0 Safari/537.36" 419 **0/419776**
185.153.197.91 - - [14/Apr/2026:11:36:48 -0700] "GET /uncategorized/first-suspicious-she-presently-has-more-than-half-dozen-ages-in-the-elite-gaming/ HTTP/1.1" 200 155184 "-" "Mozilla/5.0 (Windows NT 10.0; rv:109.0) Gecko/20100101 Firefox/115.0" 364 **0/364270**
18.97.14.88 - - [14/Apr/2026:11:36:52 -0700] "GET /category/pin-up-casino-giris-264/ HTTP/1.1" 200 33465 "-" "CCBot/2.0 (https://commoncrawl.org/faq/)" 559 **0/559727**
185.191.171.13 - - [14/Apr/2026:11:37:01 -0700] "GET /category/review/ HTTP/1.1" 200 48788 "-" "Mozilla/5.0 (compatible; SemrushBot/7~bl; +http://www.semrush.com/bot.html)" 541 **0/541619**
185.191.171.7 - - [14/Apr/2026:11:37:11 -0700] "GET /uncategorized/borgata-gambling-establishment-promo-code-rotobor-2026-to-1k-added-bonus-hot-chilli-5-deposit-spins/ HTTP/1.1" 200 30664 "-" "Mozilla/5.0 (compatible; SemrushBot/7~bl; +http://www.semrush.com/bot.html)" 309 **0/309315**
185.191.171.11 - - [14/Apr/2026:11:37:19 -0700] "GET /uncategorized/20-free-gay-porn-tubes-gay-porn-movies-homosexual-sex-films/ HTTP/1.1" 200 32872 "-" "Mozilla/5.0 (compatible; SemrushBot/7~bl; +http://www.semrush.com/bot.html)" 320 **0/320476**
51.222.95.196 - - [14/Apr/2026:11:37:20 -0700] "GET /uncategorized/tips-gamble-funky-good-fresh-fruit-of-playtech/ HTTP/1.1" 200 28754 "-" "Mozilla/5.0 (compatible; AhrefsBot/7.0; +http://ahrefs.com/robot/)" 355 **0/355639**
94.41.129.159 - - [14/Apr/2026:11:37:21 -0700] "POST /xmlrpc.php HTTP/1.1" 200 131 "-" "Python-xmlrpc/3.11" 473 **0/473577**
208.109.41.231 - - [14/Apr/2026:11:37:23 -0700] "POST /wp-cron.php?doing_wp_cron=1776191843.5778119564056396484375 HTTP/1.1" 200 - "-" "WordPress/6.3.8; http://fuentesanza.es" 17 **0/17862**
18.97.14.88 - - [14/Apr/2026:11:37:23 -0700] "GET /uberblick-uber-tadalis-sx-und-seine-anwendungen/ HTTP/1.1" 200 29726 "-" "CCBot/2.0 (https://commoncrawl.org/faq/)" 368 **0/368804**
66.249.73.5 - - [14/Apr/2026:11:37:28 -0700] "GET /?f=71141186029 HTTP/1.1" 200 43949 "-" "Mozilla/5.0 (Linux; Android 6.0.1; Nexus 5X Build/MMB29P) AppleWebKit/537.36 (KHTML, like Gecko) Chrome/146.0.7680.177 Mobile Safari/537.36 (compatible; Googlebot/2.1; +http://www.google.com/bot.html)" 705 **0/705027**
66.249.73.6 - - [14/Apr/2026:11:37:28 -0700] "GET /?i=51696212297 HTTP/1.1" 200 43949 "-" "Mozilla/5.0 (Linux; Android 6.0.1; Nexus 5X Build/MMB29P) AppleWebKit/537.36 (KHTML, like Gecko) Chrome/146.0.7680.177 Mobile Safari/537.36 (compatible; Googlebot/2.1; +http://www.google.com/bot.html)" 911 **0/911371**
185.153.197.91 - - [14/Apr/2026:11:37:34 -0700] "POST /xmlrpc.php HTTP/1.1" 200 180 "-" "Mozilla/5.0 (Windows NT 10.0; Win64; x64) AppleWebKit/537.36 (KHTML, like Gecko) Chrome/114.0.0.0 Safari/537.36" 426 **0/426770**
208.109.41.231 - - [14/Apr/2026:11:37:41 -0700] "POST /wp-cron.php?doing_wp_cron=1776191861.1165928840637207031250 HTTP/1.1" 200 - "-" "WordPress/6.3.8; http://fuentesanza.es" 21 **0/21775**
185.153.197.91 - - [14/Apr/2026:11:37:40 -0700] "POST /xmlrpc.php HTTP/1.1" 200 8424 "-" "Mozilla/5.0 (Windows NT 10.0; Win64; x64) AppleWebKit/537.36 (KHTML, like Gecko) Chrome/114.0.0.0 Safari/537.36" 795 **0/795343**
185.153.197.91 - - [14/Apr/2026:11:37:42 -0700] "GET /uncategorized/betonlines-alive-betting-lobby-are-unrivaled-throughout-the-online-sportsbook-business/ HTTP/1.1" 200 155169 "-" "Mozilla/5.0 (Windows NT 10.0; Win64; x64; rv:125.0) Gecko/20100101 Firefox/125.0" 465 **0/465190**
