18.97.14.88 - - [14/Apr/2026:10:50:15 -0700] "GET /category/1win-casino-app-668/ HTTP/1.1" 200 34464 "-" "CCBot/2.0 (https://commoncrawl.org/faq/)" 985 **0/985261**
35.187.134.2 - - [14/Apr/2026:10:50:19 -0700] "GET /uncategorized/%D0%B8%D0%B4%D0%B5%D0%B0%D0%BB%D1%8C%D0%BD%D1%8B%D0%B5-%D0%B8%D0%B3%D1%80%D0%BE%D0%B2%D1%8B%D0%B5-%D0%B7%D0%B0%D0%B2%D0%B5%D0%B4%D0%B5%D0%BD%D0%B8%D1%8F-%D0%BA%D0%BE%D1%82%D0%BE%D1%80%D1%8B%D0%B5/ HTTP/1.1" 200 28891 "-" "Mozilla/5.0 (compatible; Google-Apps-Script; beanserver; +https://script.google.com; id: UAEmdDd9xsnqR0U8PwCmAzNN8LImSykEA2g)" 1439 **1/1439664**
85.208.96.206 - - [14/Apr/2026:10:50:20 -0700] "GET /jeetbuzz-net-55/jeetbuzz-login-600/ HTTP/1.1" 200 33134 "-" "Mozilla/5.0 (compatible; SemrushBot/7~bl; +http://www.semrush.com/bot.html)" 648 **0/648007**
66.249.73.4 - - [14/Apr/2026:10:50:28 -0700] "GET /?i=209123779 HTTP/1.1" 200 45250 "-" "Mozilla/5.0 (Linux; Android 6.0.1; Nexus 5X Build/MMB29P) AppleWebKit/537.36 (KHTML, like Gecko) Chrome/146.0.7680.177 Mobile Safari/537.36 (compatible; Googlebot/2.1; +http://www.google.com/bot.html)" 2833 **2/2833694**
85.208.96.197 - - [14/Apr/2026:10:50:27 -0700] "GET /uncategorized/online-pokies-2026-670-casino-big-red-free-pokies-video-game/ HTTP/1.1" 200 31491 "-" "Mozilla/5.0 (compatible; SemrushBot/7~bl; +http://www.semrush.com/bot.html)" 6298 **6/6298263**
185.153.197.91 - - [14/Apr/2026:10:50:46 -0700] "POST /xmlrpc.php HTTP/1.1" 200 180 "-" "Mozilla/5.0 (Windows NT 10.0; Win64; x64) AppleWebKit/537.36 (KHTML, like Gecko) Chrome/114.0.0.0 Safari/537.36" 5484 **5/5484911**
208.109.41.231 - - [14/Apr/2026:10:50:58 -0700] "POST /wp-cron.php?doing_wp_cron=1776189058.3574700355529785156250 HTTP/1.1" 200 - "-" "WordPress/6.3.8; http://fuentesanza.es" 199 **0/199667**
185.153.197.91 - - [14/Apr/2026:10:50:57 -0700] "POST /xmlrpc.php HTTP/1.1" 200 8922 "-" "Mozilla/5.0 (Windows NT 10.0; Win64; x64) AppleWebKit/537.36 (KHTML, like Gecko) Chrome/114.0.0.0 Safari/537.36" 1036 **1/1036454**
185.153.197.91 - - [14/Apr/2026:10:50:59 -0700] "GET /uncategorized/create-i-must-report-gambling-winnings-getting-fees/ HTTP/1.1" 200 155574 "-" "Mozilla/5.0 (Windows NT 10.0; Win64; x64) AppleWebKit/537.36 (KHTML, like Gecko) Chrome/122.0.0.0 Safari/537.36" 799 **0/799899**
15.235.27.21 - - [14/Apr/2026:10:51:05 -0700] "GET /1win-kazino-135/1win-registratsiya-516/ HTTP/1.1" 200 31202 "-" "Mozilla/5.0 (compatible; AhrefsBot/7.0; +http://ahrefs.com/robot/)" 830 **0/830697**
18.97.14.88 - - [14/Apr/2026:10:51:07 -0700] "GET /category/olybet-opiniones-776/ HTTP/1.1" 200 25896 "-" "CCBot/2.0 (https://commoncrawl.org/faq/)" 634 **0/634432**
66.249.73.6 - - [14/Apr/2026:10:51:21 -0700] "GET /?p=2065980641 HTTP/1.1" 404 11349 "-" "Mozilla/5.0 (Linux; Android 6.0.1; Nexus 5X Build/MMB29P) AppleWebKit/537.36 (KHTML, like Gecko) Chrome/146.0.7680.177 Mobile Safari/537.36 (compatible; Googlebot/2.1; +http://www.google.com/bot.html)" 694 **0/694031**
66.249.73.5 - - [14/Apr/2026:10:51:21 -0700] "GET /?p=20659131558 HTTP/1.1" 404 11349 "-" "Mozilla/5.0 (Linux; Android 6.0.1; Nexus 5X Build/MMB29P) AppleWebKit/537.36 (KHTML, like Gecko) Chrome/146.0.7680.177 Mobile Safari/537.36 (compatible; Googlebot/2.1; +http://www.google.com/bot.html)" 783 **0/783211**
114.119.129.24 - - [14/Apr/2026:10:51:25 -0700] "GET /verde-casino-free-spins-500/verde-casino-bonus-bez-depozytu-122/ HTTP/1.1" 200 34581 "http://fuentesanza.es/verde-casino-free-spins-500/verde-casino-bonus-bez-depozytu-122/" "Mozilla/5.0 (Linux; Android 7.0;) AppleWebKit/537.36 (KHTML, like Gecko) Mobile Safari/537.36 (compatible; PetalBot;+https://webmaster.petalsearch.com/site/petalbot)" 1039 **1/1039596**
185.153.197.91 - - [14/Apr/2026:10:51:27 -0700] "POST /xmlrpc.php HTTP/1.1" 200 180 "-" "Mozilla/5.0 (Windows NT 10.0; Win64; x64) AppleWebKit/537.36 (KHTML, like Gecko) Chrome/114.0.0.0 Safari/537.36" 1144 **1/1144725**
208.109.41.231 - - [14/Apr/2026:10:51:35 -0700] "POST /wp-cron.php?doing_wp_cron=1776189095.8127379417419433593750 HTTP/1.1" 200 - "-" "WordPress/6.3.8; http://fuentesanza.es" 24 **0/24384**
185.153.197.91 - - [14/Apr/2026:10:51:35 -0700] "POST /xmlrpc.php HTTP/1.1" 200 10072 "-" "Mozilla/5.0 (Windows NT 10.0; Win64; x64) AppleWebKit/537.36 (KHTML, like Gecko) Chrome/114.0.0.0 Safari/537.36" 571 **0/571668**
185.153.197.91 - - [14/Apr/2026:10:51:36 -0700] "GET /uncategorized/explore-the-top-totally-free-spins-crypto-gambling-enterprise-bonuses-with-no-deposit-needed/ HTTP/1.1" 200 156953 "-" "Mozilla/5.0 (Windows NT 10.0; Win64; x64) AppleWebKit/537.36 (KHTML, like Gecko) Chrome/124.0.0.0 Safari/537.36 Edg/124.0.0.0" 544 **0/544797**
91.137.27.140 - - [14/Apr/2026:10:51:57 -0700] "GET /robots.txt HTTP/1.1" 200 257 "-" "Mozilla/5.0 (compatible; MJ12bot/v1.4.8; http://mj12bot.com/)" 7 **0/7611**
18.97.14.88 - - [14/Apr/2026:10:51:57 -0700] "GET /category/1win-skachat-695/ HTTP/1.1" 200 39661 "-" "CCBot/2.0 (https://commoncrawl.org/faq/)" 411 **0/411046**
91.137.27.140 - - [14/Apr/2026:10:51:58 -0700] "GET /tag/1win-%ED%9B%84%EA%B8%B0/ HTTP/1.1" 200 30600 "-" "Mozilla/5.0 (compatible; MJ12bot/v1.4.8; http://mj12bot.com/)" 240 **0/240195**
185.153.197.91 - - [14/Apr/2026:10:52:10 -0700] "POST /xmlrpc.php HTTP/1.1" 200 180 "-" "Mozilla/5.0 (Windows NT 10.0; Win64; x64) AppleWebKit/537.36 (KHTML, like Gecko) Chrome/114.0.0.0 Safari/537.36" 300 **0/300492**
208.109.41.231 - - [14/Apr/2026:10:52:16 -0700] "POST /wp-cron.php?doing_wp_cron=1776189136.3355610370635986328125 HTTP/1.1" 200 - "-" "WordPress/6.3.8; http://fuentesanza.es" 23 **0/23621**
185.153.197.91 - - [14/Apr/2026:10:52:16 -0700] "POST /xmlrpc.php HTTP/1.1" 200 8679 "-" "Mozilla/5.0 (Windows NT 10.0; Win64; x64) AppleWebKit/537.36 (KHTML, like Gecko) Chrome/114.0.0.0 Safari/537.36" 396 **0/396286**
185.153.197.91 - - [14/Apr/2026:10:52:18 -0700] "GET /uncategorized/inside-guide-i-inform-you-2026s-ideal-crypto-casinos-demystifying-exactly-why-are-for-every-single-be-noticed/ HTTP/1.1" 200 155614 "-" "Mozilla/5.0 (Windows NT 10.0; Win64; x64; rv:125.0) Gecko/20100101 Firefox/125.0" 268 **0/268180**
66.249.73.5 - - [14/Apr/2026:10:52:28 -0700] "GET /?m=31108217825 HTTP/1.1" 404 11349 "-" "Mozilla/5.0 (Linux; Android 6.0.1; Nexus 5X Build/MMB29P) AppleWebKit/537.36 (KHTML, like Gecko) Chrome/146.0.7680.177 Mobile Safari/537.36 (compatible; Googlebot/2.1; +http://www.google.com/bot.html)" 214 **0/214652**
185.191.171.6 - - [14/Apr/2026:10:52:34 -0700] "GET /uncategorized/free-spins-no-deposit-2026-noppes-spins-behalve-storting-appreciren-superspins-nl/ HTTP/1.1" 200 29938 "-" "Mozilla/5.0 (compatible; SemrushBot/7~bl; +http://www.semrush.com/bot.html)" 223 **0/223468**
85.208.96.206 - - [14/Apr/2026:10:52:35 -0700] "GET /uncategorized/eye-diese-website-freie-spins-auf-hot-diamonds-anklicken-of-horus-%E6%B7%A8%E7%BE%8E%E7%9A%AE%E8%86%9A%E7%A7%91%E8%A8%BA%E6%89%80/ HTTP/1.1" 200 30224 "-" "Mozilla/5.0 (compatible; SemrushBot/7~bl; +http://www.semrush.com/bot.html)" 288 **0/288798**
185.191.171.2 - - [14/Apr/2026:10:52:37 -0700] "GET /uncategorized/superior-on-line-casino-ports-for-200-casino-bonus-paypal-everyone/ HTTP/1.1" 200 30586 "-" "Mozilla/5.0 (compatible; SemrushBot/7~bl; +http://www.semrush.com/bot.html)" 254 **0/254898**
114.119.136.150 - - [14/Apr/2026:10:52:42 -0700] "GET /uncategorized/wir-mochten-eltern-nochmals-daran-zum-thema-machen-so-ein-rtp-diesseitigen-theoretischen-rang-darstellt-durchmesser-eines-kreises/ HTTP/1.1" 200 30939 "http://fuentesanza.es/uncategorized/wir-mochten-eltern-nochmals-daran-zum-thema-machen-so-ein-rtp-diesseitigen-theoretischen-rang-darstellt-durchmesser-eines-kreises/" "Mozilla/5.0 (Linux; Android 7.0;) AppleWebKit/537.36 (KHTML, like Gecko) Mobile Safari/537.36 (compatible; PetalBot;+https://webmaster.petalsearch.com/site/petalbot)" 237 **0/237470**
18.97.14.88 - - [14/Apr/2026:10:52:48 -0700] "GET /2025/05/ HTTP/1.1" 200 39553 "-" "CCBot/2.0 (https://commoncrawl.org/faq/)" 244 **0/244369**
185.153.197.91 - - [14/Apr/2026:10:52:48 -0700] "POST /xmlrpc.php HTTP/1.1" 200 180 "-" "Mozilla/5.0 (Windows NT 10.0; Win64; x64) AppleWebKit/537.36 (KHTML, like Gecko) Chrome/114.0.0.0 Safari/537.36" 264 **0/264953**
208.109.41.231 - - [14/Apr/2026:10:52:56 -0700] "POST /wp-cron.php?doing_wp_cron=1776189176.2385969161987304687500 HTTP/1.1" 200 - "-" "WordPress/6.3.8; http://fuentesanza.es" 16 **0/16325**
185.153.197.91 - - [14/Apr/2026:10:52:55 -0700] "POST /xmlrpc.php HTTP/1.1" 200 8196 "-" "Mozilla/5.0 (Windows NT 10.0; Win64; x64) AppleWebKit/537.36 (KHTML, like Gecko) Chrome/114.0.0.0 Safari/537.36" 369 **0/369260**
185.153.197.91 - - [14/Apr/2026:10:52:56 -0700] "GET /uncategorized/have-fun-with-the-bar-wild-cards-and-savor-position-multipliers-founded-on-the-tier/ HTTP/1.1" 200 155142 "-" "Mozilla/5.0 (Windows NT 10.0; Win64; x64) AppleWebKit/537.36 (KHTML, like Gecko) Chrome/122.0.0.0 Safari/537.36" 335 **0/335082**
54.39.136.63 - - [14/Apr/2026:10:53:05 -0700] "GET /uncategorized/book-of-dead-slot-da-playn-go-sobre-portugal-rtp-9621percent/ HTTP/1.1" 200 29131 "-" "Mozilla/5.0 (compatible; AhrefsBot/7.0; +http://ahrefs.com/robot/)" 283 **0/283440**
85.208.96.193 - - [14/Apr/2026:10:53:19 -0700] "GET /mostbet-prihlaseni-443/mostbet-casino-login-804/ HTTP/1.1" 200 32862 "-" "Mozilla/5.0 (compatible; SemrushBot/7~bl; +http://www.semrush.com/bot.html)" 280 **0/280454**
66.249.73.5 - - [14/Apr/2026:10:53:24 -0700] "GET /?i=2091243420 HTTP/1.1" 200 44383 "-" "Mozilla/5.0 (Linux; Android 6.0.1; Nexus 5X Build/MMB29P) AppleWebKit/537.36 (KHTML, like Gecko) Chrome/146.0.7680.177 Mobile Safari/537.36 (compatible; Googlebot/2.1; +http://www.google.com/bot.html)" 412 **0/412516**
114.119.156.60 - - [14/Apr/2026:10:53:29 -0700] "GET /uncategorized/weight-santa-slot-canada-comment-lady-of-fortune-80-free-spins-trial-free-play-rtp-look-at/ HTTP/1.1" 200 30215 "http://fuentesanza.es/uncategorized/mas-grandes-thunderkick-tragamonedas-movil-tragamonedas-egt-interactive-gratuito-egt-casinos-2020/" "Mozilla/5.0 (Linux; Android 7.0;) AppleWebKit/537.36 (KHTML, like Gecko) Mobile Safari/537.36 (compatible; PetalBot;+https://webmaster.petalsearch.com/site/petalbot)" 251 **0/251180**
18.97.14.88 - - [14/Apr/2026:10:53:30 -0700] "GET /category/pin-up-casino-giris-991/ HTTP/1.1" 200 33482 "-" "CCBot/2.0 (https://commoncrawl.org/faq/)" 425 **0/425870**
185.153.197.91 - - [14/Apr/2026:10:53:35 -0700] "POST /xmlrpc.php HTTP/1.1" 200 180 "-" "Mozilla/5.0 (Windows NT 10.0; Win64; x64) AppleWebKit/537.36 (KHTML, like Gecko) Chrome/114.0.0.0 Safari/537.36" 368 **0/368074**
208.109.41.231 - - [14/Apr/2026:10:53:42 -0700] "POST /wp-cron.php?doing_wp_cron=1776189222.3422610759735107421875 HTTP/1.1" 200 - "-" "WordPress/6.3.8; http://fuentesanza.es" 31 **0/31417**
185.153.197.91 - - [14/Apr/2026:10:53:41 -0700] "POST /xmlrpc.php HTTP/1.1" 200 9047 "-" "Mozilla/5.0 (Windows NT 10.0; Win64; x64) AppleWebKit/537.36 (KHTML, like Gecko) Chrome/114.0.0.0 Safari/537.36" 526 **0/526058**
185.153.197.91 - - [14/Apr/2026:10:53:48 -0700] "GET /uncategorized/slot-video-game-will-be-the-modern-crypto-online-game-offered-by-our-required-gambling-enterprises/ HTTP/1.1" 200 155957 "-" "Mozilla/5.0 (Windows NT 10.0; Win64; x64) AppleWebKit/537.36 (KHTML, like Gecko) Chrome/123.0.0.0 Safari/537.36" 285 **0/285936**
185.191.171.4 - - [14/Apr/2026:10:54:01 -0700] "GET /uncategorized/spielbank-bonus-abzuglich-einzahlung-dritter-monat-des-jahres-2026-aktuelle-verzeichnis/ HTTP/1.1" 200 31753 "-" "Mozilla/5.0 (compatible; SemrushBot/7~bl; +http://www.semrush.com/bot.html)" 373 **0/373486**
18.97.14.88 - - [14/Apr/2026:10:54:06 -0700] "GET /category/10-641286-links-mix-casino-au-5-done/ HTTP/1.1" 200 1457821 "-" "CCBot/2.0 (https://commoncrawl.org/faq/)" 800 **0/800091**
66.249.73.4 - - [14/Apr/2026:10:54:07 -0700] "GET /?w=3637056931 HTTP/1.1" 404 11349 "-" "Mozilla/5.0 (Linux; Android 6.0.1; Nexus 5X Build/MMB29P) AppleWebKit/537.36 (KHTML, like Gecko) Chrome/146.0.7680.177 Mobile Safari/537.36 (compatible; Googlebot/2.1; +http://www.google.com/bot.html)" 299 **0/299406**
185.153.197.91 - - [14/Apr/2026:10:54:16 -0700] "POST /xmlrpc.php HTTP/1.1" 200 180 "-" "Mozilla/5.0 (Windows NT 10.0; Win64; x64) AppleWebKit/537.36 (KHTML, like Gecko) Chrome/114.0.0.0 Safari/537.36" 343 **0/343749**
208.109.41.231 - - [14/Apr/2026:10:54:22 -0700] "POST /wp-cron.php?doing_wp_cron=1776189262.9673669338226318359375 HTTP/1.1" 200 - "-" "WordPress/6.3.8; http://fuentesanza.es" 32 **0/32218**
185.153.197.91 - - [14/Apr/2026:10:54:22 -0700] "POST /xmlrpc.php HTTP/1.1" 200 8178 "-" "Mozilla/5.0 (Windows NT 10.0; Win64; x64) AppleWebKit/537.36 (KHTML, like Gecko) Chrome/114.0.0.0 Safari/537.36" 414 **0/414838**
185.153.197.91 - - [14/Apr/2026:10:54:24 -0700] "GET /uncategorized/a-knowledgeable-webpages-for-gambling-on-line-inside-the-illinois-right-now/ HTTP/1.1" 200 155137 "-" "Mozilla/5.0 (Windows NT 10.0; rv:125.0) Gecko/20100101 Firefox/125.0" 1492 **1/1492819**
185.191.171.4 - - [14/Apr/2026:10:54:32 -0700] "GET /uncategorized/claim-free-spins-and-huge-the-wild-3-1-deposit-advantages/ HTTP/1.1" 200 31609 "-" "Mozilla/5.0 (compatible; SemrushBot/7~bl; +http://www.semrush.com/bot.html)" 265 **0/265097**
185.191.171.16 - - [14/Apr/2026:10:54:42 -0700] "GET /tag/codigo-promocional-betano-rodadas-gratis/ HTTP/1.1" 200 31413 "-" "Mozilla/5.0 (compatible; SemrushBot/7~bl; +http://www.semrush.com/bot.html)" 232 **0/232431**
18.97.14.88 - - [14/Apr/2026:10:54:43 -0700] "GET /comprension-del-propecia-generico-descripcion-general-2/ HTTP/1.1" 200 28574 "-" "CCBot/2.0 (https://commoncrawl.org/faq/)" 322 **0/322760**
66.249.73.4 - - [14/Apr/2026:10:54:43 -0700] "GET /?i=20912220670 HTTP/1.1" 200 44133 "-" "Mozilla/5.0 (Linux; Android 6.0.1; Nexus 5X Build/MMB29P) AppleWebKit/537.36 (KHTML, like Gecko) Chrome/146.0.7680.177 Mobile Safari/537.36 (compatible; Googlebot/2.1; +http://www.google.com/bot.html)" 464 **0/464081**
66.249.73.4 - - [14/Apr/2026:10:54:51 -0700] "GET /?p=20659281630 HTTP/1.1" 404 11349 "-" "Mozilla/5.0 (Linux; Android 6.0.1; Nexus 5X Build/MMB29P) AppleWebKit/537.36 (KHTML, like Gecko) Chrome/146.0.7680.177 Mobile Safari/537.36 (compatible; Googlebot/2.1; +http://www.google.com/bot.html)" 152 **0/152695**
66.249.73.4 - - [14/Apr/2026:10:54:51 -0700] "GET /?m=31108121969 HTTP/1.1" 404 11349 "-" "Mozilla/5.0 (Linux; Android 6.0.1; Nexus 5X Build/MMB29P) AppleWebKit/537.36 (KHTML, like Gecko) Chrome/146.0.7680.177 Mobile Safari/537.36 (compatible; Googlebot/2.1; +http://www.google.com/bot.html)" 197 **0/197496**
185.153.197.91 - - [14/Apr/2026:10:54:55 -0700] "POST /xmlrpc.php HTTP/1.1" 200 180 "-" "Mozilla/5.0 (Windows NT 10.0; Win64; x64) AppleWebKit/537.36 (KHTML, like Gecko) Chrome/114.0.0.0 Safari/537.36" 468 **0/468084**
208.109.41.231 - - [14/Apr/2026:10:55:02 -0700] "POST /wp-cron.php?doing_wp_cron=1776189302.4299368858337402343750 HTTP/1.1" 200 - "-" "WordPress/6.3.8; http://fuentesanza.es" 76 **0/76718**
185.153.197.91 - - [14/Apr/2026:10:55:01 -0700] "POST /xmlrpc.php HTTP/1.1" 200 8464 "-" "Mozilla/5.0 (Windows NT 10.0; Win64; x64) AppleWebKit/537.36 (KHTML, like Gecko) Chrome/114.0.0.0 Safari/537.36" 1210 **1/1210976**
185.153.197.91 - - [14/Apr/2026:10:55:07 -0700] "GET /uncategorized/within-we-understand-you-will-find-lots-of-playing-sites-in-order-to-getting-professionals-available/ HTTP/1.1" 200 155396 "-" "Mozilla/5.0 (Windows NT 10.0; rv:109.0) Gecko/20100101 Firefox/115.0" 464 **0/464216**
114.119.129.24 - - [14/Apr/2026:10:55:21 -0700] "GET /uncategorized/thunderstruck-slot-machine-totally-free-play-inside-the-dragons-reels-hd-150-free-spins-demonstration-by-microgaming/ HTTP/1.1" 200 30871 "http://fuentesanza.es/uncategorized/register-gold-coast-slot-free-spins-you/" "Mozilla/5.0 (Linux; Android 7.0;) AppleWebKit/537.36 (KHTML, like Gecko) Mobile Safari/537.36 (compatible; PetalBot;+https://webmaster.petalsearch.com/site/petalbot)" 315 **0/315023**
18.97.14.88 - - [14/Apr/2026:10:55:22 -0700] "GET /category/pin-up-az-267/ HTTP/1.1" 200 30404 "-" "CCBot/2.0 (https://commoncrawl.org/faq/)" 407 **0/407881**
185.153.197.91 - - [14/Apr/2026:10:55:35 -0700] "POST /xmlrpc.php HTTP/1.1" 200 180 "-" "Mozilla/5.0 (Windows NT 10.0; Win64; x64) AppleWebKit/537.36 (KHTML, like Gecko) Chrome/114.0.0.0 Safari/537.36" 333 **0/333954**
208.109.41.231 - - [14/Apr/2026:10:55:42 -0700] "POST /wp-cron.php?doing_wp_cron=1776189342.0409529209136962890625 HTTP/1.1" 200 - "-" "WordPress/6.3.8; http://fuentesanza.es" 19 **0/19144**
185.153.197.91 - - [14/Apr/2026:10:55:41 -0700] "POST /xmlrpc.php HTTP/1.1" 200 8464 "-" "Mozilla/5.0 (Windows NT 10.0; Win64; x64) AppleWebKit/537.36 (KHTML, like Gecko) Chrome/114.0.0.0 Safari/537.36" 402 **0/402180**
185.153.197.91 - - [14/Apr/2026:10:55:43 -0700] "GET /uncategorized/from-the-we-realize-there-are-masses-away-from-betting-web-sites-so-you-can-getting-members-to-select-from/ HTTP/1.1" 200 155466 "-" "Mozilla/5.0 (Windows NT 10.0; Win64; x64; rv:125.0) Gecko/20100101 Firefox/125.0" 754 **0/754563**
51.222.95.228 - - [14/Apr/2026:10:55:48 -0700] "GET /uncategorized/score-6m-100-percent-free-coins/ HTTP/1.1" 200 28598 "-" "Mozilla/5.0 (compatible; AhrefsBot/7.0; +http://ahrefs.com/robot/)" 218 **0/218812**
18.97.14.88 - - [14/Apr/2026:10:55:58 -0700] "GET /category/mar-4/ HTTP/1.1" 200 48261 "-" "CCBot/2.0 (https://commoncrawl.org/faq/)" 332 **0/332146**
66.249.73.6 - - [14/Apr/2026:10:56:02 -0700] "GET /?f=71141110377 HTTP/1.1" 200 43295 "-" "Mozilla/5.0 (Linux; Android 6.0.1; Nexus 5X Build/MMB29P) AppleWebKit/537.36 (KHTML, like Gecko) Chrome/146.0.7680.177 Mobile Safari/537.36 (compatible; Googlebot/2.1; +http://www.google.com/bot.html)" 568 **0/568358**
185.153.197.91 - - [14/Apr/2026:10:56:12 -0700] "POST /xmlrpc.php HTTP/1.1" 200 180 "-" "Mozilla/5.0 (Windows NT 10.0; Win64; x64) AppleWebKit/537.36 (KHTML, like Gecko) Chrome/114.0.0.0 Safari/537.36" 328 **0/328760**
208.109.41.231 - - [14/Apr/2026:10:56:18 -0700] "POST /wp-cron.php?doing_wp_cron=1776189378.5765879154205322265625 HTTP/1.1" 200 - "-" "WordPress/6.3.8; http://fuentesanza.es" 17 **0/17028**
185.153.197.91 - - [14/Apr/2026:10:56:18 -0700] "POST /xmlrpc.php HTTP/1.1" 200 8343 "-" "Mozilla/5.0 (Windows NT 10.0; Win64; x64) AppleWebKit/537.36 (KHTML, like Gecko) Chrome/114.0.0.0 Safari/537.36" 364 **0/364434**
185.153.197.91 - - [14/Apr/2026:10:56:21 -0700] "GET /uncategorized/as-stated-the-range-of-online-game-you-can-use-malaysian-playing-websites-are-big/ HTTP/1.1" 200 155185 "-" "Mozilla/5.0 (Windows NT 10.0; rv:109.0) Gecko/20100101 Firefox/115.0" 351 **0/351876**
85.208.96.203 - - [14/Apr/2026:10:56:22 -0700] "GET /uncategorized/pa-bingo-2026-bemaerke-casino-king-kong-de-bedste-bingosider-pr-danmark/ HTTP/1.1" 200 31574 "-" "Mozilla/5.0 (compatible; SemrushBot/7~bl; +http://www.semrush.com/bot.html)" 286 **0/286169**
18.97.14.88 - - [14/Apr/2026:10:56:37 -0700] "GET /category/mostbet-casino-212/ HTTP/1.1" 200 35964 "-" "CCBot/2.0 (https://commoncrawl.org/faq/)" 300 **0/300605**
185.191.171.1 - - [14/Apr/2026:10:56:55 -0700] "GET /uncategorized/sizzling-hot-uciecha-kasyno-halloween-online-za-darmo-graj-wyjawszy-rejestracji/ HTTP/1.1" 200 32217 "-" "Mozilla/5.0 (compatible; SemrushBot/7~bl; +http://www.semrush.com/bot.html)" 232 **0/232623**
185.153.197.91 - - [14/Apr/2026:10:56:56 -0700] "POST /xmlrpc.php HTTP/1.1" 200 180 "-" "Mozilla/5.0 (Windows NT 10.0; Win64; x64) AppleWebKit/537.36 (KHTML, like Gecko) Chrome/114.0.0.0 Safari/537.36" 331 **0/331917**
208.109.41.231 - - [14/Apr/2026:10:57:03 -0700] "POST /wp-cron.php?doing_wp_cron=1776189423.0021479129791259765625 HTTP/1.1" 200 - "-" "WordPress/6.3.8; http://fuentesanza.es" 25 **0/25263**
185.153.197.91 - - [14/Apr/2026:10:57:02 -0700] "POST /xmlrpc.php HTTP/1.1" 200 8143 "-" "Mozilla/5.0 (Windows NT 10.0; Win64; x64) AppleWebKit/537.36 (KHTML, like Gecko) Chrome/114.0.0.0 Safari/537.36" 761 **0/761359**
185.153.197.91 - - [14/Apr/2026:10:57:04 -0700] "GET /uncategorized/zero-regulations-already-form-the-official-loses-tax-revenue/ HTTP/1.1" 200 154892 "-" "Mozilla/5.0 (Windows NT 10.0; Win64; x64; rv:125.0) Gecko/20100101 Firefox/125.0" 652 **0/652657**
185.191.171.16 - - [14/Apr/2026:10:57:09 -0700] "GET /category/1win-indonesia-5/ HTTP/1.1" 200 41493 "-" "Mozilla/5.0 (compatible; SemrushBot/7~bl; +http://www.semrush.com/bot.html)" 302 **0/302073**
18.97.14.88 - - [14/Apr/2026:10:57:12 -0700] "GET /category/pin-up-betting-35/ HTTP/1.1" 200 37403 "-" "CCBot/2.0 (https://commoncrawl.org/faq/)" 320 **0/320535**
66.249.73.5 - - [14/Apr/2026:10:57:19 -0700] "GET /?i=20912236553 HTTP/1.1" 200 42532 "-" "Mozilla/5.0 (Linux; Android 6.0.1; Nexus 5X Build/MMB29P) AppleWebKit/537.36 (KHTML, like Gecko) Chrome/146.0.7680.177 Mobile Safari/537.36 (compatible; Googlebot/2.1; +http://www.google.com/bot.html)" 250 **0/250531**
185.191.171.11 - - [14/Apr/2026:10:57:27 -0700] "GET /uncategorized/video-clips-ports-2026-discover-greatest-casino-slot-games-keks-slot-hosts/ HTTP/1.1" 200 31393 "-" "Mozilla/5.0 (compatible; SemrushBot/7~bl; +http://www.semrush.com/bot.html)" 207 **0/207220**
185.153.197.91 - - [14/Apr/2026:10:57:32 -0700] "POST /xmlrpc.php HTTP/1.1" 200 180 "-" "Mozilla/5.0 (Windows NT 10.0; Win64; x64) AppleWebKit/537.36 (KHTML, like Gecko) Chrome/114.0.0.0 Safari/537.36" 259 **0/259009**
208.109.41.231 - - [14/Apr/2026:10:57:39 -0700] "POST /wp-cron.php?doing_wp_cron=1776189459.2042670249938964843750 HTTP/1.1" 200 - "-" "WordPress/6.3.8; http://fuentesanza.es" 20 **0/20013**
185.153.197.91 - - [14/Apr/2026:10:57:38 -0700] "POST /xmlrpc.php HTTP/1.1" 200 8711 "-" "Mozilla/5.0 (Windows NT 10.0; Win64; x64) AppleWebKit/537.36 (KHTML, like Gecko) Chrome/114.0.0.0 Safari/537.36" 434 **0/434024**
185.153.197.91 - - [14/Apr/2026:10:57:42 -0700] "GET /uncategorized/is-on-the-net-betting-legal-during-the-pa-here-are-a-few-legitimate-pennsylvania-gambling-internet-to-possess/ HTTP/1.1" 200 155672 "-" "Mozilla/5.0 (Windows NT 10.0; Win64; x64; rv:124.0) Gecko/20100101 Firefox/124.0" 256 **0/256285**
18.97.14.88 - - [14/Apr/2026:10:57:47 -0700] "GET /category/jak-wyplacic-pieniadze-z-ice-casino-129/ HTTP/1.1" 200 39546 "-" "CCBot/2.0 (https://commoncrawl.org/faq/)" 305 **0/305054**
15.235.98.208 - - [14/Apr/2026:10:57:52 -0700] "GET /uncategorized/2026-extra-gambling-establishment-code-deposit-zero-australian-continent/ HTTP/1.1" 200 28563 "-" "Mozilla/5.0 (compatible; AhrefsBot/7.0; +http://ahrefs.com/robot/)" 242 **0/242219**
185.153.197.91 - - [14/Apr/2026:10:58:08 -0700] "POST /xmlrpc.php HTTP/1.1" 200 180 "-" "Mozilla/5.0 (Windows NT 10.0; Win64; x64) AppleWebKit/537.36 (KHTML, like Gecko) Chrome/114.0.0.0 Safari/537.36" 248 **0/248684**
208.109.41.231 - - [14/Apr/2026:10:58:13 -0700] "POST /wp-cron.php?doing_wp_cron=1776189493.4490070343017578125000 HTTP/1.1" 200 - "-" "WordPress/6.3.8; http://fuentesanza.es" 29 **0/29982**
43.155.195.141 - - [14/Apr/2026:10:58:13 -0700] "GET /cose-il-cialis-generico-e-come-funziona/ HTTP/1.1" 200 31039 "-" "Mozilla/5.0 (iPhone; CPU iPhone OS 13_2_3 like Mac OS X) AppleWebKit/605.1.15 (KHTML, like Gecko) Version/13.0.3 Mobile/15E148 Safari/604.1" 350 **0/350615**
185.153.197.91 - - [14/Apr/2026:10:58:14 -0700] "POST /xmlrpc.php HTTP/1.1" 200 8728 "-" "Mozilla/5.0 (Windows NT 10.0; Win64; x64) AppleWebKit/537.36 (KHTML, like Gecko) Chrome/114.0.0.0 Safari/537.36" 381 **0/381720**
185.153.197.91 - - [14/Apr/2026:10:58:15 -0700] "GET /uncategorized/gaming-gains-is-actually-susceptible-to-personal-income-tax-when-you-look-at-the-illinois-within-a-fixed-4/ HTTP/1.1" 200 155744 "-" "Mozilla/5.0 (Windows NT 10.0; Win64; x64) AppleWebKit/537.36 (KHTML, like Gecko) Chrome/124.0.0.0 Safari/537.36 Edg/124.0.0.0" 253 **0/253537**
18.97.14.88 - - [14/Apr/2026:10:58:19 -0700] "GET /category/german/ HTTP/1.1" 200 183382 "-" "CCBot/2.0 (https://commoncrawl.org/faq/)" 386 **0/386536**
66.249.73.5 - - [14/Apr/2026:10:58:22 -0700] "GET /?i=5169699749 HTTP/1.1" 200 42257 "-" "Mozilla/5.0 (Linux; Android 6.0.1; Nexus 5X Build/MMB29P) AppleWebKit/537.36 (KHTML, like Gecko) Chrome/146.0.7680.177 Mobile Safari/537.36 (compatible; Googlebot/2.1; +http://www.google.com/bot.html)" 310 **0/310432**
85.208.96.212 - - [14/Apr/2026:10:58:23 -0700] "GET /uncategorized/casino-freispiele-fortschrittlich-and-blos-einzahlung/ HTTP/1.1" 200 31451 "-" "Mozilla/5.0 (compatible; SemrushBot/7~bl; +http://www.semrush.com/bot.html)" 350 **0/350372**
66.249.73.5 - - [14/Apr/2026:10:58:31 -0700] "GET /?w=36370126406 HTTP/1.1" 404 11349 "-" "Mozilla/5.0 (Linux; Android 6.0.1; Nexus 5X Build/MMB29P) AppleWebKit/537.36 (KHTML, like Gecko) Chrome/146.0.7680.177 Mobile Safari/537.36 (compatible; Googlebot/2.1; +http://www.google.com/bot.html)" 238 **0/238024**
18.97.14.88 - - [14/Apr/2026:10:58:51 -0700] "GET /dazardbet-casino-in-united-kingdom-what-influences-quality-and-authenticity/ HTTP/1.1" 200 30591 "-" "CCBot/2.0 (https://commoncrawl.org/faq/)" 323 **0/323112**
185.153.197.91 - - [14/Apr/2026:10:58:52 -0700] "POST /xmlrpc.php HTTP/1.1" 200 180 "-" "Mozilla/5.0 (Windows NT 10.0; Win64; x64) AppleWebKit/537.36 (KHTML, like Gecko) Chrome/114.0.0.0 Safari/537.36" 348 **0/348175**
208.109.41.231 - - [14/Apr/2026:10:58:58 -0700] "POST /wp-cron.php?doing_wp_cron=1776189538.7908570766448974609375 HTTP/1.1" 200 - "-" "WordPress/6.3.8; http://fuentesanza.es" 17 **0/17497**
185.153.197.91 - - [14/Apr/2026:10:58:58 -0700] "POST /xmlrpc.php HTTP/1.1" 200 8338 "-" "Mozilla/5.0 (Windows NT 10.0; Win64; x64) AppleWebKit/537.36 (KHTML, like Gecko) Chrome/114.0.0.0 Safari/537.36" 460 **0/460316**
114.119.135.207 - - [14/Apr/2026:10:58:58 -0700] "GET /uncategorized/signs-that-enable-successful-honors-and-you-can-incentives-when-you-look-at-the-slots/ HTTP/1.1" 200 29564 "http://fuentesanza.es/uncategorized/signs-that-enable-successful-honors-and-you-can-incentives-when-you-look-at-the-slots/" "Mozilla/5.0 (Linux; Android 7.0;) AppleWebKit/537.36 (KHTML, like Gecko) Mobile Safari/537.36 (compatible; PetalBot;+https://webmaster.petalsearch.com/site/petalbot)" 465 **0/465468**
185.153.197.91 - - [14/Apr/2026:10:59:04 -0700] "GET /uncategorized/view-our-very-own-list-less-than-of-the-finest-colorado-web-based-casinos-which-can-be-currently-available/ HTTP/1.1" 200 155417 "-" "Mozilla/5.0 (Windows NT 10.0; Win64; x64) AppleWebKit/537.36 (KHTML, like Gecko) Chrome/123.0.0.0 Safari/537.36 OPR/109.0.0.0" 578 **0/578644**
66.249.73.5 - - [14/Apr/2026:10:59:23 -0700] "GET /?i=2091250217 HTTP/1.1" 200 42148 "-" "Mozilla/5.0 (Linux; Android 6.0.1; Nexus 5X Build/MMB29P) AppleWebKit/537.36 (KHTML, like Gecko) Chrome/146.0.7680.177 Mobile Safari/537.36 (compatible; Googlebot/2.1; +http://www.google.com/bot.html)" 537 **0/537158**
18.97.14.88 - - [14/Apr/2026:10:59:23 -0700] "GET /category/7/ HTTP/1.1" 200 28144 "-" "CCBot/2.0 (https://commoncrawl.org/faq/)" 532 **0/532599**
148.113.130.252 - - [14/Apr/2026:10:59:37 -0700] "GET /uncategorized/funky-fruits-madness-slots-opinion-large-victories-added-bonus-guide/ HTTP/1.1" 200 29274 "-" "Mozilla/5.0 (compatible; AhrefsBot/7.0; +http://ahrefs.com/robot/)" 242 **0/242618**
185.191.171.10 - - [14/Apr/2026:10:59:38 -0700] "GET /uncategorized/eye-of-horus-as-part-of-150-zum-besten-geben-lohnt-es-gegenseitig-enorm-vielleicht/ HTTP/1.1" 200 32242 "-" "Mozilla/5.0 (compatible; SemrushBot/7~bl; +http://www.semrush.com/bot.html)" 292 **0/292586**
18.97.14.88 - - [14/Apr/2026:10:59:54 -0700] "GET /category/1-vin-269/ HTTP/1.1" 200 33503 "-" "CCBot/2.0 (https://commoncrawl.org/faq/)" 497 **0/497674**
185.153.197.91 - - [14/Apr/2026:11:00:06 -0700] "POST /xmlrpc.php HTTP/1.1" 200 180 "-" "Mozilla/5.0 (Windows NT 10.0; Win64; x64) AppleWebKit/537.36 (KHTML, like Gecko) Chrome/114.0.0.0 Safari/537.36" 1141 **1/1141756**
208.109.41.231 - - [14/Apr/2026:11:00:10 -0700] "POST /wp-cron.php?doing_wp_cron=1776189610.3167769908905029296875 HTTP/1.1" 200 - "-" "WordPress/6.3.8; http://fuentesanza.es" 35 **0/35837**
85.208.96.201 - - [14/Apr/2026:11:00:09 -0700] "GET /uncategorized/best-10-free-spins-no-wagering-usa-a-real-income-online-casinos-upgraded-february-2026/ HTTP/1.1" 200 32220 "-" "Mozilla/5.0 (compatible; SemrushBot/7~bl; +http://www.semrush.com/bot.html)" 1058 **1/1058921**
185.153.197.91 - - [14/Apr/2026:11:00:12 -0700] "POST /xmlrpc.php HTTP/1.1" 200 8252 "-" "Mozilla/5.0 (Windows NT 10.0; Win64; x64) AppleWebKit/537.36 (KHTML, like Gecko) Chrome/114.0.0.0 Safari/537.36" 537 **0/537660**
185.153.197.91 - - [14/Apr/2026:11:00:14 -0700] "GET /uncategorized/ways-to-get-free-sc-coins-my-most-useful-resources/ HTTP/1.1" 200 154959 "-" "Mozilla/5.0 (Windows NT 10.0; Win64; x64) AppleWebKit/537.36 (KHTML, like Gecko) Chrome/124.0.0.0 Safari/537.36 Edg/124.0.0.0" 748 **0/748724**
66.249.73.5 - - [14/Apr/2026:11:00:14 -0700] "GET /?m=31108287502 HTTP/1.1" 404 11349 "-" "Mozilla/5.0 (Linux; Android 6.0.1; Nexus 5X Build/MMB29P) AppleWebKit/537.36 (KHTML, like Gecko) Chrome/146.0.7680.177 Mobile Safari/537.36 (compatible; Googlebot/2.1; +http://www.google.com/bot.html)" 282 **0/282313**
85.208.96.207 - - [14/Apr/2026:11:00:24 -0700] "GET /tag/most-bet/page/3/ HTTP/1.1" 200 73169 "-" "Mozilla/5.0 (compatible; SemrushBot/7~bl; +http://www.semrush.com/bot.html)" 323 **0/323721**
18.97.14.88 - - [14/Apr/2026:11:00:34 -0700] "GET /category/1win-online-417/ HTTP/1.1" 200 38721 "-" "CCBot/2.0 (https://commoncrawl.org/faq/)" 352 **0/352128**
185.191.171.11 - - [14/Apr/2026:11:00:58 -0700] "GET /uncategorized/kasino-spiele-gebuhrenfrei-hierbei-10-000-spiele-kostenfrei/ HTTP/1.1" 200 32713 "-" "Mozilla/5.0 (compatible; SemrushBot/7~bl; +http://www.semrush.com/bot.html)" 436 **0/436026**
185.191.171.4 - - [14/Apr/2026:11:01:05 -0700] "GET /uncategorized/tomb-raider-trial-play-free-position-on-the-web/ HTTP/1.1" 200 30424 "-" "Mozilla/5.0 (compatible; SemrushBot/7~bl; +http://www.semrush.com/bot.html)" 638 **0/638830**
148.113.128.57 - - [14/Apr/2026:11:01:12 -0700] "GET /uncategorized/ten-greatest-real-money-web-based-casinos-in-australia-to-own-2025-march-update/ HTTP/1.1" 200 28510 "-" "Mozilla/5.0 (compatible; AhrefsBot/7.0; +http://ahrefs.com/robot/)" 628 **0/628533**
18.97.14.88 - - [14/Apr/2026:11:01:13 -0700] "GET /category/forex-news/ HTTP/1.1" 200 27168 "-" "CCBot/2.0 (https://commoncrawl.org/faq/)" 529 **0/529775**
45.37.224.152 - - [14/Apr/2026:11:01:16 -0700] "POST /xmlrpc.php HTTP/1.1" 404 50331 "-" "Mozilla/5.0 (Macintosh; Intel Mac OS X 10_15_1) AppleWebKit/537.36 (KHTML, like Gecko) Chrome/80.0.3987.132 Safari/537.36" 164 **0/164694**
5.107.237.178 - - [14/Apr/2026:11:01:18 -0700] "POST /xmlrpc.php HTTP/1.1" 200 604650 "-" "Mozilla/5.0 (Macintosh; Intel Mac OS X 10_15_1) AppleWebKit/537.36 (KHTML, like Gecko) Chrome/80.0.3987.132 Safari/537.36" 921 **0/921668**
90.244.93.155 - - [14/Apr/2026:11:01:22 -0700] "POST /xmlrpc.php HTTP/1.1" 200 180 "-" "Mozilla/5.0 (Macintosh; Intel Mac OS X 10_15_1) AppleWebKit/537.36 (KHTML, like Gecko) Chrome/80.0.3987.132 Safari/537.36" 281 **0/281234**
208.109.41.231 - - [14/Apr/2026:11:01:25 -0700] "POST /wp-cron.php?doing_wp_cron=1776189685.2592599391937255859375 HTTP/1.1" 200 - "-" "WordPress/6.3.8; http://fuentesanza.es" 20 **0/20475**
102.135.169.177 - - [14/Apr/2026:11:01:25 -0700] "POST /xmlrpc.php HTTP/1.1" 200 9887 "-" "Mozilla/5.0 (Macintosh; Intel Mac OS X 10_15_1) AppleWebKit/537.36 (KHTML, like Gecko) Chrome/80.0.3987.132 Safari/537.36" 183 **0/183878**
185.191.171.10 - - [14/Apr/2026:11:01:41 -0700] "GET /gambling/opanuj-sale-kasynowa-twoj-najlepszy-przewodnik-po-jackpotach/ HTTP/1.1" 200 29834 "-" "Mozilla/5.0 (compatible; SemrushBot/7~bl; +http://www.semrush.com/bot.html)" 295 **0/295585**
66.249.73.4 - - [14/Apr/2026:11:01:42 -0700] "GET /?y=4529060601 HTTP/1.1" 200 42175 "-" "Mozilla/5.0 (Linux; Android 6.0.1; Nexus 5X Build/MMB29P) AppleWebKit/537.36 (KHTML, like Gecko) Chrome/146.0.7680.177 Mobile Safari/537.36 (compatible; Googlebot/2.1; +http://www.google.com/bot.html)" 376 **0/376675**
18.97.14.88 - - [14/Apr/2026:11:01:47 -0700] "GET /category/1win-bangladesh-515/ HTTP/1.1" 200 38990 "-" "CCBot/2.0 (https://commoncrawl.org/faq/)" 347 **0/347240**
66.249.73.4 - - [14/Apr/2026:11:01:48 -0700] "GET /?i=5169652193 HTTP/1.1" 200 42175 "-" "Mozilla/5.0 (Linux; Android 6.0.1; Nexus 5X Build/MMB29P) AppleWebKit/537.36 (KHTML, like Gecko) Chrome/146.0.7680.177 Mobile Safari/537.36 (compatible; Googlebot/2.1; +http://www.google.com/bot.html)" 295 **0/295677**
66.249.73.4 - - [14/Apr/2026:11:01:59 -0700] "GET /?c=84164200270 HTTP/1.1" 200 42176 "-" "Mozilla/5.0 (Linux; Android 6.0.1; Nexus 5X Build/MMB29P) AppleWebKit/537.36 (KHTML, like Gecko) Chrome/146.0.7680.177 Mobile Safari/537.36 (compatible; GoogleOther)" 294 **0/294015**
185.191.171.12 - - [14/Apr/2026:11:02:13 -0700] "GET /tag/jokabet-login/ HTTP/1.1" 200 32621 "-" "Mozilla/5.0 (compatible; SemrushBot/7~bl; +http://www.semrush.com/bot.html)" 311 **0/311097**
66.249.73.5 - - [14/Apr/2026:11:02:17 -0700] "GET /?x=32835191580 HTTP/1.1" 200 42176 "-" "Mozilla/5.0 (Linux; Android 6.0.1; Nexus 5X Build/MMB29P) AppleWebKit/537.36 (KHTML, like Gecko) Chrome/146.0.7680.177 Mobile Safari/537.36 (compatible; Googlebot/2.1; +http://www.google.com/bot.html)" 409 **0/409744**
66.249.73.4 - - [14/Apr/2026:11:02:17 -0700] "GET /?c=84164144012 HTTP/1.1" 200 42176 "-" "Mozilla/5.0 (Linux; Android 6.0.1; Nexus 5X Build/MMB29P) AppleWebKit/537.36 (KHTML, like Gecko) Chrome/146.0.7680.177 Mobile Safari/537.36 (compatible; Googlebot/2.1; +http://www.google.com/bot.html)" 312 **0/312900**
18.97.14.88 - - [14/Apr/2026:11:02:18 -0700] "GET /hur-maltider-paverkar-fildena-super-actives-effektivitet/ HTTP/1.1" 200 28053 "-" "CCBot/2.0 (https://commoncrawl.org/faq/)" 267 **0/267544**
148.113.128.92 - - [14/Apr/2026:11:02:23 -0700] "GET /tag/mostbet-peru/ HTTP/1.1" 200 40967 "-" "Mozilla/5.0 (compatible; AhrefsBot/7.0; +http://ahrefs.com/robot/)" 251 **0/251162**
66.249.73.5 - - [14/Apr/2026:11:02:21 -0700] "GET /?s=10106204958 HTTP/1.1" 200 24377 "-" "Mozilla/5.0 (Linux; Android 6.0.1; Nexus 5X Build/MMB29P) AppleWebKit/537.36 (KHTML, like Gecko) Chrome/146.0.7680.177 Mobile Safari/537.36 (compatible; Googlebot/2.1; +http://www.google.com/bot.html)" 2974 **2/2974826**
90.201.84.122 - - [14/Apr/2026:11:02:34 -0700] "POST /xmlrpc.php HTTP/1.1" 200 131 "-" "Python-xmlrpc/3.11" 665 **0/665500**
208.109.41.231 - - [14/Apr/2026:11:02:44 -0700] "POST /wp-cron.php?doing_wp_cron=1776189764.2666659355163574218750 HTTP/1.1" 200 - "-" "WordPress/6.3.8; http://fuentesanza.es" 31 **0/31624**
85.208.96.210 - - [14/Apr/2026:11:02:44 -0700] "GET /uncategorized/casino-maklercourtage-blos-einzahlung-2026-no-abschlagzahlung-pramie/ HTTP/1.1" 200 31774 "-" "Mozilla/5.0 (compatible; SemrushBot/7~bl; +http://www.semrush.com/bot.html)" 454 **0/454953**
18.97.14.88 - - [14/Apr/2026:11:02:57 -0700] "GET /category/1win-online-855/ HTTP/1.1" 200 37007 "-" "CCBot/2.0 (https://commoncrawl.org/faq/)" 559 **0/559423**
170.231.196.122 - - [14/Apr/2026:11:03:49 -0700] "GET / HTTP/1.1" 200 46831 "-" "Mozilla/5.0 (Windows NT 10.0; Win64; x64) AppleWebKit/537.36 (KHTML, like Gecko) Chrome/120.0.0.0 Safari/537.36" 429 **0/429609**
18.97.14.88 - - [14/Apr/2026:11:03:51 -0700] "GET /category/fairplay-game-914/ HTTP/1.1" 200 37858 "-" "CCBot/2.0 (https://commoncrawl.org/faq/)" 466 **0/466057**
114.119.129.24 - - [14/Apr/2026:11:03:56 -0700] "GET /uncategorized/secret-urban-area-gambling-establishment-tempts-visitors-with-las-vegas-style-games-and-miami-design-enjoyable/ HTTP/1.1" 200 29908 "http://fuentesanza.es/uncategorized/once-i-need-to-wager-enjoyable-at-the-zula-local-casino-i-personally-use-gold-coins/" "Mozilla/5.0 (Linux; Android 7.0;) AppleWebKit/537.36 (KHTML, like Gecko) Mobile Safari/537.36 (compatible; PetalBot;+https://webmaster.petalsearch.com/site/petalbot)" 263 **0/263486**
142.44.225.191 - - [14/Apr/2026:11:03:59 -0700] "GET /uncategorized/kqyun-gptcn-chatgpt-%E4%B8%AD%E6%96%87%E6%8C%87%E5%8D%97%EF%BC%8Cchatgpt-%E4%B8%AD%E6%96%87%E8%B0%83%E6%95%99%E6%8C%87%E5%8D%97%EF%BC%8C%E6%8C%87%E4%BB%A4%E6%8C%87%E5%8D%97%EF%BC%8C%E7%B2%BE%E9%80%89/ HTTP/1.1" 200 28369 "-" "Mozilla/5.0 (compatible; AhrefsBot/7.0; +http://ahrefs.com/robot/)" 309 **0/309930**
86.144.26.220 - - [14/Apr/2026:11:04:15 -0700] "POST /xmlrpc.php HTTP/1.1" 200 131 "-" "Python-xmlrpc/3.11" 666 **0/666576**
208.109.41.231 - - [14/Apr/2026:11:04:18 -0700] "POST /wp-cron.php?doing_wp_cron=1776189858.0351369380950927734375 HTTP/1.1" 200 - "-" "WordPress/6.3.8; http://fuentesanza.es" 36 **0/36353**
45.172.110.45 - - [14/Apr/2026:11:04:17 -0700] "GET / HTTP/1.1" 200 47376 "-" "Mozilla/5.0 (Windows NT 10.0; Win64; x64) AppleWebKit/537.36 (KHTML, like Gecko) Chrome/120.0.0.0 Safari/537.36" 541 **0/541920**
66.249.73.6 - - [14/Apr/2026:11:04:20 -0700] "GET /?i=2091222690 HTTP/1.1" 200 43936 "-" "Mozilla/5.0 (Linux; Android 6.0.1; Nexus 5X Build/MMB29P) AppleWebKit/537.36 (KHTML, like Gecko) Chrome/146.0.7680.177 Mobile Safari/537.36 (compatible; Googlebot/2.1; +http://www.google.com/bot.html)" 315 **0/315708**
103.118.44.15 - - [14/Apr/2026:11:04:21 -0700] "GET /wp-login.php HTTP/1.1" 200 2856 "-" "Mozilla/5.0 (Windows NT 10.0; Win64; x64) AppleWebKit/537.36 (KHTML, like Gecko) Chrome/120.0.0.0 Safari/537.36" 145 **0/145057**
103.118.44.15 - - [14/Apr/2026:11:04:22 -0700] "POST /wp-login.php HTTP/1.1" 302 - "http://fuentesanza.es/wp-login.php" "Mozilla/5.0 (Windows NT 10.0; Win64; x64) AppleWebKit/537.36 (KHTML, like Gecko) Chrome/120.0.0.0 Safari/537.36" 200 **0/200251**
103.118.44.15 - - [14/Apr/2026:11:04:23 -0700] "GET /wp-admin/ HTTP/1.1" 200 24363 "http://fuentesanza.es/wp-login.php" "Mozilla/5.0 (Windows NT 10.0; Win64; x64) AppleWebKit/537.36 (KHTML, like Gecko) Chrome/120.0.0.0 Safari/537.36" 300 **0/300790**
181.43.33.16 - - [14/Apr/2026:11:04:25 -0700] "GET /wp-admin/ HTTP/1.1" 200 24364 "-" "Mozilla/5.0 (Windows NT 10.0; Win64; x64) AppleWebKit/537.36 (KHTML, like Gecko) Chrome/120.0.0.0 Safari/537.36" 259 **0/259224**
181.43.33.16 - - [14/Apr/2026:11:04:26 -0700] "POST /xmlrpc.php HTTP/1.1" 200 256 "-" "WordPress/5.0; http://fuentesanza.es" 223 **0/223447**
189.90.208.88 - - [14/Apr/2026:11:04:28 -0700] "GET /wp-admin/admin-ajax.php?action=rest-nonce HTTP/1.1" 200 10 "-" "Mozilla/5.0 (Windows NT 10.0; Win64; x64) AppleWebKit/537.36 (KHTML, like Gecko) Chrome/120.0.0.0 Safari/537.36" 194 **0/194649**
189.90.208.88 - - [14/Apr/2026:11:04:29 -0700] "POST /xmlrpc.php HTTP/1.1" 200 131 "-" "Mozilla/5.0 (Windows NT 10.0; Win64; x64) AppleWebKit/537.36 (KHTML, like Gecko) Chrome/120.0.0.0 Safari/537.36" 730 **0/730219**
208.109.41.231 - - [14/Apr/2026:11:04:31 -0700] "POST /wp-cron.php?doing_wp_cron=1776189871.3411760330200195312500 HTTP/1.1" 200 - "-" "WordPress/6.3.8; http://fuentesanza.es" 23 **0/23708**
185.105.130.115 - - [14/Apr/2026:11:04:31 -0700] "GET /?p=49489 HTTP/1.1" 301 - "-" "Mozilla/5.0 (Windows NT 10.0; Win64; x64) AppleWebKit/537.36 (KHTML, like Gecko) Chrome/120.0.0.0 Safari/537.36" 159 **0/159896**
185.105.130.115 - - [14/Apr/2026:11:04:31 -0700] "GET /casino/riski-i-realnye-riski-na-platforme-pin-up-chto-nuzhno-znat/ HTTP/1.1" 200 31963 "-" "Mozilla/5.0 (Windows NT 10.0; Win64; x64) AppleWebKit/537.36 (KHTML, like Gecko) Chrome/120.0.0.0 Safari/537.36" 337 **0/337759**
185.105.130.115 - - [14/Apr/2026:11:04:35 -0700] "GET /?p=49489 HTTP/1.1" 301 - "-" "Mozilla/5.0 (Windows NT 10.0; Win64; x64) AppleWebKit/537.36 (KHTML, like Gecko) Chrome/120.0.0.0 Safari/537.36" 183 **0/183135**
185.105.130.115 - - [14/Apr/2026:11:04:35 -0700] "GET /casino/riski-i-realnye-riski-na-platforme-pin-up-chto-nuzhno-znat/ HTTP/1.1" 200 31963 "-" "Mozilla/5.0 (Windows NT 10.0; Win64; x64) AppleWebKit/537.36 (KHTML, like Gecko) Chrome/120.0.0.0 Safari/537.36" 392 **0/392548**
18.97.14.88 - - [14/Apr/2026:11:04:38 -0700] "GET /category/1win-app-570/ HTTP/1.1" 200 41625 "-" "CCBot/2.0 (https://commoncrawl.org/faq/)" 370 **0/370572**
185.105.130.115 - - [14/Apr/2026:11:04:38 -0700] "GET /?p=49489 HTTP/1.1" 301 - "-" "Mozilla/5.0 (Windows NT 10.0; Win64; x64) AppleWebKit/537.36 (KHTML, like Gecko) Chrome/120.0.0.0 Safari/537.36" 154 **0/154762**
185.105.130.115 - - [14/Apr/2026:11:04:39 -0700] "GET /casino/riski-i-realnye-riski-na-platforme-pin-up-chto-nuzhno-znat/ HTTP/1.1" 200 31963 "-" "Mozilla/5.0 (Windows NT 10.0; Win64; x64) AppleWebKit/537.36 (KHTML, like Gecko) Chrome/120.0.0.0 Safari/537.36" 279 **0/279056**
185.105.130.115 - - [14/Apr/2026:11:04:40 -0700] "GET /wp-json/wp/v2/categories?search=casino HTTP/1.1" 200 6787 "-" "Mozilla/5.0 (Windows NT 10.0; Win64; x64) AppleWebKit/537.36 (KHTML, like Gecko) Chrome/120.0.0.0 Safari/537.36" 178 **0/178255**
85.208.96.198 - - [14/Apr/2026:11:04:41 -0700] "GET /uncategorized/salle-de-jeu-un-tantinet-canada-gratification-jusqua-2-000-connexion-en-ligne-vulkan-spiele/ HTTP/1.1" 200 31082 "-" "Mozilla/5.0 (compatible; SemrushBot/7~bl; +http://www.semrush.com/bot.html)" 303 **0/303624**
185.105.130.115 - - [14/Apr/2026:11:04:41 -0700] "POST /wp-json/wp/v2/categories HTTP/1.1" 400 152 "-" "Mozilla/5.0 (Windows NT 10.0; Win64; x64) AppleWebKit/537.36 (KHTML, like Gecko) Chrome/120.0.0.0 Safari/537.36" 290 **0/290136**
186.27.161.192 - - [14/Apr/2026:11:04:42 -0700] "POST /wp-json/wp/v2/posts HTTP/1.1" 201 41633 "-" "Mozilla/5.0 (Windows NT 10.0; Win64; x64) AppleWebKit/537.36 (KHTML, like Gecko) Chrome/120.0.0.0 Safari/537.36" 515 **0/515105**
208.109.41.231 - - [14/Apr/2026:11:04:44 -0700] "POST /wp-cron.php?doing_wp_cron=1776189884.4179899692535400390625 HTTP/1.1" 200 - "-" "WordPress/6.3.8; http://fuentesanza.es" 22 **0/22990**
186.27.161.192 - - [14/Apr/2026:11:04:44 -0700] "GET /uncategorized/riski-i-realnye-riski-na-platforme-pin-up-chto-nuzhno-znat-2/ HTTP/1.1" 200 32626 "-" "Mozilla/5.0 (Windows NT 10.0; Win64; x64) AppleWebKit/537.36 (KHTML, like Gecko) Chrome/120.0.0.0 Safari/537.36" 494 **0/494536**
186.27.161.192 - - [14/Apr/2026:11:04:47 -0700] "GET /uncategorized/riski-i-realnye-riski-na-platforme-pin-up-chto-nuzhno-znat-2/ HTTP/1.1" 200 32626 "-" "Mozilla/5.0 (Windows NT 10.0; Win64; x64) AppleWebKit/537.36 (KHTML, like Gecko) Chrome/120.0.0.0 Safari/537.36" 272 **0/272731**
186.27.161.192 - - [14/Apr/2026:11:04:50 -0700] "GET /uncategorized/riski-i-realnye-riski-na-platforme-pin-up-chto-nuzhno-znat-2/ HTTP/1.1" 200 32626 "-" "Mozilla/5.0 (Windows NT 10.0; Win64; x64) AppleWebKit/537.36 (KHTML, like Gecko) Chrome/120.0.0.0 Safari/537.36" 283 **0/283759**
186.27.161.192 - - [14/Apr/2026:11:04:51 -0700] "GET /wp-json/wp/v2/categories?search=casino HTTP/1.1" 200 6787 "-" "Mozilla/5.0 (Windows NT 10.0; Win64; x64) AppleWebKit/537.36 (KHTML, like Gecko) Chrome/120.0.0.0 Safari/537.36" 151 **0/151289**
186.27.161.192 - - [14/Apr/2026:11:04:52 -0700] "POST /wp-json/wp/v2/categories HTTP/1.1" 400 152 "-" "Mozilla/5.0 (Windows NT 10.0; Win64; x64) AppleWebKit/537.36 (KHTML, like Gecko) Chrome/120.0.0.0 Safari/537.36" 172 **0/172082**
5.183.15.7 - - [14/Apr/2026:11:04:54 -0700] "POST /wp-json/wp/v2/posts HTTP/1.1" 201 41633 "-" "Mozilla/5.0 (Windows NT 10.0; Win64; x64) AppleWebKit/537.36 (KHTML, like Gecko) Chrome/120.0.0.0 Safari/537.36" 819 **0/819713**
208.109.41.231 - - [14/Apr/2026:11:04:56 -0700] "POST /wp-cron.php?doing_wp_cron=1776189896.9091949462890625000000 HTTP/1.1" 200 - "-" "WordPress/6.3.8; http://fuentesanza.es" 23 **0/23230**
5.183.15.7 - - [14/Apr/2026:11:04:56 -0700] "GET /uncategorized/riski-i-realnye-riski-na-platforme-pin-up-chto-nuzhno-znat-3/ HTTP/1.1" 200 32626 "-" "Mozilla/5.0 (Windows NT 10.0; Win64; x64) AppleWebKit/537.36 (KHTML, like Gecko) Chrome/120.0.0.0 Safari/537.36" 534 **0/534384**
5.183.15.7 - - [14/Apr/2026:11:05:00 -0700] "GET /uncategorized/riski-i-realnye-riski-na-platforme-pin-up-chto-nuzhno-znat-3/ HTTP/1.1" 200 32626 "-" "Mozilla/5.0 (Windows NT 10.0; Win64; x64) AppleWebKit/537.36 (KHTML, like Gecko) Chrome/120.0.0.0 Safari/537.36" 355 **0/355195**
5.183.15.7 - - [14/Apr/2026:11:05:04 -0700] "GET /uncategorized/riski-i-realnye-riski-na-platforme-pin-up-chto-nuzhno-znat-3/ HTTP/1.1" 200 32626 "-" "Mozilla/5.0 (Windows NT 10.0; Win64; x64) AppleWebKit/537.36 (KHTML, like Gecko) Chrome/120.0.0.0 Safari/537.36" 680 **0/680466**
5.183.15.7 - - [14/Apr/2026:11:05:06 -0700] "GET /wp-admin/post-new.php HTTP/1.1" 200 102178 "-" "Mozilla/5.0 (Windows NT 10.0; Win64; x64) AppleWebKit/537.36 (KHTML, like Gecko) Chrome/120.0.0.0 Safari/537.36" 453 **0/453756**
5.183.15.7 - - [14/Apr/2026:11:05:09 -0700] "POST /wp-json/wp/v2/categories?_locale=user HTTP/1.1" 400 152 "-" "Mozilla/5.0 (Windows NT 10.0; Win64; x64) AppleWebKit/537.36 (KHTML, like Gecko) Chrome/120.0.0.0 Safari/537.36" 275 **0/275783**
62.176.122.49 - - [14/Apr/2026:11:05:11 -0700] "POST /wp-admin/post.php HTTP/1.1" 302 - "-" "Mozilla/5.0 (Windows NT 10.0; Win64; x64) AppleWebKit/537.36 (KHTML, like Gecko) Chrome/120.0.0.0 Safari/537.36" 1360 **1/1360337**
208.109.41.231 - - [14/Apr/2026:11:05:13 -0700] "POST /wp-cron.php?doing_wp_cron=1776189913.6787810325622558593750 HTTP/1.1" 200 - "-" "WordPress/6.3.8; http://fuentesanza.es" 27 **0/27500**
62.176.122.49 - - [14/Apr/2026:11:05:13 -0700] "GET /wp-admin/post.php?post=49493&action=edit&message=1 HTTP/1.1" 200 106468 "-" "Mozilla/5.0 (Windows NT 10.0; Win64; x64) AppleWebKit/537.36 (KHTML, like Gecko) Chrome/120.0.0.0 Safari/537.36" 705 **0/705658**
66.249.73.5 - - [14/Apr/2026:11:05:15 -0700] "GET /?m=3110834663 HTTP/1.1" 404 11349 "-" "Mozilla/5.0 (Linux; Android 6.0.1; Nexus 5X Build/MMB29P) AppleWebKit/537.36 (KHTML, like Gecko) Chrome/146.0.7680.177 Mobile Safari/537.36 (compatible; Googlebot/2.1; +http://www.google.com/bot.html)" 429 **0/429396**
186.78.208.180 - - [14/Apr/2026:11:05:15 -0700] "GET /?p=49493 HTTP/1.1" 301 - "-" "Mozilla/5.0 (Windows NT 10.0; Win64; x64) AppleWebKit/537.36 (KHTML, like Gecko) Chrome/120.0.0.0 Safari/537.36" 251 **0/251826**
186.78.208.180 - - [14/Apr/2026:11:05:16 -0700] "GET /uncategorized/riski-i-realnye-riski-na-platforme-pin-up-chto-nuzhno-znat-4/ HTTP/1.1" 200 32166 "-" "Mozilla/5.0 (Windows NT 10.0; Win64; x64) AppleWebKit/537.36 (KHTML, like Gecko) Chrome/120.0.0.0 Safari/537.36" 664 **0/664115**
186.78.208.180 - - [14/Apr/2026:11:05:20 -0700] "GET /?p=49493 HTTP/1.1" 301 - "-" "Mozilla/5.0 (Windows NT 10.0; Win64; x64) AppleWebKit/537.36 (KHTML, like Gecko) Chrome/120.0.0.0 Safari/537.36" 158 **0/158552**
186.78.208.180 - - [14/Apr/2026:11:05:21 -0700] "GET /uncategorized/riski-i-realnye-riski-na-platforme-pin-up-chto-nuzhno-znat-4/ HTTP/1.1" 200 32166 "-" "Mozilla/5.0 (Windows NT 10.0; Win64; x64) AppleWebKit/537.36 (KHTML, like Gecko) Chrome/120.0.0.0 Safari/537.36" 431 **0/431413**
15.235.98.93 - - [14/Apr/2026:11:05:23 -0700] "GET /uncategorized/investigating-winshark-casinos-percentage-actions-a-detailed-remark-and-assessment-the-newest-federal-impairment-development/ HTTP/1.1" 200 28344 "-" "Mozilla/5.0 (compatible; AhrefsBot/7.0; +http://ahrefs.com/robot/)" 628 **0/628651**
18.97.14.88 - - [14/Apr/2026:11:05:23 -0700] "GET /richtige-lagerbedingungen-fur-careprost-003/ HTTP/1.1" 200 28980 "-" "CCBot/2.0 (https://commoncrawl.org/faq/)" 600 **0/600741**
186.78.208.180 - - [14/Apr/2026:11:05:24 -0700] "GET /?p=49493 HTTP/1.1" 301 - "-" "Mozilla/5.0 (Windows NT 10.0; Win64; x64) AppleWebKit/537.36 (KHTML, like Gecko) Chrome/120.0.0.0 Safari/537.36" 139 **0/139741**
186.78.208.180 - - [14/Apr/2026:11:05:25 -0700] "GET /uncategorized/riski-i-realnye-riski-na-platforme-pin-up-chto-nuzhno-znat-4/ HTTP/1.1" 200 32166 "-" "Mozilla/5.0 (Windows NT 10.0; Win64; x64) AppleWebKit/537.36 (KHTML, like Gecko) Chrome/120.0.0.0 Safari/537.36" 337 **0/337978**
85.208.96.210 - - [14/Apr/2026:11:05:32 -0700] "GET /uncategorized/sphinx-reddish-dot-places-jewelry-around-27-away-from-for-the-step-three-reddish-mark-landscapes-jewellery/ HTTP/1.1" 200 31456 "-" "Mozilla/5.0 (compatible; SemrushBot/7~bl; +http://www.semrush.com/bot.html)" 347 **0/347001**
66.249.73.5 - - [14/Apr/2026:11:05:53 -0700] "GET /?i=5169674036 HTTP/1.1" 200 44963 "-" "Mozilla/5.0 (Linux; Android 6.0.1; Nexus 5X Build/MMB29P) AppleWebKit/537.36 (KHTML, like Gecko) Chrome/146.0.7680.177 Mobile Safari/537.36 (compatible; Googlebot/2.1; +http://www.google.com/bot.html)" 357 **0/357030**
18.97.14.88 - - [14/Apr/2026:11:06:02 -0700] "GET /category/betano-entrar-login-769/ HTTP/1.1" 200 37478 "-" "CCBot/2.0 (https://commoncrawl.org/faq/)" 565 **0/565920**
103.190.47.32 - - [14/Apr/2026:11:06:03 -0700] "GET / HTTP/1.1" 200 48737 "-" "Mozilla/5.0 (Windows NT 10.0; Win64; x64) AppleWebKit/537.36 (KHTML, like Gecko) Chrome/120.0.0.0 Safari/537.36" 370 **0/370428**
185.24.61.232 - - [14/Apr/2026:11:06:05 -0700] "GET /wp-login.php HTTP/1.1" 200 2856 "-" "Mozilla/5.0 (Windows NT 10.0; Win64; x64) AppleWebKit/537.36 (KHTML, like Gecko) Chrome/120.0.0.0 Safari/537.36" 129 **0/129662**
185.24.61.232 - - [14/Apr/2026:11:06:06 -0700] "POST /wp-login.php HTTP/1.1" 302 - "http://fuentesanza.es/wp-login.php" "Mozilla/5.0 (Windows NT 10.0; Win64; x64) AppleWebKit/537.36 (KHTML, like Gecko) Chrome/120.0.0.0 Safari/537.36" 153 **0/153957**
185.24.61.232 - - [14/Apr/2026:11:06:07 -0700] "GET /wp-admin/ HTTP/1.1" 200 24346 "http://fuentesanza.es/wp-login.php" "Mozilla/5.0 (Windows NT 10.0; Win64; x64) AppleWebKit/537.36 (KHTML, like Gecko) Chrome/120.0.0.0 Safari/537.36" 345 **0/345802**
45.229.89.20 - - [14/Apr/2026:11:06:09 -0700] "GET /wp-admin/ HTTP/1.1" 200 24346 "-" "Mozilla/5.0 (Windows NT 10.0; Win64; x64) AppleWebKit/537.36 (KHTML, like Gecko) Chrome/120.0.0.0 Safari/537.36" 295 **0/295714**
45.229.89.20 - - [14/Apr/2026:11:06:10 -0700] "POST /xmlrpc.php HTTP/1.1" 200 256 "-" "WordPress/5.0; http://fuentesanza.es" 132 **0/132895**
37.225.17.145 - - [14/Apr/2026:11:06:11 -0700] "GET /wp-admin/admin-ajax.php?action=rest-nonce HTTP/1.1" 200 10 "-" "Mozilla/5.0 (Windows NT 10.0; Win64; x64) AppleWebKit/537.36 (KHTML, like Gecko) Chrome/120.0.0.0 Safari/537.36" 176 **0/176260**
