51.161.65.178 - - [14/Apr/2026:07:11:56 -0700] "GET /category/rhino-bet-live-chat-424/ HTTP/1.1" 200 30706 "-" "Mozilla/5.0 (compatible; AhrefsBot/7.0; +http://ahrefs.com/robot/)" 787 **0/787580**
66.249.73.4 - - [14/Apr/2026:07:11:59 -0700] "GET /?f=71141331583 HTTP/1.1" 200 46045 "-" "Mozilla/5.0 (Linux; Android 6.0.1; Nexus 5X Build/MMB29P) AppleWebKit/537.36 (KHTML, like Gecko) Chrome/146.0.7680.177 Mobile Safari/537.36 (compatible; Googlebot/2.1; +http://www.google.com/bot.html)" 1375 **1/1375649**
85.208.96.206 - - [14/Apr/2026:07:11:59 -0700] "GET /uncategorized/as-10-melhores-empresas-de-esmero/ HTTP/1.1" 200 31197 "-" "Mozilla/5.0 (compatible; SemrushBot/7~bl; +http://www.semrush.com/bot.html)" 1200 **1/1200662**
114.119.148.10 - - [14/Apr/2026:07:12:06 -0700] "GET /uncategorized/wowbet-local-casino-2026-log-on-get-no-deposit-fortunes-of-asgard-1-deposit-added-bonus-password/ HTTP/1.1" 200 31235 "http://fuentesanza.es/uncategorized/the-new-twenty-five-free-slot-machine-golden-colts-online-spins-no-resident-step-one-put-deposit-2026-complete-list/" "Mozilla/5.0 (Linux; Android 7.0;) AppleWebKit/537.36 (KHTML, like Gecko) Mobile Safari/537.36 (compatible; PetalBot;+https://webmaster.petalsearch.com/site/petalbot)" 618 **0/618406**
185.191.171.18 - - [14/Apr/2026:07:12:11 -0700] "GET /tag/20-bet/ HTTP/1.1" 200 32190 "-" "Mozilla/5.0 (compatible; SemrushBot/7~bl; +http://www.semrush.com/bot.html)" 622 **0/622368**
66.249.73.4 - - [14/Apr/2026:07:12:22 -0700] "GET /?f=7114133883 HTTP/1.1" 200 46046 "-" "Mozilla/5.0 (Linux; Android 6.0.1; Nexus 5X Build/MMB29P) AppleWebKit/537.36 (KHTML, like Gecko) Chrome/146.0.7680.177 Mobile Safari/537.36 (compatible; Googlebot/2.1; +http://www.google.com/bot.html)" 618 **0/618235**
66.249.73.4 - - [14/Apr/2026:07:12:23 -0700] "GET /?i=51696173505 HTTP/1.1" 200 46045 "-" "Mozilla/5.0 (Linux; Android 6.0.1; Nexus 5X Build/MMB29P) AppleWebKit/537.36 (KHTML, like Gecko) Chrome/146.0.7680.177 Mobile Safari/537.36 (compatible; Googlebot/2.1; +http://www.google.com/bot.html)" 529 **0/529720**
66.249.73.4 - - [14/Apr/2026:07:12:24 -0700] "GET /?y=45290199216 HTTP/1.1" 200 46045 "-" "Mozilla/5.0 (Linux; Android 6.0.1; Nexus 5X Build/MMB29P) AppleWebKit/537.36 (KHTML, like Gecko) Chrome/146.0.7680.177 Mobile Safari/537.36 (compatible; Googlebot/2.1; +http://www.google.com/bot.html)" 545 **0/545976**
66.249.73.4 - - [14/Apr/2026:07:12:24 -0700] "GET /?y=452904916 HTTP/1.1" 200 46036 "-" "Mozilla/5.0 (Linux; Android 6.0.1; Nexus 5X Build/MMB29P) AppleWebKit/537.36 (KHTML, like Gecko) Chrome/146.0.7680.177 Mobile Safari/537.36 (compatible; Googlebot/2.1; +http://www.google.com/bot.html)" 551 **0/551825**
66.249.73.4 - - [14/Apr/2026:07:12:21 -0700] "GET /?s=1010635298 HTTP/1.1" 200 24317 "-" "Mozilla/5.0 (Linux; Android 6.0.1; Nexus 5X Build/MMB29P) AppleWebKit/537.36 (KHTML, like Gecko) Chrome/146.0.7680.177 Mobile Safari/537.36 (compatible; Googlebot/2.1; +http://www.google.com/bot.html)" 3934 **3/3934021**
85.208.96.193 - - [14/Apr/2026:07:12:29 -0700] "GET /uncategorized/simple-tips-to-slot-games-book-of-dead-winnings-pokies-pokie-computers-suggestions-to-win-a-real-income/ HTTP/1.1" 200 32040 "-" "Mozilla/5.0 (compatible; SemrushBot/7~bl; +http://www.semrush.com/bot.html)" 707 **0/707240**
85.208.96.196 - - [14/Apr/2026:07:12:34 -0700] "GET /tag/fairplay-online/ HTTP/1.1" 200 32236 "-" "Mozilla/5.0 (compatible; SemrushBot/7~bl; +http://www.semrush.com/bot.html)" 635 **0/635819**
185.153.197.91 - - [14/Apr/2026:07:12:36 -0700] "POST /xmlrpc.php HTTP/1.1" 200 180 "-" "Mozilla/5.0 (Windows NT 10.0; Win64; x64) AppleWebKit/537.36 (KHTML, like Gecko) Chrome/114.0.0.0 Safari/537.36" 888 **0/888336**
208.109.41.231 - - [14/Apr/2026:07:12:43 -0700] "POST /wp-cron.php?doing_wp_cron=1776175963.8843300342559814453125 HTTP/1.1" 200 - "-" "WordPress/6.3.8; http://fuentesanza.es" 52 **0/52906**
185.153.197.91 - - [14/Apr/2026:07:12:43 -0700] "POST /xmlrpc.php HTTP/1.1" 200 9568 "-" "Mozilla/5.0 (Windows NT 10.0; Win64; x64) AppleWebKit/537.36 (KHTML, like Gecko) Chrome/114.0.0.0 Safari/537.36" 1210 **1/1210060**
185.153.197.91 - - [14/Apr/2026:07:12:48 -0700] "GET /uncategorized/unwichtig-pass-away-wesen-bei-glucksspiel-sie-den-vorzug-geben-dasjenige-portal-ermoglicht-gebuhrend-vorteile-um-sie-nachdem-hatscheln/ HTTP/1.1" 200 156421 "-" "Mozilla/5.0 (Windows NT 10.0; Win64; x64) AppleWebKit/537.36 (KHTML, like Gecko) Chrome/123.0.0.0 Safari/537.36" 984 **0/984358**
85.208.96.193 - - [14/Apr/2026:07:13:02 -0700] "GET /lampions-bet-553/lampionsbet-dono-819/ HTTP/1.1" 200 33219 "-" "Mozilla/5.0 (compatible; SemrushBot/7~bl; +http://www.semrush.com/bot.html)" 1402 **1/1402179**
114.119.136.150 - - [14/Apr/2026:07:13:07 -0700] "GET /uncategorized/wolf-work-on-slots-enjoy-100-percent-free-position-games-wolf-work-with-by-amatic-gaming-slots-igt/ HTTP/1.1" 200 31162 "http://fuentesanza.es/uncategorized/play-gonzos-quest-slot-opinion-casinos-bonus-video/" "Mozilla/5.0 (Linux; Android 7.0;) AppleWebKit/537.36 (KHTML, like Gecko) Mobile Safari/537.36 (compatible; PetalBot;+https://webmaster.petalsearch.com/site/petalbot)" 772 **0/772853**
185.191.171.17 - - [14/Apr/2026:07:13:08 -0700] "GET /uncategorized/slots-gratuito-casino-de-deposito-de-5-alice-in-wonderland-4000-tragamonedas-falto-soltar/ HTTP/1.1" 200 31939 "-" "Mozilla/5.0 (compatible; SemrushBot/7~bl; +http://www.semrush.com/bot.html)" 720 **0/720606**
85.208.96.200 - - [14/Apr/2026:07:13:15 -0700] "GET /category/1win-registratsiya-71/ HTTP/1.1" 200 42101 "-" "Mozilla/5.0 (compatible; SemrushBot/7~bl; +http://www.semrush.com/bot.html)" 646 **0/646209**
142.44.220.91 - - [14/Apr/2026:07:13:41 -0700] "GET /category/bono-wanabet-954/ HTTP/1.1" 200 31868 "-" "Mozilla/5.0 (compatible; AhrefsBot/7.0; +http://ahrefs.com/robot/)" 1201 **1/1201197**
85.208.96.193 - - [14/Apr/2026:07:13:42 -0700] "GET /uncategorized/darmowe-spiny-bez-zobacz-te-strone-depozytu-graj-darmowo/ HTTP/1.1" 200 30992 "-" "Mozilla/5.0 (compatible; SemrushBot/7~bl; +http://www.semrush.com/bot.html)" 785 **0/785715**
185.191.171.8 - - [14/Apr/2026:07:13:50 -0700] "GET /uncategorized/kasinoseiten-slot-crazy-monkey-nachfolgende-paypal-annehmen/ HTTP/1.1" 200 32240 "-" "Mozilla/5.0 (compatible; SemrushBot/7~bl; +http://www.semrush.com/bot.html)" 618 **0/618599**
185.153.197.91 - - [14/Apr/2026:07:14:00 -0700] "POST /xmlrpc.php HTTP/1.1" 200 180 "-" "Mozilla/5.0 (Windows NT 10.0; Win64; x64) AppleWebKit/537.36 (KHTML, like Gecko) Chrome/114.0.0.0 Safari/537.36" 1469 **1/1469680**
208.109.41.231 - - [14/Apr/2026:07:14:09 -0700] "POST /wp-cron.php?doing_wp_cron=1776176048.8867790699005126953125 HTTP/1.1" 200 - "-" "WordPress/6.3.8; http://fuentesanza.es" 55 **0/55322**
185.153.197.91 - - [14/Apr/2026:07:14:08 -0700] "POST /xmlrpc.php HTTP/1.1" 200 11753 "-" "Mozilla/5.0 (Windows NT 10.0; Win64; x64) AppleWebKit/537.36 (KHTML, like Gecko) Chrome/114.0.0.0 Safari/537.36" 813 **0/813534**
185.153.197.91 - - [14/Apr/2026:07:14:10 -0700] "GET /uncategorized/plinko-im-moglich-casino-wie-gleichfalls-verlauft-sera-ferner-weswegen-solltest-du-dies-geben/ HTTP/1.1" 200 158561 "-" "Mozilla/5.0 (Windows NT 10.0; Win64; x64) AppleWebKit/537.36 (KHTML, like Gecko) Chrome/123.0.0.0 Safari/537.36" 970 **0/970533**
114.119.129.24 - - [14/Apr/2026:07:14:13 -0700] "GET /uncategorized/wildcasino-remark-2025-are-insane-gambling-establishment-5-deposit-casino-dragon-spin-legit-otherwise-a-warning-sign/ HTTP/1.1" 200 31636 "http://fuentesanza.es/uncategorized/reel-spinner-slot-machine-game/" "Mozilla/5.0 (Linux; Android 7.0;) AppleWebKit/537.36 (KHTML, like Gecko) Mobile Safari/537.36 (compatible; PetalBot;+https://webmaster.petalsearch.com/site/petalbot)" 541 **0/541603**
85.208.96.193 - - [14/Apr/2026:07:14:13 -0700] "GET /uncategorized/neue-erreichbar-casinos-marz-2026-letter-pramie-schutzen/ HTTP/1.1" 200 31774 "-" "Mozilla/5.0 (compatible; SemrushBot/7~bl; +http://www.semrush.com/bot.html)" 1038 **1/1038730**
185.191.171.17 - - [14/Apr/2026:07:14:31 -0700] "GET /uncategorized/realspin-casino-slots-speel-je-favoriete-gokkasten/ HTTP/1.1" 200 29434 "-" "Mozilla/5.0 (compatible; SemrushBot/7~bl; +http://www.semrush.com/bot.html)" 564 **0/564395**
85.208.96.204 - - [14/Apr/2026:07:15:08 -0700] "GET /uncategorized/no-deposit-added-bonus-2026/ HTTP/1.1" 200 31439 "-" "Mozilla/5.0 (compatible; SemrushBot/7~bl; +http://www.semrush.com/bot.html)" 911 **0/911333**
51.222.168.12 - - [14/Apr/2026:07:15:10 -0700] "GET /mostbet-kazino-skachat-249/mostbet-registratsiya-173/ HTTP/1.1" 200 31504 "-" "Mozilla/5.0 (compatible; AhrefsBot/7.0; +http://ahrefs.com/robot/)" 1005 **1/1005903**
185.153.197.91 - - [14/Apr/2026:07:15:18 -0700] "POST /xmlrpc.php HTTP/1.1" 200 180 "-" "Mozilla/5.0 (Windows NT 10.0; Win64; x64) AppleWebKit/537.36 (KHTML, like Gecko) Chrome/114.0.0.0 Safari/537.36" 877 **0/877900**
208.109.41.231 - - [14/Apr/2026:07:15:25 -0700] "POST /wp-cron.php?doing_wp_cron=1776176125.2267329692840576171875 HTTP/1.1" 200 - "-" "WordPress/6.3.8; http://fuentesanza.es" 48 **0/48018**
185.153.197.91 - - [14/Apr/2026:07:15:24 -0700] "POST /xmlrpc.php HTTP/1.1" 200 10119 "-" "Mozilla/5.0 (Windows NT 10.0; Win64; x64) AppleWebKit/537.36 (KHTML, like Gecko) Chrome/114.0.0.0 Safari/537.36" 665 **0/665683**
185.191.171.8 - - [14/Apr/2026:07:15:27 -0700] "GET /1win-skachat-978/1win-skachat-192/ HTTP/1.1" 200 33878 "-" "Mozilla/5.0 (compatible; SemrushBot/7~bl; +http://www.semrush.com/bot.html)" 641 **0/641360**
185.153.197.91 - - [14/Apr/2026:07:15:28 -0700] "GET /uncategorized/sind-welche-star-inoffizieller-mitarbeiter-fgfox-spielsalon-regeln-die-kunden-blo-pramien-gerade-heraus/ HTTP/1.1" 200 157000 "-" "Mozilla/5.0 (Windows NT 10.0; Win64; x64) AppleWebKit/537.36 (KHTML, like Gecko) Chrome/122.0.0.0 Safari/537.36" 546 **0/546162**
85.208.96.202 - - [14/Apr/2026:07:15:32 -0700] "GET /uncategorized/jeux-pour-appareil-vers-thunes-desinteressees-un-tantinet/ HTTP/1.1" 200 30994 "-" "Mozilla/5.0 (compatible; SemrushBot/7~bl; +http://www.semrush.com/bot.html)" 714 **0/714085**
85.208.96.204 - - [14/Apr/2026:07:15:42 -0700] "GET /celuapuestas-casino-online-941/casino-celuapuestas-886/ HTTP/1.1" 200 32602 "-" "Mozilla/5.0 (compatible; SemrushBot/7~bl; +http://www.semrush.com/bot.html)" 931 **0/931386**
85.208.96.199 - - [14/Apr/2026:07:15:54 -0700] "GET /6/mostbet-aplikacja-mobilna-zalety-i-funkcje-aplikacji-2/ HTTP/1.1" 200 29589 "-" "Mozilla/5.0 (compatible; SemrushBot/7~bl; +http://www.semrush.com/bot.html)" 893 **0/893686**
185.191.171.15 - - [14/Apr/2026:07:15:57 -0700] "GET /news/play-casino-games-online-44/ HTTP/1.1" 200 211612 "-" "Mozilla/5.0 (compatible; SemrushBot/7~bl; +http://www.semrush.com/bot.html)" 805 **0/805714**
85.208.96.206 - - [14/Apr/2026:07:16:03 -0700] "GET /uncategorized/beste-online-casinos-abzuglich-promo-codes-ice-casino-konto-2026-blos-anmeldung/ HTTP/1.1" 200 32507 "-" "Mozilla/5.0 (compatible; SemrushBot/7~bl; +http://www.semrush.com/bot.html)" 852 **0/852620**
185.191.171.15 - - [14/Apr/2026:07:16:05 -0700] "GET /uncategorized/funciona-a-32178-tragaperras-sin-cargo-referente-a-de-cualquier-parte-del-mundo/ HTTP/1.1" 200 32169 "-" "Mozilla/5.0 (compatible; SemrushBot/7~bl; +http://www.semrush.com/bot.html)" 542 **0/542616**
185.191.171.6 - - [14/Apr/2026:07:16:12 -0700] "GET /1win-app-570/1win-vhod-892/ HTTP/1.1" 200 35029 "-" "Mozilla/5.0 (compatible; SemrushBot/7~bl; +http://www.semrush.com/bot.html)" 624 **0/624206**
148.113.130.51 - - [14/Apr/2026:07:16:21 -0700] "GET /uncategorized/dort-gibts-schnelle-auszahlungen-durch-bitcoin-litecoin-ethereum-oder-bitcoin-cash-within-nach-12-stunden/ HTTP/1.1" 200 27504 "-" "Mozilla/5.0 (compatible; AhrefsBot/7.0; +http://ahrefs.com/robot/)" 931 **0/931871**
37.27.132.190 - - [14/Apr/2026:07:16:28 -0700] "GET / HTTP/1.1" 200 48635 "-" "Mozilla/5.0 (Windows NT 10.0; Win64; x64; rv:114.0) Gecko/20100101 Firefox/114.0" 653 **0/653461**
37.27.132.190 - - [14/Apr/2026:07:16:29 -0700] "POST /xmlrpc.php HTTP/1.1" 200 216 "http://fuentesanza.es" "Mozilla/5.0 (Windows NT 10.0; Win64; x64; rv:114.0) Gecko/20100101 Firefox/114.0" 249 **0/249710**
37.27.132.190 - - [14/Apr/2026:07:16:30 -0700] "POST /xmlrpc.php HTTP/1.1" 200 95 "http://fuentesanza.es/xmlrpc.php" "Mozilla/5.0 (Windows NT 10.0; Win64; x64; rv:114.0) Gecko/20100101 Firefox/114.0" 554 **0/554141**
37.27.132.190 - - [14/Apr/2026:07:16:30 -0700] "POST /xmlrpc.php HTTP/1.1" 200 102 "http://fuentesanza.es/xmlrpc.php" "Mozilla/5.0 (Windows NT 10.0; Win64; x64; rv:114.0) Gecko/20100101 Firefox/114.0" 1440 **1/1440272**
34.34.229.4 - - [14/Apr/2026:07:16:31 -0700] "GET /10-641286-links-mix-casino-au-5-done/home-90/ HTTP/1.1" 200 236417 "-" "Mozilla/5.0 (Windows NT 10.0; Win64; x64) AppleWebKit/537.36 (KHTML, like Gecko) Chrome/112.0.0.0 Safari/537.36" 1026 **1/1026262**
208.109.41.231 - - [14/Apr/2026:07:16:32 -0700] "POST /wp-cron.php?doing_wp_cron=1776176192.7951359748840332031250 HTTP/1.1" 200 - "-" "WordPress/6.3.8; http://fuentesanza.es" 103 **0/103133**
37.27.132.190 - - [14/Apr/2026:07:16:32 -0700] "GET /?p=48942 HTTP/1.1" 301 1 "http://fuentesanza.es/xmlrpc.php" "Mozilla/5.0 (Windows NT 10.0; Win64; x64; rv:114.0) Gecko/20100101 Firefox/114.0" 358 **0/358200**
37.27.132.190 - - [14/Apr/2026:07:16:33 -0700] "GET /computers-games/legal-gambling-age-in-casinos-a-comprehensive-study/ HTTP/1.1" 200 27695 "http://fuentesanza.es/?p=48942" "Mozilla/5.0 (Windows NT 10.0; Win64; x64; rv:114.0) Gecko/20100101 Firefox/114.0" 657 **0/657398**
185.153.197.91 - - [14/Apr/2026:07:16:35 -0700] "POST /xmlrpc.php HTTP/1.1" 200 180 "-" "Mozilla/5.0 (Windows NT 10.0; Win64; x64) AppleWebKit/537.36 (KHTML, like Gecko) Chrome/114.0.0.0 Safari/537.36" 1097 **1/1097272**
208.109.41.231 - - [14/Apr/2026:07:16:41 -0700] "POST /wp-cron.php?doing_wp_cron=1776176201.9235460758209228515625 HTTP/1.1" 200 - "-" "WordPress/6.3.8; http://fuentesanza.es" 37 **0/37991**
185.191.171.10 - - [14/Apr/2026:07:16:41 -0700] "GET /uncategorized/angeschlossen-casino-paysafecard-blackjack-verzeichnis-regeln-tipps-2024/ HTTP/1.1" 200 32015 "-" "Mozilla/5.0 (compatible; SemrushBot/7~bl; +http://www.semrush.com/bot.html)" 1075 **1/1075329**
185.153.197.91 - - [14/Apr/2026:07:16:42 -0700] "POST /xmlrpc.php HTTP/1.1" 200 12817 "-" "Mozilla/5.0 (Windows NT 10.0; Win64; x64) AppleWebKit/537.36 (KHTML, like Gecko) Chrome/114.0.0.0 Safari/537.36" 565 **0/565389**
185.191.171.8 - - [14/Apr/2026:07:16:45 -0700] "GET /vulkan-vegas-bonus-85/vulkan-vegas-logowanie-642/ HTTP/1.1" 200 31721 "-" "Mozilla/5.0 (compatible; SemrushBot/7~bl; +http://www.semrush.com/bot.html)" 955 **0/955866**
185.153.197.91 - - [14/Apr/2026:07:16:46 -0700] "GET /uncategorized/spinfest-casino-confoederatio-helvetica-2025-chf-600-pramie-two-hundred-fifity-fs/ HTTP/1.1" 200 159304 "-" "Mozilla/5.0 (Windows NT 10.0; Win64; x64; rv:124.0) Gecko/20100101 Firefox/124.0" 551 **0/551100**
185.191.171.15 - - [14/Apr/2026:07:17:13 -0700] "GET /1win-app-541/1win-app-611/ HTTP/1.1" 200 34086 "-" "Mozilla/5.0 (compatible; SemrushBot/7~bl; +http://www.semrush.com/bot.html)" 662 **0/662968**
185.191.171.6 - - [14/Apr/2026:07:17:19 -0700] "GET /uncategorized/thunderstruck-game-enjoy-microgaming-totally-free-position-game-online-zero-install/ HTTP/1.1" 200 31929 "-" "Mozilla/5.0 (compatible; SemrushBot/7~bl; +http://www.semrush.com/bot.html)" 653 **0/653132**
85.208.96.196 - - [14/Apr/2026:07:17:20 -0700] "GET /robots.txt HTTP/1.1" 200 105 "-" "Mozilla/5.0 (compatible; SemrushBot/7~bl; +http://www.semrush.com/bot.html)" 8 **0/8954**
185.191.171.16 - - [14/Apr/2026:07:17:22 -0700] "GET /uncategorized/avis-casino-decouvrez-leon-et-ses-offres-exceptionnelles/ HTTP/1.1" 200 29855 "-" "Mozilla/5.0 (compatible; SemrushBot/7~bl; +http://www.semrush.com/bot.html)" 627 **0/627950**
185.191.171.8 - - [14/Apr/2026:07:17:32 -0700] "GET /uncategorized/online-kasina-co-skuseny-hrac-potrebuje-vediet/ HTTP/1.1" 200 30059 "-" "Mozilla/5.0 (compatible; SemrushBot/7~bl; +http://www.semrush.com/bot.html)" 798 **0/798628**
51.222.95.223 - - [14/Apr/2026:07:17:37 -0700] "GET /category/betano-apk-download-89/ HTTP/1.1" 200 37881 "-" "Mozilla/5.0 (compatible; AhrefsBot/7.0; +http://ahrefs.com/robot/)" 926 **0/926884**
114.119.135.207 - - [14/Apr/2026:07:17:37 -0700] "GET /uncategorized/what-is-the-concept-resident-online-pokie-of-cashapillar-harbors/ HTTP/1.1" 200 31700 "http://fuentesanza.es/uncategorized/larger-6-reel-slots-online-trout-splash-rtp-96-71-pragmatic-play-slot-opinion/" "Mozilla/5.0 (Linux; Android 7.0;) AppleWebKit/537.36 (KHTML, like Gecko) Mobile Safari/537.36 (compatible; PetalBot;+https://webmaster.petalsearch.com/site/petalbot)" 919 **0/919750**
37.120.155.2 - - [14/Apr/2026:07:17:50 -0700] "POST /xmlrpc.php HTTP/1.1" 200 647 "-" "Mozilla/5.0 (Windows NT 5.1) AppleWebKit/537.36 (KHTML, like Gecko) Chrome/57.0.2987.137 YaBrowser/17.4.1.919 Yowser/2.5 Safari/537.36" 2770 **2/2770235**
185.191.171.10 - - [14/Apr/2026:07:17:51 -0700] "GET /pin-up-casino-giris-612/pinup-788/ HTTP/1.1" 200 31887 "-" "Mozilla/5.0 (compatible; SemrushBot/7~bl; +http://www.semrush.com/bot.html)" 2165 **2/2165918**
47.128.25.30 - - [14/Apr/2026:07:17:50 -0700] "GET /uncategorized/wunderino-spielbank-erprobung-400percent-bis-zu-40-bonus/ HTTP/1.1" 403 160295 "-" "Mozilla/5.0 (Linux; Android 5.0) AppleWebKit/537.36 (KHTML, like Gecko) Mobile Safari/537.36 (compatible; Bytespider; spider-feedback@bytedance.com)" 3334 **3/3334759**
185.153.197.91 - - [14/Apr/2026:07:17:53 -0700] "POST /xmlrpc.php HTTP/1.1" 200 180 "-" "Mozilla/5.0 (Windows NT 10.0; Win64; x64) AppleWebKit/537.36 (KHTML, like Gecko) Chrome/114.0.0.0 Safari/537.36" 1754 **1/1754786**
208.109.41.231 - - [14/Apr/2026:07:17:57 -0700] "POST /wp-cron.php?doing_wp_cron=1776176277.1915960311889648437500 HTTP/1.1" 200 - "-" "WordPress/6.3.8; http://fuentesanza.es" 44 **0/44134**
47.128.25.30 - - [14/Apr/2026:07:17:56 -0700] "GET /wp-includes/css/dist/block-library/style.min.css?ver=6.3.8 HTTP/1.1" 404 50331 "http://fuentesanza.es/uncategorized/wunderino-spielbank-erprobung-400percent-bis-zu-40-bonus/" "Mozilla/5.0 (Linux; Android 5.0) AppleWebKit/537.36 (KHTML, like Gecko) Mobile Safari/537.36 (compatible; Bytespider; spider-feedback@bytedance.com)" 850 **0/850581**
47.128.25.30 - - [14/Apr/2026:07:17:56 -0700] "GET /wp-content/themes/twentytwelve/fonts/font-open-sans.css?ver=20230328 HTTP/1.1" 404 50331 "http://fuentesanza.es/uncategorized/wunderino-spielbank-erprobung-400percent-bis-zu-40-bonus/" "Mozilla/5.0 (Linux; Android 5.0) AppleWebKit/537.36 (KHTML, like Gecko) Mobile Safari/537.36 (compatible; Bytespider; spider-feedback@bytedance.com)" 635 **0/635296**
216.244.66.241 - - [14/Apr/2026:07:17:57 -0700] "GET /robots.txt HTTP/1.1" 200 257 "-" "Mozilla/5.0 (compatible; DotBot/1.2; +https://opensiteexplorer.org/dotbot; help@moz.com)" 15 **0/15419**
47.128.25.30 - - [14/Apr/2026:07:17:57 -0700] "GET /wp-content/themes/twentytwelve/style.css?ver=20230808 HTTP/1.1" 404 50331 "http://fuentesanza.es/uncategorized/wunderino-spielbank-erprobung-400percent-bis-zu-40-bonus/" "Mozilla/5.0 (Linux; Android 5.0) AppleWebKit/537.36 (KHTML, like Gecko) Mobile Safari/537.36 (compatible; Bytespider; spider-feedback@bytedance.com)" 710 **0/710298**
47.128.25.30 - - [14/Apr/2026:07:17:58 -0700] "GET /wp-content/themes/twentytwelve/css/blocks.css?ver=20230213 HTTP/1.1" 404 50331 "http://fuentesanza.es/uncategorized/wunderino-spielbank-erprobung-400percent-bis-zu-40-bonus/" "Mozilla/5.0 (Linux; Android 5.0) AppleWebKit/537.36 (KHTML, like Gecko) Mobile Safari/537.36 (compatible; Bytespider; spider-feedback@bytedance.com)" 405 **0/405168**
185.153.197.91 - - [14/Apr/2026:07:18:01 -0700] "POST /xmlrpc.php HTTP/1.1" 200 9235 "-" "Mozilla/5.0 (Windows NT 10.0; Win64; x64) AppleWebKit/537.36 (KHTML, like Gecko) Chrome/114.0.0.0 Safari/537.36" 724 **0/724734**
185.191.171.10 - - [14/Apr/2026:07:18:03 -0700] "GET /pixbet-app-ios-610/app-pixbet-935/ HTTP/1.1" 200 33137 "-" "Mozilla/5.0 (compatible; SemrushBot/7~bl; +http://www.semrush.com/bot.html)" 986 **0/986215**
185.153.197.91 - - [14/Apr/2026:07:18:04 -0700] "GET /uncategorized/umsetzbar-live-roulette-echtgeld-spiele-uff-verwendung-von-traktandum-rtp/ HTTP/1.1" 200 155736 "-" "Mozilla/5.0 (Windows NT 10.0; Win64; x64) AppleWebKit/537.36 (KHTML, like Gecko) Chrome/122.0.0.0 Safari/537.36" 751 **0/751604**
85.208.96.207 - - [14/Apr/2026:07:18:25 -0700] "GET /pin-up-bet-peru-903/pin-up-apuestas-71/ HTTP/1.1" 200 29470 "-" "Mozilla/5.0 (compatible; SemrushBot/7~bl; +http://www.semrush.com/bot.html)" 537 **0/537481**
66.249.73.4 - - [14/Apr/2026:07:18:26 -0700] "GET /?y=45290153795 HTTP/1.1" 200 51450 "-" "Mozilla/5.0 (Linux; Android 6.0.1; Nexus 5X Build/MMB29P) AppleWebKit/537.36 (KHTML, like Gecko) Chrome/146.0.7680.177 Mobile Safari/537.36 (compatible; Googlebot/2.1; +http://www.google.com/bot.html)" 857 **0/857855**
66.249.73.4 - - [14/Apr/2026:07:18:30 -0700] "GET /?i=51696138885 HTTP/1.1" 200 51450 "-" "Mozilla/5.0 (Linux; Android 6.0.1; Nexus 5X Build/MMB29P) AppleWebKit/537.36 (KHTML, like Gecko) Chrome/146.0.7680.177 Mobile Safari/537.36 (compatible; Googlebot/2.1; +http://www.google.com/bot.html)" 606 **0/606164**
66.249.73.4 - - [14/Apr/2026:07:18:31 -0700] "GET /?c=84164135023 HTTP/1.1" 200 51450 "-" "Mozilla/5.0 (Linux; Android 6.0.1; Nexus 5X Build/MMB29P) AppleWebKit/537.36 (KHTML, like Gecko) Chrome/146.0.7680.177 Mobile Safari/537.36 (compatible; Googlebot/2.1; +http://www.google.com/bot.html)" 544 **0/544463**
185.191.171.8 - - [14/Apr/2026:07:18:50 -0700] "GET /uncategorized/europa-spielsaal-praxis-europa-casino-party-games-slotto-1-kaution-vorschlag-and-auszahlung/ HTTP/1.1" 200 31653 "-" "Mozilla/5.0 (compatible; SemrushBot/7~bl; +http://www.semrush.com/bot.html)" 840 **0/840048**
51.222.95.162 - - [14/Apr/2026:07:19:02 -0700] "GET /tag/starcasino-app/ HTTP/1.1" 200 41684 "-" "Mozilla/5.0 (compatible; AhrefsBot/7.0; +http://ahrefs.com/robot/)" 1178 **1/1178362**
66.249.73.5 - - [14/Apr/2026:07:19:08 -0700] "GET /?w=363704756 HTTP/1.1" 404 11349 "-" "Mozilla/5.0 (Linux; Android 6.0.1; Nexus 5X Build/MMB29P) AppleWebKit/537.36 (KHTML, like Gecko) Chrome/146.0.7680.177 Mobile Safari/537.36 (compatible; Googlebot/2.1; +http://www.google.com/bot.html)" 357 **0/357072**
185.153.197.91 - - [14/Apr/2026:07:19:22 -0700] "POST /xmlrpc.php HTTP/1.1" 200 180 "-" "Mozilla/5.0 (Windows NT 10.0; Win64; x64) AppleWebKit/537.36 (KHTML, like Gecko) Chrome/114.0.0.0 Safari/537.36" 978 **0/978325**
208.109.41.231 - - [14/Apr/2026:07:19:23 -0700] "POST /wp-cron.php?doing_wp_cron=1776176363.8085360527038574218750 HTTP/1.1" 200 - "-" "WordPress/6.3.8; http://fuentesanza.es" 60 **0/60086**
85.208.96.197 - - [14/Apr/2026:07:19:23 -0700] "GET /uncategorized/free-random-video-chat-omegle-alternative/ HTTP/1.1" 200 72069 "-" "Mozilla/5.0 (compatible; SemrushBot/7~bl; +http://www.semrush.com/bot.html)" 840 **0/840550**
66.249.73.4 - - [14/Apr/2026:07:19:28 -0700] "GET /?f=7114121738 HTTP/1.1" 200 50389 "-" "Mozilla/5.0 (Linux; Android 6.0.1; Nexus 5X Build/MMB29P) AppleWebKit/537.36 (KHTML, like Gecko) Chrome/146.0.7680.177 Mobile Safari/537.36 (compatible; Googlebot/2.1; +http://www.google.com/bot.html)" 629 **0/629104**
185.153.197.91 - - [14/Apr/2026:07:19:29 -0700] "POST /xmlrpc.php HTTP/1.1" 200 9205 "-" "Mozilla/5.0 (Windows NT 10.0; Win64; x64) AppleWebKit/537.36 (KHTML, like Gecko) Chrome/114.0.0.0 Safari/537.36" 922 **0/922084**
85.208.96.205 - - [14/Apr/2026:07:19:29 -0700] "GET /lampions-bet-553/lampionsbet-entrar-987/ HTTP/1.1" 200 33252 "-" "Mozilla/5.0 (compatible; SemrushBot/7~bl; +http://www.semrush.com/bot.html)" 991 **0/991873**
185.153.197.91 - - [14/Apr/2026:07:19:31 -0700] "GET /uncategorized/wenn-sie-gar-keine-unklarheiten-aufgebraucht-fruhen-runden-verfehlen-mochten-gebrauchen-sie-diesseitigen-opt-in-taster/ HTTP/1.1" 200 155948 "-" "Mozilla/5.0 (Windows NT 10.0; Win64; x64) AppleWebKit/537.36 (KHTML, like Gecko) Chrome/123.0.0.0 Safari/537.36" 1273 **1/1273797**
85.208.96.210 - - [14/Apr/2026:07:19:32 -0700] "GET /uncategorized/merry-xmas-trial-position-from-the-betconstruct-free-enjoy-and-comment/ HTTP/1.1" 200 30290 "-" "Mozilla/5.0 (compatible; SemrushBot/7~bl; +http://www.semrush.com/bot.html)" 1601 **1/1601192**
66.249.73.4 - - [14/Apr/2026:07:19:37 -0700] "GET /?w=36370138605 HTTP/1.1" 404 11349 "-" "Mozilla/5.0 (Linux; Android 6.0.1; Nexus 5X Build/MMB29P) AppleWebKit/537.36 (KHTML, like Gecko) Chrome/146.0.7680.177 Mobile Safari/537.36 (compatible; Googlebot/2.1; +http://www.google.com/bot.html)" 347 **0/347405**
85.208.96.206 - - [14/Apr/2026:07:19:39 -0700] "GET /1win-bet-316/1win-online-851/ HTTP/1.1" 200 33655 "-" "Mozilla/5.0 (compatible; SemrushBot/7~bl; +http://www.semrush.com/bot.html)" 662 **0/662705**
66.249.73.4 - - [14/Apr/2026:07:19:37 -0700] "GET /?s=1010661748 HTTP/1.1" 200 24312 "-" "Mozilla/5.0 (Linux; Android 6.0.1; Nexus 5X Build/MMB29P) AppleWebKit/537.36 (KHTML, like Gecko) Chrome/146.0.7680.177 Mobile Safari/537.36 (compatible; Googlebot/2.1; +http://www.google.com/bot.html)" 4193 **4/4193275**
114.119.136.150 - - [14/Apr/2026:07:19:51 -0700] "GET /uncategorized/verbunden-kasino-pramie-2026-dein-100-legaler-slots-pramie/ HTTP/1.1" 200 31661 "http://fuentesanza.es/uncategorized/kasino-pramie-blos-einzahlung-2026-fix-neoterisch/" "Mozilla/5.0 (Linux; Android 7.0;) AppleWebKit/537.36 (KHTML, like Gecko) Mobile Safari/537.36 (compatible; PetalBot;+https://webmaster.petalsearch.com/site/petalbot)" 378 **0/378742**
66.249.73.4 - - [14/Apr/2026:07:19:52 -0700] "GET /?c=8416438290 HTTP/1.1" 200 50390 "-" "Mozilla/5.0 (Linux; Android 6.0.1; Nexus 5X Build/MMB29P) AppleWebKit/537.36 (KHTML, like Gecko) Chrome/146.0.7680.177 Mobile Safari/537.36 (compatible; Googlebot/2.1; +http://www.google.com/bot.html)" 447 **0/447405**
66.249.73.4 - - [14/Apr/2026:07:19:53 -0700] "GET /?m=31108103107 HTTP/1.1" 404 11349 "-" "Mozilla/5.0 (Linux; Android 6.0.1; Nexus 5X Build/MMB29P) AppleWebKit/537.36 (KHTML, like Gecko) Chrome/146.0.7680.177 Mobile Safari/537.36 (compatible; Googlebot/2.1; +http://www.google.com/bot.html)" 334 **0/334522**
66.249.73.4 - - [14/Apr/2026:07:20:06 -0700] "GET /uncategorized/hockey-magazine-nieuws-headlines-het-laatste-hockey-magazine-nieuws-verzameld-rss-twitter-forum-nieuwsbrief/ HTTP/1.1" 200 26822 "-" "Mozilla/5.0 (Linux; Android 6.0.1; Nexus 5X Build/MMB29P) AppleWebKit/537.36 (KHTML, like Gecko) Chrome/146.0.7680.177 Mobile Safari/537.36 (compatible; Googlebot/2.1; +http://www.google.com/bot.html)" 1847 **1/1847178**
66.249.73.6 - - [14/Apr/2026:07:20:07 -0700] "GET /uncategorized/brussel-op-een-nieuwe-frequentie/ HTTP/1.1" 200 28360 "-" "Mozilla/5.0 (Linux; Android 6.0.1; Nexus 5X Build/MMB29P) AppleWebKit/537.36 (KHTML, like Gecko) Chrome/146.0.7680.177 Mobile Safari/537.36 (compatible; Googlebot/2.1; +http://www.google.com/bot.html)" 1317 **1/1317944**
85.208.96.206 - - [14/Apr/2026:07:20:06 -0700] "GET /category/1vin-575/ HTTP/1.1" 200 39423 "-" "Mozilla/5.0 (compatible; SemrushBot/7~bl; +http://www.semrush.com/bot.html)" 2483 **2/2483726**
66.249.73.6 - - [14/Apr/2026:07:20:08 -0700] "GET /uncategorized/cashwin-casino-met-1500-bonus-50-spins-grote-selectie/ HTTP/1.1" 200 27205 "-" "Mozilla/5.0 (Linux; Android 6.0.1; Nexus 5X Build/MMB29P) AppleWebKit/537.36 (KHTML, like Gecko) Chrome/146.0.7680.177 Mobile Safari/537.36 (compatible; Googlebot/2.1; +http://www.google.com/bot.html)" 1336 **1/1336165**
66.249.73.4 - - [14/Apr/2026:07:20:09 -0700] "GET /uncategorized/uitbetaling-bij-casinia-casino-ontdek-hoe-je-online-casino-spelen-in-belgie-geld-terug-krijgt/ HTTP/1.1" 200 27183 "-" "Mozilla/5.0 (Linux; Android 6.0.1; Nexus 5X Build/MMB29P) AppleWebKit/537.36 (KHTML, like Gecko) Chrome/146.0.7680.177 Mobile Safari/537.36 (compatible; Googlebot/2.1; +http://www.google.com/bot.html)" 1337 **1/1337828**
66.249.73.4 - - [14/Apr/2026:07:20:10 -0700] "GET /uncategorized/scompiglio-escludendo-autenticazione-miglior-insieme-dei-scompiglio-in-assenza-di-certificazione/ HTTP/1.1" 200 28411 "-" "Mozilla/5.0 (Linux; Android 6.0.1; Nexus 5X Build/MMB29P) AppleWebKit/537.36 (KHTML, like Gecko) Chrome/146.0.7680.177 Mobile Safari/537.36 (compatible; Googlebot/2.1; +http://www.google.com/bot.html)" 834 **0/834916**
185.191.171.14 - - [14/Apr/2026:07:20:20 -0700] "GET /uncategorized/unlocking-the-secrets-to-winning-at-casino-games-a-comprehensive-guide/ HTTP/1.1" 200 29185 "-" "Mozilla/5.0 (compatible; SemrushBot/7~bl; +http://www.semrush.com/bot.html)" 739 **0/739296**
85.208.96.211 - - [14/Apr/2026:07:20:23 -0700] "GET /uncategorized/flappy-casino-pramie-as-part-of-deutschland-sofortiger-zugang-nach-slots-live-kasino-viel-mehr/ HTTP/1.1" 200 32645 "-" "Mozilla/5.0 (compatible; SemrushBot/7~bl; +http://www.semrush.com/bot.html)" 758 **0/758899**
185.153.197.91 - - [14/Apr/2026:07:20:36 -0700] "POST /xmlrpc.php HTTP/1.1" 200 180 "-" "Mozilla/5.0 (Windows NT 10.0; Win64; x64) AppleWebKit/537.36 (KHTML, like Gecko) Chrome/114.0.0.0 Safari/537.36" 950 **0/950574**
208.109.41.231 - - [14/Apr/2026:07:20:37 -0700] "POST /wp-cron.php?doing_wp_cron=1776176437.5683801174163818359375 HTTP/1.1" 200 - "-" "WordPress/6.3.8; http://fuentesanza.es" 126 **0/126994**
185.191.171.2 - - [14/Apr/2026:07:20:37 -0700] "GET /uncategorized/mobilautomaten-norge-ingen-innskuddsbonuskoder-casino-cruise-2023-casino-bonus-freespins/ HTTP/1.1" 200 30163 "-" "Mozilla/5.0 (compatible; SemrushBot/7~bl; +http://www.semrush.com/bot.html)" 931 **0/931585**
142.44.233.232 - - [14/Apr/2026:07:20:40 -0700] "GET /uncategorized/this-means-if-youve-already-starred-during-the-one-altering-across-the-feels-very-smooth-users-apparently-report-the-new-software-freezing-or-crashing-while-in-the-higher-stakes-minutes-like-the/ HTTP/1.1" 200 28167 "-" "Mozilla/5.0 (compatible; AhrefsBot/7.0; +http://ahrefs.com/robot/)" 494 **0/494954**
85.208.96.211 - - [14/Apr/2026:07:20:40 -0700] "GET /author/admlnlx/page/5/ HTTP/1.1" 200 31166 "-" "Mozilla/5.0 (compatible; SemrushBot/7~bl; +http://www.semrush.com/bot.html)" 754 **0/754457**
185.153.197.91 - - [14/Apr/2026:07:20:43 -0700] "POST /xmlrpc.php HTTP/1.1" 200 11549 "-" "Mozilla/5.0 (Windows NT 10.0; Win64; x64) AppleWebKit/537.36 (KHTML, like Gecko) Chrome/114.0.0.0 Safari/537.36" 380 **0/380520**
185.153.197.91 - - [14/Apr/2026:07:20:45 -0700] "GET /uncategorized/inside-diesem-prinzip-vorzeigen-unsereiner-ihnen-entsprechend-welche-bitcoin-plattformen-bewerten-bei-eulersche-konstante-commerce-internet-site-bis-zu-krypto-glucksspielplattformen/ HTTP/1.1" 200 158634 "-" "Mozilla/5.0 (Windows NT 10.0; Win64; x64) AppleWebKit/537.36 (KHTML, like Gecko) Chrome/124.0.0.0 Safari/537.36 Edg/124.0.0.0" 608 **0/608563**
185.191.171.12 - - [14/Apr/2026:07:20:47 -0700] "GET /category/pinup-giris-118/ HTTP/1.1" 200 37682 "-" "Mozilla/5.0 (compatible; SemrushBot/7~bl; +http://www.semrush.com/bot.html)" 579 **0/579469**
216.244.66.241 - - [14/Apr/2026:07:20:55 -0700] "GET /category/rhino-bet-review-25/ HTTP/1.1" 200 199307 "-" "Mozilla/5.0 (compatible; DotBot/1.2; +https://opensiteexplorer.org/dotbot; help@moz.com)" 859 **0/859126**
66.249.73.5 - - [14/Apr/2026:07:21:16 -0700] "GET /?i=209124932 HTTP/1.1" 200 51250 "-" "Mozilla/5.0 (Linux; Android 6.0.1; Nexus 5X Build/MMB29P) AppleWebKit/537.36 (KHTML, like Gecko) Chrome/146.0.7680.177 Mobile Safari/537.36 (compatible; Googlebot/2.1; +http://www.google.com/bot.html)" 599 **0/599964**
85.208.96.200 - - [14/Apr/2026:07:21:19 -0700] "GET /uncategorized/usa-sex-guide-relaunches-after-closing-down-due-to-fosta-tim-stauffer/ HTTP/1.1" 200 33427 "-" "Mozilla/5.0 (compatible; SemrushBot/7~bl; +http://www.semrush.com/bot.html)" 494 **0/494327**
185.153.197.91 - - [14/Apr/2026:07:21:39 -0700] "POST /xmlrpc.php HTTP/1.1" 200 180 "-" "Mozilla/5.0 (Windows NT 10.0; Win64; x64) AppleWebKit/537.36 (KHTML, like Gecko) Chrome/114.0.0.0 Safari/537.36" 574 **0/574994**
208.109.41.231 - - [14/Apr/2026:07:21:46 -0700] "POST /wp-cron.php?doing_wp_cron=1776176506.5530030727386474609375 HTTP/1.1" 200 - "-" "WordPress/6.3.8; http://fuentesanza.es" 40 **0/40120**
185.153.197.91 - - [14/Apr/2026:07:21:46 -0700] "POST /xmlrpc.php HTTP/1.1" 200 9636 "-" "Mozilla/5.0 (Windows NT 10.0; Win64; x64) AppleWebKit/537.36 (KHTML, like Gecko) Chrome/114.0.0.0 Safari/537.36" 532 **0/532453**
85.208.96.203 - - [14/Apr/2026:07:21:48 -0700] "GET /uncategorized/fanduel-szerencsejatek-vallalati-promocios-kod-szerezz-500-osztonzo-porgetest-robocat-40-dollaros-kaszino-bonuszt/ HTTP/1.1" 200 31399 "-" "Mozilla/5.0 (compatible; SemrushBot/7~bl; +http://www.semrush.com/bot.html)" 508 **0/508761**
85.208.96.195 - - [14/Apr/2026:07:21:51 -0700] "GET /uncategorized/100-gratisspinn-uten-hitnspin-app-offisiell-gave-2026-hent-egne-100-gratisspinn-i-dette-oyeblikk/ HTTP/1.1" 200 30044 "-" "Mozilla/5.0 (compatible; SemrushBot/7~bl; +http://www.semrush.com/bot.html)" 299 **0/299828**
185.153.197.91 - - [14/Apr/2026:07:21:52 -0700] "GET /uncategorized/dies-existiert-zudem-hunderte-anderer-ernahrer-ne-atemberaubende-bevorzugung-angeschaltet-casinospielen-zum-testen-anbieten/ HTTP/1.1" 200 156871 "-" "Mozilla/5.0 (Windows NT 10.0; Win64; x64; rv:125.0) Gecko/20100101 Firefox/125.0" 333 **0/333886**
85.208.96.198 - - [14/Apr/2026:07:21:52 -0700] "GET /uncategorized/how-to-maximize-free-spins-perks/ HTTP/1.1" 200 30760 "-" "Mozilla/5.0 (compatible; SemrushBot/7~bl; +http://www.semrush.com/bot.html)" 295 **0/295485**
193.194.106.44 - - [14/Apr/2026:07:21:56 -0700] "GET /robots.txt HTTP/1.1" 200 105 "-" "Mozilla/5.0 (Linux; Android 6.0.1; Nexus 5X Build/MMB29P) AppleWebKit/537.36 (KHTML, like Gecko) Chrome/139.0.7258.156 Mobile Safari/537.36 (compatible; Googlebot/2.1; +http://www.google.com/bot.html)" 23 **0/23827**
193.194.106.44 - - [14/Apr/2026:07:21:57 -0700] "GET /uncategorized/meilleurs-casinos-en-ligne-en-france-2026-comparatif-avis-des-sites-fiables/ HTTP/1.1" 200 30170 "-" "Mozilla/5.0 (Linux; Android 6.0.1; Nexus 5X Build/MMB29P) AppleWebKit/537.36 (KHTML, like Gecko) Chrome/139.0.7258.156 Mobile Safari/537.36 (compatible; Googlebot/2.1; +http://www.google.com/bot.html)" 393 **0/393885**
85.208.96.194 - - [14/Apr/2026:07:21:57 -0700] "GET /uncategorized/nordicbet-sovellus-monipuolinen-ja-turvallinen-pelikokemus-suomalaisille-pelaajille/ HTTP/1.1" 200 29389 "-" "Mozilla/5.0 (compatible; SemrushBot/7~bl; +http://www.semrush.com/bot.html)" 399 **0/399285**
85.208.96.210 - - [14/Apr/2026:07:22:02 -0700] "GET /gambling/gain-a-sure-advantage-unveiling-the-future-of-fair-casino-gambling/ HTTP/1.1" 200 29572 "-" "Mozilla/5.0 (compatible; SemrushBot/7~bl; +http://www.semrush.com/bot.html)" 614 **0/614483**
185.191.171.10 - - [14/Apr/2026:07:22:14 -0700] "GET /uncategorized/kasino-freispiele-ohne-einzahlung-auf-anhieb-erhaltlich-2026/ HTTP/1.1" 200 31319 "-" "Mozilla/5.0 (compatible; SemrushBot/7~bl; +http://www.semrush.com/bot.html)" 389 **0/389012**
51.161.65.153 - - [14/Apr/2026:07:22:15 -0700] "GET /uncategorized/safari-position-review-2026-spartacus-online-slot-free-spins-free-enjoy-demo/ HTTP/1.1" 200 28305 "-" "Mozilla/5.0 (compatible; AhrefsBot/7.0; +http://ahrefs.com/robot/)" 413 **0/413453**
185.153.197.91 - - [14/Apr/2026:07:22:50 -0700] "POST /xmlrpc.php HTTP/1.1" 200 180 "-" "Mozilla/5.0 (Windows NT 10.0; Win64; x64) AppleWebKit/537.36 (KHTML, like Gecko) Chrome/114.0.0.0 Safari/537.36" 578 **0/578196**
208.109.41.231 - - [14/Apr/2026:07:22:57 -0700] "POST /wp-cron.php?doing_wp_cron=1776176577.5415050983428955078125 HTTP/1.1" 200 - "-" "WordPress/6.3.8; http://fuentesanza.es" 26 **0/26065**
185.153.197.91 - - [14/Apr/2026:07:22:57 -0700] "POST /xmlrpc.php HTTP/1.1" 200 10503 "-" "Mozilla/5.0 (Windows NT 10.0; Win64; x64) AppleWebKit/537.36 (KHTML, like Gecko) Chrome/114.0.0.0 Safari/537.36" 453 **0/453721**
185.191.171.16 - - [14/Apr/2026:07:23:01 -0700] "GET /uncategorized/funky-fresh-fruit-frenzy-position-review-claim-the-racy-wins/ HTTP/1.1" 200 31826 "-" "Mozilla/5.0 (compatible; SemrushBot/7~bl; +http://www.semrush.com/bot.html)" 747 **0/747641**
185.153.197.91 - - [14/Apr/2026:07:23:02 -0700] "GET /uncategorized/fadenscheinig-ist-und-bleibt-roulette-jeden-tag-nebst-und-zeitmesser-ein-mindesteinsatz-liegt-as-part-of-beiden-weiters-funf-euro/ HTTP/1.1" 200 157570 "-" "Mozilla/5.0 (Windows NT 10.0; Win64; x64) AppleWebKit/537.36 (KHTML, like Gecko) Chrome/124.0.0.0 Safari/537.36 Edg/124.0.0.0" 614 **0/614149**
35.187.134.3 - - [14/Apr/2026:07:23:26 -0700] "GET /uncategorized/%D0%B8%D0%B4%D0%B5%D0%B0%D0%BB%D1%8C%D0%BD%D1%8B%D0%B5-%D0%B8%D0%B3%D1%80%D0%BE%D0%B2%D1%8B%D0%B5-%D0%B7%D0%B0%D0%B2%D0%B5%D0%B4%D0%B5%D0%BD%D0%B8%D1%8F-%D0%BA%D0%BE%D1%82%D0%BE%D1%80%D1%8B%D0%B5/ HTTP/1.1" 200 29012 "-" "Mozilla/5.0 (compatible; Google-Apps-Script; beanserver; +https://script.google.com; id: UAEmdDd9xsnqR0U8PwCmAzNN8LImSykEA2g)" 413 **0/413346**
85.208.96.195 - - [14/Apr/2026:07:23:27 -0700] "GET /public/les-jeux-de-hasard-et-leur-impact-sur-les/ HTTP/1.1" 200 30000 "-" "Mozilla/5.0 (compatible; SemrushBot/7~bl; +http://www.semrush.com/bot.html)" 674 **0/674384**
185.191.171.16 - - [14/Apr/2026:07:23:30 -0700] "GET /uncategorized/unlocking-the-secrets-of-winning-strategies-in-casinos/ HTTP/1.1" 200 29574 "-" "Mozilla/5.0 (compatible; SemrushBot/7~bl; +http://www.semrush.com/bot.html)" 331 **0/331332**
216.244.66.241 - - [14/Apr/2026:07:23:36 -0700] "GET /category/what-to-name-your-ai-2/ HTTP/1.1" 200 243545 "-" "Mozilla/5.0 (compatible; DotBot/1.2; +https://opensiteexplorer.org/dotbot; help@moz.com)" 631 **0/631185**
15.235.27.239 - - [14/Apr/2026:07:23:44 -0700] "GET /pin-up-591/pinup-726/ HTTP/1.1" 200 29125 "-" "Mozilla/5.0 (compatible; AhrefsBot/7.0; +http://ahrefs.com/robot/)" 881 **0/881084**
85.208.96.205 - - [14/Apr/2026:07:23:47 -0700] "GET /uncategorized/casinos-online-giros-gratis-en-blood-suckers-uruguay-2026-excelentes-casinos-sobre-uruguay/ HTTP/1.1" 200 31898 "-" "Mozilla/5.0 (compatible; SemrushBot/7~bl; +http://www.semrush.com/bot.html)" 604 **0/604250**
185.153.197.91 - - [14/Apr/2026:07:24:08 -0700] "POST /xmlrpc.php HTTP/1.1" 200 180 "-" "Mozilla/5.0 (Windows NT 10.0; Win64; x64) AppleWebKit/537.36 (KHTML, like Gecko) Chrome/114.0.0.0 Safari/537.36" 820 **0/820625**
208.109.41.231 - - [14/Apr/2026:07:24:13 -0700] "POST /wp-cron.php?doing_wp_cron=1776176653.6330111026763916015625 HTTP/1.1" 200 - "-" "WordPress/6.3.8; http://fuentesanza.es" 25 **0/25489**
114.119.136.150 - - [14/Apr/2026:07:24:13 -0700] "GET /uncategorized/totally-free-spins-bonuses-2025-earn-real-money-during-the-red-dog-gambling-enterprise/ HTTP/1.1" 200 30766 "http://fuentesanza.es/uncategorized/fantasy-harbors-casino-pass-away-besten-fantasy-ports-mit-magischen-gewinnchancen-enns/" "Mozilla/5.0 (Linux; Android 7.0;) AppleWebKit/537.36 (KHTML, like Gecko) Mobile Safari/537.36 (compatible; PetalBot;+https://webmaster.petalsearch.com/site/petalbot)" 875 **0/875280**
185.191.171.11 - - [14/Apr/2026:07:24:14 -0700] "GET /category/most-bet-821/ HTTP/1.1" 200 39847 "-" "Mozilla/5.0 (compatible; SemrushBot/7~bl; +http://www.semrush.com/bot.html)" 590 **0/590962**
185.153.197.91 - - [14/Apr/2026:07:24:15 -0700] "POST /xmlrpc.php HTTP/1.1" 200 9660 "-" "Mozilla/5.0 (Windows NT 10.0; Win64; x64) AppleWebKit/537.36 (KHTML, like Gecko) Chrome/114.0.0.0 Safari/537.36" 451 **0/451797**
185.153.197.91 - - [14/Apr/2026:07:24:19 -0700] "GET /uncategorized/das-ist-und-bleibt-oft-die-geschicktes-nutzen-einer-gegebenen-lage-damit-gamer-deren-auszahlung-kundigen-oder-weiterspielen/ HTTP/1.1" 200 157035 "-" "Mozilla/5.0 (Windows NT 10.0; Win64; x64) AppleWebKit/537.36 (KHTML, like Gecko) Chrome/124.0.0.0 Safari/537.36" 390 **0/390494**
185.191.171.9 - - [14/Apr/2026:07:24:25 -0700] "GET /pin-up-india-258/pinup-casino-25/ HTTP/1.1" 200 33752 "-" "Mozilla/5.0 (compatible; SemrushBot/7~bl; +http://www.semrush.com/bot.html)" 674 **0/674865**
85.208.96.194 - - [14/Apr/2026:07:24:36 -0700] "GET /1-win-app-865/1-win-login-230/ HTTP/1.1" 200 33828 "-" "Mozilla/5.0 (compatible; SemrushBot/7~bl; +http://www.semrush.com/bot.html)" 680 **0/680945**
185.191.171.13 - - [14/Apr/2026:07:24:38 -0700] "GET /uncategorized/padariet-immerion-casino-bonusa-konts-dzekpotu-270-100-000-monetu-vertiba/ HTTP/1.1" 200 30775 "-" "Mozilla/5.0 (compatible; SemrushBot/7~bl; +http://www.semrush.com/bot.html)" 687 **0/687728**
85.208.96.211 - - [14/Apr/2026:07:24:49 -0700] "GET /uncategorized/juegos-sobre-tragamonedas-sin-cargo-participar-bonanza-giros-sin-ranura-ahora-de-balde-online/ HTTP/1.1" 200 31865 "-" "Mozilla/5.0 (compatible; SemrushBot/7~bl; +http://www.semrush.com/bot.html)" 601 **0/601628**
85.208.96.193 - - [14/Apr/2026:07:24:51 -0700] "GET /uncategorized/todays-selection-xnxx-com/ HTTP/1.1" 200 27884 "-" "Mozilla/5.0 (compatible; SemrushBot/7~bl; +http://www.semrush.com/bot.html)" 336 **0/336567**
148.113.130.100 - - [14/Apr/2026:07:25:10 -0700] "GET /vavada-kasyno-862/vavada-casino-74/ HTTP/1.1" 200 29960 "-" "Mozilla/5.0 (compatible; AhrefsBot/7.0; +http://ahrefs.com/robot/)" 817 **0/817992**
85.208.96.200 - - [14/Apr/2026:07:25:20 -0700] "GET /uncategorized/online-game-advice-emerald-diamond-casino-slot-choy-sun-doa-aristocrat-borgata-online/ HTTP/1.1" 200 31170 "-" "Mozilla/5.0 (compatible; SemrushBot/7~bl; +http://www.semrush.com/bot.html)" 682 **0/682099**
185.153.197.91 - - [14/Apr/2026:07:25:23 -0700] "POST /xmlrpc.php HTTP/1.1" 200 180 "-" "Mozilla/5.0 (Windows NT 10.0; Win64; x64) AppleWebKit/537.36 (KHTML, like Gecko) Chrome/114.0.0.0 Safari/537.36" 831 **0/831643**
193.194.106.44 - - [14/Apr/2026:07:25:39 -0700] "GET /robots.txt HTTP/1.1" 200 105 "-" "Mozilla/5.0 (Linux; Android 6.0.1; Nexus 5X Build/MMB29P) AppleWebKit/537.36 (KHTML, like Gecko) Chrome/139.0.7258.156 Mobile Safari/537.36 (compatible; Googlebot/2.1; +http://www.google.com/bot.html)" 74 **0/74942**
208.109.41.231 - - [14/Apr/2026:07:25:42 -0700] "POST /wp-cron.php?doing_wp_cron=1776176742.2697119712829589843750 HTTP/1.1" 200 - "-" "WordPress/6.3.8; http://fuentesanza.es" 330 **0/330982**
208.109.41.231 - - [14/Apr/2026:07:25:42 -0700] "POST /wp-cron.php?doing_wp_cron=1776176742.3032369613647460937500 HTTP/1.1" 200 - "-" "WordPress/6.3.8; http://fuentesanza.es" 504 **0/504595**
185.153.197.91 - - [14/Apr/2026:07:25:37 -0700] "POST /xmlrpc.php HTTP/1.1" 200 10355 "-" "Mozilla/5.0 (Windows NT 10.0; Win64; x64) AppleWebKit/537.36 (KHTML, like Gecko) Chrome/114.0.0.0 Safari/537.36" 6653 **6/6653113**
66.249.73.5 - - [14/Apr/2026:07:25:41 -0700] "GET /?i=20912225655 HTTP/1.1" 200 49715 "-" "Mozilla/5.0 (Linux; Android 6.0.1; Nexus 5X Build/MMB29P) AppleWebKit/537.36 (KHTML, like Gecko) Chrome/146.0.7680.177 Mobile Safari/537.36 (compatible; Googlebot/2.1; +http://www.google.com/bot.html)" 2786 **2/2786421**
193.194.106.44 - - [14/Apr/2026:07:25:40 -0700] "GET /uncategorized/machines-sous-en-ligne-gratuites/ HTTP/1.1" 200 30865 "-" "Mozilla/5.0 (Linux; Android 6.0.1; Nexus 5X Build/MMB29P) AppleWebKit/537.36 (KHTML, like Gecko) Chrome/139.0.7258.156 Mobile Safari/537.36 (compatible; Googlebot/2.1; +http://www.google.com/bot.html)" 4147 **4/4147386**
47.128.25.27 - - [14/Apr/2026:07:25:42 -0700] "GET /tag/1win-in/ HTTP/1.1" 403 286237 "-" "Mozilla/5.0 (Linux; Android 5.0) AppleWebKit/537.36 (KHTML, like Gecko) Mobile Safari/537.36 (compatible; Bytespider; spider-feedback@bytedance.com)" 1631 **1/1631871**
85.208.96.204 - - [14/Apr/2026:07:25:45 -0700] "GET /uncategorized/whats-the-current-nv-casino-moonspin-gambling-establishment-promo-password/ HTTP/1.1" 200 30126 "-" "Mozilla/5.0 (compatible; SemrushBot/7~bl; +http://www.semrush.com/bot.html)" 640 **0/640271**
185.153.197.91 - - [14/Apr/2026:07:25:46 -0700] "GET /uncategorized/tagesgestirn-spielsalon-ist-die-innovative-angeschlossen-spielholle-unter-zuhilfenahme-von-herumtoben-spielangeboten-ferner-aktionen/ HTTP/1.1" 200 157508 "-" "Mozilla/5.0 (Windows NT 10.0; Win64; x64) AppleWebKit/537.36 (KHTML, like Gecko) Chrome/124.0.0.0 Safari/537.36" 481 **0/481270**
47.128.25.27 - - [14/Apr/2026:07:25:49 -0700] "GET /wp-includes/css/dist/block-library/style.min.css?ver=6.3.8 HTTP/1.1" 404 50331 "http://fuentesanza.es/tag/1win-in/" "Mozilla/5.0 (Linux; Android 5.0) AppleWebKit/537.36 (KHTML, like Gecko) Mobile Safari/537.36 (compatible; Bytespider; spider-feedback@bytedance.com)" 345 **0/345193**
47.128.25.27 - - [14/Apr/2026:07:25:50 -0700] "GET /wp-content/themes/twentytwelve/fonts/font-open-sans.css?ver=20230328 HTTP/1.1" 404 50331 "http://fuentesanza.es/tag/1win-in/" "Mozilla/5.0 (Linux; Android 5.0) AppleWebKit/537.36 (KHTML, like Gecko) Mobile Safari/537.36 (compatible; Bytespider; spider-feedback@bytedance.com)" 492 **0/492283**
47.128.25.27 - - [14/Apr/2026:07:25:50 -0700] "GET /wp-content/themes/twentytwelve/css/blocks.css?ver=20230213 HTTP/1.1" 404 50331 "http://fuentesanza.es/tag/1win-in/" "Mozilla/5.0 (Linux; Android 5.0) AppleWebKit/537.36 (KHTML, like Gecko) Mobile Safari/537.36 (compatible; Bytespider; spider-feedback@bytedance.com)" 570 **0/570473**
47.128.25.27 - - [14/Apr/2026:07:25:50 -0700] "GET /wp-content/themes/twentytwelve/style.css?ver=20230808 HTTP/1.1" 404 50331 "http://fuentesanza.es/tag/1win-in/" "Mozilla/5.0 (Linux; Android 5.0) AppleWebKit/537.36 (KHTML, like Gecko) Mobile Safari/537.36 (compatible; Bytespider; spider-feedback@bytedance.com)" 597 **0/597348**
185.191.171.7 - - [14/Apr/2026:07:25:54 -0700] "GET /1win-bet-596/1win-login-183/ HTTP/1.1" 200 34442 "-" "Mozilla/5.0 (compatible; SemrushBot/7~bl; +http://www.semrush.com/bot.html)" 695 **0/695658**
185.191.171.15 - - [14/Apr/2026:07:25:57 -0700] "GET /uncategorized/verbunden-casino-beste-online-spielautomaten-bonus-ohne-einzahlung-2026-auf-anhieb-and-innovativ/ HTTP/1.1" 200 31537 "-" "Mozilla/5.0 (compatible; SemrushBot/7~bl; +http://www.semrush.com/bot.html)" 719 **0/719002**
66.249.73.4 - - [14/Apr/2026:07:26:01 -0700] "GET /?x=3283582347 HTTP/1.1" 200 49715 "-" "Mozilla/5.0 (Linux; Android 6.0.1; Nexus 5X Build/MMB29P) AppleWebKit/537.36 (KHTML, like Gecko) Chrome/146.0.7680.177 Mobile Safari/537.36 (compatible; Googlebot/2.1; +http://www.google.com/bot.html)" 801 **0/801484**
85.208.96.204 - - [14/Apr/2026:07:26:02 -0700] "GET /eurobet-live-495/eurobet-scommesse-app-470/ HTTP/1.1" 200 33384 "-" "Mozilla/5.0 (compatible; SemrushBot/7~bl; +http://www.semrush.com/bot.html)" 921 **0/921998**
185.191.171.5 - - [14/Apr/2026:07:26:14 -0700] "GET /uncategorized/eye-of-horus-brd-erreiche-guthaben/ HTTP/1.1" 200 32010 "-" "Mozilla/5.0 (compatible; SemrushBot/7~bl; +http://www.semrush.com/bot.html)" 589 **0/589899**
185.191.171.9 - - [14/Apr/2026:07:26:16 -0700] "GET /uncategorized/5-put-casinos-play-smart-rather-than-breaking-the-bank/ HTTP/1.1" 200 31458 "-" "Mozilla/5.0 (compatible; SemrushBot/7~bl; +http://www.semrush.com/bot.html)" 627 **0/627000**
51.161.65.226 - - [14/Apr/2026:07:26:17 -0700] "GET /mostbet-bono-sin-deposito-352/mostbet-casino-no-deposit-bonus-814/ HTTP/1.1" 200 31017 "-" "Mozilla/5.0 (compatible; AhrefsBot/7.0; +http://ahrefs.com/robot/)" 550 **0/550362**
185.153.197.91 - - [14/Apr/2026:07:26:42 -0700] "POST /xmlrpc.php HTTP/1.1" 200 180 "-" "Mozilla/5.0 (Windows NT 10.0; Win64; x64) AppleWebKit/537.36 (KHTML, like Gecko) Chrome/114.0.0.0 Safari/537.36" 568 **0/568412**
208.109.41.231 - - [14/Apr/2026:07:26:49 -0700] "POST /wp-cron.php?doing_wp_cron=1776176809.9209918975830078125000 HTTP/1.1" 200 - "-" "WordPress/6.3.8; http://fuentesanza.es" 33 **0/33496**
66.249.73.5 - - [14/Apr/2026:07:26:49 -0700] "GET /?c=84164103940 HTTP/1.1" 200 49653 "-" "Mozilla/5.0 (Linux; Android 6.0.1; Nexus 5X Build/MMB29P) AppleWebKit/537.36 (KHTML, like Gecko) Chrome/146.0.7680.177 Mobile Safari/537.36 (compatible; Googlebot/2.1; +http://www.google.com/bot.html)" 616 **0/616168**
185.153.197.91 - - [14/Apr/2026:07:26:50 -0700] "POST /xmlrpc.php HTTP/1.1" 200 9740 "-" "Mozilla/5.0 (Windows NT 10.0; Win64; x64) AppleWebKit/537.36 (KHTML, like Gecko) Chrome/114.0.0.0 Safari/537.36" 675 **0/675227**
185.153.197.91 - - [14/Apr/2026:07:26:52 -0700] "GET /uncategorized/site-ubersicht-lex-kasino-one-hundred-thousand-spins-blo-einzahlung-im-jahr-2025/ HTTP/1.1" 200 156540 "-" "Mozilla/5.0 (Windows NT 10.0; Win64; x64) AppleWebKit/537.36 (KHTML, like Gecko) Chrome/124.0.0.0 Safari/537.36 Edg/124.0.0.0" 525 **0/525707**
66.249.73.4 - - [14/Apr/2026:07:26:50 -0700] "GET /?s=1010661736 HTTP/1.1" 200 24421 "-" "Mozilla/5.0 (Linux; Android 6.0.1; Nexus 5X Build/MMB29P) AppleWebKit/537.36 (KHTML, like Gecko) Chrome/146.0.7680.177 Mobile Safari/537.36 (compatible; Googlebot/2.1; +http://www.google.com/bot.html)" 4035 **4/4035348**
5.61.54.19 - - [14/Apr/2026:07:27:03 -0700] "POST /xmlrpc.php HTTP/1.1" 200 647 "-" "Mozilla/5.0 (Macintosh; Intel Mac OS X 10_15_7) AppleWebKit/537.36 (KHTML, like Gecko) Chrome/142.0.0.0 Safari/537.36" 369 **0/369973**
66.249.73.4 - - [14/Apr/2026:07:27:07 -0700] "GET /?w=36370249907 HTTP/1.1" 404 11349 "-" "Mozilla/5.0 (Linux; Android 6.0.1; Nexus 5X Build/MMB29P) AppleWebKit/537.36 (KHTML, like Gecko) Chrome/146.0.7680.177 Mobile Safari/537.36 (compatible; Googlebot/2.1; +http://www.google.com/bot.html)" 560 **0/560890**
66.249.73.4 - - [14/Apr/2026:07:27:15 -0700] "GET /?f=71141148995 HTTP/1.1" 200 49653 "-" "Mozilla/5.0 (Linux; Android 6.0.1; Nexus 5X Build/MMB29P) AppleWebKit/537.36 (KHTML, like Gecko) Chrome/146.0.7680.177 Mobile Safari/537.36 (compatible; Googlebot/2.1; +http://www.google.com/bot.html)" 544 **0/544288**
85.208.96.197 - - [14/Apr/2026:07:27:23 -0700] "GET /uncategorized/trendy-fruits-from-the-playtech-demonstration-gamble-100-percent-free-position-video-game/ HTTP/1.1" 200 31599 "-" "Mozilla/5.0 (compatible; SemrushBot/7~bl; +http://www.semrush.com/bot.html)" 326 **0/326975**
