185.191.171.16 - - [14/Apr/2026:05:52:42 -0700] "GET /betnacional-aviator-baixar-263/betnacional-aviator-baixar-809/ HTTP/1.1" 200 33341 "-" "Mozilla/5.0 (compatible; SemrushBot/7~bl; +http://www.semrush.com/bot.html)" 268 **0/268646**
185.191.171.10 - - [14/Apr/2026:05:52:47 -0700] "GET /uncategorized/ein-ziemlich-junges-izzi-spielsalon-arbeitet-via-dieser-curacao-lizenz-unter-einsatz-von-lizenznummer-1668-jaz/ HTTP/1.1" 200 30350 "-" "Mozilla/5.0 (compatible; SemrushBot/7~bl; +http://www.semrush.com/bot.html)" 230 **0/230051**
178.151.245.162 - - [14/Apr/2026:05:52:48 -0700] "GET /robots.txt HTTP/1.1" 200 257 "-" "Mozilla/5.0 (compatible; MJ12bot/v1.4.8; http://mj12bot.com/)" 8 **0/8968**
178.151.245.162 - - [14/Apr/2026:05:52:49 -0700] "GET /1win-apk-679/1-win-286/feed/ HTTP/1.1" 200 428 "-" "Mozilla/5.0 (compatible; MJ12bot/v1.4.8; http://mj12bot.com/)" 109 **0/109421**
178.151.245.162 - - [14/Apr/2026:05:52:51 -0700] "GET /1win-apk-679/1win-colombia-80/feed/ HTTP/1.1" 200 453 "-" "Mozilla/5.0 (compatible; MJ12bot/v1.4.8; http://mj12bot.com/)" 189 **0/189169**
178.151.245.162 - - [14/Apr/2026:05:52:53 -0700] "GET /1win-app-537/1win-online-629/feed/ HTTP/1.1" 200 459 "-" "Mozilla/5.0 (compatible; MJ12bot/v1.4.8; http://mj12bot.com/)" 162 **0/162612**
178.151.245.162 - - [14/Apr/2026:05:52:54 -0700] "GET /1win-app-537/1win-online-902/feed/ HTTP/1.1" 200 490 "-" "Mozilla/5.0 (compatible; MJ12bot/v1.4.8; http://mj12bot.com/)" 153 **0/153438**
178.151.245.162 - - [14/Apr/2026:05:52:56 -0700] "GET /1win-app-570/1win-casino-355/feed/ HTTP/1.1" 200 513 "-" "Mozilla/5.0 (compatible; MJ12bot/v1.4.8; http://mj12bot.com/)" 129 **0/129234**
178.151.245.162 - - [14/Apr/2026:05:52:58 -0700] "GET /1win-app-570/1win-skachat-26/feed/ HTTP/1.1" 200 483 "-" "Mozilla/5.0 (compatible; MJ12bot/v1.4.8; http://mj12bot.com/)" 169 **0/169325**
178.151.245.162 - - [14/Apr/2026:05:52:59 -0700] "GET /1win-app-597/1-win-41/feed/ HTTP/1.1" 200 454 "-" "Mozilla/5.0 (compatible; MJ12bot/v1.4.8; http://mj12bot.com/)" 192 **0/192309**
85.208.96.207 - - [14/Apr/2026:05:53:01 -0700] "GET /uncategorized/ben-trueluck-bank-waarschijnlijk-nederlands-piet-review-2026/ HTTP/1.1" 200 30616 "-" "Mozilla/5.0 (compatible; SemrushBot/7~bl; +http://www.semrush.com/bot.html)" 534 **0/534719**
178.151.245.162 - - [14/Apr/2026:05:53:01 -0700] "GET /1win-app-597/1-win-app-login-733/feed/ HTTP/1.1" 200 473 "-" "Mozilla/5.0 (compatible; MJ12bot/v1.4.8; http://mj12bot.com/)" 459 **0/459457**
178.151.245.162 - - [14/Apr/2026:05:53:04 -0700] "GET /1win-app-597/1win-app-809/feed/ HTTP/1.1" 200 445 "-" "Mozilla/5.0 (compatible; MJ12bot/v1.4.8; http://mj12bot.com/)" 205 **0/205596**
178.151.245.162 - - [14/Apr/2026:05:53:05 -0700] "GET /1win-app-652/1win-login-410-2/feed/ HTTP/1.1" 200 435 "-" "Mozilla/5.0 (compatible; MJ12bot/v1.4.8; http://mj12bot.com/)" 178 **0/178949**
51.222.95.85 - - [14/Apr/2026:05:53:06 -0700] "GET /uncategorized/gewinner-casino-provision-2026-300-deals-titanic-bonus-verifiziert-letzter-schrei-hot-cold-water-dispensers-singapore-offices-homes/ HTTP/1.1" 200 28993 "-" "Mozilla/5.0 (compatible; AhrefsBot/7.0; +http://ahrefs.com/robot/)" 327 **0/327940**
178.151.245.162 - - [14/Apr/2026:05:53:07 -0700] "GET /1win-login-360/1win-vhod-81/feed/ HTTP/1.1" 200 490 "-" "Mozilla/5.0 (compatible; MJ12bot/v1.4.8; http://mj12bot.com/)" 225 **0/225687**
178.151.245.162 - - [14/Apr/2026:05:53:09 -0700] "GET /1win-login-388/1win-sait-581/feed/ HTTP/1.1" 200 511 "-" "Mozilla/5.0 (compatible; MJ12bot/v1.4.8; http://mj12bot.com/)" 297 **0/297129**
178.151.245.162 - - [14/Apr/2026:05:53:11 -0700] "GET /1win-registratsiya-71/1win-online-141/feed/ HTTP/1.1" 200 524 "-" "Mozilla/5.0 (compatible; MJ12bot/v1.4.8; http://mj12bot.com/)" 143 **0/143816**
178.151.245.162 - - [14/Apr/2026:05:53:13 -0700] "GET /category/10-641286-links-mix-casino-4-de-done/ HTTP/1.1" 200 1879240 "-" "Mozilla/5.0 (compatible; MJ12bot/v1.4.8; http://mj12bot.com/)" 1282 **1/1282725**
114.119.135.207 - - [14/Apr/2026:05:53:14 -0700] "GET /uncategorized/uitbetaling-bij-casinia-casino-ontdek-hoe-je-online-casino-spelen-in-belgie-geld-terug-krijgt/ HTTP/1.1" 200 29600 "http://fuentesanza.es/uncategorized/mr-green-casino-2026-untersuchung-100-bis-blazin-bullfrog-casino-zu-100-bonus-200-freispiele/" "Mozilla/5.0 (Linux; Android 7.0;) AppleWebKit/537.36 (KHTML, like Gecko) Mobile Safari/537.36 (compatible; PetalBot;+https://webmaster.petalsearch.com/site/petalbot)" 411 **0/411860**
178.151.245.162 - - [14/Apr/2026:05:53:16 -0700] "GET /category/10-641286-links-mix-casino-6-se-2-done/ HTTP/1.1" 200 1383085 "-" "Mozilla/5.0 (compatible; MJ12bot/v1.4.8; http://mj12bot.com/)" 765 **0/765875**
185.191.171.8 - - [14/Apr/2026:05:53:20 -0700] "GET /uncategorized/three-hundred-100-percent-free-1-hot-seven-processor-chip-no-deposit-local-casino-extra-codes-to-possess-february-2026/ HTTP/1.1" 200 32051 "-" "Mozilla/5.0 (compatible; SemrushBot/7~bl; +http://www.semrush.com/bot.html)" 340 **0/340261**
103.219.169.195 - - [14/Apr/2026:05:53:20 -0700] "POST /xmlrpc.php HTTP/1.1" 200 180 "-" "Mozilla/5.0 (Windows NT 10.0; Win64; x64) AppleWebKit/537.36 (KHTML, like Gecko) Chrome/114.0.0.0 Safari/537.36" 472 **0/472137**
178.151.245.162 - - [14/Apr/2026:05:53:19 -0700] "GET /category/10-641286-links-mix-casino-au-1-done/ HTTP/1.1" 200 1520167 "-" "Mozilla/5.0 (compatible; MJ12bot/v1.4.8; http://mj12bot.com/)" 5863 **5/5863797**
208.109.41.231 - - [14/Apr/2026:05:53:27 -0700] "POST /wp-cron.php?doing_wp_cron=1776171207.0758609771728515625000 HTTP/1.1" 200 - "-" "WordPress/6.3.8; http://fuentesanza.es" 20 **0/20383**
185.191.171.17 - - [14/Apr/2026:05:53:26 -0700] "GET /uncategorized/casino-online-adm-la-nota-dei-bisca-con-permesso-italiana-del-2026/ HTTP/1.1" 200 30327 "-" "Mozilla/5.0 (compatible; SemrushBot/7~bl; +http://www.semrush.com/bot.html)" 373 **0/373145**
103.219.169.195 - - [14/Apr/2026:05:53:27 -0700] "POST /xmlrpc.php HTTP/1.1" 200 10689 "-" "Mozilla/5.0 (Windows NT 10.0; Win64; x64) AppleWebKit/537.36 (KHTML, like Gecko) Chrome/114.0.0.0 Safari/537.36" 443 **0/443444**
103.219.169.195 - - [14/Apr/2026:05:53:28 -0700] "GET /uncategorized/best-gambling-establishment-applications-for-real-casino-austin-powers-money-2026/ HTTP/1.1" 200 156811 "-" "Mozilla/5.0 (Windows NT 10.0; Win64; x64; rv:125.0) Gecko/20100101 Firefox/125.0" 276 **0/276904**
178.151.245.162 - - [14/Apr/2026:05:53:40 -0700] "GET /mostbet-login-388/mostbet-login-521/feed/ HTTP/1.1" 200 467 "-" "Mozilla/5.0 (compatible; MJ12bot/v1.4.8; http://mj12bot.com/)" 345 **0/345314**
178.151.245.162 - - [14/Apr/2026:05:53:42 -0700] "GET /mostbet-promo-code-hungary-279/mostbet-bejelentkezes-988/feed/ HTTP/1.1" 200 501 "-" "Mozilla/5.0 (compatible; MJ12bot/v1.4.8; http://mj12bot.com/)" 139 **0/139820**
178.151.245.162 - - [14/Apr/2026:05:53:44 -0700] "GET /public/glucksspiel-fur-anfanger-eine-umfassende-anleitung/ HTTP/1.1" 200 27378 "-" "Mozilla/5.0 (compatible; MJ12bot/v1.4.8; http://mj12bot.com/)" 335 **0/335072**
185.191.171.13 - - [14/Apr/2026:05:53:46 -0700] "GET /1win-casino-625/1win-bet-894/ HTTP/1.1" 200 33077 "-" "Mozilla/5.0 (compatible; SemrushBot/7~bl; +http://www.semrush.com/bot.html)" 442 **0/442588**
178.151.245.162 - - [14/Apr/2026:05:53:47 -0700] "GET /public/guia-completa-para-entender-el-juego-de-azar-en-la/ HTTP/1.1" 200 27525 "-" "Mozilla/5.0 (compatible; MJ12bot/v1.4.8; http://mj12bot.com/)" 421 **0/421976**
178.151.245.162 - - [14/Apr/2026:05:53:49 -0700] "GET /public/l-x27-impatto-del-gioco-d-x27-azzardo-sulla-salute-5/ HTTP/1.1" 200 27387 "-" "Mozilla/5.0 (compatible; MJ12bot/v1.4.8; http://mj12bot.com/)" 349 **0/349961**
178.151.245.162 - - [14/Apr/2026:05:53:51 -0700] "GET /public/la-evolucion-historica-del-juego-a-traves-de-las-5/ HTTP/1.1" 200 27353 "-" "Mozilla/5.0 (compatible; MJ12bot/v1.4.8; http://mj12bot.com/)" 323 **0/323126**
178.151.245.162 - - [14/Apr/2026:05:53:53 -0700] "GET /public/les-idees-recues-sur-les-jeux-de-casino/ HTTP/1.1" 200 27419 "-" "Mozilla/5.0 (compatible; MJ12bot/v1.4.8; http://mj12bot.com/)" 296 **0/296570**
178.151.245.162 - - [14/Apr/2026:05:53:55 -0700] "GET /public/los-mayores-botes-jamas-ganados-en-la-historia-de/ HTTP/1.1" 200 27672 "-" "Mozilla/5.0 (compatible; MJ12bot/v1.4.8; http://mj12bot.com/)" 318 **0/318353**
85.208.96.203 - - [14/Apr/2026:05:53:56 -0700] "GET /uncategorized/wms-has-generated-of-a-lot-epic-gambling-innovation-typically/ HTTP/1.1" 200 29710 "-" "Mozilla/5.0 (compatible; SemrushBot/7~bl; +http://www.semrush.com/bot.html)" 322 **0/322197**
178.151.245.162 - - [14/Apr/2026:05:53:57 -0700] "GET /tag/%D0%BB%D0%B0%D0%BA%D0%B8-%D0%B2%D0%BE%D1%80%D0%BB%D0%B4-%D0%B7%D0%B5%D1%80%D0%BA%D0%B0%D0%BB%D0%BE/ HTTP/1.1" 200 29197 "-" "Mozilla/5.0 (compatible; MJ12bot/v1.4.8; http://mj12bot.com/)" 262 **0/262193**
178.151.245.162 - - [14/Apr/2026:05:53:59 -0700] "GET /tag/%D0%BC%D0%BE%D1%81%D1%82%D0%B1%D0%B5%D1%82-%D1%81%D0%BA%D0%B0%D1%87%D0%B0%D1%82%D1%8C-%D0%B0%D0%BD%D0%B4%D1%80%D0%BE%D0%B8%D0%B4/ HTTP/1.1" 200 25883 "-" "Mozilla/5.0 (compatible; MJ12bot/v1.4.8; http://mj12bot.com/)" 291 **0/291587**
178.151.245.162 - - [14/Apr/2026:05:54:02 -0700] "GET /tag/%D0%BC%D0%BE%D1%81%D1%82%D0%B1%D0%B5%D1%82-%D1%83%D0%BA%D1%80%D0%B0%D0%B8%D0%BD%D0%B0/ HTTP/1.1" 200 37656 "-" "Mozilla/5.0 (compatible; MJ12bot/v1.4.8; http://mj12bot.com/)" 443 **0/443301**
85.208.96.211 - - [14/Apr/2026:05:54:08 -0700] "GET /uncategorized/slots-online-acostumado-acimade-portugal-jogue-slot-machines-2026/ HTTP/1.1" 200 30850 "-" "Mozilla/5.0 (compatible; SemrushBot/7~bl; +http://www.semrush.com/bot.html)" 613 **0/613018**
54.39.6.12 - - [14/Apr/2026:05:54:09 -0700] "GET /uncategorized/legal-thc-vapes-pencil-throwaway-grass-pens-carts/ HTTP/1.1" 200 28827 "-" "Mozilla/5.0 (compatible; AhrefsBot/7.0; +http://ahrefs.com/robot/)" 539 **0/539105**
66.249.73.4 - - [14/Apr/2026:05:54:10 -0700] "GET /?s=10106248016 HTTP/1.1" 200 24280 "-" "Mozilla/5.0 (Linux; Android 6.0.1; Nexus 5X Build/MMB29P) AppleWebKit/537.36 (KHTML, like Gecko) Chrome/146.0.7680.177 Mobile Safari/537.36 (compatible; Googlebot/2.1; +http://www.google.com/bot.html)" 3541 **3/3541359**
185.191.171.16 - - [14/Apr/2026:05:54:14 -0700] "GET /uncategorized/bao-odds-of-winning-valley-of-the-gods-zhu-zhao-fu-online-casino-games/ HTTP/1.1" 200 30604 "-" "Mozilla/5.0 (compatible; SemrushBot/7~bl; +http://www.semrush.com/bot.html)" 346 **0/346080**
66.249.73.4 - - [14/Apr/2026:05:54:20 -0700] "GET /?w=36370205928 HTTP/1.1" 404 11349 "-" "Mozilla/5.0 (Linux; Android 6.0.1; Nexus 5X Build/MMB29P) AppleWebKit/537.36 (KHTML, like Gecko) Chrome/146.0.7680.177 Mobile Safari/537.36 (compatible; Googlebot/2.1; +http://www.google.com/bot.html)" 250 **0/250520**
66.249.73.4 - - [14/Apr/2026:05:54:24 -0700] "GET /?y=4529015839 HTTP/1.1" 200 32378 "-" "Mozilla/5.0 (Linux; Android 6.0.1; Nexus 5X Build/MMB29P) AppleWebKit/537.36 (KHTML, like Gecko) Chrome/146.0.7680.177 Mobile Safari/537.36 (compatible; Googlebot/2.1; +http://www.google.com/bot.html)" 331 **0/331485**
85.208.96.212 - - [14/Apr/2026:05:54:26 -0700] "GET /uncategorized/echtgeld-erreichbar-casinos-2026-legal-lizenziert-inside-land-der-dichter-und-denker/ HTTP/1.1" 200 32083 "-" "Mozilla/5.0 (compatible; SemrushBot/7~bl; +http://www.semrush.com/bot.html)" 322 **0/322764**
185.191.171.14 - - [14/Apr/2026:05:54:28 -0700] "GET /category/post/ HTTP/1.1" 200 31057 "-" "Mozilla/5.0 (compatible; SemrushBot/7~bl; +http://www.semrush.com/bot.html)" 377 **0/377223**
193.24.211.48 - - [14/Apr/2026:05:54:28 -0700] "POST /xmlrpc.php HTTP/1.1" 200 291 "-" "Mozilla/5.0 (Macintosh; Intel Mac OS X 13_5) AppleWebKit/605.1.15 (KHTML, like Gecko) Version/17.5 Safari/605.1.15" 165 **0/165901**
185.191.171.17 - - [14/Apr/2026:05:54:32 -0700] "GET /uncategorized/juegos-sobre-casino-en-linea-como-jugar-maquinas-tragamonedas-en-el-casino-casino-online/ HTTP/1.1" 200 31466 "-" "Mozilla/5.0 (compatible; SemrushBot/7~bl; +http://www.semrush.com/bot.html)" 348 **0/348731**
66.249.73.4 - - [14/Apr/2026:05:54:39 -0700] "GET /?m=3110881353 HTTP/1.1" 404 11349 "-" "Mozilla/5.0 (Linux; Android 6.0.1; Nexus 5X Build/MMB29P) AppleWebKit/537.36 (KHTML, like Gecko) Chrome/146.0.7680.177 Mobile Safari/537.36 (compatible; Googlebot/2.1; +http://www.google.com/bot.html)" 305 **0/305491**
185.191.171.10 - - [14/Apr/2026:05:54:46 -0700] "GET /uncategorized/gamble-17800-free-pokies-position-games-nz-2026/ HTTP/1.1" 200 30260 "-" "Mozilla/5.0 (compatible; SemrushBot/7~bl; +http://www.semrush.com/bot.html)" 395 **0/395050**
193.24.211.48 - - [14/Apr/2026:05:54:49 -0700] "GET /wp-login.php HTTP/2.0" 200 2549 "-" "Mozilla/5.0 (Windows NT 10.0; Win64; x64) AppleWebKit/537.36 (KHTML, like Gecko) Chrome/124.0.6367.207 Safari/537.36" 117 **0/117516**
193.24.211.48 - - [14/Apr/2026:05:54:49 -0700] "GET /wp-login.php HTTP/1.1" 101 - "-" "Mozilla/5.0 (Windows NT 10.0; Win64; x64) AppleWebKit/537.36 (KHTML, like Gecko) Chrome/124.0.6367.207 Safari/537.36" 128 **0/128086**
103.219.169.195 - - [14/Apr/2026:05:54:49 -0700] "POST /xmlrpc.php HTTP/1.1" 200 180 "-" "Mozilla/5.0 (Windows NT 10.0; Win64; x64) AppleWebKit/537.36 (KHTML, like Gecko) Chrome/114.0.0.0 Safari/537.36" 291 **0/291131**
208.109.41.231 - - [14/Apr/2026:05:54:51 -0700] "POST /wp-cron.php?doing_wp_cron=1776171291.9568619728088378906250 HTTP/1.1" 200 - "-" "WordPress/6.3.8; http://fuentesanza.es" 24 **0/24792**
185.191.171.5 - - [14/Apr/2026:05:54:51 -0700] "GET /tag/juego-chicken-road/ HTTP/1.1" 200 30258 "-" "Mozilla/5.0 (compatible; SemrushBot/7~bl; +http://www.semrush.com/bot.html)" 433 **0/433214**
66.249.73.4 - - [14/Apr/2026:05:54:53 -0700] "GET /uncategorized/beste-online-casinos-2025-legale-top-10/ HTTP/1.1" 200 28813 "-" "Mozilla/5.0 (Linux; Android 6.0.1; Nexus 5X Build/MMB29P) AppleWebKit/537.36 (KHTML, like Gecko) Chrome/146.0.7680.177 Mobile Safari/537.36 (compatible; Googlebot/2.1; +http://www.google.com/bot.html)" 486 **0/486612**
66.249.73.4 - - [14/Apr/2026:05:54:53 -0700] "GET /?i=2091214884 HTTP/1.1" 200 32427 "-" "Mozilla/5.0 (Linux; Android 6.0.1; Nexus 5X Build/MMB29P) AppleWebKit/537.36 (KHTML, like Gecko) Chrome/146.0.7680.177 Mobile Safari/537.36 (compatible; Googlebot/2.1; +http://www.google.com/bot.html)" 565 **0/565069**
103.219.169.195 - - [14/Apr/2026:05:54:56 -0700] "POST /xmlrpc.php HTTP/1.1" 200 12801 "-" "Mozilla/5.0 (Windows NT 10.0; Win64; x64) AppleWebKit/537.36 (KHTML, like Gecko) Chrome/114.0.0.0 Safari/537.36" 478 **0/478248**
103.219.169.195 - - [14/Apr/2026:05:54:57 -0700] "GET /uncategorized/best-real-cash-casinos-cash-cauldron-play-for-fun-on-the-internet-united-states-2025/ HTTP/1.1" 200 158822 "-" "Mozilla/5.0 (Windows NT 10.0; Win64; x64) AppleWebKit/537.36 (KHTML, like Gecko) Chrome/123.0.0.0 Safari/537.36 OPR/109.0.0.0" 272 **0/272152**
66.249.73.4 - - [14/Apr/2026:05:54:59 -0700] "GET /?i=20912297157 HTTP/1.1" 200 32428 "-" "Mozilla/5.0 (Linux; Android 6.0.1; Nexus 5X Build/MMB29P) AppleWebKit/537.36 (KHTML, like Gecko) Chrome/146.0.7680.177 Mobile Safari/537.36 (compatible; Googlebot/2.1; +http://www.google.com/bot.html)" 422 **0/422591**
49.51.233.46 - - [14/Apr/2026:05:55:02 -0700] "GET /zet-casino-promo-code-445/zet-casino-app-477/ HTTP/1.1" 200 32738 "-" "Mozilla/5.0 (iPhone; CPU iPhone OS 13_2_3 like Mac OS X) AppleWebKit/605.1.15 (KHTML, like Gecko) Version/13.0.3 Mobile/15E148 Safari/604.1" 906 **0/906200**
66.249.73.4 - - [14/Apr/2026:05:54:59 -0700] "GET /?s=1010685413 HTTP/1.1" 200 24299 "-" "Mozilla/5.0 (Linux; Android 6.0.1; Nexus 5X Build/MMB29P) AppleWebKit/537.36 (KHTML, like Gecko) Chrome/146.0.7680.177 Mobile Safari/537.36 (compatible; Googlebot/2.1; +http://www.google.com/bot.html)" 3864 **3/3864493**
85.208.96.211 - - [14/Apr/2026:05:55:07 -0700] "GET /uncategorized/the-new-mommy-slot-machine-game-totally-free-real-cash-%E1%90%88-18/ HTTP/1.1" 200 30305 "-" "Mozilla/5.0 (compatible; SemrushBot/7~bl; +http://www.semrush.com/bot.html)" 342 **0/342107**
15.235.98.47 - - [14/Apr/2026:05:55:10 -0700] "GET /uncategorized/minimal-nation/feed/ HTTP/1.1" 200 410 "-" "Mozilla/5.0 (compatible; AhrefsBot/7.0; +http://ahrefs.com/robot/)" 491 **0/491170**
85.208.96.204 - - [14/Apr/2026:05:55:21 -0700] "GET /public/aloita-kasinoseikkailusi-vaihe-vaiheelta-oppaanasi/ HTTP/1.1" 200 29795 "-" "Mozilla/5.0 (compatible; SemrushBot/7~bl; +http://www.semrush.com/bot.html)" 386 **0/386613**
66.249.73.4 - - [14/Apr/2026:05:55:27 -0700] "GET /?x=32835111250 HTTP/1.1" 200 32429 "-" "Mozilla/5.0 (Linux; Android 6.0.1; Nexus 5X Build/MMB29P) AppleWebKit/537.36 (KHTML, like Gecko) Chrome/146.0.7680.177 Mobile Safari/537.36 (compatible; Googlebot/2.1; +http://www.google.com/bot.html)" 398 **0/398579**
85.208.96.204 - - [14/Apr/2026:05:55:52 -0700] "GET /uncategorized/7-best-at-casino-games-software-the-household-pilates-reformers-to-have-2025/ HTTP/1.1" 200 30377 "-" "Mozilla/5.0 (compatible; SemrushBot/7~bl; +http://www.semrush.com/bot.html)" 363 **0/363239**
85.208.96.202 - - [14/Apr/2026:05:56:03 -0700] "GET /category/mines-1win-557/ HTTP/1.1" 200 35956 "-" "Mozilla/5.0 (compatible; SemrushBot/7~bl; +http://www.semrush.com/bot.html)" 648 **0/648486**
51.161.65.224 - - [14/Apr/2026:05:56:07 -0700] "GET /chatbot-design-6-2/chatbot-design-6/feed/ HTTP/1.1" 200 410 "-" "Mozilla/5.0 (compatible; AhrefsBot/7.0; +http://ahrefs.com/robot/)" 147 **0/147600**
103.219.169.195 - - [14/Apr/2026:05:56:10 -0700] "POST /xmlrpc.php HTTP/1.1" 200 180 "-" "Mozilla/5.0 (Windows NT 10.0; Win64; x64) AppleWebKit/537.36 (KHTML, like Gecko) Chrome/114.0.0.0 Safari/537.36" 416 **0/416860**
208.109.41.231 - - [14/Apr/2026:05:56:17 -0700] "POST /wp-cron.php?doing_wp_cron=1776171377.0949261188507080078125 HTTP/1.1" 200 - "-" "WordPress/6.3.8; http://fuentesanza.es" 18 **0/18870**
103.219.169.195 - - [14/Apr/2026:05:56:16 -0700] "POST /xmlrpc.php HTTP/1.1" 200 10701 "-" "Mozilla/5.0 (Windows NT 10.0; Win64; x64) AppleWebKit/537.36 (KHTML, like Gecko) Chrome/114.0.0.0 Safari/537.36" 532 **0/532269**
216.244.66.241 - - [14/Apr/2026:05:56:16 -0700] "GET /uncategorized/davinci-diamonds-slot-free-gamble-internet-casino-slots-zero-down-load/ HTTP/1.1" 200 160411 "-" "Mozilla/5.0 (compatible; DotBot/1.2; +https://opensiteexplorer.org/dotbot; help@moz.com)" 528 **0/528163**
103.219.169.195 - - [14/Apr/2026:05:56:18 -0700] "GET /uncategorized/better-you-on-line-casino-incentives-ranked-analyzed-mar-betway-10-free-spins-no-deposit-casino-2026/ HTTP/1.1" 200 157035 "-" "Mozilla/5.0 (Windows NT 10.0; Win64; x64; rv:124.0) Gecko/20100101 Firefox/124.0" 263 **0/263230**
66.249.73.6 - - [14/Apr/2026:05:56:40 -0700] "GET /?w=3637062545 HTTP/1.1" 404 11349 "-" "Mozilla/5.0 (Linux; Android 6.0.1; Nexus 5X Build/MMB29P) AppleWebKit/537.36 (KHTML, like Gecko) Chrome/146.0.7680.177 Mobile Safari/537.36 (compatible; Googlebot/2.1; +http://www.google.com/bot.html)" 198 **0/198798**
66.249.73.5 - - [14/Apr/2026:05:56:47 -0700] "GET /?y=45290112951 HTTP/1.1" 200 32445 "-" "Mozilla/5.0 (Linux; Android 6.0.1; Nexus 5X Build/MMB29P) AppleWebKit/537.36 (KHTML, like Gecko) Chrome/146.0.7680.177 Mobile Safari/537.36 (compatible; Googlebot/2.1; +http://www.google.com/bot.html)" 304 **0/304531**
66.249.73.5 - - [14/Apr/2026:05:56:48 -0700] "GET /?w=36370204296 HTTP/1.1" 404 11349 "-" "Mozilla/5.0 (Linux; Android 6.0.1; Nexus 5X Build/MMB29P) AppleWebKit/537.36 (KHTML, like Gecko) Chrome/146.0.7680.177 Mobile Safari/537.36 (compatible; Googlebot/2.1; +http://www.google.com/bot.html)" 209 **0/209486**
185.191.171.14 - - [14/Apr/2026:05:56:48 -0700] "GET / HTTP/1.1" 200 35167 "-" "Mozilla/5.0 (compatible; SemrushBot/7~bl; +http://www.semrush.com/bot.html)" 341 **0/341152**
66.249.73.4 - - [14/Apr/2026:05:56:48 -0700] "GET /?x=3283525223 HTTP/1.1" 200 32446 "-" "Mozilla/5.0 (Linux; Android 6.0.1; Nexus 5X Build/MMB29P) AppleWebKit/537.36 (KHTML, like Gecko) Chrome/146.0.7680.177 Mobile Safari/537.36 (compatible; Googlebot/2.1; +http://www.google.com/bot.html)" 321 **0/321875**
66.249.73.4 - - [14/Apr/2026:05:56:55 -0700] "GET /?x=3283515119 HTTP/1.1" 200 32446 "-" "Mozilla/5.0 (Linux; Android 6.0.1; Nexus 5X Build/MMB29P) AppleWebKit/537.36 (KHTML, like Gecko) Chrome/146.0.7680.177 Mobile Safari/537.36 (compatible; Googlebot/2.1; +http://www.google.com/bot.html)" 370 **0/370596**
185.191.171.8 - - [14/Apr/2026:05:56:57 -0700] "GET /uncategorized/kuuma-primebetz-app-download-in-suomi-luksus/ HTTP/1.1" 200 29513 "-" "Mozilla/5.0 (compatible; SemrushBot/7~bl; +http://www.semrush.com/bot.html)" 477 **0/477864**
185.191.171.10 - - [14/Apr/2026:05:57:06 -0700] "GET /1win-app-442/1win-app-224/ HTTP/1.1" 200 35579 "-" "Mozilla/5.0 (compatible; SemrushBot/7~bl; +http://www.semrush.com/bot.html)" 462 **0/462584**
66.249.73.5 - - [14/Apr/2026:05:57:08 -0700] "GET /uncategorized/beste-online-casinos-2025-legale-top-10/ HTTP/1.1" 200 28848 "-" "Mozilla/5.0 (Linux; Android 6.0.1; Nexus 5X Build/MMB29P) AppleWebKit/537.36 (KHTML, like Gecko) Chrome/146.0.7680.177 Mobile Safari/537.36 (compatible; GoogleOther)" 705 **0/705806**
66.249.73.6 - - [14/Apr/2026:05:57:10 -0700] "GET /wp-content/themes/twentytwelve/fonts/font-open-sans.css?ver=20230328 HTTP/1.1" 200 829 "http://fuentesanza.es/uncategorized/beste-online-casinos-2025-legale-top-10/" "Mozilla/5.0 (Linux; Android 6.0.1; Nexus 5X Build/MMB29P) AppleWebKit/537.36 (KHTML, like Gecko) Chrome/146.0.7680.177 Mobile Safari/537.36 (compatible; GoogleOther)" 10 **0/10961**
142.44.225.111 - - [14/Apr/2026:05:57:16 -0700] "GET /codice-bonus-admiralbet-671/codice-promo-admiralbet-103/ HTTP/1.1" 200 29732 "-" "Mozilla/5.0 (compatible; AhrefsBot/7.0; +http://ahrefs.com/robot/)" 249 **0/249418**
66.249.73.4 - - [14/Apr/2026:05:57:17 -0700] "GET /?f=71141164856 HTTP/1.1" 200 32446 "-" "Mozilla/5.0 (Linux; Android 6.0.1; Nexus 5X Build/MMB29P) AppleWebKit/537.36 (KHTML, like Gecko) Chrome/146.0.7680.177 Mobile Safari/537.36 (compatible; Googlebot/2.1; +http://www.google.com/bot.html)" 222 **0/222336**
151.244.111.202 - - [14/Apr/2026:05:57:25 -0700] "POST /xmlrpc.php HTTP/1.1" 200 602304 "-" "Mozilla/5.0 (Macintosh; Intel Mac OS X 10_15_7) AppleWebKit/537.36 (KHTML, like Gecko) Chrome/127.0.0 Safari/537.36" 699 **0/699984**
151.244.111.202 - - [14/Apr/2026:05:57:27 -0700] "POST /xmlrpc.php HTTP/1.1" 200 180 "-" "Mozilla/5.0 (Macintosh; Intel Mac OS X 10_15_7) AppleWebKit/537.36 (KHTML, like Gecko) Chrome/127.0.0 Safari/537.36" 471 **0/471430**
208.109.41.231 - - [14/Apr/2026:05:57:28 -0700] "POST /wp-cron.php?doing_wp_cron=1776171448.1898269653320312500000 HTTP/1.1" 200 - "-" "WordPress/6.3.8; http://fuentesanza.es" 50 **0/50595**
151.244.111.202 - - [14/Apr/2026:05:57:28 -0700] "POST /xmlrpc.php HTTP/1.1" 200 11016 "-" "Mozilla/5.0 (Macintosh; Intel Mac OS X 10_15_7) AppleWebKit/537.36 (KHTML, like Gecko) Chrome/127.0.0 Safari/537.36" 294 **0/294166**
103.219.169.195 - - [14/Apr/2026:05:57:28 -0700] "POST /xmlrpc.php HTTP/1.1" 200 180 "-" "Mozilla/5.0 (Windows NT 10.0; Win64; x64) AppleWebKit/537.36 (KHTML, like Gecko) Chrome/114.0.0.0 Safari/537.36" 643 **0/643044**
161.115.235.55 - - [14/Apr/2026:05:57:33 -0700] "POST /xmlrpc.php HTTP/1.1" 404 50331 "-" "Mozilla/5.0 (Windows NT 10.0; Win64; x64) AppleWebKit/537.36 (KHTML, like Gecko) Chrome/146.0.0.0 Safari/537.36" 207 **0/207061**
103.219.169.195 - - [14/Apr/2026:05:57:34 -0700] "POST /xmlrpc.php HTTP/1.1" 200 11489 "-" "Mozilla/5.0 (Windows NT 10.0; Win64; x64) AppleWebKit/537.36 (KHTML, like Gecko) Chrome/114.0.0.0 Safari/537.36" 471 **0/471015**
103.219.169.195 - - [14/Apr/2026:05:57:35 -0700] "GET /uncategorized/better-lower-place-gambling-establishment-internet-sites-in-panda-wilds-slot-free-spins-britain/ HTTP/1.1" 200 157794 "-" "Mozilla/5.0 (Windows NT 10.0; Win64; x64; rv:124.0) Gecko/20100101 Firefox/124.0" 336 **0/336101**
161.115.235.55 - - [14/Apr/2026:05:57:41 -0700] "POST /xmlrpc.php HTTP/1.1" 200 131 "-" "Mozilla/5.0 (Windows NT 10.0; Win64; x64) AppleWebKit/537.36 (KHTML, like Gecko) Chrome/146.0.0.0 Safari/537.36" 414 **0/414895**
208.109.41.231 - - [14/Apr/2026:05:57:42 -0700] "POST /wp-cron.php?doing_wp_cron=1776171462.5444490909576416015625 HTTP/1.1" 200 - "-" "WordPress/6.3.8; http://fuentesanza.es" 29 **0/29356**
161.115.235.55 - - [14/Apr/2026:05:57:42 -0700] "POST /xmlrpc.php HTTP/1.1" 200 2632 "-" "Mozilla/5.0 (Windows NT 10.0; Win64; x64) AppleWebKit/537.36 (KHTML, like Gecko) Chrome/146.0.0.0 Safari/537.36" 288 **0/288144**
185.191.171.8 - - [14/Apr/2026:05:57:49 -0700] "GET /uncategorized/claim-coins-bonuses/ HTTP/1.1" 200 30026 "-" "Mozilla/5.0 (compatible; SemrushBot/7~bl; +http://www.semrush.com/bot.html)" 378 **0/378424**
185.191.171.8 - - [14/Apr/2026:05:57:51 -0700] "GET /tag/total-casino-aplikacja/ HTTP/1.1" 200 33580 "-" "Mozilla/5.0 (compatible; SemrushBot/7~bl; +http://www.semrush.com/bot.html)" 288 **0/288005**
185.191.171.7 - - [14/Apr/2026:05:57:53 -0700] "GET /uncategorized/john-wick-high-society-boquilla-online-toda-la-patologia-de-el-tunel-carpiano-historia-explicada-keanu-reeves/ HTTP/1.1" 200 31677 "-" "Mozilla/5.0 (compatible; SemrushBot/7~bl; +http://www.semrush.com/bot.html)" 323 **0/323099**
185.191.171.12 - - [14/Apr/2026:05:57:56 -0700] "GET /uncategorized/thalcasapa-thava-shanathara-jata-stake-casino-ka-satha-bhagaya/ HTTP/1.1" 200 30981 "-" "Mozilla/5.0 (compatible; SemrushBot/7~bl; +http://www.semrush.com/bot.html)" 441 **0/441722**
114.119.148.10 - - [14/Apr/2026:05:57:57 -0700] "GET /uncategorized/totally-free-revolves-no-deposit-british-%EF%B8%8F-triple-star-1-deposit-totally-free-offers-to-the-subscription/ HTTP/1.1" 200 30995 "http://fuentesanza.es/uncategorized/totally-free-revolves-no-deposit-british-%ef%b8%8f-triple-star-1-deposit-totally-free-offers-to-the-subscription/" "Mozilla/5.0 (Linux; Android 7.0;) AppleWebKit/537.36 (KHTML, like Gecko) Mobile Safari/537.36 (compatible; PetalBot;+https://webmaster.petalsearch.com/site/petalbot)" 360 **0/360005**
66.249.73.4 - - [14/Apr/2026:05:58:08 -0700] "GET /?f=7114146729 HTTP/1.1" 200 32501 "-" "Mozilla/5.0 (Linux; Android 6.0.1; Nexus 5X Build/MMB29P) AppleWebKit/537.36 (KHTML, like Gecko) Chrome/146.0.7680.177 Mobile Safari/537.36 (compatible; Googlebot/2.1; +http://www.google.com/bot.html)" 356 **0/356660**
216.244.66.241 - - [14/Apr/2026:05:58:09 -0700] "GET /uncategorized/der-anstieg-von-mobilen-krypto-online-kasinos-eine-neue-ara-im-online-gaming/ HTTP/1.1" 200 164873 "-" "Mozilla/5.0 (compatible; DotBot/1.2; +https://opensiteexplorer.org/dotbot; help@moz.com)" 271 **0/271889**
66.249.73.4 - - [14/Apr/2026:05:58:15 -0700] "GET /?w=36370113254 HTTP/1.1" 404 11349 "-" "Mozilla/5.0 (Linux; Android 6.0.1; Nexus 5X Build/MMB29P) AppleWebKit/537.36 (KHTML, like Gecko) Chrome/146.0.7680.177 Mobile Safari/537.36 (compatible; Googlebot/2.1; +http://www.google.com/bot.html)" 289 **0/289811**
66.249.73.4 - - [14/Apr/2026:05:58:16 -0700] "GET /?p=20659259064 HTTP/1.1" 404 11349 "-" "Mozilla/5.0 (Linux; Android 6.0.1; Nexus 5X Build/MMB29P) AppleWebKit/537.36 (KHTML, like Gecko) Chrome/146.0.7680.177 Mobile Safari/537.36 (compatible; Googlebot/2.1; +http://www.google.com/bot.html)" 249 **0/249341**
85.208.96.205 - - [14/Apr/2026:05:58:26 -0700] "GET /uncategorized/casinouri-50-rotiri-gratuite-fara-magazie-million-dollar-man-noi-noi-nextgen-gaming-sloturi-romania-slot-online-indian-dreaming-2023-site/ HTTP/1.1" 200 31957 "-" "Mozilla/5.0 (compatible; SemrushBot/7~bl; +http://www.semrush.com/bot.html)" 346 **0/346101**
66.249.73.4 - - [14/Apr/2026:05:58:29 -0700] "GET /?c=84164205602 HTTP/1.1" 200 32500 "-" "Mozilla/5.0 (Linux; Android 6.0.1; Nexus 5X Build/MMB29P) AppleWebKit/537.36 (KHTML, like Gecko) Chrome/146.0.7680.177 Mobile Safari/537.36 (compatible; Googlebot/2.1; +http://www.google.com/bot.html)" 587 **0/587765**
85.208.96.205 - - [14/Apr/2026:05:58:30 -0700] "GET /tag/pin-up-brasil/ HTTP/1.1" 200 34903 "-" "Mozilla/5.0 (compatible; SemrushBot/7~bl; +http://www.semrush.com/bot.html)" 501 **0/501214**
15.235.98.97 - - [14/Apr/2026:05:58:32 -0700] "GET /chinabridgegroup-co-uk-2/top-rated-best-crypto-casinos-that-accept-credit/feed/ HTTP/1.1" 200 480 "-" "Mozilla/5.0 (compatible; AhrefsBot/7.0; +http://ahrefs.com/robot/)" 492 **0/492365**
85.208.96.207 - - [14/Apr/2026:05:58:33 -0700] "GET /news/paysafecard-online-casinos-2026-die-besten-8/ HTTP/1.1" 200 134822 "-" "Mozilla/5.0 (compatible; SemrushBot/7~bl; +http://www.semrush.com/bot.html)" 1172 **1/1172180**
185.191.171.8 - - [14/Apr/2026:05:58:50 -0700] "GET /uncategorized/50-freispiele-blos-einzahlung-2026-spielen-sie-blackjack-fur-geld-online-exklusiv-and-auf-anhieb/ HTTP/1.1" 200 31095 "-" "Mozilla/5.0 (compatible; SemrushBot/7~bl; +http://www.semrush.com/bot.html)" 341 **0/341665**
103.219.169.195 - - [14/Apr/2026:05:58:52 -0700] "POST /xmlrpc.php HTTP/1.1" 200 180 "-" "Mozilla/5.0 (Windows NT 10.0; Win64; x64) AppleWebKit/537.36 (KHTML, like Gecko) Chrome/114.0.0.0 Safari/537.36" 397 **0/397633**
208.109.41.231 - - [14/Apr/2026:05:58:54 -0700] "POST /wp-cron.php?doing_wp_cron=1776171534.8960020542144775390625 HTTP/1.1" 200 - "-" "WordPress/6.3.8; http://fuentesanza.es" 30 **0/30323**
216.73.216.141 - - [14/Apr/2026:05:58:54 -0700] "GET /sitemap329.xml HTTP/1.1" 404 11349 "-" "Mozilla/5.0 AppleWebKit/537.36 (KHTML, like Gecko; compatible; ClaudeBot/1.0; +claudebot@anthropic.com)" 357 **0/357009**
85.208.96.203 - - [14/Apr/2026:05:58:54 -0700] "GET /uncategorized/wasteland-big-dollar-casino-no-deposit-bonus-code-appreciate-position-totally-free-play-and-review-february-2026/ HTTP/1.1" 200 30990 "-" "Mozilla/5.0 (compatible; SemrushBot/7~bl; +http://www.semrush.com/bot.html)" 609 **0/609920**
185.191.171.14 - - [14/Apr/2026:05:58:56 -0700] "GET /uncategorized/preuzmite-pokies-besplatno-demo-onla%D1%98n-igru-verde-casino-prijava-crna-gora-instantaneous-gamble/ HTTP/1.1" 200 30539 "-" "Mozilla/5.0 (compatible; SemrushBot/7~bl; +http://www.semrush.com/bot.html)" 285 **0/285691**
103.219.169.195 - - [14/Apr/2026:05:58:58 -0700] "POST /xmlrpc.php HTTP/1.1" 200 12990 "-" "Mozilla/5.0 (Windows NT 10.0; Win64; x64) AppleWebKit/537.36 (KHTML, like Gecko) Chrome/114.0.0.0 Safari/537.36" 432 **0/432544**
103.219.169.195 - - [14/Apr/2026:05:58:59 -0700] "GET /uncategorized/step-three-deposit-local-casino-united-kingdom-sign-up-and-have-totally-free-captain-quids-slot-spins/ HTTP/1.1" 200 159327 "-" "Mozilla/5.0 (Windows NT 10.0; rv:109.0) Gecko/20100101 Firefox/115.0" 248 **0/248597**
85.208.96.194 - - [14/Apr/2026:05:59:15 -0700] "GET /uncategorized/cele-mai-bune-aparate-de-pacanea-care-promoie-cazino-5-dazzling-hot-1-depozit-fara-achitare/ HTTP/1.1" 200 31979 "-" "Mozilla/5.0 (compatible; SemrushBot/7~bl; +http://www.semrush.com/bot.html)" 404 **0/404600**
54.39.89.103 - - [14/Apr/2026:05:59:22 -0700] "GET /uncategorized/lower-minimal-put-casinos-british-5-and-10-pound-casinos/feed/ HTTP/1.1" 200 461 "-" "Mozilla/5.0 (compatible; AhrefsBot/7.0; +http://ahrefs.com/robot/)" 454 **0/454219**
66.249.73.5 - - [14/Apr/2026:05:59:30 -0700] "GET /?i=20912298719 HTTP/1.1" 200 32568 "-" "Mozilla/5.0 (Linux; Android 6.0.1; Nexus 5X Build/MMB29P) AppleWebKit/537.36 (KHTML, like Gecko) Chrome/146.0.7680.177 Mobile Safari/537.36 (compatible; Googlebot/2.1; +http://www.google.com/bot.html)" 429 **0/429586**
66.249.73.6 - - [14/Apr/2026:05:59:30 -0700] "GET /?c=8416451153 HTTP/1.1" 200 32569 "-" "Mozilla/5.0 (Linux; Android 6.0.1; Nexus 5X Build/MMB29P) AppleWebKit/537.36 (KHTML, like Gecko) Chrome/146.0.7680.177 Mobile Safari/537.36 (compatible; Googlebot/2.1; +http://www.google.com/bot.html)" 230 **0/230948**
185.191.171.11 - - [14/Apr/2026:05:59:35 -0700] "GET /uncategorized/de-magische-wereld-van-online-casinos-een-gids-voor-beginners/ HTTP/1.1" 200 30341 "-" "Mozilla/5.0 (compatible; SemrushBot/7~bl; +http://www.semrush.com/bot.html)" 318 **0/318460**
66.249.73.4 - - [14/Apr/2026:05:59:38 -0700] "GET /?m=31108105093 HTTP/1.1" 404 11349 "-" "Mozilla/5.0 (Linux; Android 6.0.1; Nexus 5X Build/MMB29P) AppleWebKit/537.36 (KHTML, like Gecko) Chrome/146.0.7680.177 Mobile Safari/537.36 (compatible; Googlebot/2.1; +http://www.google.com/bot.html)" 192 **0/192507**
66.249.73.4 - - [14/Apr/2026:05:59:38 -0700] "GET /?m=31108174745 HTTP/1.1" 404 11349 "-" "Mozilla/5.0 (Linux; Android 6.0.1; Nexus 5X Build/MMB29P) AppleWebKit/537.36 (KHTML, like Gecko) Chrome/146.0.7680.177 Mobile Safari/537.36 (compatible; Googlebot/2.1; +http://www.google.com/bot.html)" 206 **0/206855**
66.249.73.4 - - [14/Apr/2026:05:59:45 -0700] "GET /?m=31108241774 HTTP/1.1" 404 11349 "-" "Mozilla/5.0 (Linux; Android 6.0.1; Nexus 5X Build/MMB29P) AppleWebKit/537.36 (KHTML, like Gecko) Chrome/146.0.7680.177 Mobile Safari/537.36 (compatible; Googlebot/2.1; +http://www.google.com/bot.html)" 237 **0/237517**
85.208.96.194 - - [14/Apr/2026:05:59:52 -0700] "GET /uncategorized/better-casinos-on-the-internet-united-states-2026-a-real-income-legal-gambling-establishment-web-sites/ HTTP/1.1" 200 32302 "-" "Mozilla/5.0 (compatible; SemrushBot/7~bl; +http://www.semrush.com/bot.html)" 383 **0/383698**
185.191.171.17 - - [14/Apr/2026:05:59:54 -0700] "GET /uncategorized/8-lunar-fortune-casino-%EF%BF%BD-perfect-for-its-daily-bonuses/ HTTP/1.1" 200 29462 "-" "Mozilla/5.0 (compatible; SemrushBot/7~bl; +http://www.semrush.com/bot.html)" 662 **0/662865**
66.249.73.4 - - [14/Apr/2026:05:59:59 -0700] "GET /?m=31108242096 HTTP/1.1" 404 11349 "-" "Mozilla/5.0 (Linux; Android 6.0.1; Nexus 5X Build/MMB29P) AppleWebKit/537.36 (KHTML, like Gecko) Chrome/146.0.7680.177 Mobile Safari/537.36 (compatible; Googlebot/2.1; +http://www.google.com/bot.html)" 198 **0/198496**
66.249.73.6 - - [14/Apr/2026:06:00:06 -0700] "GET /?y=4529099671 HTTP/1.1" 200 32568 "-" "Mozilla/5.0 (Linux; Android 6.0.1; Nexus 5X Build/MMB29P) AppleWebKit/537.36 (KHTML, like Gecko) Chrome/146.0.7680.177 Mobile Safari/537.36 (compatible; Googlebot/2.1; +http://www.google.com/bot.html)" 1143 **1/1143464**
66.249.73.4 - - [14/Apr/2026:06:00:07 -0700] "GET /?w=36370234652 HTTP/1.1" 404 11349 "-" "Mozilla/5.0 (Linux; Android 6.0.1; Nexus 5X Build/MMB29P) AppleWebKit/537.36 (KHTML, like Gecko) Chrome/146.0.7680.177 Mobile Safari/537.36 (compatible; Googlebot/2.1; +http://www.google.com/bot.html)" 552 **0/552636**
66.249.73.6 - - [14/Apr/2026:06:00:07 -0700] "GET /?y=45290116458 HTTP/1.1" 200 32569 "-" "Mozilla/5.0 (Linux; Android 6.0.1; Nexus 5X Build/MMB29P) AppleWebKit/537.36 (KHTML, like Gecko) Chrome/146.0.7680.177 Mobile Safari/537.36 (compatible; Googlebot/2.1; +http://www.google.com/bot.html)" 937 **0/937933**
51.222.95.149 - - [14/Apr/2026:06:00:16 -0700] "GET /uncategorized/25-giros-las-mejores-resenas-de-casinos-en-linea-gratuito-carente-deposito-en-espana-bono-25-giros-regalado/feed/ HTTP/1.1" 200 521 "-" "Mozilla/5.0 (compatible; AhrefsBot/7.0; +http://ahrefs.com/robot/)" 298 **0/298693**
216.73.216.141 - - [14/Apr/2026:06:00:20 -0700] "GET /sitemap824.xml HTTP/1.1" 404 11349 "-" "Mozilla/5.0 AppleWebKit/537.36 (KHTML, like Gecko; compatible; ClaudeBot/1.0; +claudebot@anthropic.com)" 243 **0/243377**
103.219.169.195 - - [14/Apr/2026:06:00:22 -0700] "POST /xmlrpc.php HTTP/1.1" 200 180 "-" "Mozilla/5.0 (Windows NT 10.0; Win64; x64) AppleWebKit/537.36 (KHTML, like Gecko) Chrome/114.0.0.0 Safari/537.36" 777 **0/777165**
208.109.41.231 - - [14/Apr/2026:06:00:24 -0700] "POST /wp-cron.php?doing_wp_cron=1776171624.6943531036376953125000 HTTP/1.1" 200 - "-" "WordPress/6.3.8; http://fuentesanza.es" 31 **0/31748**
190.160.241.23 - - [14/Apr/2026:06:00:24 -0700] "GET / HTTP/1.1" 200 32551 "-" "Mozilla/5.0 (Windows NT 10.0; Win64; x64) AppleWebKit/537.36 (KHTML, like Gecko) Chrome/120.0.0.0 Safari/537.36" 628 **0/628209**
103.219.169.195 - - [14/Apr/2026:06:00:29 -0700] "POST /xmlrpc.php HTTP/1.1" 200 10368 "-" "Mozilla/5.0 (Windows NT 10.0; Win64; x64) AppleWebKit/537.36 (KHTML, like Gecko) Chrome/114.0.0.0 Safari/537.36" 395 **0/395636**
103.219.169.195 - - [14/Apr/2026:06:00:30 -0700] "GET /uncategorized/the-real-cashout-chance-from-the-zero-deposit-play-absolute-super-reels-online-casinos/ HTTP/1.1" 200 156643 "-" "Mozilla/5.0 (Windows NT 10.0; Win64; x64) AppleWebKit/537.36 (KHTML, like Gecko) Chrome/123.0.0.0 Safari/537.36" 502 **0/502384**
92.99.129.165 - - [14/Apr/2026:06:00:53 -0700] "POST /wp-login.php HTTP/1.1" 302 - "http://fuentesanza.es/wp-login.php" "Mozilla/5.0 (Windows NT 10.0; Win64; x64) AppleWebKit/537.36 (KHTML, like Gecko) Chrome/120.0.0.0 Safari/537.36" 253 **0/253115**
98.98.9.26 - - [14/Apr/2026:06:00:53 -0700] "POST /xmlrpc.php HTTP/1.1" 200 180 "-" "Mozilla/5.0 (Windows NT 10.0; Win64; x64) AppleWebKit/537.36 (KHTML, like Gecko) Chrome/114.0.0.0 Safari/537.36" 616 **0/616263**
208.109.41.231 - - [14/Apr/2026:06:00:54 -0700] "POST /wp-cron.php?doing_wp_cron=1776171654.9427769184112548828125 HTTP/1.1" 200 - "-" "WordPress/6.3.8; http://fuentesanza.es" 38 **0/38297**
92.99.129.165 - - [14/Apr/2026:06:00:54 -0700] "GET /wp-admin/ HTTP/1.1" 200 24193 "http://fuentesanza.es/wp-login.php" "Mozilla/5.0 (Windows NT 10.0; Win64; x64) AppleWebKit/537.36 (KHTML, like Gecko) Chrome/120.0.0.0 Safari/537.36" 648 **0/648037**
185.191.171.1 - - [14/Apr/2026:06:00:59 -0700] "GET /uncategorized/summary-2808/ HTTP/1.1" 200 28195 "-" "Mozilla/5.0 (compatible; SemrushBot/7~bl; +http://www.semrush.com/bot.html)" 381 **0/381706**
98.98.9.26 - - [14/Apr/2026:06:01:00 -0700] "POST /xmlrpc.php HTTP/1.1" 200 9482 "-" "Mozilla/5.0 (Windows NT 10.0; Win64; x64) AppleWebKit/537.36 (KHTML, like Gecko) Chrome/114.0.0.0 Safari/537.36" 651 **0/651862**
85.208.96.199 - - [14/Apr/2026:06:01:04 -0700] "GET /uncategorized/erreichbar-blackjack-inoffizieller-mitarbeiter-kasino-zum-besten-geben-20-asena-1-kaution-blackjack-casinos/ HTTP/1.1" 200 31796 "-" "Mozilla/5.0 (compatible; SemrushBot/7~bl; +http://www.semrush.com/bot.html)" 745 **0/745739**
98.98.9.26 - - [14/Apr/2026:06:01:02 -0700] "GET /uncategorized/parhaat-nettikasinot-palkkioilla-vuonna-2026-suuri-rtp-98-kasinot/ HTTP/1.1" 200 155642 "-" "Mozilla/5.0 (Windows NT 10.0; Win64; x64) AppleWebKit/537.36 (KHTML, like Gecko) Chrome/123.0.0.0 Safari/537.36 OPR/109.0.0.0" 7253 **7/7253589**
50.48.135.128 - - [14/Apr/2026:06:01:18 -0700] "POST /xmlrpc.php HTTP/1.1" 200 602304 "-" "Mozilla/5.0 (Windows NT 10.0; Win64; x64) AppleWebKit/537.36 (KHTML, like Gecko) Chrome/116.0.0.0 Safari/537.36" 1541 **1/1541811**
179.111.0.168 - - [14/Apr/2026:06:01:28 -0700] "GET /wp-admin/ HTTP/1.1" 200 24193 "-" "Mozilla/5.0 (Windows NT 10.0; Win64; x64) AppleWebKit/537.36 (KHTML, like Gecko) Chrome/120.0.0.0 Safari/537.36" 289 **0/289267**
47.128.25.247 - - [14/Apr/2026:06:01:29 -0700] "GET /uncategorized/online-spielsaal-land-der-dichter-und-denker-kasino-angeschlossen-spielen/ HTTP/1.1" 403 156672 "-" "Mozilla/5.0 (Linux; Android 5.0) AppleWebKit/537.36 (KHTML, like Gecko) Mobile Safari/537.36 (compatible; Bytespider; spider-feedback@bytedance.com)" 311 **0/311478**
47.128.25.247 - - [14/Apr/2026:06:01:30 -0700] "GET /wp-content/themes/twentytwelve/style.css?ver=20230808 HTTP/1.1" 404 50331 "http://fuentesanza.es/uncategorized/online-spielsaal-land-der-dichter-und-denker-kasino-angeschlossen-spielen/" "Mozilla/5.0 (Linux; Android 5.0) AppleWebKit/537.36 (KHTML, like Gecko) Mobile Safari/537.36 (compatible; Bytespider; spider-feedback@bytedance.com)" 750 **0/750332**
179.111.0.168 - - [14/Apr/2026:06:01:30 -0700] "POST /wp-json/wp/v2/posts HTTP/1.1" 201 14807 "-" "Mozilla/5.0 (Windows NT 10.0; Win64; x64) AppleWebKit/537.36 (KHTML, like Gecko) Chrome/120.0.0.0 Safari/537.36" 984 **0/984846**
47.128.25.247 - - [14/Apr/2026:06:01:30 -0700] "GET /wp-content/themes/twentytwelve/css/blocks.css?ver=20230213 HTTP/1.1" 404 50331 "http://fuentesanza.es/uncategorized/online-spielsaal-land-der-dichter-und-denker-kasino-angeschlossen-spielen/" "Mozilla/5.0 (Linux; Android 5.0) AppleWebKit/537.36 (KHTML, like Gecko) Mobile Safari/537.36 (compatible; Bytespider; spider-feedback@bytedance.com)" 762 **0/762675**
47.128.25.247 - - [14/Apr/2026:06:01:30 -0700] "GET /wp-content/themes/twentytwelve/fonts/font-open-sans.css?ver=20230328 HTTP/1.1" 404 50331 "http://fuentesanza.es/uncategorized/online-spielsaal-land-der-dichter-und-denker-kasino-angeschlossen-spielen/" "Mozilla/5.0 (Linux; Android 5.0) AppleWebKit/537.36 (KHTML, like Gecko) Mobile Safari/537.36 (compatible; Bytespider; spider-feedback@bytedance.com)" 891 **0/891359**
47.128.25.247 - - [14/Apr/2026:06:01:30 -0700] "GET /wp-includes/css/dist/block-library/style.min.css?ver=6.3.8 HTTP/1.1" 404 50331 "http://fuentesanza.es/uncategorized/online-spielsaal-land-der-dichter-und-denker-kasino-angeschlossen-spielen/" "Mozilla/5.0 (Linux; Android 5.0) AppleWebKit/537.36 (KHTML, like Gecko) Mobile Safari/537.36 (compatible; Bytespider; spider-feedback@bytedance.com)" 994 **0/994012**
90.69.164.26 - - [14/Apr/2026:06:01:30 -0700] "POST /xmlrpc.php HTTP/1.1" 200 180 "-" "Mozilla/5.0 (Windows NT 10.0; Win64; x64) AppleWebKit/537.36 (KHTML, like Gecko) Chrome/116.0.0.0 Safari/537.36" 955 **0/955514**
208.109.41.231 - - [14/Apr/2026:06:01:32 -0700] "POST /wp-cron.php?doing_wp_cron=1776171692.2559330463409423828125 HTTP/1.1" 200 - "-" "WordPress/6.3.8; http://fuentesanza.es" 28 **0/28823**
179.111.0.168 - - [14/Apr/2026:06:01:32 -0700] "GET /uncategorized/jak-aktualizovat-sve-informace-po-registraci-u-mostbet/ HTTP/1.1" 200 31866 "-" "Mozilla/5.0 (Windows NT 10.0; Win64; x64) AppleWebKit/537.36 (KHTML, like Gecko) Chrome/120.0.0.0 Safari/537.36" 542 **0/542159**
54.39.136.247 - - [14/Apr/2026:06:01:32 -0700] "GET /uncategorized/poker-en-internet-sin-cargo-jugar-en-casino-south-park-el-poker-regalado-replay-poker/feed/ HTTP/1.1" 200 476 "-" "Mozilla/5.0 (compatible; AhrefsBot/7.0; +http://ahrefs.com/robot/)" 431 **0/431569**
24.70.208.18 - - [14/Apr/2026:06:01:33 -0700] "POST /xmlrpc.php HTTP/1.1" 404 50331 "-" "Mozilla/5.0 (Windows NT 10.0; Win64; x64) AppleWebKit/537.36 (KHTML, like Gecko) Chrome/116.0.0.0 Safari/537.36" 247 **0/247302**
66.249.73.6 - - [14/Apr/2026:06:01:32 -0700] "GET /?f=71141225166 HTTP/1.1" 200 31606 "-" "Mozilla/5.0 (Linux; Android 6.0.1; Nexus 5X Build/MMB29P) AppleWebKit/537.36 (KHTML, like Gecko) Chrome/146.0.7680.177 Mobile Safari/537.36 (compatible; Googlebot/2.1; +http://www.google.com/bot.html)" 423 **0/423282**
185.205.156.148 - - [14/Apr/2026:06:01:33 -0700] "POST /xmlrpc.php HTTP/1.1" 200 7843 "-" "Mozilla/5.0 (Windows NT 10.0; Win64; x64) AppleWebKit/537.36 (KHTML, like Gecko) Chrome/116.0.0.0 Safari/537.36" 189 **0/189779**
179.111.0.168 - - [14/Apr/2026:06:01:35 -0700] "GET /uncategorized/jak-aktualizovat-sve-informace-po-registraci-u-mostbet/ HTTP/1.1" 200 31866 "-" "Mozilla/5.0 (Windows NT 10.0; Win64; x64) AppleWebKit/537.36 (KHTML, like Gecko) Chrome/120.0.0.0 Safari/537.36" 353 **0/353941**
179.111.0.168 - - [14/Apr/2026:06:01:39 -0700] "GET /uncategorized/jak-aktualizovat-sve-informace-po-registraci-u-mostbet/ HTTP/1.1" 200 31866 "-" "Mozilla/5.0 (Windows NT 10.0; Win64; x64) AppleWebKit/537.36 (KHTML, like Gecko) Chrome/120.0.0.0 Safari/537.36" 267 **0/267217**
179.111.0.168 - - [14/Apr/2026:06:01:40 -0700] "POST /wp-json/wp/v2/posts HTTP/1.1" 201 14817 "-" "Mozilla/5.0 (Windows NT 10.0; Win64; x64) AppleWebKit/537.36 (KHTML, like Gecko) Chrome/120.0.0.0 Safari/537.36" 486 **0/486008**
208.109.41.231 - - [14/Apr/2026:06:01:41 -0700] "POST /wp-cron.php?doing_wp_cron=1776171701.4928588867187500000000 HTTP/1.1" 200 - "-" "WordPress/6.3.8; http://fuentesanza.es" 22 **0/22506**
103.219.169.195 - - [14/Apr/2026:06:01:38 -0700] "POST /xmlrpc.php HTTP/1.1" 200 180 "-" "Mozilla/5.0 (Windows NT 10.0; Win64; x64) AppleWebKit/537.36 (KHTML, like Gecko) Chrome/114.0.0.0 Safari/537.36" 3338 **3/3338340**
179.111.0.168 - - [14/Apr/2026:06:01:42 -0700] "GET /uncategorized/jak-aktualizovat-sve-informace-po-registraci-u-mostbet-2/ HTTP/1.1" 200 31849 "-" "Mozilla/5.0 (Windows NT 10.0; Win64; x64) AppleWebKit/537.36 (KHTML, like Gecko) Chrome/120.0.0.0 Safari/537.36" 495 **0/495061**
179.111.0.168 - - [14/Apr/2026:06:01:46 -0700] "GET /uncategorized/jak-aktualizovat-sve-informace-po-registraci-u-mostbet-2/ HTTP/1.1" 200 31849 "-" "Mozilla/5.0 (Windows NT 10.0; Win64; x64) AppleWebKit/537.36 (KHTML, like Gecko) Chrome/120.0.0.0 Safari/537.36" 328 **0/328359**
103.219.169.195 - - [14/Apr/2026:06:01:47 -0700] "POST /xmlrpc.php HTTP/1.1" 200 10926 "-" "Mozilla/5.0 (Windows NT 10.0; Win64; x64) AppleWebKit/537.36 (KHTML, like Gecko) Chrome/114.0.0.0 Safari/537.36" 508 **0/508867**
185.191.171.9 - - [14/Apr/2026:06:01:48 -0700] "GET /uncategorized/household-of-enjoyable-gambling-establishment-ports-install-oscar-spin-bonus-code-and-you-can-play-on-desktop-computer-google-play-shop/ HTTP/1.1" 200 31940 "-" "Mozilla/5.0 (compatible; SemrushBot/7~bl; +http://www.semrush.com/bot.html)" 335 **0/335488**
103.219.169.195 - - [14/Apr/2026:06:01:49 -0700] "GET /uncategorized/top-ten-casinos-on-the-internet-medusa-slot-for-real-money-wager-march-2026/ HTTP/1.1" 200 157136 "-" "Mozilla/5.0 (Windows NT 10.0; Win64; x64) AppleWebKit/537.36 (KHTML, like Gecko) Chrome/123.0.0.0 Safari/537.36 OPR/109.0.0.0" 381 **0/381392**
179.111.0.168 - - [14/Apr/2026:06:01:49 -0700] "GET /uncategorized/jak-aktualizovat-sve-informace-po-registraci-u-mostbet-2/ HTTP/1.1" 200 31849 "-" "Mozilla/5.0 (Windows NT 10.0; Win64; x64) AppleWebKit/537.36 (KHTML, like Gecko) Chrome/120.0.0.0 Safari/537.36" 421 **0/421725**
179.111.0.168 - - [14/Apr/2026:06:01:51 -0700] "GET /wp-admin/post-new.php HTTP/1.1" 200 102174 "-" "Mozilla/5.0 (Windows NT 10.0; Win64; x64) AppleWebKit/537.36 (KHTML, like Gecko) Chrome/120.0.0.0 Safari/537.36" 369 **0/369075**
66.249.73.4 - - [14/Apr/2026:06:01:53 -0700] "GET /?m=31108199177 HTTP/1.1" 404 11349 "-" "Mozilla/5.0 (Linux; Android 6.0.1; Nexus 5X Build/MMB29P) AppleWebKit/537.36 (KHTML, like Gecko) Chrome/146.0.7680.177 Mobile Safari/537.36 (compatible; Googlebot/2.1; +http://www.google.com/bot.html)" 344 **0/344849**
66.249.73.4 - - [14/Apr/2026:06:01:53 -0700] "GET /?x=32835181637 HTTP/1.1" 200 31447 "-" "Mozilla/5.0 (Linux; Android 6.0.1; Nexus 5X Build/MMB29P) AppleWebKit/537.36 (KHTML, like Gecko) Chrome/146.0.7680.177 Mobile Safari/537.36 (compatible; Googlebot/2.1; +http://www.google.com/bot.html)" 581 **0/581623**
179.111.0.168 - - [14/Apr/2026:06:01:54 -0700] "POST /wp-admin/post.php HTTP/1.1" 302 - "-" "Mozilla/5.0 (Windows NT 10.0; Win64; x64) AppleWebKit/537.36 (KHTML, like Gecko) Chrome/120.0.0.0 Safari/537.36" 1118 **1/1118489**
85.208.96.208 - - [14/Apr/2026:06:01:55 -0700] "GET /uncategorized/household-from-green-entertainment-cannabis-dispensary-inside-anchorage-ak/ HTTP/1.1" 200 31592 "-" "Mozilla/5.0 (compatible; SemrushBot/7~bl; +http://www.semrush.com/bot.html)" 480 **0/480835**
208.109.41.231 - - [14/Apr/2026:06:01:56 -0700] "POST /wp-cron.php?doing_wp_cron=1776171716.4343149662017822265625 HTTP/1.1" 200 - "-" "WordPress/6.3.8; http://fuentesanza.es" 26 **0/26944**
179.111.0.168 - - [14/Apr/2026:06:01:56 -0700] "GET /wp-admin/post.php?post=48738&action=edit&message=1 HTTP/1.1" 200 104594 "-" "Mozilla/5.0 (Windows NT 10.0; Win64; x64) AppleWebKit/537.36 (KHTML, like Gecko) Chrome/120.0.0.0 Safari/537.36" 519 **0/519844**
66.249.73.4 - - [14/Apr/2026:06:01:53 -0700] "GET /?s=10106311051 HTTP/1.1" 200 24225 "-" "Mozilla/5.0 (Linux; Android 6.0.1; Nexus 5X Build/MMB29P) AppleWebKit/537.36 (KHTML, like Gecko) Chrome/146.0.7680.177 Mobile Safari/537.36 (compatible; Googlebot/2.1; +http://www.google.com/bot.html)" 3515 **3/3515466**
185.191.171.15 - - [14/Apr/2026:06:01:57 -0700] "GET /uncategorized/scoprire-limpennata-dei-imprese-di-gioco-dazzardo-su-telegram-una-frontiera-moderna-del-video-gaming/ HTTP/1.1" 200 30298 "-" "Mozilla/5.0 (compatible; SemrushBot/7~bl; +http://www.semrush.com/bot.html)" 354 **0/354282**
98.98.9.26 - - [14/Apr/2026:06:01:36 -0700] "POST /xmlrpc.php HTTP/1.1" 404 50331 "-" "Mozilla/5.0 (Windows NT 10.0; Win64; x64) AppleWebKit/537.36 (KHTML, like Gecko) Chrome/114.0.0.0 Safari/537.36" 30662 **30/30662166**
85.208.96.204 - - [14/Apr/2026:06:02:09 -0700] "GET /uncategorized/split-aside-luxury-casino-calzone-free-spins-free-online-position-no-download/ HTTP/1.1" 200 31099 "-" "Mozilla/5.0 (compatible; SemrushBot/7~bl; +http://www.semrush.com/bot.html)" 334 **0/334663**
66.249.73.4 - - [14/Apr/2026:06:02:10 -0700] "GET /?m=31108216026 HTTP/1.1" 404 11349 "-" "Mozilla/5.0 (Linux; Android 6.0.1; Nexus 5X Build/MMB29P) AppleWebKit/537.36 (KHTML, like Gecko) Chrome/146.0.7680.177 Mobile Safari/537.36 (compatible; Googlebot/2.1; +http://www.google.com/bot.html)" 270 **0/270606**
85.208.96.199 - - [14/Apr/2026:06:02:23 -0700] "GET /news/neue-online-slots-casino-spiele-kostenlose-35/ HTTP/1.1" 200 241599 "-" "Mozilla/5.0 (compatible; SemrushBot/7~bl; +http://www.semrush.com/bot.html)" 326 **0/326784**
102.66.135.58 - - [14/Apr/2026:06:02:24 -0700] "GET /?p=48738 HTTP/1.1" 301 - "-" "Mozilla/5.0 (Windows NT 10.0; Win64; x64) AppleWebKit/537.36 (KHTML, like Gecko) Chrome/120.0.0.0 Safari/537.36" 156 **0/156018**
66.249.73.4 - - [14/Apr/2026:06:02:25 -0700] "GET /?p=2065924142 HTTP/1.1" 404 11349 "-" "Mozilla/5.0 (Linux; Android 6.0.1; Nexus 5X Build/MMB29P) AppleWebKit/537.36 (KHTML, like Gecko) Chrome/146.0.7680.177 Mobile Safari/537.36 (compatible; Googlebot/2.1; +http://www.google.com/bot.html)" 413 **0/413952**
102.66.135.58 - - [14/Apr/2026:06:02:25 -0700] "GET /uncategorized/jak-aktualizovat-sve-informace-po-registraci-u-mostbet-3/ HTTP/1.1" 200 31506 "-" "Mozilla/5.0 (Windows NT 10.0; Win64; x64) AppleWebKit/537.36 (KHTML, like Gecko) Chrome/120.0.0.0 Safari/537.36" 648 **0/648318**
66.249.73.4 - - [14/Apr/2026:06:02:25 -0700] "GET /?x=32835227775 HTTP/1.1" 200 31087 "-" "Mozilla/5.0 (Linux; Android 6.0.1; Nexus 5X Build/MMB29P) AppleWebKit/537.36 (KHTML, like Gecko) Chrome/146.0.7680.177 Mobile Safari/537.36 (compatible; Googlebot/2.1; +http://www.google.com/bot.html)" 675 **0/675008**
