66.249.73.4 - - [14/Apr/2026:05:22:19 -0700] "GET /?i=2091277630 HTTP/1.1" 200 30653 "-" "Mozilla/5.0 (Linux; Android 6.0.1; Nexus 5X Build/MMB29P) AppleWebKit/537.36 (KHTML, like Gecko) Chrome/146.0.7680.177 Mobile Safari/537.36 (compatible; Googlebot/2.1; +http://www.google.com/bot.html)" 878 **0/878445**
103.219.169.195 - - [14/Apr/2026:05:22:20 -0700] "GET /uncategorized/better-5-put-casinos-united-kingdom-2026-play-for-50-free-spins-on-gday-no-deposit-5-pounds/ HTTP/1.1" 200 156710 "-" "Mozilla/5.0 (Windows NT 10.0; Win64; x64; rv:125.0) Gecko/20100101 Firefox/125.0" 420 **0/420423**
85.208.96.193 - - [14/Apr/2026:05:22:26 -0700] "GET /uncategorized/avsloja-hemligheterna-for-att-vinna-stort-pa-casinon/ HTTP/1.1" 200 28793 "-" "Mozilla/5.0 (compatible; SemrushBot/7~bl; +http://www.semrush.com/bot.html)" 499 **0/499038**
66.249.73.4 - - [14/Apr/2026:05:22:34 -0700] "GET /uncategorized/online-live-roulette-free-the-ultimate-guide/ HTTP/1.1" 200 27595 "-" "Mozilla/5.0 (Linux; Android 6.0.1; Nexus 5X Build/MMB29P) AppleWebKit/537.36 (KHTML, like Gecko) Chrome/146.0.7680.177 Mobile Safari/537.36 (compatible; Googlebot/2.1; +http://www.google.com/bot.html)" 412 **0/412824**
185.191.171.6 - - [14/Apr/2026:05:22:51 -0700] "GET /vulkan-vegas-login-578/vulkan-vegas-casino-998/ HTTP/1.1" 200 33046 "-" "Mozilla/5.0 (compatible; SemrushBot/7~bl; +http://www.semrush.com/bot.html)" 356 **0/356173**
103.219.169.195 - - [14/Apr/2026:05:22:52 -0700] "POST /xmlrpc.php HTTP/1.1" 200 180 "-" "Mozilla/5.0 (Windows NT 10.0; Win64; x64) AppleWebKit/537.36 (KHTML, like Gecko) Chrome/114.0.0.0 Safari/537.36" 603 **0/603194**
66.249.73.4 - - [14/Apr/2026:05:22:52 -0700] "GET /?i=5169661937 HTTP/1.1" 200 27803 "-" "Mozilla/5.0 (Linux; Android 6.0.1; Nexus 5X Build/MMB29P) AppleWebKit/537.36 (KHTML, like Gecko) Chrome/146.0.7680.177 Mobile Safari/537.36 (compatible; Googlebot/2.1; +http://www.google.com/bot.html)" 515 **0/515948**
208.109.41.231 - - [14/Apr/2026:05:22:59 -0700] "POST /wp-cron.php?doing_wp_cron=1776169379.1399118900299072265625 HTTP/1.1" 200 - "-" "WordPress/6.3.8; http://fuentesanza.es" 42 **0/42333**
103.219.169.195 - - [14/Apr/2026:05:22:58 -0700] "POST /xmlrpc.php HTTP/1.1" 200 12207 "-" "Mozilla/5.0 (Windows NT 10.0; Win64; x64) AppleWebKit/537.36 (KHTML, like Gecko) Chrome/114.0.0.0 Safari/537.36" 702 **0/702394**
51.222.95.5 - - [14/Apr/2026:05:22:59 -0700] "GET /uncategorized/gamble-at-the-valor-bet-china/feed/ HTTP/1.1" 200 432 "-" "Mozilla/5.0 (compatible; AhrefsBot/7.0; +http://ahrefs.com/robot/)" 481 **0/481015**
103.219.169.195 - - [14/Apr/2026:05:23:00 -0700] "GET /uncategorized/digital-enjoyment-wave-serbias-top-ten-casinos-on-the-internet-rated-to-vital-link-possess-2026/ HTTP/1.1" 200 158444 "-" "Mozilla/5.0 (Windows NT 10.0; Win64; x64) AppleWebKit/537.36 (KHTML, like Gecko) Chrome/123.0.0.0 Safari/537.36 OPR/109.0.0.0" 420 **0/420464**
66.249.73.5 - - [14/Apr/2026:05:23:09 -0700] "GET /?y=45290115194 HTTP/1.1" 200 27805 "-" "Mozilla/5.0 (Linux; Android 6.0.1; Nexus 5X Build/MMB29P) AppleWebKit/537.36 (KHTML, like Gecko) Chrome/146.0.7680.177 Mobile Safari/537.36 (compatible; Googlebot/2.1; +http://www.google.com/bot.html)" 480 **0/480321**
66.249.73.6 - - [14/Apr/2026:05:23:11 -0700] "GET /?f=71141209628 HTTP/1.1" 200 27803 "-" "Mozilla/5.0 (Linux; Android 6.0.1; Nexus 5X Build/MMB29P) AppleWebKit/537.36 (KHTML, like Gecko) Chrome/146.0.7680.177 Mobile Safari/537.36 (compatible; Googlebot/2.1; +http://www.google.com/bot.html)" 330 **0/330311**
185.191.171.13 - - [14/Apr/2026:05:23:14 -0700] "GET /uncategorized/live-video-chat-to-satisfy-new-individuals-immediately/ HTTP/1.1" 200 31684 "-" "Mozilla/5.0 (compatible; SemrushBot/7~bl; +http://www.semrush.com/bot.html)" 356 **0/356619**
66.249.73.4 - - [14/Apr/2026:05:23:25 -0700] "GET /?p=20659135852 HTTP/1.1" 404 11349 "-" "Mozilla/5.0 (Linux; Android 6.0.1; Nexus 5X Build/MMB29P) AppleWebKit/537.36 (KHTML, like Gecko) Chrome/146.0.7680.177 Mobile Safari/537.36 (compatible; Googlebot/2.1; +http://www.google.com/bot.html)" 226 **0/226182**
103.219.169.195 - - [14/Apr/2026:05:23:31 -0700] "POST /xmlrpc.php HTTP/1.1" 200 180 "-" "Mozilla/5.0 (Windows NT 10.0; Win64; x64) AppleWebKit/537.36 (KHTML, like Gecko) Chrome/114.0.0.0 Safari/537.36" 482 **0/482541**
208.109.41.231 - - [14/Apr/2026:05:23:37 -0700] "POST /wp-cron.php?doing_wp_cron=1776169417.8066160678863525390625 HTTP/1.1" 200 - "-" "WordPress/6.3.8; http://fuentesanza.es" 28 **0/28034**
103.219.169.195 - - [14/Apr/2026:05:23:37 -0700] "POST /xmlrpc.php HTTP/1.1" 200 9616 "-" "Mozilla/5.0 (Windows NT 10.0; Win64; x64) AppleWebKit/537.36 (KHTML, like Gecko) Chrome/114.0.0.0 Safari/537.36" 535 **0/535716**
103.219.169.195 - - [14/Apr/2026:05:23:38 -0700] "GET /uncategorized/greatest-neteller-online-orient-express-slot-free-spins-casino-web-sites-programs-within-the-february-2026/ HTTP/1.1" 200 156273 "-" "Mozilla/5.0 (Windows NT 10.0; Win64; x64) AppleWebKit/537.36 (KHTML, like Gecko) Chrome/122.0.0.0 Safari/537.36" 304 **0/304185**
85.208.96.211 - - [14/Apr/2026:05:23:41 -0700] "GET /10-641286-links-mix-casino-au-10-11-done/best-vip-online-casino-bonuses-for-australian-158/ HTTP/1.1" 200 168322 "-" "Mozilla/5.0 (compatible; SemrushBot/7~bl; +http://www.semrush.com/bot.html)" 321 **0/321946**
66.249.73.4 - - [14/Apr/2026:05:23:42 -0700] "GET /?p=2065931201 HTTP/1.1" 404 11349 "-" "Mozilla/5.0 (Linux; Android 6.0.1; Nexus 5X Build/MMB29P) AppleWebKit/537.36 (KHTML, like Gecko) Chrome/146.0.7680.177 Mobile Safari/537.36 (compatible; Googlebot/2.1; +http://www.google.com/bot.html)" 182 **0/182475**
185.191.171.14 - - [14/Apr/2026:05:24:05 -0700] "GET /mostbet-india-199/mostbet-bonus-391/ HTTP/1.1" 200 34723 "-" "Mozilla/5.0 (compatible; SemrushBot/7~bl; +http://www.semrush.com/bot.html)" 644 **0/644424**
51.161.37.209 - - [14/Apr/2026:05:24:05 -0700] "GET /uncategorized/big-bass-bonanza-demo-aquele-que-onde-aprestar-sobre-2026/ HTTP/1.1" 200 29467 "-" "Mozilla/5.0 (compatible; AhrefsBot/7.0; +http://ahrefs.com/robot/)" 543 **0/543596**
114.119.156.60 - - [14/Apr/2026:05:24:08 -0700] "GET /uncategorized/wonderful-goddess-video-slot-%E1%97%8E-enjoy-50-free-spins-on-pirate-kingdom-megaways-100-percent-free-demonstration-complete-review/ HTTP/1.1" 200 30972 "http://fuentesanza.es/uncategorized/eye-of-razor-shark-150-kostenlose-spins-bewertungen-horus-kostenlos-unter-einsatz-von-echtgeld-auffuhren/" "Mozilla/5.0 (Linux; Android 7.0;) AppleWebKit/537.36 (KHTML, like Gecko) Mobile Safari/537.36 (compatible; PetalBot;+https://webmaster.petalsearch.com/site/petalbot)" 295 **0/295280**
103.219.169.195 - - [14/Apr/2026:05:24:09 -0700] "POST /xmlrpc.php HTTP/1.1" 200 180 "-" "Mozilla/5.0 (Windows NT 10.0; Win64; x64) AppleWebKit/537.36 (KHTML, like Gecko) Chrome/114.0.0.0 Safari/537.36" 513 **0/513818**
208.109.41.231 - - [14/Apr/2026:05:24:15 -0700] "POST /wp-cron.php?doing_wp_cron=1776169455.7943611145019531250000 HTTP/1.1" 200 - "-" "WordPress/6.3.8; http://fuentesanza.es" 21 **0/21627**
103.219.169.195 - - [14/Apr/2026:05:24:15 -0700] "POST /xmlrpc.php HTTP/1.1" 200 11483 "-" "Mozilla/5.0 (Windows NT 10.0; Win64; x64) AppleWebKit/537.36 (KHTML, like Gecko) Chrome/114.0.0.0 Safari/537.36" 619 **0/619283**
103.219.169.195 - - [14/Apr/2026:05:24:16 -0700] "GET /uncategorized/greatest-neteller-casino-ruby-fortune-bonus-code-on-line-casino-list-inside-the-2026/ HTTP/1.1" 200 157764 "-" "Mozilla/5.0 (Windows NT 10.0; rv:125.0) Gecko/20100101 Firefox/125.0" 378 **0/378975**
185.191.171.19 - - [14/Apr/2026:05:24:20 -0700] "GET /uncategorized/learning-cellular-table-video-game-just-how-united-casino-classic-casino-kingdom-players-victory-huge-on-the-move/ HTTP/1.1" 200 30375 "-" "Mozilla/5.0 (compatible; SemrushBot/7~bl; +http://www.semrush.com/bot.html)" 288 **0/288266**
66.249.73.5 - - [14/Apr/2026:05:24:25 -0700] "GET /?w=36370201933 HTTP/1.1" 404 11349 "-" "Mozilla/5.0 (Linux; Android 6.0.1; Nexus 5X Build/MMB29P) AppleWebKit/537.36 (KHTML, like Gecko) Chrome/146.0.7680.177 Mobile Safari/537.36 (compatible; Googlebot/2.1; +http://www.google.com/bot.html)" 204 **0/204685**
85.208.96.209 - - [14/Apr/2026:05:24:26 -0700] "GET /uncategorized/angeschlossen-casinos-uber-echtgeld-2026-ark-of-mystery-online-slot-bewertung-seriose-echtgeld-casinos/ HTTP/1.1" 200 30836 "-" "Mozilla/5.0 (compatible; SemrushBot/7~bl; +http://www.semrush.com/bot.html)" 288 **0/288386**
103.219.169.195 - - [14/Apr/2026:05:24:43 -0700] "POST /xmlrpc.php HTTP/1.1" 200 180 "-" "Mozilla/5.0 (Windows NT 10.0; Win64; x64) AppleWebKit/537.36 (KHTML, like Gecko) Chrome/114.0.0.0 Safari/537.36" 366 **0/366881**
208.109.41.231 - - [14/Apr/2026:05:24:48 -0700] "POST /wp-cron.php?doing_wp_cron=1776169488.6516110897064208984375 HTTP/1.1" 200 - "-" "WordPress/6.3.8; http://fuentesanza.es" 32 **0/32822**
66.249.73.4 - - [14/Apr/2026:05:24:48 -0700] "GET /?p=20659210889 HTTP/1.1" 404 11349 "-" "Mozilla/5.0 (Linux; Android 6.0.1; Nexus 5X Build/MMB29P) AppleWebKit/537.36 (KHTML, like Gecko) Chrome/146.0.7680.177 Mobile Safari/537.36 (compatible; Googlebot/2.1; +http://www.google.com/bot.html)" 260 **0/260182**
103.219.169.195 - - [14/Apr/2026:05:24:49 -0700] "POST /xmlrpc.php HTTP/1.1" 200 10609 "-" "Mozilla/5.0 (Windows NT 10.0; Win64; x64) AppleWebKit/537.36 (KHTML, like Gecko) Chrome/114.0.0.0 Safari/537.36" 537 **0/537474**
103.219.169.195 - - [14/Apr/2026:05:24:50 -0700] "GET /uncategorized/best-neteller-gambling-enterprises-lucky-haunter-slot-play-2026-fast-dumps-distributions/ HTTP/1.1" 200 156974 "-" "Mozilla/5.0 (Windows NT 10.0; Win64; x64; rv:125.0) Gecko/20100101 Firefox/125.0" 409 **0/409498**
195.91.129.101 - - [14/Apr/2026:05:24:59 -0700] "GET /wp-login.php HTTP/2.0" 200 2549 "-" "Mozilla/5.0 (Windows NT 10.0; Win64; x64) AppleWebKit/537.36 (KHTML, like Gecko) Chrome/124.0.6367.207 Safari/537.36" 126 **0/126763**
195.91.129.101 - - [14/Apr/2026:05:24:59 -0700] "GET /wp-login.php HTTP/1.1" 101 - "-" "Mozilla/5.0 (Windows NT 10.0; Win64; x64) AppleWebKit/537.36 (KHTML, like Gecko) Chrome/124.0.6367.207 Safari/537.36" 135 **0/135333**
195.91.129.101 - - [14/Apr/2026:05:25:01 -0700] "POST /xmlrpc.php HTTP/1.1" 200 102 "-" "Mozilla/5.0 (Macintosh; Intel Mac OS X 13_5) AppleWebKit/605.1.15 (KHTML, like Gecko) Version/17.5 Safari/605.1.15" 1029 **1/1029384**
208.109.41.231 - - [14/Apr/2026:05:25:05 -0700] "POST /wp-cron.php?doing_wp_cron=1776169505.9759819507598876953125 HTTP/1.1" 200 - "-" "WordPress/6.3.8; http://fuentesanza.es" 26 **0/26686**
66.249.73.4 - - [14/Apr/2026:05:25:05 -0700] "GET /?x=32835260991 HTTP/1.1" 200 27772 "-" "Mozilla/5.0 (Linux; Android 6.0.1; Nexus 5X Build/MMB29P) AppleWebKit/537.36 (KHTML, like Gecko) Chrome/146.0.7680.177 Mobile Safari/537.36 (compatible; Googlebot/2.1; +http://www.google.com/bot.html)" 831 **0/831420**
66.249.73.4 - - [14/Apr/2026:05:25:06 -0700] "GET /?y=4529032282 HTTP/1.1" 200 27797 "-" "Mozilla/5.0 (Linux; Android 6.0.1; Nexus 5X Build/MMB29P) AppleWebKit/537.36 (KHTML, like Gecko) Chrome/146.0.7680.177 Mobile Safari/537.36 (compatible; Googlebot/2.1; +http://www.google.com/bot.html)" 569 **0/569830**
185.191.171.7 - - [14/Apr/2026:05:25:07 -0700] "GET /uncategorized/one-hundred-no-deposit-100-percent-free-revolves-incentives/ HTTP/1.1" 200 31394 "-" "Mozilla/5.0 (compatible; SemrushBot/7~bl; +http://www.semrush.com/bot.html)" 375 **0/375979**
185.191.171.4 - - [14/Apr/2026:05:25:13 -0700] "GET /public/luchshie-igrovye-avtomaty-v-pinup-kak-vybrat-i/ HTTP/1.1" 200 30793 "-" "Mozilla/5.0 (compatible; SemrushBot/7~bl; +http://www.semrush.com/bot.html)" 319 **0/319022**
167.114.139.104 - - [14/Apr/2026:05:25:14 -0700] "GET /uncategorized/online-casino-2024-forblive-10-bedste-tilslutte-casinoer-1-online-casino-uden-dansk-licens-000-kr/feed/ HTTP/1.1" 200 478 "-" "Mozilla/5.0 (compatible; AhrefsBot/7.0; +http://ahrefs.com/robot/)" 416 **0/416005**
103.219.169.195 - - [14/Apr/2026:05:25:18 -0700] "POST /xmlrpc.php HTTP/1.1" 200 180 "-" "Mozilla/5.0 (Windows NT 10.0; Win64; x64) AppleWebKit/537.36 (KHTML, like Gecko) Chrome/114.0.0.0 Safari/537.36" 347 **0/347298**
208.109.41.231 - - [14/Apr/2026:05:25:19 -0700] "POST /wp-cron.php?doing_wp_cron=1776169519.2608640193939208984375 HTTP/1.1" 200 - "-" "WordPress/6.3.8; http://fuentesanza.es" 24 **0/24134**
185.191.171.1 - - [14/Apr/2026:05:25:19 -0700] "GET /gambling/relish-the-professional-thrills-of-dream-vegas-gambling-wheels/ HTTP/1.1" 200 29684 "-" "Mozilla/5.0 (compatible; SemrushBot/7~bl; +http://www.semrush.com/bot.html)" 534 **0/534133**
195.91.129.101 - - [14/Apr/2026:05:25:23 -0700] "POST /xmlrpc.php HTTP/1.1" 200 3426 "-" "Mozilla/5.0 (Windows NT 10.0; Win64; x64; rv:127.0) Gecko/20100101 Firefox/127.0" 180 **0/180506**
103.219.169.195 - - [14/Apr/2026:05:25:24 -0700] "POST /xmlrpc.php HTTP/1.1" 200 11360 "-" "Mozilla/5.0 (Windows NT 10.0; Win64; x64) AppleWebKit/537.36 (KHTML, like Gecko) Chrome/114.0.0.0 Safari/537.36" 486 **0/486601**
103.219.169.195 - - [14/Apr/2026:05:25:25 -0700] "GET /uncategorized/neteller-gambling-promo-codes-for-yoyospins-casino-enterprises-british-2026-finest-gambling-enterprises-one-to-accept-neteller/ HTTP/1.1" 200 157845 "-" "Mozilla/5.0 (Windows NT 10.0; rv:125.0) Gecko/20100101 Firefox/125.0" 329 **0/329844**
66.249.73.4 - - [14/Apr/2026:05:25:30 -0700] "GET /?i=20912291914 HTTP/1.1" 200 27852 "-" "Mozilla/5.0 (Linux; Android 6.0.1; Nexus 5X Build/MMB29P) AppleWebKit/537.36 (KHTML, like Gecko) Chrome/146.0.7680.177 Mobile Safari/537.36 (compatible; Googlebot/2.1; +http://www.google.com/bot.html)" 329 **0/329641**
85.208.96.204 - - [14/Apr/2026:05:25:33 -0700] "GET /nv-casino-app-374/nv-casino-opinie-682/ HTTP/1.1" 200 32956 "-" "Mozilla/5.0 (compatible; SemrushBot/7~bl; +http://www.semrush.com/bot.html)" 259 **0/259077**
185.191.171.18 - - [14/Apr/2026:05:25:35 -0700] "GET /1win-azerbaycan-786/1win-qeydiyyat-269/ HTTP/1.1" 200 32700 "-" "Mozilla/5.0 (compatible; SemrushBot/7~bl; +http://www.semrush.com/bot.html)" 237 **0/237148**
185.191.171.2 - - [14/Apr/2026:05:25:38 -0700] "GET /chicken-road-demo-365/chicken-road-casino-game-643/ HTTP/1.1" 200 34313 "-" "Mozilla/5.0 (compatible; SemrushBot/7~bl; +http://www.semrush.com/bot.html)" 267 **0/267602**
85.208.96.204 - - [14/Apr/2026:05:25:40 -0700] "GET /news/casino-automatenspiele-kostenlos-uber-300-slots-12/ HTTP/1.1" 200 168834 "-" "Mozilla/5.0 (compatible; SemrushBot/7~bl; +http://www.semrush.com/bot.html)" 244 **0/244569**
185.191.171.12 - - [14/Apr/2026:05:25:47 -0700] "GET /uncategorized/tragaperras-blood-suckers-resena-and-casinos-estafa-en-el-caso-aloha-cluster-pays-1-deposito-de-que-nos-lo-olvidemos-indudablemente/ HTTP/1.1" 200 32700 "-" "Mozilla/5.0 (compatible; SemrushBot/7~bl; +http://www.semrush.com/bot.html)" 222 **0/222409**
66.249.73.6 - - [14/Apr/2026:05:25:46 -0700] "GET /?s=10106165509 HTTP/1.1" 200 24328 "-" "Mozilla/5.0 (Linux; Android 6.0.1; Nexus 5X Build/MMB29P) AppleWebKit/537.36 (KHTML, like Gecko) Chrome/146.0.7680.177 Mobile Safari/537.36 (compatible; Googlebot/2.1; +http://www.google.com/bot.html)" 3126 **3/3126479**
66.249.73.6 - - [14/Apr/2026:05:25:50 -0700] "GET /?i=51696208883 HTTP/1.1" 200 27852 "-" "Mozilla/5.0 (Linux; Android 6.0.1; Nexus 5X Build/MMB29P) AppleWebKit/537.36 (KHTML, like Gecko) Chrome/146.0.7680.177 Mobile Safari/537.36 (compatible; Googlebot/2.1; +http://www.google.com/bot.html)" 307 **0/307776**
185.191.171.19 - - [14/Apr/2026:05:25:53 -0700] "GET /uncategorized/galaksino-kotiutus-pelaa-ja-voita-suuria-summia/ HTTP/1.1" 200 28700 "-" "Mozilla/5.0 (compatible; SemrushBot/7~bl; +http://www.semrush.com/bot.html)" 251 **0/251416**
185.191.171.9 - - [14/Apr/2026:05:25:55 -0700] "GET /uncategorized/mostbet-platformasinda-daxili-nzart-sistemi-il-istifadci-tcrubsini-arasdirmaq/ HTTP/1.1" 200 29521 "-" "Mozilla/5.0 (compatible; SemrushBot/7~bl; +http://www.semrush.com/bot.html)" 243 **0/243394**
103.219.169.195 - - [14/Apr/2026:05:25:55 -0700] "POST /xmlrpc.php HTTP/1.1" 200 180 "-" "Mozilla/5.0 (Windows NT 10.0; Win64; x64) AppleWebKit/537.36 (KHTML, like Gecko) Chrome/114.0.0.0 Safari/537.36" 317 **0/317860**
208.109.41.231 - - [14/Apr/2026:05:25:58 -0700] "POST /wp-cron.php?doing_wp_cron=1776169558.3881759643554687500000 HTTP/1.1" 200 - "-" "WordPress/6.3.8; http://fuentesanza.es" 17 **0/17377**
66.249.73.6 - - [14/Apr/2026:05:25:58 -0700] "GET /?i=20912293814 HTTP/1.1" 200 27923 "-" "Mozilla/5.0 (Linux; Android 6.0.1; Nexus 5X Build/MMB29P) AppleWebKit/537.36 (KHTML, like Gecko) Chrome/146.0.7680.177 Mobile Safari/537.36 (compatible; Googlebot/2.1; +http://www.google.com/bot.html)" 408 **0/408595**
103.219.169.195 - - [14/Apr/2026:05:26:01 -0700] "POST /xmlrpc.php HTTP/1.1" 200 12361 "-" "Mozilla/5.0 (Windows NT 10.0; Win64; x64) AppleWebKit/537.36 (KHTML, like Gecko) Chrome/114.0.0.0 Safari/537.36" 584 **0/584683**
103.219.169.195 - - [14/Apr/2026:05:26:03 -0700] "GET /uncategorized/best-us-paypal-web-based-casinos-2026-tested-richville-casino-new-zealand-and-respected/ HTTP/1.1" 200 158846 "-" "Mozilla/5.0 (Windows NT 10.0; Win64; x64) AppleWebKit/537.36 (KHTML, like Gecko) Chrome/123.0.0.0 Safari/537.36 OPR/109.0.0.0" 299 **0/299359**
85.208.96.200 - - [14/Apr/2026:05:26:06 -0700] "GET /casino-ohne-lizenz/sofort-casino-ohne-deutsche-lizenz-mit-paypal/ HTTP/1.1" 200 29685 "-" "Mozilla/5.0 (compatible; SemrushBot/7~bl; +http://www.semrush.com/bot.html)" 290 **0/290911**
85.208.96.193 - - [14/Apr/2026:05:26:08 -0700] "GET /uncategorized/ganske-forbindelses-og-indlaesningsfejl-inden-for-chrome-bruger-ekstrahjaelp-i-tilgif-lede-alchemist-120-gratis-spins-chrome/ HTTP/1.1" 200 31420 "-" "Mozilla/5.0 (compatible; SemrushBot/7~bl; +http://www.semrush.com/bot.html)" 440 **0/440717**
66.249.73.4 - - [14/Apr/2026:05:26:18 -0700] "GET /?w=36370259714 HTTP/1.1" 404 11349 "-" "Mozilla/5.0 (Linux; Android 6.0.1; Nexus 5X Build/MMB29P) AppleWebKit/537.36 (KHTML, like Gecko) Chrome/146.0.7680.177 Mobile Safari/537.36 (compatible; Googlebot/2.1; +http://www.google.com/bot.html)" 164 **0/164590**
142.44.225.106 - - [14/Apr/2026:05:26:22 -0700] "GET /uncategorized/on-the-internet-personal-gambling-establishment-usually-able-to-enjoy/feed/ HTTP/1.1" 200 458 "-" "Mozilla/5.0 (compatible; AhrefsBot/7.0; +http://ahrefs.com/robot/)" 359 **0/359474**
85.208.96.193 - - [14/Apr/2026:05:26:28 -0700] "GET /uncategorized/legend-of-the-ice-dragon-tragaperras-en-internet/ HTTP/1.1" 200 30610 "-" "Mozilla/5.0 (compatible; SemrushBot/7~bl; +http://www.semrush.com/bot.html)" 291 **0/291645**
103.219.169.195 - - [14/Apr/2026:05:26:30 -0700] "POST /xmlrpc.php HTTP/1.1" 200 180 "-" "Mozilla/5.0 (Windows NT 10.0; Win64; x64) AppleWebKit/537.36 (KHTML, like Gecko) Chrome/114.0.0.0 Safari/537.36" 376 **0/376572**
208.109.41.231 - - [14/Apr/2026:05:26:33 -0700] "POST /wp-cron.php?doing_wp_cron=1776169593.7852969169616699218750 HTTP/1.1" 200 - "-" "WordPress/6.3.8; http://fuentesanza.es" 22 **0/22776**
66.249.73.5 - - [14/Apr/2026:05:26:33 -0700] "GET /?m=3110815202 HTTP/1.1" 404 11349 "-" "Mozilla/5.0 (Linux; Android 6.0.1; Nexus 5X Build/MMB29P) AppleWebKit/537.36 (KHTML, like Gecko) Chrome/146.0.7680.177 Mobile Safari/537.36 (compatible; Googlebot/2.1; +http://www.google.com/bot.html)" 238 **0/238371**
103.219.169.195 - - [14/Apr/2026:05:26:36 -0700] "POST /xmlrpc.php HTTP/1.1" 200 12330 "-" "Mozilla/5.0 (Windows NT 10.0; Win64; x64) AppleWebKit/537.36 (KHTML, like Gecko) Chrome/114.0.0.0 Safari/537.36" 445 **0/445200**
103.219.169.195 - - [14/Apr/2026:05:26:37 -0700] "GET /uncategorized/respected-websites-one-deal-casino-bets-vip-with-paypal/ HTTP/1.1" 200 158390 "-" "Mozilla/5.0 (Windows NT 10.0; Win64; x64) AppleWebKit/537.36 (KHTML, like Gecko) Chrome/123.0.0.0 Safari/537.36 OPR/109.0.0.0" 269 **0/269836**
103.219.169.195 - - [14/Apr/2026:05:27:04 -0700] "POST /xmlrpc.php HTTP/1.1" 200 180 "-" "Mozilla/5.0 (Windows NT 10.0; Win64; x64) AppleWebKit/537.36 (KHTML, like Gecko) Chrome/114.0.0.0 Safari/537.36" 482 **0/482709**
208.109.41.231 - - [14/Apr/2026:05:27:10 -0700] "POST /wp-cron.php?doing_wp_cron=1776169630.4633700847625732421875 HTTP/1.1" 200 - "-" "WordPress/6.3.8; http://fuentesanza.es" 21 **0/21206**
66.249.73.5 - - [14/Apr/2026:05:27:10 -0700] "GET /?f=71141217272 HTTP/1.1" 200 28178 "-" "Mozilla/5.0 (Linux; Android 6.0.1; Nexus 5X Build/MMB29P) AppleWebKit/537.36 (KHTML, like Gecko) Chrome/146.0.7680.177 Mobile Safari/537.36 (compatible; Googlebot/2.1; +http://www.google.com/bot.html)" 435 **0/435285**
103.219.169.195 - - [14/Apr/2026:05:27:10 -0700] "POST /xmlrpc.php HTTP/1.1" 200 10945 "-" "Mozilla/5.0 (Windows NT 10.0; Win64; x64) AppleWebKit/537.36 (KHTML, like Gecko) Chrome/114.0.0.0 Safari/537.36" 547 **0/547774**
103.219.169.195 - - [14/Apr/2026:05:27:11 -0700] "GET /uncategorized/greatest-paypal-gambling-enterprises-within-the-south-africa-gorilla-go-wild-rtp-150-free-spins-2026-paypal-deposits/ HTTP/1.1" 200 157296 "-" "Mozilla/5.0 (Windows NT 10.0; Win64; x64; rv:124.0) Gecko/20100101 Firefox/124.0" 408 **0/408910**
142.44.220.186 - - [14/Apr/2026:05:27:21 -0700] "GET /tag/pin-up-brasil/ HTTP/1.1" 200 32294 "-" "Mozilla/5.0 (compatible; AhrefsBot/7.0; +http://ahrefs.com/robot/)" 358 **0/358193**
66.249.73.4 - - [14/Apr/2026:05:27:24 -0700] "GET /?p=2065992672 HTTP/1.1" 404 11349 "-" "Mozilla/5.0 (Linux; Android 6.0.1; Nexus 5X Build/MMB29P) AppleWebKit/537.36 (KHTML, like Gecko) Chrome/146.0.7680.177 Mobile Safari/537.36 (compatible; Googlebot/2.1; +http://www.google.com/bot.html)" 213 **0/213715**
208.109.41.231 - - [14/Apr/2026:05:27:28 -0700] "POST /wp-cron.php?doing_wp_cron=1776169648.5338490009307861328125 HTTP/1.1" 200 - "-" "WordPress/6.3.8; http://fuentesanza.es" 23 **0/23251**
185.191.171.4 - - [14/Apr/2026:05:27:28 -0700] "GET /uncategorized/bresil-artisanats-fugace-du-marche-recit-avec-bout-dabonnement-au-gaz-2035/ HTTP/1.1" 200 31227 "-" "Mozilla/5.0 (compatible; SemrushBot/7~bl; +http://www.semrush.com/bot.html)" 511 **0/511608**
103.219.169.195 - - [14/Apr/2026:05:27:35 -0700] "POST /xmlrpc.php HTTP/1.1" 200 180 "-" "Mozilla/5.0 (Windows NT 10.0; Win64; x64) AppleWebKit/537.36 (KHTML, like Gecko) Chrome/114.0.0.0 Safari/537.36" 375 **0/375775**
208.109.41.231 - - [14/Apr/2026:05:27:37 -0700] "POST /wp-cron.php?doing_wp_cron=1776169657.0698940753936767578125 HTTP/1.1" 200 - "-" "WordPress/6.3.8; http://fuentesanza.es" 20 **0/20059**
66.249.73.4 - - [14/Apr/2026:05:27:36 -0700] "GET /?c=8416431934 HTTP/1.1" 200 28212 "-" "Mozilla/5.0 (Linux; Android 6.0.1; Nexus 5X Build/MMB29P) AppleWebKit/537.36 (KHTML, like Gecko) Chrome/146.0.7680.177 Mobile Safari/537.36 (compatible; Googlebot/2.1; +http://www.google.com/bot.html)" 558 **0/558828**
43.166.130.123 - - [14/Apr/2026:05:27:39 -0700] "GET /uncategorized/enthusiasts-sportsbook-casino-on-line-u-s-play-big-panda-slots-gambling/ HTTP/1.1" 200 30296 "-" "Mozilla/5.0 (iPhone; CPU iPhone OS 13_2_3 like Mac OS X) AppleWebKit/605.1.15 (KHTML, like Gecko) Version/13.0.3 Mobile/15E148 Safari/604.1" 263 **0/263641**
103.219.169.195 - - [14/Apr/2026:05:27:41 -0700] "POST /xmlrpc.php HTTP/1.1" 200 11285 "-" "Mozilla/5.0 (Windows NT 10.0; Win64; x64) AppleWebKit/537.36 (KHTML, like Gecko) Chrome/114.0.0.0 Safari/537.36" 464 **0/464694**
103.219.169.195 - - [14/Apr/2026:05:27:43 -0700] "GET /uncategorized/paypal-playing-sites-in-music-hall-mobile-casino-which-it-is-approved/ HTTP/1.1" 200 157502 "-" "Mozilla/5.0 (Windows NT 10.0; Win64; x64) AppleWebKit/537.36 (KHTML, like Gecko) Chrome/123.0.0.0 Safari/537.36" 308 **0/308034**
185.191.171.11 - - [14/Apr/2026:05:27:43 -0700] "GET /uncategorized/profiles-statement-positive-experience-thanks-to-the-apps-intuitive-user-interface-and-you-can-simple-routing-ensuring-simple-gambling/ HTTP/1.1" 200 29481 "-" "Mozilla/5.0 (compatible; SemrushBot/7~bl; +http://www.semrush.com/bot.html)" 337 **0/337260**
66.249.73.4 - - [14/Apr/2026:05:27:53 -0700] "GET /?i=51696182319 HTTP/1.1" 200 28212 "-" "Mozilla/5.0 (Linux; Android 6.0.1; Nexus 5X Build/MMB29P) AppleWebKit/537.36 (KHTML, like Gecko) Chrome/146.0.7680.177 Mobile Safari/537.36 (compatible; Googlebot/2.1; +http://www.google.com/bot.html)" 484 **0/484629**
185.191.171.7 - - [14/Apr/2026:05:27:54 -0700] "GET /uncategorized/finest-quick-detachment-gambling-enterprises-in-australia-slot-machine-online-7-sins-2026/ HTTP/1.1" 200 30180 "-" "Mozilla/5.0 (compatible; SemrushBot/7~bl; +http://www.semrush.com/bot.html)" 358 **0/358930**
66.249.73.6 - - [14/Apr/2026:05:28:00 -0700] "GET /?f=7114137619 HTTP/1.1" 200 28212 "-" "Mozilla/5.0 (Linux; Android 6.0.1; Nexus 5X Build/MMB29P) AppleWebKit/537.36 (KHTML, like Gecko) Chrome/146.0.7680.177 Mobile Safari/537.36 (compatible; Googlebot/2.1; +http://www.google.com/bot.html)" 335 **0/335672**
103.219.169.195 - - [14/Apr/2026:05:28:06 -0700] "POST /xmlrpc.php HTTP/1.1" 200 180 "-" "Mozilla/5.0 (Windows NT 10.0; Win64; x64) AppleWebKit/537.36 (KHTML, like Gecko) Chrome/114.0.0.0 Safari/537.36" 429 **0/429025**
208.109.41.231 - - [14/Apr/2026:05:28:13 -0700] "POST /wp-cron.php?doing_wp_cron=1776169693.1117649078369140625000 HTTP/1.1" 200 - "-" "WordPress/6.3.8; http://fuentesanza.es" 46 **0/46001**
103.219.169.195 - - [14/Apr/2026:05:28:12 -0700] "POST /xmlrpc.php HTTP/1.1" 200 13717 "-" "Mozilla/5.0 (Windows NT 10.0; Win64; x64) AppleWebKit/537.36 (KHTML, like Gecko) Chrome/114.0.0.0 Safari/537.36" 576 **0/576866**
185.191.171.19 - - [14/Apr/2026:05:28:13 -0700] "GET /tag/level-up-casino-app/ HTTP/1.1" 200 49962 "-" "Mozilla/5.0 (compatible; SemrushBot/7~bl; +http://www.semrush.com/bot.html)" 555 **0/555267**
103.219.169.195 - - [14/Apr/2026:05:28:14 -0700] "GET /uncategorized/100-percent-free-bonus-slot-achilles-revolves-gambling-establishment-campaigns-incentives/ HTTP/1.1" 200 159845 "-" "Mozilla/5.0 (Windows NT 10.0; Win64; x64; rv:125.0) Gecko/20100101 Firefox/125.0" 288 **0/288706**
66.249.73.4 - - [14/Apr/2026:05:28:18 -0700] "GET /?y=45290110632 HTTP/1.1" 200 28176 "-" "Mozilla/5.0 (Linux; Android 6.0.1; Nexus 5X Build/MMB29P) AppleWebKit/537.36 (KHTML, like Gecko) Chrome/146.0.7680.177 Mobile Safari/537.36 (compatible; Googlebot/2.1; +http://www.google.com/bot.html)" 308 **0/308824**
98.98.9.26 - - [14/Apr/2026:05:28:22 -0700] "POST /xmlrpc.php HTTP/1.1" 200 180 "-" "Mozilla/5.0 (Windows NT 10.0; Win64; x64) AppleWebKit/537.36 (KHTML, like Gecko) Chrome/114.0.0.0 Safari/537.36" 328 **0/328218**
208.109.41.231 - - [14/Apr/2026:05:28:24 -0700] "POST /wp-cron.php?doing_wp_cron=1776169704.9448869228363037109375 HTTP/1.1" 200 - "-" "WordPress/6.3.8; http://fuentesanza.es" 21 **0/21232**
54.39.0.7 - - [14/Apr/2026:05:28:24 -0700] "GET /uncategorized/know-how-to-delight-in-888sport-bookmaker-also-offers/feed/ HTTP/1.1" 200 449 "-" "Mozilla/5.0 (compatible; AhrefsBot/7.0; +http://ahrefs.com/robot/)" 420 **0/420371**
66.249.73.4 - - [14/Apr/2026:05:28:25 -0700] "GET /?i=2091270832 HTTP/1.1" 200 28432 "-" "Mozilla/5.0 (Linux; Android 6.0.1; Nexus 5X Build/MMB29P) AppleWebKit/537.36 (KHTML, like Gecko) Chrome/146.0.7680.177 Mobile Safari/537.36 (compatible; Googlebot/2.1; +http://www.google.com/bot.html)" 395 **0/395070**
66.249.73.4 - - [14/Apr/2026:05:28:25 -0700] "GET /?i=2091262150 HTTP/1.1" 200 28430 "-" "Mozilla/5.0 (Linux; Android 6.0.1; Nexus 5X Build/MMB29P) AppleWebKit/537.36 (KHTML, like Gecko) Chrome/146.0.7680.177 Mobile Safari/537.36 (compatible; Googlebot/2.1; +http://www.google.com/bot.html)" 386 **0/386538**
66.249.73.4 - - [14/Apr/2026:05:28:25 -0700] "GET /?m=3110823008 HTTP/1.1" 404 11349 "-" "Mozilla/5.0 (Linux; Android 6.0.1; Nexus 5X Build/MMB29P) AppleWebKit/537.36 (KHTML, like Gecko) Chrome/146.0.7680.177 Mobile Safari/537.36 (compatible; Googlebot/2.1; +http://www.google.com/bot.html)" 304 **0/304980**
98.98.9.26 - - [14/Apr/2026:05:28:29 -0700] "POST /xmlrpc.php HTTP/1.1" 200 9613 "-" "Mozilla/5.0 (Windows NT 10.0; Win64; x64) AppleWebKit/537.36 (KHTML, like Gecko) Chrome/114.0.0.0 Safari/537.36" 551 **0/551211**
98.98.9.26 - - [14/Apr/2026:05:28:30 -0700] "GET /uncategorized/cevrimici-oyun-komisyonu-ipuclari-guvenli-para-yatirma-ve-cekme-islemleri/ HTTP/1.1" 200 155769 "-" "Mozilla/5.0 (Windows NT 10.0; rv:109.0) Gecko/20100101 Firefox/115.0" 316 **0/316494**
66.249.73.4 - - [14/Apr/2026:05:28:33 -0700] "GET /?y=45290201436 HTTP/1.1" 200 28443 "-" "Mozilla/5.0 (Linux; Android 6.0.1; Nexus 5X Build/MMB29P) AppleWebKit/537.36 (KHTML, like Gecko) Chrome/146.0.7680.177 Mobile Safari/537.36 (compatible; Googlebot/2.1; +http://www.google.com/bot.html)" 320 **0/320217**
103.219.169.195 - - [14/Apr/2026:05:28:39 -0700] "POST /xmlrpc.php HTTP/1.1" 200 180 "-" "Mozilla/5.0 (Windows NT 10.0; Win64; x64) AppleWebKit/537.36 (KHTML, like Gecko) Chrome/114.0.0.0 Safari/537.36" 358 **0/358621**
85.208.96.208 - - [14/Apr/2026:05:28:39 -0700] "GET /uncategorized/customer-support-at-rocketplay-casino-live-chat-email-and-response-times/ HTTP/1.1" 200 32729 "-" "Mozilla/5.0 (compatible; SemrushBot/7~bl; +http://www.semrush.com/bot.html)" 370 **0/370362**
208.109.41.231 - - [14/Apr/2026:05:28:46 -0700] "POST /wp-cron.php?doing_wp_cron=1776169726.4388220310211181640625 HTTP/1.1" 200 - "-" "WordPress/6.3.8; http://fuentesanza.es" 17 **0/17687**
103.219.169.195 - - [14/Apr/2026:05:28:46 -0700] "POST /xmlrpc.php HTTP/1.1" 200 9783 "-" "Mozilla/5.0 (Windows NT 10.0; Win64; x64) AppleWebKit/537.36 (KHTML, like Gecko) Chrome/114.0.0.0 Safari/537.36" 487 **0/487063**
103.219.169.195 - - [14/Apr/2026:05:28:47 -0700] "GET /uncategorized/family-great-blue-rtp-online-slot/ HTTP/1.1" 200 155855 "-" "Mozilla/5.0 (Windows NT 10.0; Win64; x64) AppleWebKit/537.36 (KHTML, like Gecko) Chrome/123.0.0.0 Safari/537.36 OPR/109.0.0.0" 290 **0/290624**
66.249.73.4 - - [14/Apr/2026:05:28:49 -0700] "GET /?w=36370137829 HTTP/1.1" 404 11349 "-" "Mozilla/5.0 (Linux; Android 6.0.1; Nexus 5X Build/MMB29P) AppleWebKit/537.36 (KHTML, like Gecko) Chrome/146.0.7680.177 Mobile Safari/537.36 (compatible; Googlebot/2.1; +http://www.google.com/bot.html)" 174 **0/174016**
114.119.156.60 - - [14/Apr/2026:05:28:53 -0700] "GET /uncategorized/wizard-out-of-odds-%E1%90%88-self-help-guide-to-web-slot-heavy-metal-warriors-based-casinos-gambling-games/ HTTP/1.1" 200 31283 "http://fuentesanza.es/uncategorized/wizard-out-of-odds-%e1%90%88-self-help-guide-to-web-slot-heavy-metal-warriors-based-casinos-gambling-games/" "Mozilla/5.0 (Linux; Android 7.0;) AppleWebKit/537.36 (KHTML, like Gecko) Mobile Safari/537.36 (compatible; PetalBot;+https://webmaster.petalsearch.com/site/petalbot)" 210 **0/210459**
185.191.171.10 - - [14/Apr/2026:05:29:02 -0700] "GET /uncategorized/50-free-revolves-extra-on-the-registration-no-deposit-zodiac-free-spins-in-the-casinos-on-the-internet-2026/ HTTP/1.1" 200 31095 "-" "Mozilla/5.0 (compatible; SemrushBot/7~bl; +http://www.semrush.com/bot.html)" 430 **0/430790**
185.191.171.13 - - [14/Apr/2026:05:29:12 -0700] "GET /uncategorized/athlete-let-guidance-and-you-can-questions/ HTTP/1.1" 200 29976 "-" "Mozilla/5.0 (compatible; SemrushBot/7~bl; +http://www.semrush.com/bot.html)" 313 **0/313121**
103.219.169.195 - - [14/Apr/2026:05:29:14 -0700] "POST /xmlrpc.php HTTP/1.1" 200 180 "-" "Mozilla/5.0 (Windows NT 10.0; Win64; x64) AppleWebKit/537.36 (KHTML, like Gecko) Chrome/114.0.0.0 Safari/537.36" 371 **0/371529**
208.109.41.231 - - [14/Apr/2026:05:29:21 -0700] "POST /wp-cron.php?doing_wp_cron=1776169761.3143250942230224609375 HTTP/1.1" 200 - "-" "WordPress/6.3.8; http://fuentesanza.es" 20 **0/20260**
103.219.169.195 - - [14/Apr/2026:05:29:20 -0700] "POST /xmlrpc.php HTTP/1.1" 200 12769 "-" "Mozilla/5.0 (Windows NT 10.0; Win64; x64) AppleWebKit/537.36 (KHTML, like Gecko) Chrome/114.0.0.0 Safari/537.36" 501 **0/501102**
103.219.169.195 - - [14/Apr/2026:05:29:22 -0700] "GET /uncategorized/thunderstruck-dwarfs-gone-wild-rtp-slot-play-ii-slot-remark-2026-gamble-on-the-internet/ HTTP/1.1" 200 158656 "-" "Mozilla/5.0 (Windows NT 10.0; Win64; x64) AppleWebKit/537.36 (KHTML, like Gecko) Chrome/109.0.0.0 Safari/537.36" 317 **0/317205**
148.113.130.242 - - [14/Apr/2026:05:29:22 -0700] "GET /casino/bahis-giris-problemi-yarandiqda-n-etmli-problemi-hll-etmnin-yollari/feed/ HTTP/1.1" 200 480 "-" "Mozilla/5.0 (compatible; AhrefsBot/7.0; +http://ahrefs.com/robot/)" 396 **0/396391**
185.191.171.3 - - [14/Apr/2026:05:29:25 -0700] "GET /uncategorized/wondermatics-teddys-funfair-penny-slot-machine-game-that-mermaid-gold-online-casinos-have-personalised-committee-oak-cupboard-having-interior/ HTTP/1.1" 200 31261 "-" "Mozilla/5.0 (compatible; SemrushBot/7~bl; +http://www.semrush.com/bot.html)" 257 **0/257161**
66.249.73.6 - - [14/Apr/2026:05:29:31 -0700] "GET /?w=36370230809 HTTP/1.1" 404 11349 "-" "Mozilla/5.0 (Linux; Android 6.0.1; Nexus 5X Build/MMB29P) AppleWebKit/537.36 (KHTML, like Gecko) Chrome/146.0.7680.177 Mobile Safari/537.36 (compatible; Googlebot/2.1; +http://www.google.com/bot.html)" 194 **0/194256**
66.249.73.6 - - [14/Apr/2026:05:29:31 -0700] "GET /?w=3637041544 HTTP/1.1" 404 11349 "-" "Mozilla/5.0 (Linux; Android 6.0.1; Nexus 5X Build/MMB29P) AppleWebKit/537.36 (KHTML, like Gecko) Chrome/146.0.7680.177 Mobile Safari/537.36 (compatible; Googlebot/2.1; +http://www.google.com/bot.html)" 181 **0/181396**
185.191.171.1 - - [14/Apr/2026:05:29:33 -0700] "GET /uncategorized/zestawienia-najlepszych-kasyn-mahjong-88-bet-online-internetowych-2025/ HTTP/1.1" 200 31677 "-" "Mozilla/5.0 (compatible; SemrushBot/7~bl; +http://www.semrush.com/bot.html)" 275 **0/275230**
66.249.73.5 - - [14/Apr/2026:05:29:34 -0700] "GET /?c=84164206904 HTTP/1.1" 200 28556 "-" "Mozilla/5.0 (Linux; Android 6.0.1; Nexus 5X Build/MMB29P) AppleWebKit/537.36 (KHTML, like Gecko) Chrome/146.0.7680.177 Mobile Safari/537.36 (compatible; Googlebot/2.1; +http://www.google.com/bot.html)" 277 **0/277568**
185.191.171.10 - - [14/Apr/2026:05:29:40 -0700] "GET /pin-up-aviator-46/pin-up-app-893/ HTTP/1.1" 200 31963 "-" "Mozilla/5.0 (compatible; SemrushBot/7~bl; +http://www.semrush.com/bot.html)" 252 **0/252135**
85.208.96.211 - - [14/Apr/2026:05:29:44 -0700] "GET /1win-sign-in-717/1win-india-160/ HTTP/1.1" 200 34645 "-" "Mozilla/5.0 (compatible; SemrushBot/7~bl; +http://www.semrush.com/bot.html)" 280 **0/280450**
103.219.169.195 - - [14/Apr/2026:05:29:46 -0700] "POST /xmlrpc.php HTTP/1.1" 200 180 "-" "Mozilla/5.0 (Windows NT 10.0; Win64; x64) AppleWebKit/537.36 (KHTML, like Gecko) Chrome/114.0.0.0 Safari/537.36" 357 **0/357236**
208.109.41.231 - - [14/Apr/2026:05:29:49 -0700] "POST /wp-cron.php?doing_wp_cron=1776169789.7664020061492919921875 HTTP/1.1" 200 - "-" "WordPress/6.3.8; http://fuentesanza.es" 17 **0/17455**
185.191.171.13 - - [14/Apr/2026:05:29:49 -0700] "GET /uncategorized/starburst-der-beliebte-spielautomat-inoffizieller-mitarbeiter-test-2026/ HTTP/1.1" 200 31919 "-" "Mozilla/5.0 (compatible; SemrushBot/7~bl; +http://www.semrush.com/bot.html)" 464 **0/464246**
66.249.73.5 - - [14/Apr/2026:05:29:51 -0700] "GET /?m=31108170194 HTTP/1.1" 404 11349 "-" "Mozilla/5.0 (Linux; Android 6.0.1; Nexus 5X Build/MMB29P) AppleWebKit/537.36 (KHTML, like Gecko) Chrome/146.0.7680.177 Mobile Safari/537.36 (compatible; Googlebot/2.1; +http://www.google.com/bot.html)" 294 **0/294751**
185.191.171.7 - - [14/Apr/2026:05:29:52 -0700] "GET /gambling/winthere-casino-risiken-meiden-gewinnstimmung-umarmen/ HTTP/1.1" 200 29597 "-" "Mozilla/5.0 (compatible; SemrushBot/7~bl; +http://www.semrush.com/bot.html)" 422 **0/422003**
103.219.169.195 - - [14/Apr/2026:05:29:53 -0700] "POST /xmlrpc.php HTTP/1.1" 200 12808 "-" "Mozilla/5.0 (Windows NT 10.0; Win64; x64) AppleWebKit/537.36 (KHTML, like Gecko) Chrome/114.0.0.0 Safari/537.36" 535 **0/535494**
185.191.171.16 - - [14/Apr/2026:05:29:54 -0700] "GET /uncategorized/claim-casino-slots-angel-mobile-totally-free-spin-also-provides-20-fifty-and-mature-revolves-for-real-currency/ HTTP/1.1" 200 32059 "-" "Mozilla/5.0 (compatible; SemrushBot/7~bl; +http://www.semrush.com/bot.html)" 440 **0/440557**
103.219.169.195 - - [14/Apr/2026:05:29:54 -0700] "GET /uncategorized/thunderstruck-position-play-the-thunderstruck-trial-euromoon-casino-best-2026/ HTTP/1.1" 200 158796 "-" "Mozilla/5.0 (Windows NT 10.0; Win64; x64) AppleWebKit/537.36 (KHTML, like Gecko) Chrome/123.0.0.0 Safari/537.36 OPR/109.0.0.0" 398 **0/398596**
185.191.171.16 - - [14/Apr/2026:05:30:06 -0700] "GET /uncategorized/obzor-1khbet-mobilnaia-versiia-dlia-smartfonov-osobennosti-i-preimushchestva/ HTTP/1.1" 200 30594 "-" "Mozilla/5.0 (compatible; SemrushBot/7~bl; +http://www.semrush.com/bot.html)" 613 **0/613758**
114.119.151.155 - - [14/Apr/2026:05:30:06 -0700] "GET /uncategorized/wild-panda-crazy-panda-harbors-with-panda-wilds-and-casino-titan-no-deposit-bonus-you-can-incentives/ HTTP/1.1" 200 32231 "http://fuentesanza.es/uncategorized/spielsaal-pramie-blos-einzahlung-2026-neue-no-abschlagzahlung-supernova-spielautomaten-echtes-geld-boni/" "Mozilla/5.0 (Linux; Android 7.0;) AppleWebKit/537.36 (KHTML, like Gecko) Mobile Safari/537.36 (compatible; PetalBot;+https://webmaster.petalsearch.com/site/petalbot)" 700 **0/700378**
185.191.171.3 - - [14/Apr/2026:05:30:10 -0700] "GET /uncategorized/casino-bonus-bez-vkladu-vse-co-potrebujete-vedet/ HTTP/1.1" 200 29363 "-" "Mozilla/5.0 (compatible; SemrushBot/7~bl; +http://www.semrush.com/bot.html)" 637 **0/637368**
35.187.134.3 - - [14/Apr/2026:05:30:16 -0700] "GET /uncategorized/%D0%B8%D0%B4%D0%B5%D0%B0%D0%BB%D1%8C%D0%BD%D1%8B%D0%B5-%D0%B8%D0%B3%D1%80%D0%BE%D0%B2%D1%8B%D0%B5-%D0%B7%D0%B0%D0%B2%D0%B5%D0%B4%D0%B5%D0%BD%D0%B8%D1%8F-%D0%BA%D0%BE%D1%82%D0%BE%D1%80%D1%8B%D0%B5/ HTTP/1.1" 200 28776 "-" "Mozilla/5.0 (compatible; Google-Apps-Script; beanserver; +https://script.google.com; id: UAEmdDd9xsnqR0U8PwCmAzNN8LImSykEA2g)" 615 **0/615153**
54.39.210.32 - - [14/Apr/2026:05:30:16 -0700] "GET /uncategorized/magic-brick-bobby-7s-slot-free-spins-knights-neowizs-most-recent-suits-3-puzzler-is-going-now-for-the-android-and-ios/ HTTP/1.1" 200 28344 "-" "Mozilla/5.0 (compatible; AhrefsBot/7.0; +http://ahrefs.com/robot/)" 539 **0/539410**
103.219.169.195 - - [14/Apr/2026:05:30:18 -0700] "POST /xmlrpc.php HTTP/1.1" 200 180 "-" "Mozilla/5.0 (Windows NT 10.0; Win64; x64) AppleWebKit/537.36 (KHTML, like Gecko) Chrome/114.0.0.0 Safari/537.36" 446 **0/446513**
208.109.41.231 - - [14/Apr/2026:05:30:25 -0700] "POST /wp-cron.php?doing_wp_cron=1776169825.2235150337219238281250 HTTP/1.1" 200 - "-" "WordPress/6.3.8; http://fuentesanza.es" 32 **0/32943**
103.219.169.195 - - [14/Apr/2026:05:30:24 -0700] "POST /xmlrpc.php HTTP/1.1" 200 11025 "-" "Mozilla/5.0 (Windows NT 10.0; Win64; x64) AppleWebKit/537.36 (KHTML, like Gecko) Chrome/114.0.0.0 Safari/537.36" 604 **0/604737**
103.219.169.195 - - [14/Apr/2026:05:30:26 -0700] "GET /uncategorized/better-online-casinos-in-the-canada-best-casino-sites-having-a-real-income-and-odds-of-winning-red-baron-you-will-license/ HTTP/1.1" 200 157305 "-" "Mozilla/5.0 (Windows NT 10.0; Win64; x64) AppleWebKit/537.36 (KHTML, like Gecko) Chrome/122.0.0.0 Safari/537.36" 449 **0/449239**
66.249.73.6 - - [14/Apr/2026:05:30:27 -0700] "GET /?p=20659216310 HTTP/1.1" 404 11349 "-" "Mozilla/5.0 (Linux; Android 6.0.1; Nexus 5X Build/MMB29P) AppleWebKit/537.36 (KHTML, like Gecko) Chrome/146.0.7680.177 Mobile Safari/537.36 (compatible; Googlebot/2.1; +http://www.google.com/bot.html)" 354 **0/354580**
66.249.73.6 - - [14/Apr/2026:05:30:28 -0700] "GET /?c=84164116355 HTTP/1.1" 200 28755 "-" "Mozilla/5.0 (Linux; Android 6.0.1; Nexus 5X Build/MMB29P) AppleWebKit/537.36 (KHTML, like Gecko) Chrome/146.0.7680.177 Mobile Safari/537.36 (compatible; Googlebot/2.1; +http://www.google.com/bot.html)" 560 **0/560753**
216.73.216.141 - - [14/Apr/2026:05:30:36 -0700] "GET /sitemap11.xml HTTP/1.1" 404 11349 "-" "Mozilla/5.0 AppleWebKit/537.36 (KHTML, like Gecko; compatible; ClaudeBot/1.0; +claudebot@anthropic.com)" 428 **0/428137**
85.208.96.206 - - [14/Apr/2026:05:30:42 -0700] "GET /mostbet-cassino-541/mostbet-login-258/ HTTP/1.1" 200 32680 "-" "Mozilla/5.0 (compatible; SemrushBot/7~bl; +http://www.semrush.com/bot.html)" 388 **0/388923**
114.119.130.109 - - [14/Apr/2026:05:30:47 -0700] "GET /uncategorized/web-based-casinos-real-cash-10-better-us-local-casino-sites-to-own-2026/ HTTP/1.1" 200 31984 "http://fuentesanza.es/uncategorized/jeu-en-compagnie-de-salle-de-jeu-non-payants-top-donne-sauf-que-sans-wild-dice-telechargement-de-lapplication-apk-telechargement/" "Mozilla/5.0 (Linux; Android 7.0;) AppleWebKit/537.36 (KHTML, like Gecko) Mobile Safari/537.36 (compatible; PetalBot;+https://webmaster.petalsearch.com/site/petalbot)" 305 **0/305647**
66.249.73.6 - - [14/Apr/2026:05:30:46 -0700] "GET /?s=10106184631 HTTP/1.1" 200 24263 "-" "Mozilla/5.0 (Linux; Android 6.0.1; Nexus 5X Build/MMB29P) AppleWebKit/537.36 (KHTML, like Gecko) Chrome/146.0.7680.177 Mobile Safari/537.36 (compatible; Googlebot/2.1; +http://www.google.com/bot.html)" 3404 **3/3404733**
66.249.73.5 - - [14/Apr/2026:05:30:50 -0700] "GET /?c=84164286010 HTTP/1.1" 200 28755 "-" "Mozilla/5.0 (Linux; Android 6.0.1; Nexus 5X Build/MMB29P) AppleWebKit/537.36 (KHTML, like Gecko) Chrome/146.0.7680.177 Mobile Safari/537.36 (compatible; Googlebot/2.1; +http://www.google.com/bot.html)" 343 **0/343020**
103.219.169.195 - - [14/Apr/2026:05:30:50 -0700] "POST /xmlrpc.php HTTP/1.1" 200 180 "-" "Mozilla/5.0 (Windows NT 10.0; Win64; x64) AppleWebKit/537.36 (KHTML, like Gecko) Chrome/114.0.0.0 Safari/537.36" 456 **0/456060**
208.109.41.231 - - [14/Apr/2026:05:30:57 -0700] "POST /wp-cron.php?doing_wp_cron=1776169857.4500999450683593750000 HTTP/1.1" 200 - "-" "WordPress/6.3.8; http://fuentesanza.es" 32 **0/32996**
103.219.169.195 - - [14/Apr/2026:05:30:56 -0700] "POST /xmlrpc.php HTTP/1.1" 200 11583 "-" "Mozilla/5.0 (Windows NT 10.0; Win64; x64) AppleWebKit/537.36 (KHTML, like Gecko) Chrome/114.0.0.0 Safari/537.36" 610 **0/610487**
103.219.169.195 - - [14/Apr/2026:05:30:58 -0700] "GET /uncategorized/thunderstruck-video-iwinfortune-app-game-gamble-microgaming-totally-free-slot-games-on-the-web-no-down-load/ HTTP/1.1" 200 158010 "-" "Mozilla/5.0 (Windows NT 10.0; Win64; x64) AppleWebKit/537.36 (KHTML, like Gecko) Chrome/109.0.0.0 Safari/537.36" 437 **0/437798**
66.249.73.4 - - [14/Apr/2026:05:31:04 -0700] "GET /?s=1010642060 HTTP/1.1" 200 24293 "-" "Mozilla/5.0 (Linux; Android 6.0.1; Nexus 5X Build/MMB29P) AppleWebKit/537.36 (KHTML, like Gecko) Chrome/146.0.7680.177 Mobile Safari/537.36 (compatible; Googlebot/2.1; +http://www.google.com/bot.html)" 3663 **3/3663130**
85.208.96.207 - - [14/Apr/2026:05:31:11 -0700] "GET /uncategorized/escort-travestis-y-no-ha-transpirado-trans-sobre-alicante/ HTTP/1.1" 200 29468 "-" "Mozilla/5.0 (compatible; SemrushBot/7~bl; +http://www.semrush.com/bot.html)" 372 **0/372072**
51.222.168.24 - - [14/Apr/2026:05:31:12 -0700] "GET /uncategorized/casino-argent-reel-avec-bonus-sans-depot-decouvrez-spinsy/feed/ HTTP/1.1" 200 476 "-" "Mozilla/5.0 (compatible; AhrefsBot/7.0; +http://ahrefs.com/robot/)" 449 **0/449295**
66.249.73.5 - - [14/Apr/2026:05:31:16 -0700] "GET /?m=31108324479 HTTP/1.1" 404 11349 "-" "Mozilla/5.0 (Linux; Android 6.0.1; Nexus 5X Build/MMB29P) AppleWebKit/537.36 (KHTML, like Gecko) Chrome/146.0.7680.177 Mobile Safari/537.36 (compatible; Googlebot/2.1; +http://www.google.com/bot.html)" 223 **0/223670**
103.219.169.195 - - [14/Apr/2026:05:31:22 -0700] "POST /xmlrpc.php HTTP/1.1" 200 180 "-" "Mozilla/5.0 (Windows NT 10.0; Win64; x64) AppleWebKit/537.36 (KHTML, like Gecko) Chrome/114.0.0.0 Safari/537.36" 404 **0/404377**
208.109.41.231 - - [14/Apr/2026:05:31:28 -0700] "POST /wp-cron.php?doing_wp_cron=1776169888.6891300678253173828125 HTTP/1.1" 200 - "-" "WordPress/6.3.8; http://fuentesanza.es" 21 **0/21562**
185.191.171.17 - - [14/Apr/2026:05:31:28 -0700] "GET /news/beste-online-casino-app-fur-echtgeldspiele-in-9/ HTTP/1.1" 200 32020 "-" "Mozilla/5.0 (compatible; SemrushBot/7~bl; +http://www.semrush.com/bot.html)" 378 **0/378144**
103.219.169.195 - - [14/Apr/2026:05:31:28 -0700] "POST /xmlrpc.php HTTP/1.1" 200 11670 "-" "Mozilla/5.0 (Windows NT 10.0; Win64; x64) AppleWebKit/537.36 (KHTML, like Gecko) Chrome/114.0.0.0 Safari/537.36" 468 **0/468665**
103.219.169.195 - - [14/Apr/2026:05:31:30 -0700] "GET /uncategorized/finest-billionairespin-online-casino-you-online-casinos-top-ten-casinos-opposed-2026/ HTTP/1.1" 200 158045 "-" "Mozilla/5.0 (Windows NT 10.0; Win64; x64) AppleWebKit/537.36 (KHTML, like Gecko) Chrome/109.0.0.0 Safari/537.36" 344 **0/344112**
185.191.171.11 - - [14/Apr/2026:05:31:48 -0700] "GET /gambling/migliora-il-tuo-gioco-da-casino-con-consigli-dettagliati-sul-gioco-dazzardo/ HTTP/1.1" 200 29559 "-" "Mozilla/5.0 (compatible; SemrushBot/7~bl; +http://www.semrush.com/bot.html)" 304 **0/304034**
103.219.169.195 - - [14/Apr/2026:05:31:52 -0700] "POST /xmlrpc.php HTTP/1.1" 200 180 "-" "Mozilla/5.0 (Windows NT 10.0; Win64; x64) AppleWebKit/537.36 (KHTML, like Gecko) Chrome/114.0.0.0 Safari/537.36" 388 **0/388911**
208.109.41.231 - - [14/Apr/2026:05:31:58 -0700] "POST /wp-cron.php?doing_wp_cron=1776169918.4285669326782226562500 HTTP/1.1" 200 - "-" "WordPress/6.3.8; http://fuentesanza.es" 27 **0/27232**
103.219.169.195 - - [14/Apr/2026:05:31:58 -0700] "POST /xmlrpc.php HTTP/1.1" 200 11047 "-" "Mozilla/5.0 (Windows NT 10.0; Win64; x64) AppleWebKit/537.36 (KHTML, like Gecko) Chrome/114.0.0.0 Safari/537.36" 666 **0/666753**
185.191.171.19 - - [14/Apr/2026:05:31:58 -0700] "GET /uncategorized/the-newest-pot-get-substantial-becauses-shared-round-the-multiple-web-based-casinos-otherwise-games-video-pokies-may-differ-inside-game-play-featuring-ive-usually-preferred-chinese/ HTTP/1.1" 200 32451 "-" "Mozilla/5.0 (compatible; SemrushBot/7~bl; +http://www.semrush.com/bot.html)" 1158 **1/1158009**
103.219.169.195 - - [14/Apr/2026:05:32:00 -0700] "GET /uncategorized/thunderstruck-on-line-position-no-deposit-bonus-casino-fairspin-casinos-profits-bonuses/ HTTP/1.1" 200 157325 "-" "Mozilla/5.0 (Windows NT 10.0; Win64; x64; rv:125.0) Gecko/20100101 Firefox/125.0" 392 **0/392584**
85.208.96.194 - - [14/Apr/2026:05:32:07 -0700] "GET /uncategorized/bedste-celebrino-bonus-uden-indskud-pa-casinoer-med-dansk-licens-inden-for-2026/ HTTP/1.1" 200 29598 "-" "Mozilla/5.0 (compatible; SemrushBot/7~bl; +http://www.semrush.com/bot.html)" 274 **0/274801**
54.39.89.147 - - [14/Apr/2026:05:32:12 -0700] "GET /casino-online-2/casino-online/feed/ HTTP/1.1" 200 402 "-" "Mozilla/5.0 (compatible; AhrefsBot/7.0; +http://ahrefs.com/robot/)" 407 **0/407720**
103.219.169.195 - - [14/Apr/2026:05:32:24 -0700] "POST /xmlrpc.php HTTP/1.1" 200 180 "-" "Mozilla/5.0 (Windows NT 10.0; Win64; x64) AppleWebKit/537.36 (KHTML, like Gecko) Chrome/114.0.0.0 Safari/537.36" 457 **0/457232**
208.109.41.231 - - [14/Apr/2026:05:32:26 -0700] "POST /wp-cron.php?doing_wp_cron=1776169946.9812469482421875000000 HTTP/1.1" 200 - "-" "WordPress/6.3.8; http://fuentesanza.es" 22 **0/22275**
185.191.171.13 - - [14/Apr/2026:05:32:26 -0700] "GET /uncategorized/403-nuevos-juegos-de-tragamonedas-gratis-en-linea-not-available/ HTTP/1.1" 200 31847 "-" "Mozilla/5.0 (compatible; SemrushBot/7~bl; +http://www.semrush.com/bot.html)" 512 **0/512702**
103.219.169.195 - - [14/Apr/2026:05:32:30 -0700] "POST /xmlrpc.php HTTP/1.1" 200 9469 "-" "Mozilla/5.0 (Windows NT 10.0; Win64; x64) AppleWebKit/537.36 (KHTML, like Gecko) Chrome/114.0.0.0 Safari/537.36" 486 **0/486863**
103.219.169.195 - - [14/Apr/2026:05:32:31 -0700] "GET /uncategorized/thunderstruck-casino-euroking-slots/ HTTP/1.1" 200 155553 "-" "Mozilla/5.0 (Windows NT 10.0; Win64; x64) AppleWebKit/537.36 (KHTML, like Gecko) Chrome/124.0.0.0 Safari/537.36" 326 **0/326315**
85.208.96.206 - - [14/Apr/2026:05:32:43 -0700] "GET /uncategorized/gamble-22800-free-online-casino-games-look-through-this-site-harbors-zero-obtain/ HTTP/1.1" 200 30083 "-" "Mozilla/5.0 (compatible; SemrushBot/7~bl; +http://www.semrush.com/bot.html)" 318 **0/318241**
103.219.169.195 - - [14/Apr/2026:05:32:51 -0700] "POST /xmlrpc.php HTTP/1.1" 200 180 "-" "Mozilla/5.0 (Windows NT 10.0; Win64; x64) AppleWebKit/537.36 (KHTML, like Gecko) Chrome/114.0.0.0 Safari/537.36" 350 **0/350264**
208.109.41.231 - - [14/Apr/2026:05:32:58 -0700] "POST /wp-cron.php?doing_wp_cron=1776169978.2763659954071044921875 HTTP/1.1" 200 - "-" "WordPress/6.3.8; http://fuentesanza.es" 19 **0/19358**
103.219.169.195 - - [14/Apr/2026:05:32:57 -0700] "POST /xmlrpc.php HTTP/1.1" 200 10765 "-" "Mozilla/5.0 (Windows NT 10.0; Win64; x64) AppleWebKit/537.36 (KHTML, like Gecko) Chrome/114.0.0.0 Safari/537.36" 507 **0/507664**
85.208.96.209 - - [14/Apr/2026:05:32:59 -0700] "GET /uncategorized/finest-online-casino-analysis-2026-award-winning-online-casinos/ HTTP/1.1" 200 31166 "-" "Mozilla/5.0 (compatible; SemrushBot/7~bl; +http://www.semrush.com/bot.html)" 382 **0/382165**
103.219.169.195 - - [14/Apr/2026:05:32:59 -0700] "GET /uncategorized/greeting-rajahbet-casino-live-bonus/ HTTP/1.1" 200 156566 "-" "Mozilla/5.0 (Windows NT 10.0; Win64; x64) AppleWebKit/537.36 (KHTML, like Gecko) Chrome/124.0.0.0 Safari/537.36 Edg/124.0.0.0" 348 **0/348888**
85.208.96.194 - - [14/Apr/2026:05:33:05 -0700] "GET /category/mostbet-pk-564/ HTTP/1.1" 200 43255 "-" "Mozilla/5.0 (compatible; SemrushBot/7~bl; +http://www.semrush.com/bot.html)" 520 **0/520445**
85.208.96.211 - - [14/Apr/2026:05:33:14 -0700] "GET /vulkan-vegas-bonus-85/vulkan-vegas-promo-code-548/ HTTP/1.1" 200 33387 "-" "Mozilla/5.0 (compatible; SemrushBot/7~bl; +http://www.semrush.com/bot.html)" 304 **0/304005**
51.222.95.46 - - [14/Apr/2026:05:33:20 -0700] "GET /uncategorized/10-lucsix-kazino-onlain-2026-sravnenie-platform-i-bonusnyx-5/feed/ HTTP/1.1" 200 536 "-" "Mozilla/5.0 (compatible; AhrefsBot/7.0; +http://ahrefs.com/robot/)" 468 **0/468395**
103.219.169.195 - - [14/Apr/2026:05:33:24 -0700] "POST /xmlrpc.php HTTP/1.1" 200 180 "-" "Mozilla/5.0 (Windows NT 10.0; Win64; x64) AppleWebKit/537.36 (KHTML, like Gecko) Chrome/114.0.0.0 Safari/537.36" 406 **0/406895**
