177.223.38.181 - - [14/Apr/2026:06:57:52 -0700] "GET /wp-admin/admin-ajax.php?action=rest-nonce HTTP/1.1" 200 10 "-" "Mozilla/5.0 (Windows NT 10.0; Win64; x64) AppleWebKit/537.36 (KHTML, like Gecko) Chrome/120.0.0.0 Safari/537.36" 343 **0/343643**
146.70.83.218 - - [14/Apr/2026:06:57:53 -0700] "GET /wp-admin/load-scripts.php?c=0&load%5Bchunk_0%5D=jquery-core,jquery-migrate,utils,moxiejs,plupload&ver=6.3.8 HTTP/1.1" 200 64410 "http://fuentesanza.es/wp-admin/post-new.php" "Mozilla/5.0 (Windows NT 10.0; Win64; x64) AppleWebKit/537.36 (KHTML, like Gecko) Chrome/142.0.0.0 Safari/537.36" 98 **0/98988**
146.70.83.218 - - [14/Apr/2026:06:57:53 -0700] "GET /wp-includes/js/heartbeat.min.js?ver=6.3.8 HTTP/1.1" 200 1927 "http://fuentesanza.es/wp-admin/post-new.php" "Mozilla/5.0 (Windows NT 10.0; Win64; x64) AppleWebKit/537.36 (KHTML, like Gecko) Chrome/142.0.0.0 Safari/537.36" 10 **0/10766**
146.70.83.218 - - [14/Apr/2026:06:57:53 -0700] "GET /wp-includes/js/dist/api-fetch.min.js?ver=0fa4dabf8bf2c7adf21a HTTP/1.1" 200 2171 "http://fuentesanza.es/wp-admin/post-new.php" "Mozilla/5.0 (Windows NT 10.0; Win64; x64) AppleWebKit/537.36 (KHTML, like Gecko) Chrome/142.0.0.0 Safari/537.36" 10 **0/10986**
146.70.83.218 - - [14/Apr/2026:06:57:53 -0700] "GET /wp-includes/js/dist/vendor/react.min.js?ver=18.2.0 HTTP/1.1" 200 4003 "http://fuentesanza.es/wp-admin/post-new.php" "Mozilla/5.0 (Windows NT 10.0; Win64; x64) AppleWebKit/537.36 (KHTML, like Gecko) Chrome/142.0.0.0 Safari/537.36" 15 **0/15102**
146.70.83.218 - - [14/Apr/2026:06:57:53 -0700] "GET /wp-includes/js/dist/vendor/lodash.min.js?ver=4.17.19 HTTP/1.1" 200 24161 "http://fuentesanza.es/wp-admin/post-new.php" "Mozilla/5.0 (Windows NT 10.0; Win64; x64) AppleWebKit/537.36 (KHTML, like Gecko) Chrome/142.0.0.0 Safari/537.36" 24 **0/24725**
146.70.83.218 - - [14/Apr/2026:06:57:53 -0700] "GET /wp-includes/js/dist/blob.min.js?ver=10a1c5c0acdef3d15657 HTTP/1.1" 200 423 "http://fuentesanza.es/wp-admin/post-new.php" "Mozilla/5.0 (Windows NT 10.0; Win64; x64) AppleWebKit/537.36 (KHTML, like Gecko) Chrome/142.0.0.0 Safari/537.36" 15 **0/15619**
146.70.83.218 - - [14/Apr/2026:06:57:53 -0700] "GET /wp-includes/js/dist/autop.min.js?ver=dacd785d109317df2707 HTTP/1.1" 200 2023 "http://fuentesanza.es/wp-admin/post-new.php" "Mozilla/5.0 (Windows NT 10.0; Win64; x64) AppleWebKit/537.36 (KHTML, like Gecko) Chrome/142.0.0.0 Safari/537.36" 16 **0/16551**
146.70.83.218 - - [14/Apr/2026:06:57:53 -0700] "GET /wp-includes/js/dist/vendor/react-dom.min.js?ver=18.2.0 HTTP/1.1" 200 40006 "http://fuentesanza.es/wp-admin/post-new.php" "Mozilla/5.0 (Windows NT 10.0; Win64; x64) AppleWebKit/537.36 (KHTML, like Gecko) Chrome/142.0.0.0 Safari/537.36" 49 **0/49426**
146.70.83.218 - - [14/Apr/2026:06:57:54 -0700] "GET /wp-includes/js/dist/block-serialization-default-parser.min.js?ver=30ffd7e7e199f10b2a6d HTTP/1.1" 200 1061 "http://fuentesanza.es/wp-admin/post-new.php" "Mozilla/5.0 (Windows NT 10.0; Win64; x64) AppleWebKit/537.36 (KHTML, like Gecko) Chrome/142.0.0.0 Safari/537.36" 19 **0/19078**
146.70.83.218 - - [14/Apr/2026:06:57:54 -0700] "GET /wp-includes/js/dist/deprecated.min.js?ver=73ad3591e7bc95f4777a HTTP/1.1" 200 416 "http://fuentesanza.es/wp-admin/post-new.php" "Mozilla/5.0 (Windows NT 10.0; Win64; x64) AppleWebKit/537.36 (KHTML, like Gecko) Chrome/142.0.0.0 Safari/537.36" 24 **0/24495**
146.70.83.218 - - [14/Apr/2026:06:57:54 -0700] "GET /wp-includes/js/dist/dom.min.js?ver=845eabf47b55af03adfa HTTP/1.1" 200 4520 "http://fuentesanza.es/wp-admin/post-new.php" "Mozilla/5.0 (Windows NT 10.0; Win64; x64) AppleWebKit/537.36 (KHTML, like Gecko) Chrome/142.0.0.0 Safari/537.36" 16 **0/16346**
146.70.83.218 - - [14/Apr/2026:06:57:54 -0700] "GET /wp-includes/js/dist/element.min.js?ver=ed1c7604880e8b574b40 HTTP/1.1" 200 4869 "http://fuentesanza.es/wp-admin/post-new.php" "Mozilla/5.0 (Windows NT 10.0; Win64; x64) AppleWebKit/537.36 (KHTML, like Gecko) Chrome/142.0.0.0 Safari/537.36" 14 **0/14384**
146.70.83.218 - - [14/Apr/2026:06:57:54 -0700] "GET /wp-includes/js/dist/escape-html.min.js?ver=03e27a7b6ae14f7afaa6 HTTP/1.1" 200 494 "http://fuentesanza.es/wp-admin/post-new.php" "Mozilla/5.0 (Windows NT 10.0; Win64; x64) AppleWebKit/537.36 (KHTML, like Gecko) Chrome/142.0.0.0 Safari/537.36" 14 **0/14028**
146.70.83.218 - - [14/Apr/2026:06:57:54 -0700] "GET /wp-includes/js/dist/is-shallow-equal.min.js?ver=20c2b06ecf04afb14fee HTTP/1.1" 200 489 "http://fuentesanza.es/wp-admin/post-new.php" "Mozilla/5.0 (Windows NT 10.0; Win64; x64) AppleWebKit/537.36 (KHTML, like Gecko) Chrome/142.0.0.0 Safari/537.36" 13 **0/13944**
146.70.83.218 - - [14/Apr/2026:06:57:54 -0700] "GET /wp-includes/js/dist/keycodes.min.js?ver=3460bd0fac9859d6886c HTTP/1.1" 200 1741 "http://fuentesanza.es/wp-admin/post-new.php" "Mozilla/5.0 (Windows NT 10.0; Win64; x64) AppleWebKit/537.36 (KHTML, like Gecko) Chrome/142.0.0.0 Safari/537.36" 32 **0/32636**
146.70.83.218 - - [14/Apr/2026:06:57:54 -0700] "GET /wp-includes/js/dist/priority-queue.min.js?ver=422e19e9d48b269c5219 HTTP/1.1" 200 1453 "http://fuentesanza.es/wp-admin/post-new.php" "Mozilla/5.0 (Windows NT 10.0; Win64; x64) AppleWebKit/537.36 (KHTML, like Gecko) Chrome/142.0.0.0 Safari/537.36" 12 **0/12951**
146.70.83.218 - - [14/Apr/2026:06:57:54 -0700] "GET /wp-includes/js/dist/redux-routine.min.js?ver=e59a2c0a2214767f9a9d HTTP/1.1" 200 2729 "http://fuentesanza.es/wp-admin/post-new.php" "Mozilla/5.0 (Windows NT 10.0; Win64; x64) AppleWebKit/537.36 (KHTML, like Gecko) Chrome/142.0.0.0 Safari/537.36" 13 **0/13089**
146.70.83.218 - - [14/Apr/2026:06:57:54 -0700] "GET /wp-includes/js/dist/compose.min.js?ver=9424edf50a26435105c0 HTTP/1.1" 200 11706 "http://fuentesanza.es/wp-admin/post-new.php" "Mozilla/5.0 (Windows NT 10.0; Win64; x64) AppleWebKit/537.36 (KHTML, like Gecko) Chrome/142.0.0.0 Safari/537.36" 18 **0/18366**
146.70.83.218 - - [14/Apr/2026:06:57:54 -0700] "GET /wp-includes/js/dist/private-apis.min.js?ver=c7aedd57ea3c9b334e7d HTTP/1.1" 200 862 "http://fuentesanza.es/wp-admin/post-new.php" "Mozilla/5.0 (Windows NT 10.0; Win64; x64) AppleWebKit/537.36 (KHTML, like Gecko) Chrome/142.0.0.0 Safari/537.36" 14 **0/14822**
146.70.83.218 - - [14/Apr/2026:06:57:54 -0700] "GET /wp-includes/js/dist/data.min.js?ver=c7551cbaae1d9b86af82 HTTP/1.1" 200 8353 "http://fuentesanza.es/wp-admin/post-new.php" "Mozilla/5.0 (Windows NT 10.0; Win64; x64) AppleWebKit/537.36 (KHTML, like Gecko) Chrome/142.0.0.0 Safari/537.36" 21 **0/21133**
146.70.83.218 - - [14/Apr/2026:06:57:54 -0700] "GET /wp-includes/js/dist/html-entities.min.js?ver=36a4a255da7dd2e1bf8e HTTP/1.1" 200 394 "http://fuentesanza.es/wp-admin/post-new.php" "Mozilla/5.0 (Windows NT 10.0; Win64; x64) AppleWebKit/537.36 (KHTML, like Gecko) Chrome/142.0.0.0 Safari/537.36" 12 **0/12549**
146.70.83.218 - - [14/Apr/2026:06:57:54 -0700] "GET /wp-includes/js/dist/shortcode.min.js?ver=c128a3008a96e820aa86 HTTP/1.1" 200 1338 "http://fuentesanza.es/wp-admin/post-new.php" "Mozilla/5.0 (Windows NT 10.0; Win64; x64) AppleWebKit/537.36 (KHTML, like Gecko) Chrome/142.0.0.0 Safari/537.36" 14 **0/14097**
146.70.83.218 - - [14/Apr/2026:06:57:54 -0700] "GET /wp-includes/js/dist/vendor/moment.min.js?ver=2.29.4 HTTP/1.1" 200 18199 "http://fuentesanza.es/wp-admin/post-new.php" "Mozilla/5.0 (Windows NT 10.0; Win64; x64) AppleWebKit/537.36 (KHTML, like Gecko) Chrome/142.0.0.0 Safari/537.36" 20 **0/20221**
146.70.83.218 - - [14/Apr/2026:06:57:54 -0700] "GET /wp-includes/js/dist/primitives.min.js?ver=73bfd06bdf73e8cf879a HTTP/1.1" 200 1009 "http://fuentesanza.es/wp-admin/post-new.php" "Mozilla/5.0 (Windows NT 10.0; Win64; x64) AppleWebKit/537.36 (KHTML, like Gecko) Chrome/142.0.0.0 Safari/537.36" 13 **0/13123**
146.70.83.218 - - [14/Apr/2026:06:57:54 -0700] "GET /wp-includes/js/dist/blocks.min.js?ver=b5d3b99262dfb659bd26 HTTP/1.1" 200 49628 "http://fuentesanza.es/wp-admin/post-new.php" "Mozilla/5.0 (Windows NT 10.0; Win64; x64) AppleWebKit/537.36 (KHTML, like Gecko) Chrome/142.0.0.0 Safari/537.36" 57 **0/57817**
146.70.83.218 - - [14/Apr/2026:06:57:54 -0700] "GET /wp-includes/js/dist/date.min.js?ver=3d34bfc9ee4ff8794fdc HTTP/1.1" 200 34812 "http://fuentesanza.es/wp-admin/post-new.php" "Mozilla/5.0 (Windows NT 10.0; Win64; x64) AppleWebKit/537.36 (KHTML, like Gecko) Chrome/142.0.0.0 Safari/537.36" 51 **0/51277**
177.223.38.181 - - [14/Apr/2026:06:57:53 -0700] "POST /xmlrpc.php HTTP/1.1" 200 131 "-" "Mozilla/5.0 (Windows NT 10.0; Win64; x64) AppleWebKit/537.36 (KHTML, like Gecko) Chrome/120.0.0.0 Safari/537.36" 797 **0/797396**
146.70.83.218 - - [14/Apr/2026:06:57:54 -0700] "GET /wp-includes/js/dist/rich-text.min.js?ver=477e6aed00daeb0e4ab6 HTTP/1.1" 200 10607 "http://fuentesanza.es/wp-admin/post-new.php" "Mozilla/5.0 (Windows NT 10.0; Win64; x64) AppleWebKit/537.36 (KHTML, like Gecko) Chrome/142.0.0.0 Safari/537.36" 21 **0/21746**
146.70.83.218 - - [14/Apr/2026:06:57:54 -0700] "GET /wp-includes/js/dist/warning.min.js?ver=4acee5fc2fd9a24cefc2 HTTP/1.1" 200 233 "http://fuentesanza.es/wp-admin/post-new.php" "Mozilla/5.0 (Windows NT 10.0; Win64; x64) AppleWebKit/537.36 (KHTML, like Gecko) Chrome/142.0.0.0 Safari/537.36" 14 **0/14838**
146.70.83.218 - - [14/Apr/2026:06:57:54 -0700] "GET /wp-includes/js/dist/keyboard-shortcuts.min.js?ver=99e2d63033ed57d7783f HTTP/1.1" 200 1575 "http://fuentesanza.es/wp-admin/post-new.php" "Mozilla/5.0 (Windows NT 10.0; Win64; x64) AppleWebKit/537.36 (KHTML, like Gecko) Chrome/142.0.0.0 Safari/537.36" 15 **0/15776**
146.70.83.218 - - [14/Apr/2026:06:57:54 -0700] "GET /wp-includes/js/dist/notices.min.js?ver=38e88f4b627cf873edd0 HTTP/1.1" 200 897 "http://fuentesanza.es/wp-admin/post-new.php" "Mozilla/5.0 (Windows NT 10.0; Win64; x64) AppleWebKit/537.36 (KHTML, like Gecko) Chrome/142.0.0.0 Safari/537.36" 14 **0/14569**
146.70.83.218 - - [14/Apr/2026:06:57:54 -0700] "GET /wp-includes/js/dist/preferences-persistence.min.js?ver=6c6b220422eb35541489 HTTP/1.1" 200 1747 "http://fuentesanza.es/wp-admin/post-new.php" "Mozilla/5.0 (Windows NT 10.0; Win64; x64) AppleWebKit/537.36 (KHTML, like Gecko) Chrome/142.0.0.0 Safari/537.36" 18 **0/18494**
146.70.83.218 - - [14/Apr/2026:06:57:55 -0700] "GET /wp-includes/js/dist/preferences.min.js?ver=ca088ba0a612bff77aa3 HTTP/1.1" 200 1140 "http://fuentesanza.es/wp-admin/post-new.php" "Mozilla/5.0 (Windows NT 10.0; Win64; x64) AppleWebKit/537.36 (KHTML, like Gecko) Chrome/142.0.0.0 Safari/537.36" 13 **0/13370**
146.70.83.218 - - [14/Apr/2026:06:57:55 -0700] "GET /wp-includes/js/dist/style-engine.min.js?ver=8947445e1a2533882c21 HTTP/1.1" 200 1356 "http://fuentesanza.es/wp-admin/post-new.php" "Mozilla/5.0 (Windows NT 10.0; Win64; x64) AppleWebKit/537.36 (KHTML, like Gecko) Chrome/142.0.0.0 Safari/537.36" 15 **0/15150**
146.70.83.218 - - [14/Apr/2026:06:57:55 -0700] "GET /wp-includes/js/dist/token-list.min.js?ver=199103fc7cec3b9eef5a HTTP/1.1" 200 527 "http://fuentesanza.es/wp-admin/post-new.php" "Mozilla/5.0 (Windows NT 10.0; Win64; x64) AppleWebKit/537.36 (KHTML, like Gecko) Chrome/142.0.0.0 Safari/537.36" 11 **0/11506**
146.70.83.218 - - [14/Apr/2026:06:57:55 -0700] "GET /wp-includes/js/dist/wordcount.min.js?ver=5a74890fd7c610679e34 HTTP/1.1" 200 947 "http://fuentesanza.es/wp-admin/post-new.php" "Mozilla/5.0 (Windows NT 10.0; Win64; x64) AppleWebKit/537.36 (KHTML, like Gecko) Chrome/142.0.0.0 Safari/537.36" 13 **0/13010**
146.70.83.218 - - [14/Apr/2026:06:57:54 -0700] "GET /wp-includes/js/dist/components.min.js?ver=23dc8a806ade5de20b37 HTTP/1.1" 200 225809 "http://fuentesanza.es/wp-admin/post-new.php" "Mozilla/5.0 (Windows NT 10.0; Win64; x64) AppleWebKit/537.36 (KHTML, like Gecko) Chrome/142.0.0.0 Safari/537.36" 355 **0/355990**
146.70.83.218 - - [14/Apr/2026:06:57:55 -0700] "GET /wp-includes/js/dist/block-editor.min.js?ver=5b3c5b2d1d1dc8892128 HTTP/1.1" 200 212465 "http://fuentesanza.es/wp-admin/post-new.php" "Mozilla/5.0 (Windows NT 10.0; Win64; x64) AppleWebKit/537.36 (KHTML, like Gecko) Chrome/142.0.0.0 Safari/537.36" 147 **0/147608**
146.70.83.218 - - [14/Apr/2026:06:57:55 -0700] "GET /wp-includes/js/dist/reusable-blocks.min.js?ver=ba0edecdf1360ec259cd HTTP/1.1" 200 2568 "http://fuentesanza.es/wp-admin/post-new.php" "Mozilla/5.0 (Windows NT 10.0; Win64; x64) AppleWebKit/537.36 (KHTML, like Gecko) Chrome/142.0.0.0 Safari/537.36" 19 **0/19232**
146.70.83.218 - - [14/Apr/2026:06:57:55 -0700] "GET /wp-includes/js/dist/core-data.min.js?ver=b19b1b1045a3d2c45c69 HTTP/1.1" 200 15971 "http://fuentesanza.es/wp-admin/post-new.php" "Mozilla/5.0 (Windows NT 10.0; Win64; x64) AppleWebKit/537.36 (KHTML, like Gecko) Chrome/142.0.0.0 Safari/537.36" 38 **0/38519**
146.70.83.218 - - [14/Apr/2026:06:57:55 -0700] "GET /wp-includes/js/dist/viewport.min.js?ver=1fbef8175bb335c5603b HTTP/1.1" 200 905 "http://fuentesanza.es/wp-admin/post-new.php" "Mozilla/5.0 (Windows NT 10.0; Win64; x64) AppleWebKit/537.36 (KHTML, like Gecko) Chrome/142.0.0.0 Safari/537.36" 27 **0/27273**
146.70.83.218 - - [14/Apr/2026:06:57:55 -0700] "GET /wp-includes/js/dist/server-side-render.min.js?ver=81299db67c0fa2c65479 HTTP/1.1" 200 1809 "http://fuentesanza.es/wp-admin/post-new.php" "Mozilla/5.0 (Windows NT 10.0; Win64; x64) AppleWebKit/537.36 (KHTML, like Gecko) Chrome/142.0.0.0 Safari/537.36" 26 **0/26201**
146.70.83.218 - - [14/Apr/2026:06:57:55 -0700] "GET /wp-admin/js/editor.min.js?ver=6.3.8 HTTP/1.1" 200 4511 "http://fuentesanza.es/wp-admin/post-new.php" "Mozilla/5.0 (Windows NT 10.0; Win64; x64) AppleWebKit/537.36 (KHTML, like Gecko) Chrome/142.0.0.0 Safari/537.36" 15 **0/15476**
146.70.83.218 - - [14/Apr/2026:06:57:55 -0700] "GET /wp-includes/js/dist/router.min.js?ver=a759460e1b445966c37f HTTP/1.1" 200 1807 "http://fuentesanza.es/wp-admin/post-new.php" "Mozilla/5.0 (Windows NT 10.0; Win64; x64) AppleWebKit/537.36 (KHTML, like Gecko) Chrome/142.0.0.0 Safari/537.36" 17 **0/17441**
146.70.83.218 - - [14/Apr/2026:06:57:55 -0700] "GET /wp-includes/js/dist/commands.min.js?ver=03c9cb0672219c4cc0e7 HTTP/1.1" 200 15199 "http://fuentesanza.es/wp-admin/post-new.php" "Mozilla/5.0 (Windows NT 10.0; Win64; x64) AppleWebKit/537.36 (KHTML, like Gecko) Chrome/142.0.0.0 Safari/537.36" 55 **0/55018**
146.70.83.218 - - [14/Apr/2026:06:57:55 -0700] "GET /wp-includes/js/dist/core-commands.min.js?ver=90e1ba010f5600297bd1 HTTP/1.1" 200 2181 "http://fuentesanza.es/wp-admin/post-new.php" "Mozilla/5.0 (Windows NT 10.0; Win64; x64) AppleWebKit/537.36 (KHTML, like Gecko) Chrome/142.0.0.0 Safari/537.36" 16 **0/16970**
146.70.83.218 - - [14/Apr/2026:06:57:55 -0700] "GET /wp-includes/js/dist/media-utils.min.js?ver=bcd60e7a2fb568f38015 HTTP/1.1" 200 2756 "http://fuentesanza.es/wp-admin/post-new.php" "Mozilla/5.0 (Windows NT 10.0; Win64; x64) AppleWebKit/537.36 (KHTML, like Gecko) Chrome/142.0.0.0 Safari/537.36" 19 **0/19976**
146.70.83.218 - - [14/Apr/2026:06:57:55 -0700] "GET /wp-includes/js/dist/block-library.min.js?ver=c4928240a198a3ee8a22 HTTP/1.1" 200 175252 "http://fuentesanza.es/wp-admin/post-new.php" "Mozilla/5.0 (Windows NT 10.0; Win64; x64) AppleWebKit/537.36 (KHTML, like Gecko) Chrome/142.0.0.0 Safari/537.36" 133 **0/133031**
146.70.83.218 - - [14/Apr/2026:06:57:55 -0700] "GET /wp-includes/js/dist/editor.min.js?ver=235f671dae61a6fd3deb HTTP/1.1" 200 43001 "http://fuentesanza.es/wp-admin/post-new.php" "Mozilla/5.0 (Windows NT 10.0; Win64; x64) AppleWebKit/537.36 (KHTML, like Gecko) Chrome/142.0.0.0 Safari/537.36" 42 **0/42555**
146.70.83.218 - - [14/Apr/2026:06:57:55 -0700] "GET /wp-includes/js/dist/plugins.min.js?ver=463143a2aeec9687ac69 HTTP/1.1" 200 1679 "http://fuentesanza.es/wp-admin/post-new.php" "Mozilla/5.0 (Windows NT 10.0; Win64; x64) AppleWebKit/537.36 (KHTML, like Gecko) Chrome/142.0.0.0 Safari/537.36" 17 **0/17260**
146.70.83.218 - - [14/Apr/2026:06:57:55 -0700] "GET /wp-includes/js/dist/widgets.min.js?ver=621e7f3fe3b0fbe4c0f6 HTTP/1.1" 200 6956 "http://fuentesanza.es/wp-admin/post-new.php" "Mozilla/5.0 (Windows NT 10.0; Win64; x64) AppleWebKit/537.36 (KHTML, like Gecko) Chrome/142.0.0.0 Safari/537.36" 20 **0/20425**
146.70.83.218 - - [14/Apr/2026:06:57:55 -0700] "GET /wp-includes/js/backbone.min.js?ver=1.4.1 HTTP/1.1" 200 7697 "http://fuentesanza.es/wp-admin/post-new.php" "Mozilla/5.0 (Windows NT 10.0; Win64; x64) AppleWebKit/537.36 (KHTML, like Gecko) Chrome/142.0.0.0 Safari/537.36" 18 **0/18484**
146.70.83.218 - - [14/Apr/2026:06:57:55 -0700] "GET /wp-includes/js/wp-backbone.min.js?ver=6.3.8 HTTP/1.1" 200 1088 "http://fuentesanza.es/wp-admin/post-new.php" "Mozilla/5.0 (Windows NT 10.0; Win64; x64) AppleWebKit/537.36 (KHTML, like Gecko) Chrome/142.0.0.0 Safari/537.36" 26 **0/26687**
146.70.83.218 - - [14/Apr/2026:06:57:55 -0700] "GET /wp-includes/js/media-models.min.js?ver=6.3.8 HTTP/1.1" 200 4011 "http://fuentesanza.es/wp-admin/post-new.php" "Mozilla/5.0 (Windows NT 10.0; Win64; x64) AppleWebKit/537.36 (KHTML, like Gecko) Chrome/142.0.0.0 Safari/537.36" 15 **0/15670**
146.70.83.218 - - [14/Apr/2026:06:57:56 -0700] "GET /wp-includes/js/plupload/wp-plupload.min.js?ver=6.3.8 HTTP/1.1" 200 2176 "http://fuentesanza.es/wp-admin/post-new.php" "Mozilla/5.0 (Windows NT 10.0; Win64; x64) AppleWebKit/537.36 (KHTML, like Gecko) Chrome/142.0.0.0 Safari/537.36" 16 **0/16690**
146.70.83.218 - - [14/Apr/2026:06:57:56 -0700] "GET /wp-includes/js/jquery/ui/core.min.js?ver=1.13.2 HTTP/1.1" 200 6810 "http://fuentesanza.es/wp-admin/post-new.php" "Mozilla/5.0 (Windows NT 10.0; Win64; x64) AppleWebKit/537.36 (KHTML, like Gecko) Chrome/142.0.0.0 Safari/537.36" 14 **0/14499**
146.70.83.218 - - [14/Apr/2026:06:57:56 -0700] "GET /wp-includes/js/jquery/ui/mouse.min.js?ver=1.13.2 HTTP/1.1" 200 1001 "http://fuentesanza.es/wp-admin/post-new.php" "Mozilla/5.0 (Windows NT 10.0; Win64; x64) AppleWebKit/537.36 (KHTML, like Gecko) Chrome/142.0.0.0 Safari/537.36" 13 **0/13368**
146.70.83.218 - - [14/Apr/2026:06:57:56 -0700] "GET /wp-includes/js/jquery/ui/sortable.min.js?ver=1.13.2 HTTP/1.1" 200 6338 "http://fuentesanza.es/wp-admin/post-new.php" "Mozilla/5.0 (Windows NT 10.0; Win64; x64) AppleWebKit/537.36 (KHTML, like Gecko) Chrome/142.0.0.0 Safari/537.36" 29 **0/29402**
146.70.83.218 - - [14/Apr/2026:06:57:56 -0700] "GET /wp-includes/js/mediaelement/mediaelement-and-player.min.js?ver=4.2.17 HTTP/1.1" 200 35955 "http://fuentesanza.es/wp-admin/post-new.php" "Mozilla/5.0 (Windows NT 10.0; Win64; x64) AppleWebKit/537.36 (KHTML, like Gecko) Chrome/142.0.0.0 Safari/537.36" 59 **0/59969**
146.70.83.218 - - [14/Apr/2026:06:57:56 -0700] "GET /wp-includes/js/mediaelement/mediaelement-migrate.min.js?ver=6.3.8 HTTP/1.1" 200 479 "http://fuentesanza.es/wp-admin/post-new.php" "Mozilla/5.0 (Windows NT 10.0; Win64; x64) AppleWebKit/537.36 (KHTML, like Gecko) Chrome/142.0.0.0 Safari/537.36" 15 **0/15985**
146.70.83.218 - - [14/Apr/2026:06:57:56 -0700] "GET /wp-includes/js/mediaelement/wp-mediaelement.min.js?ver=6.3.8 HTTP/1.1" 200 453 "http://fuentesanza.es/wp-admin/post-new.php" "Mozilla/5.0 (Windows NT 10.0; Win64; x64) AppleWebKit/537.36 (KHTML, like Gecko) Chrome/142.0.0.0 Safari/537.36" 20 **0/20935**
146.70.83.218 - - [14/Apr/2026:06:57:56 -0700] "GET /wp-includes/js/media-views.min.js?ver=6.3.8 HTTP/1.1" 200 24720 "http://fuentesanza.es/wp-admin/post-new.php" "Mozilla/5.0 (Windows NT 10.0; Win64; x64) AppleWebKit/537.36 (KHTML, like Gecko) Chrome/142.0.0.0 Safari/537.36" 36 **0/36763**
146.70.83.218 - - [14/Apr/2026:06:57:56 -0700] "GET /wp-admin/js/postbox.min.js?ver=6.3.8 HTTP/1.1" 200 2054 "http://fuentesanza.es/wp-admin/post-new.php" "Mozilla/5.0 (Windows NT 10.0; Win64; x64) AppleWebKit/537.36 (KHTML, like Gecko) Chrome/142.0.0.0 Safari/537.36" 17 **0/17583**
146.70.83.218 - - [14/Apr/2026:06:57:56 -0700] "GET /wp-includes/js/dist/edit-post.min.js?ver=f80cf449718896dc7e2d HTTP/1.1" 200 32981 "http://fuentesanza.es/wp-admin/post-new.php" "Mozilla/5.0 (Windows NT 10.0; Win64; x64) AppleWebKit/537.36 (KHTML, like Gecko) Chrome/142.0.0.0 Safari/537.36" 41 **0/41335**
146.70.83.218 - - [14/Apr/2026:06:57:56 -0700] "GET /wp-includes/js/shortcode.min.js?ver=6.3.8 HTTP/1.1" 200 1078 "http://fuentesanza.es/wp-admin/post-new.php" "Mozilla/5.0 (Windows NT 10.0; Win64; x64) AppleWebKit/537.36 (KHTML, like Gecko) Chrome/142.0.0.0 Safari/537.36" 20 **0/20756**
146.70.83.218 - - [14/Apr/2026:06:57:56 -0700] "GET /wp-includes/js/media-editor.min.js?ver=6.3.8 HTTP/1.1" 200 3464 "http://fuentesanza.es/wp-admin/post-new.php" "Mozilla/5.0 (Windows NT 10.0; Win64; x64) AppleWebKit/537.36 (KHTML, like Gecko) Chrome/142.0.0.0 Safari/537.36" 17 **0/17689**
146.70.83.218 - - [14/Apr/2026:06:57:56 -0700] "GET /wp-includes/js/mce-view.min.js?ver=6.3.8 HTTP/1.1" 200 3478 "http://fuentesanza.es/wp-admin/post-new.php" "Mozilla/5.0 (Windows NT 10.0; Win64; x64) AppleWebKit/537.36 (KHTML, like Gecko) Chrome/142.0.0.0 Safari/537.36" 22 **0/22283**
146.70.83.218 - - [14/Apr/2026:06:57:56 -0700] "GET /wp-admin/js/image-edit.min.js?ver=6.3.8 HTTP/1.1" 200 4222 "http://fuentesanza.es/wp-admin/post-new.php" "Mozilla/5.0 (Windows NT 10.0; Win64; x64) AppleWebKit/537.36 (KHTML, like Gecko) Chrome/142.0.0.0 Safari/537.36" 23 **0/23444**
146.70.83.218 - - [14/Apr/2026:06:57:56 -0700] "GET /wp-includes/js/imgareaselect/jquery.imgareaselect.min.js?ver=6.3.8 HTTP/1.1" 200 3589 "http://fuentesanza.es/wp-admin/post-new.php" "Mozilla/5.0 (Windows NT 10.0; Win64; x64) AppleWebKit/537.36 (KHTML, like Gecko) Chrome/142.0.0.0 Safari/537.36" 30 **0/30789**
146.70.83.218 - - [14/Apr/2026:06:57:56 -0700] "GET /wp-includes/js/wplink.min.js?ver=6.3.8 HTTP/1.1" 200 3675 "http://fuentesanza.es/wp-admin/post-new.php" "Mozilla/5.0 (Windows NT 10.0; Win64; x64) AppleWebKit/537.36 (KHTML, like Gecko) Chrome/142.0.0.0 Safari/537.36" 19 **0/19674**
146.70.83.218 - - [14/Apr/2026:06:57:56 -0700] "GET /wp-includes/js/jquery/ui/menu.min.js?ver=1.13.2 HTTP/1.1" 200 2885 "http://fuentesanza.es/wp-admin/post-new.php" "Mozilla/5.0 (Windows NT 10.0; Win64; x64) AppleWebKit/537.36 (KHTML, like Gecko) Chrome/142.0.0.0 Safari/537.36" 15 **0/15539**
146.70.83.218 - - [14/Apr/2026:06:57:56 -0700] "GET /wp-includes/js/jquery/ui/autocomplete.min.js?ver=1.13.2 HTTP/1.1" 200 2682 "http://fuentesanza.es/wp-admin/post-new.php" "Mozilla/5.0 (Windows NT 10.0; Win64; x64) AppleWebKit/537.36 (KHTML, like Gecko) Chrome/142.0.0.0 Safari/537.36" 17 **0/17704**
146.70.83.218 - - [14/Apr/2026:06:57:56 -0700] "GET /wp-includes/js/media-audiovideo.min.js?ver=6.3.8 HTTP/1.1" 200 3153 "http://fuentesanza.es/wp-admin/post-new.php" "Mozilla/5.0 (Windows NT 10.0; Win64; x64) AppleWebKit/537.36 (KHTML, like Gecko) Chrome/142.0.0.0 Safari/537.36" 18 **0/18060**
146.70.83.218 - - [14/Apr/2026:06:57:56 -0700] "GET /wp-includes/js/dist/block-directory.min.js?ver=cf69143cf8a7a08f7e0f HTTP/1.1" 200 6657 "http://fuentesanza.es/wp-admin/post-new.php" "Mozilla/5.0 (Windows NT 10.0; Win64; x64) AppleWebKit/537.36 (KHTML, like Gecko) Chrome/142.0.0.0 Safari/537.36" 14 **0/14713**
146.70.83.218 - - [14/Apr/2026:06:57:56 -0700] "GET /wp-admin/js/media-upload.min.js?ver=6.3.8 HTTP/1.1" 200 540 "http://fuentesanza.es/wp-admin/post-new.php" "Mozilla/5.0 (Windows NT 10.0; Win64; x64) AppleWebKit/537.36 (KHTML, like Gecko) Chrome/142.0.0.0 Safari/537.36" 18 **0/18188**
146.70.83.218 - - [14/Apr/2026:06:57:56 -0700] "GET /wp-includes/js/thickbox/thickbox.js?ver=3.1-20121105 HTTP/1.1" 200 3993 "http://fuentesanza.es/wp-admin/post-new.php" "Mozilla/5.0 (Windows NT 10.0; Win64; x64) AppleWebKit/537.36 (KHTML, like Gecko) Chrome/142.0.0.0 Safari/537.36" 33 **0/33470**
146.70.83.218 - - [14/Apr/2026:06:57:56 -0700] "GET /wp-includes/js/dist/format-library.min.js?ver=841596d9c9d3cabeaec1 HTTP/1.1" 200 7317 "http://fuentesanza.es/wp-admin/post-new.php" "Mozilla/5.0 (Windows NT 10.0; Win64; x64) AppleWebKit/537.36 (KHTML, like Gecko) Chrome/142.0.0.0 Safari/537.36" 18 **0/18019**
146.70.83.218 - - [14/Apr/2026:06:57:56 -0700] "GET /wp-admin/js/svg-painter.js?ver=6.3.8 HTTP/1.1" 200 1974 "http://fuentesanza.es/wp-admin/post-new.php" "Mozilla/5.0 (Windows NT 10.0; Win64; x64) AppleWebKit/537.36 (KHTML, like Gecko) Chrome/142.0.0.0 Safari/537.36" 18 **0/18776**
208.109.41.231 - - [14/Apr/2026:06:57:56 -0700] "POST /wp-cron.php?doing_wp_cron=1776175076.8992960453033447265625 HTTP/1.1" 200 - "-" "WordPress/6.3.8; http://fuentesanza.es" 77 **0/77775**
146.70.83.218 - - [14/Apr/2026:06:57:56 -0700] "GET /wp-includes/js/wp-auth-check.min.js?ver=6.3.8 HTTP/1.1" 200 691 "http://fuentesanza.es/wp-admin/post-new.php" "Mozilla/5.0 (Windows NT 10.0; Win64; x64) AppleWebKit/537.36 (KHTML, like Gecko) Chrome/142.0.0.0 Safari/537.36" 20 **0/20729**
200.123.55.81 - - [14/Apr/2026:06:57:56 -0700] "GET /?p=48893 HTTP/1.1" 301 - "-" "Mozilla/5.0 (Windows NT 10.0; Win64; x64) AppleWebKit/537.36 (KHTML, like Gecko) Chrome/120.0.0.0 Safari/537.36" 435 **0/435006**
146.70.83.218 - - [14/Apr/2026:06:57:57 -0700] "GET /wp-includes/js/tinymce/plugins/compat3x/plugin.min.js?ver=49110-20201110 HTTP/1.1" 200 1668 "http://fuentesanza.es/wp-admin/post-new.php" "Mozilla/5.0 (Windows NT 10.0; Win64; x64) AppleWebKit/537.36 (KHTML, like Gecko) Chrome/142.0.0.0 Safari/537.36" 35 **0/35859**
146.70.83.218 - - [14/Apr/2026:06:57:57 -0700] "GET /wp-content/plugins/wp-file-manager/images/wp_file_manager.svg HTTP/1.1" 200 1209 "http://fuentesanza.es/wp-admin/post-new.php" "Mozilla/5.0 (Windows NT 10.0; Win64; x64) AppleWebKit/537.36 (KHTML, like Gecko) Chrome/142.0.0.0 Safari/537.36" 37 **0/37439**
146.70.83.218 - - [14/Apr/2026:06:57:57 -0700] "GET /wp-includes/js/tinymce/tinymce.min.js?ver=49110-20201110 HTTP/1.1" 200 117046 "http://fuentesanza.es/wp-admin/post-new.php" "Mozilla/5.0 (Windows NT 10.0; Win64; x64) AppleWebKit/537.36 (KHTML, like Gecko) Chrome/142.0.0.0 Safari/537.36" 121 **0/121437**
146.70.83.218 - - [14/Apr/2026:06:57:57 -0700] "GET /wp-includes/js/thickbox/loadingAnimation.gif HTTP/1.1" 200 15238 "http://fuentesanza.es/wp-admin/post-new.php" "Mozilla/5.0 (Windows NT 10.0; Win64; x64) AppleWebKit/537.36 (KHTML, like Gecko) Chrome/142.0.0.0 Safari/537.36" 20 **0/20475**
146.70.83.218 - - [14/Apr/2026:06:57:57 -0700] "GET /favicon.ico HTTP/1.1" 302 1 "http://fuentesanza.es/wp-admin/post-new.php" "Mozilla/5.0 (Windows NT 10.0; Win64; x64) AppleWebKit/537.36 (KHTML, like Gecko) Chrome/142.0.0.0 Safari/537.36" 266 **0/266656**
146.70.83.218 - - [14/Apr/2026:06:57:58 -0700] "GET /wp-includes/images/w-logo-blue-white-bg.png HTTP/1.1" 200 4119 "http://fuentesanza.es/wp-admin/post-new.php" "Mozilla/5.0 (Windows NT 10.0; Win64; x64) AppleWebKit/537.36 (KHTML, like Gecko) Chrome/142.0.0.0 Safari/537.36" 10 **0/10222**
146.70.83.218 - - [14/Apr/2026:06:57:57 -0700] "GET /wp-json/wp/v2/blocks?context=edit&per_page=100&_locale=user HTTP/1.1" 200 6 "http://fuentesanza.es/wp-admin/post-new.php" "Mozilla/5.0 (Windows NT 10.0; Win64; x64) AppleWebKit/537.36 (KHTML, like Gecko) Chrome/142.0.0.0 Safari/537.36" 685 **0/685384**
146.70.83.218 - - [14/Apr/2026:06:57:57 -0700] "GET /wp-json/wp/v2/block-patterns/categories?_locale=user HTTP/1.1" 200 712 "http://fuentesanza.es/wp-admin/post-new.php" "Mozilla/5.0 (Windows NT 10.0; Win64; x64) AppleWebKit/537.36 (KHTML, like Gecko) Chrome/142.0.0.0 Safari/537.36" 732 **0/732374**
146.70.83.218 - - [14/Apr/2026:06:57:57 -0700] "GET /wp-json/?_fields=description%2Cgmt_offset%2Chome%2Cname%2Csite_icon%2Csite_icon_url%2Csite_logo%2Ctimezone_string%2Curl&_locale=user HTTP/1.1" 200 289 "http://fuentesanza.es/wp-admin/post-new.php" "Mozilla/5.0 (Windows NT 10.0; Win64; x64) AppleWebKit/537.36 (KHTML, like Gecko) Chrome/142.0.0.0 Safari/537.36" 869 **0/869495**
200.123.55.81 - - [14/Apr/2026:06:57:57 -0700] "GET /uncategorized/pinco-casino-apk-yuklm-baslayanlar-ucun-ipucu-17/ HTTP/1.1" 200 30642 "-" "Mozilla/5.0 (Windows NT 10.0; Win64; x64) AppleWebKit/537.36 (KHTML, like Gecko) Chrome/120.0.0.0 Safari/537.36" 1501 **1/1501780**
146.70.83.218 - - [14/Apr/2026:06:57:57 -0700] "GET /wp-json/wp/v2/block-patterns/patterns?_locale=user HTTP/1.1" 200 28549 "http://fuentesanza.es/wp-admin/post-new.php" "Mozilla/5.0 (Windows NT 10.0; Win64; x64) AppleWebKit/537.36 (KHTML, like Gecko) Chrome/142.0.0.0 Safari/537.36" 2764 **2/2764488**
200.123.55.81 - - [14/Apr/2026:06:58:02 -0700] "GET /?p=48893 HTTP/1.1" 301 - "-" "Mozilla/5.0 (Windows NT 10.0; Win64; x64) AppleWebKit/537.36 (KHTML, like Gecko) Chrome/120.0.0.0 Safari/537.36" 613 **0/613376**
54.39.6.231 - - [14/Apr/2026:06:58:02 -0700] "GET /uncategorized/finest-totally-free-revolves-no-deposit-king-of-slots-touch-slot-payout-extra-also-offers-in-the-casinos-on-the-internet-2026/ HTTP/1.1" 200 28401 "-" "Mozilla/5.0 (compatible; AhrefsBot/7.0; +http://ahrefs.com/robot/)" 1263 **1/1263003**
85.208.96.203 - - [14/Apr/2026:06:58:03 -0700] "GET /uncategorized/i-migliori-scompiglio-mobile-ancora-app-apk-di-accesso-megawin-mucchio-in-italia-nel-2026/ HTTP/1.1" 200 31334 "-" "Mozilla/5.0 (compatible; SemrushBot/7~bl; +http://www.semrush.com/bot.html)" 954 **0/954005**
200.123.55.81 - - [14/Apr/2026:06:58:03 -0700] "GET /uncategorized/pinco-casino-apk-yuklm-baslayanlar-ucun-ipucu-17/ HTTP/1.1" 200 30642 "-" "Mozilla/5.0 (Windows NT 10.0; Win64; x64) AppleWebKit/537.36 (KHTML, like Gecko) Chrome/120.0.0.0 Safari/537.36" 896 **0/896389**
200.123.55.81 - - [14/Apr/2026:06:58:07 -0700] "GET /?p=48893 HTTP/1.1" 301 - "-" "Mozilla/5.0 (Windows NT 10.0; Win64; x64) AppleWebKit/537.36 (KHTML, like Gecko) Chrome/120.0.0.0 Safari/537.36" 231 **0/231673**
200.123.55.81 - - [14/Apr/2026:06:58:08 -0700] "GET /uncategorized/pinco-casino-apk-yuklm-baslayanlar-ucun-ipucu-17/ HTTP/1.1" 200 30642 "-" "Mozilla/5.0 (Windows NT 10.0; Win64; x64) AppleWebKit/537.36 (KHTML, like Gecko) Chrome/120.0.0.0 Safari/537.36" 636 **0/636468**
200.123.55.81 - - [14/Apr/2026:06:58:10 -0700] "POST /wp-json/wp/v2/posts HTTP/1.1" 201 15058 "-" "Mozilla/5.0 (Windows NT 10.0; Win64; x64) AppleWebKit/537.36 (KHTML, like Gecko) Chrome/120.0.0.0 Safari/537.36" 837 **0/837841**
208.109.41.231 - - [14/Apr/2026:06:58:12 -0700] "POST /wp-cron.php?doing_wp_cron=1776175092.2731480598449707031250 HTTP/1.1" 200 - "-" "WordPress/6.3.8; http://fuentesanza.es" 31 **0/31491**
200.123.55.81 - - [14/Apr/2026:06:58:12 -0700] "GET /uncategorized/pinco-casino-apk-yuklm-baslayanlar-ucun-ipucu-18/ HTTP/1.1" 200 31289 "-" "Mozilla/5.0 (Windows NT 10.0; Win64; x64) AppleWebKit/537.36 (KHTML, like Gecko) Chrome/120.0.0.0 Safari/537.36" 657 **0/657614**
146.70.83.218 - - [14/Apr/2026:06:58:14 -0700] "GET /wp-json/wp/v2/taxonomies/category?context=edit&_locale=user HTTP/1.1" 200 927 "http://fuentesanza.es/wp-admin/post-new.php" "Mozilla/5.0 (Windows NT 10.0; Win64; x64) AppleWebKit/537.36 (KHTML, like Gecko) Chrome/142.0.0.0 Safari/537.36" 444 **0/444715**
146.70.83.218 - - [14/Apr/2026:06:58:14 -0700] "GET /wp-json/wp/v2/themes?context=edit&status=active&_locale=user HTTP/1.1" 200 1192 "http://fuentesanza.es/wp-admin/post-new.php" "Mozilla/5.0 (Windows NT 10.0; Win64; x64) AppleWebKit/537.36 (KHTML, like Gecko) Chrome/142.0.0.0 Safari/537.36" 546 **0/546491**
146.70.83.218 - - [14/Apr/2026:06:58:14 -0700] "GET /wp-json/wp/v2/categories/1?context=edit&_locale=user HTTP/1.1" 200 244 "http://fuentesanza.es/wp-admin/post-new.php" "Mozilla/5.0 (Windows NT 10.0; Win64; x64) AppleWebKit/537.36 (KHTML, like Gecko) Chrome/142.0.0.0 Safari/537.36" 631 **0/631303**
146.70.83.218 - - [14/Apr/2026:06:58:14 -0700] "GET /wp-json/wp/v2/taxonomies/post_tag?context=edit&_locale=user HTTP/1.1" 200 876 "http://fuentesanza.es/wp-admin/post-new.php" "Mozilla/5.0 (Windows NT 10.0; Win64; x64) AppleWebKit/537.36 (KHTML, like Gecko) Chrome/142.0.0.0 Safari/537.36" 646 **0/646427**
146.70.83.218 - - [14/Apr/2026:06:58:15 -0700] "POST /wp-json/wp/v2/posts/48892?_locale=user HTTP/1.1" 200 3631 "http://fuentesanza.es/wp-admin/post-new.php" "Mozilla/5.0 (Windows NT 10.0; Win64; x64) AppleWebKit/537.36 (KHTML, like Gecko) Chrome/142.0.0.0 Safari/537.36" 627 **0/627918**
208.109.41.231 - - [14/Apr/2026:06:58:15 -0700] "POST /wp-cron.php?doing_wp_cron=1776175095.9067869186401367187500 HTTP/1.1" 200 - "-" "WordPress/6.3.8; http://fuentesanza.es" 35 **0/35406**
146.70.83.218 - - [14/Apr/2026:06:58:15 -0700] "GET /favicon.ico HTTP/1.1" 302 1 "http://fuentesanza.es/wp-admin/post.php?post=48892&action=edit" "Mozilla/5.0 (Windows NT 10.0; Win64; x64) AppleWebKit/537.36 (KHTML, like Gecko) Chrome/142.0.0.0 Safari/537.36" 382 **0/382790**
146.70.83.218 - - [14/Apr/2026:06:58:16 -0700] "GET /wp-includes/images/w-logo-blue-white-bg.png HTTP/1.1" 200 4119 "http://fuentesanza.es/wp-admin/post.php?post=48892&action=edit" "Mozilla/5.0 (Windows NT 10.0; Win64; x64) AppleWebKit/537.36 (KHTML, like Gecko) Chrome/142.0.0.0 Safari/537.36" 12 **0/12032**
200.123.55.81 - - [14/Apr/2026:06:58:15 -0700] "GET /uncategorized/pinco-casino-apk-yuklm-baslayanlar-ucun-ipucu-18/ HTTP/1.1" 200 31365 "-" "Mozilla/5.0 (Windows NT 10.0; Win64; x64) AppleWebKit/537.36 (KHTML, like Gecko) Chrome/120.0.0.0 Safari/537.36" 1119 **1/1119326**
200.123.55.81 - - [14/Apr/2026:06:58:19 -0700] "GET /uncategorized/pinco-casino-apk-yuklm-baslayanlar-ucun-ipucu-18/ HTTP/1.1" 200 31365 "-" "Mozilla/5.0 (Windows NT 10.0; Win64; x64) AppleWebKit/537.36 (KHTML, like Gecko) Chrome/120.0.0.0 Safari/537.36" 511 **0/511121**
200.123.55.81 - - [14/Apr/2026:06:58:21 -0700] "POST /wp-json/wp/v2/posts HTTP/1.1" 201 15058 "-" "Mozilla/5.0 (Windows NT 10.0; Win64; x64) AppleWebKit/537.36 (KHTML, like Gecko) Chrome/120.0.0.0 Safari/537.36" 1190 **1/1190596**
208.109.41.231 - - [14/Apr/2026:06:58:24 -0700] "POST /wp-cron.php?doing_wp_cron=1776175103.9442620277404785156250 HTTP/1.1" 200 - "-" "WordPress/6.3.8; http://fuentesanza.es" 149 **0/149258**
200.123.55.81 - - [14/Apr/2026:06:58:23 -0700] "GET /uncategorized/pinco-casino-apk-yuklm-baslayanlar-ucun-ipucu-19/ HTTP/1.1" 200 31365 "-" "Mozilla/5.0 (Windows NT 10.0; Win64; x64) AppleWebKit/537.36 (KHTML, like Gecko) Chrome/120.0.0.0 Safari/537.36" 1622 **1/1622278**
85.208.96.204 - - [14/Apr/2026:06:58:24 -0700] "GET /mostbet-30-free-spins-145/mostbet-casino-login-468/ HTTP/1.1" 200 32852 "-" "Mozilla/5.0 (compatible; SemrushBot/7~bl; +http://www.semrush.com/bot.html)" 832 **0/832783**
200.123.55.81 - - [14/Apr/2026:06:58:28 -0700] "GET /uncategorized/pinco-casino-apk-yuklm-baslayanlar-ucun-ipucu-19/ HTTP/1.1" 200 31365 "-" "Mozilla/5.0 (Windows NT 10.0; Win64; x64) AppleWebKit/537.36 (KHTML, like Gecko) Chrome/120.0.0.0 Safari/537.36" 437 **0/437779**
146.70.83.218 - - [14/Apr/2026:06:58:31 -0700] "POST /wp-admin/admin-ajax.php HTTP/1.1" 200 5 "http://fuentesanza.es/wp-admin/post.php?post=48892&action=edit" "Mozilla/5.0 (Windows NT 10.0; Win64; x64) AppleWebKit/537.36 (KHTML, like Gecko) Chrome/142.0.0.0 Safari/537.36" 271 **0/271968**
146.70.83.218 - - [14/Apr/2026:06:58:31 -0700] "GET /uncategorized/la-impennata-dei-siti-di-casino-confidenziali-una-panoramica-approfondita/ HTTP/1.1" 200 29353 "-" "Mozilla/5.0 (Windows NT 10.0; Win64; x64) AppleWebKit/537.36 (KHTML, like Gecko) Chrome/142.0.0.0 Safari/537.36" 507 **0/507233**
146.70.83.218 - - [14/Apr/2026:06:58:32 -0700] "GET /wp-includes/css/dashicons.min.css?ver=6.3.8 HTTP/1.1" 200 35109 "http://fuentesanza.es/uncategorized/la-impennata-dei-siti-di-casino-confidenziali-una-panoramica-approfondita/" "Mozilla/5.0 (Windows NT 10.0; Win64; x64) AppleWebKit/537.36 (KHTML, like Gecko) Chrome/142.0.0.0 Safari/537.36" 16 **0/16516**
146.70.83.218 - - [14/Apr/2026:06:58:32 -0700] "GET /wp-includes/css/admin-bar.min.css?ver=6.3.8 HTTP/1.1" 200 3639 "http://fuentesanza.es/uncategorized/la-impennata-dei-siti-di-casino-confidenziali-una-panoramica-approfondita/" "Mozilla/5.0 (Windows NT 10.0; Win64; x64) AppleWebKit/537.36 (KHTML, like Gecko) Chrome/142.0.0.0 Safari/537.36" 21 **0/21044**
200.123.55.81 - - [14/Apr/2026:06:58:31 -0700] "GET /uncategorized/pinco-casino-apk-yuklm-baslayanlar-ucun-ipucu-19/ HTTP/1.1" 200 31365 "-" "Mozilla/5.0 (Windows NT 10.0; Win64; x64) AppleWebKit/537.36 (KHTML, like Gecko) Chrome/120.0.0.0 Safari/537.36" 421 **0/421612**
146.70.83.218 - - [14/Apr/2026:06:58:32 -0700] "GET /wp-content/themes/twentytwelve/css/blocks.css?ver=20230213 HTTP/1.1" 200 1744 "http://fuentesanza.es/uncategorized/la-impennata-dei-siti-di-casino-confidenziali-una-panoramica-approfondita/" "Mozilla/5.0 (Windows NT 10.0; Win64; x64) AppleWebKit/537.36 (KHTML, like Gecko) Chrome/142.0.0.0 Safari/537.36" 13 **0/13611**
146.70.83.218 - - [14/Apr/2026:06:58:32 -0700] "GET /wp-content/themes/twentytwelve/style.css?ver=20230808 HTTP/1.1" 200 7924 "http://fuentesanza.es/uncategorized/la-impennata-dei-siti-di-casino-confidenziali-una-panoramica-approfondita/" "Mozilla/5.0 (Windows NT 10.0; Win64; x64) AppleWebKit/537.36 (KHTML, like Gecko) Chrome/142.0.0.0 Safari/537.36" 15 **0/15379**
146.70.83.218 - - [14/Apr/2026:06:58:32 -0700] "GET /wp-content/themes/twentytwelve/fonts/font-open-sans.css?ver=20230328 HTTP/1.1" 200 829 "http://fuentesanza.es/uncategorized/la-impennata-dei-siti-di-casino-confidenziali-una-panoramica-approfondita/" "Mozilla/5.0 (Windows NT 10.0; Win64; x64) AppleWebKit/537.36 (KHTML, like Gecko) Chrome/142.0.0.0 Safari/537.36" 14 **0/14344**
146.70.83.218 - - [14/Apr/2026:06:58:32 -0700] "GET /wp-includes/js/jquery/jquery-migrate.min.js?ver=3.4.1 HTTP/1.1" 200 4685 "http://fuentesanza.es/uncategorized/la-impennata-dei-siti-di-casino-confidenziali-una-panoramica-approfondita/" "Mozilla/5.0 (Windows NT 10.0; Win64; x64) AppleWebKit/537.36 (KHTML, like Gecko) Chrome/142.0.0.0 Safari/537.36" 16 **0/16183**
146.70.83.218 - - [14/Apr/2026:06:58:32 -0700] "GET /wp-includes/js/jquery/jquery.min.js?ver=3.7.0 HTTP/1.1" 200 29741 "http://fuentesanza.es/uncategorized/la-impennata-dei-siti-di-casino-confidenziali-una-panoramica-approfondita/" "Mozilla/5.0 (Windows NT 10.0; Win64; x64) AppleWebKit/537.36 (KHTML, like Gecko) Chrome/142.0.0.0 Safari/537.36" 33 **0/33091**
146.70.83.218 - - [14/Apr/2026:06:58:32 -0700] "GET /wp-includes/css/dist/block-library/style.min.css?ver=6.3.8 HTTP/1.1" 200 12822 "http://fuentesanza.es/uncategorized/la-impennata-dei-siti-di-casino-confidenziali-una-panoramica-approfondita/" "Mozilla/5.0 (Windows NT 10.0; Win64; x64) AppleWebKit/537.36 (KHTML, like Gecko) Chrome/142.0.0.0 Safari/537.36" 20 **0/20537**
146.70.83.218 - - [14/Apr/2026:06:58:32 -0700] "GET /wp-includes/js/comment-reply.min.js?ver=6.3.8 HTTP/1.1" 200 1229 "http://fuentesanza.es/uncategorized/la-impennata-dei-siti-di-casino-confidenziali-una-panoramica-approfondita/" "Mozilla/5.0 (Windows NT 10.0; Win64; x64) AppleWebKit/537.36 (KHTML, like Gecko) Chrome/142.0.0.0 Safari/537.36" 13 **0/13443**
146.70.83.218 - - [14/Apr/2026:06:58:32 -0700] "GET /wp-content/themes/twentytwelve/fonts/open-sans/open-sans-latin-700-normal.woff2?ver=34 HTTP/1.1" 200 16373 "http://fuentesanza.es/wp-content/themes/twentytwelve/fonts/font-open-sans.css?ver=20230328" "Mozilla/5.0 (Windows NT 10.0; Win64; x64) AppleWebKit/537.36 (KHTML, like Gecko) Chrome/142.0.0.0 Safari/537.36" 13 **0/13744**
146.70.83.218 - - [14/Apr/2026:06:58:32 -0700] "GET /wp-content/themes/twentytwelve/fonts/open-sans/open-sans-latin-ext-400-normal.woff2?ver=34 HTTP/1.1" 200 12975 "http://fuentesanza.es/wp-content/themes/twentytwelve/fonts/font-open-sans.css?ver=20230328" "Mozilla/5.0 (Windows NT 10.0; Win64; x64) AppleWebKit/537.36 (KHTML, like Gecko) Chrome/142.0.0.0 Safari/537.36" 14 **0/14194**
146.70.83.218 - - [14/Apr/2026:06:58:32 -0700] "GET /wp-content/themes/twentytwelve/fonts/open-sans/open-sans-latin-400-normal.woff2?ver=34 HTTP/1.1" 200 16743 "http://fuentesanza.es/wp-content/themes/twentytwelve/fonts/font-open-sans.css?ver=20230328" "Mozilla/5.0 (Windows NT 10.0; Win64; x64) AppleWebKit/537.36 (KHTML, like Gecko) Chrome/142.0.0.0 Safari/537.36" 20 **0/20682**
146.70.83.218 - - [14/Apr/2026:06:58:32 -0700] "GET /wp-content/themes/twentytwelve/fonts/open-sans/open-sans-greek-400-normal.woff2?ver=34 HTTP/1.1" 200 8956 "http://fuentesanza.es/wp-content/themes/twentytwelve/fonts/font-open-sans.css?ver=20230328" "Mozilla/5.0 (Windows NT 10.0; Win64; x64) AppleWebKit/537.36 (KHTML, like Gecko) Chrome/142.0.0.0 Safari/537.36" 13 **0/13468**
146.70.83.218 - - [14/Apr/2026:06:58:32 -0700] "GET /wp-content/themes/twentytwelve/fonts/open-sans/open-sans-cyrillic-400-normal.woff2?ver=34 HTTP/1.1" 200 10654 "http://fuentesanza.es/wp-content/themes/twentytwelve/fonts/font-open-sans.css?ver=20230328" "Mozilla/5.0 (Windows NT 10.0; Win64; x64) AppleWebKit/537.36 (KHTML, like Gecko) Chrome/142.0.0.0 Safari/537.36" 14 **0/14025**
146.70.83.218 - - [14/Apr/2026:06:58:33 -0700] "GET /wp-content/themes/twentytwelve/js/navigation.js?ver=20141205 HTTP/1.1" 200 574 "http://fuentesanza.es/uncategorized/la-impennata-dei-siti-di-casino-confidenziali-una-panoramica-approfondita/" "Mozilla/5.0 (Windows NT 10.0; Win64; x64) AppleWebKit/537.36 (KHTML, like Gecko) Chrome/142.0.0.0 Safari/537.36" 14 **0/14262**
146.70.83.218 - - [14/Apr/2026:06:58:33 -0700] "GET /wp-includes/js/wp-emoji-release.min.js?ver=6.3.8 HTTP/1.1" 200 4647 "http://fuentesanza.es/uncategorized/la-impennata-dei-siti-di-casino-confidenziali-una-panoramica-approfondita/" "Mozilla/5.0 (Windows NT 10.0; Win64; x64) AppleWebKit/537.36 (KHTML, like Gecko) Chrome/142.0.0.0 Safari/537.36" 16 **0/16632**
200.123.55.81 - - [14/Apr/2026:06:58:33 -0700] "GET /wp-admin/post-new.php HTTP/1.1" 200 102175 "-" "Mozilla/5.0 (Windows NT 10.0; Win64; x64) AppleWebKit/537.36 (KHTML, like Gecko) Chrome/120.0.0.0 Safari/537.36" 565 **0/565552**
146.70.83.218 - - [14/Apr/2026:06:58:34 -0700] "GET /favicon.ico HTTP/1.1" 302 1 "http://fuentesanza.es/uncategorized/la-impennata-dei-siti-di-casino-confidenziali-una-panoramica-approfondita/" "Mozilla/5.0 (Windows NT 10.0; Win64; x64) AppleWebKit/537.36 (KHTML, like Gecko) Chrome/142.0.0.0 Safari/537.36" 235 **0/235398**
146.70.83.218 - - [14/Apr/2026:06:58:35 -0700] "GET /wp-includes/images/w-logo-blue-white-bg.png HTTP/1.1" 200 4119 "http://fuentesanza.es/uncategorized/la-impennata-dei-siti-di-casino-confidenziali-una-panoramica-approfondita/" "Mozilla/5.0 (Windows NT 10.0; Win64; x64) AppleWebKit/537.36 (KHTML, like Gecko) Chrome/142.0.0.0 Safari/537.36" 12 **0/12191**
200.123.55.81 - - [14/Apr/2026:06:58:35 -0700] "POST /wp-admin/post.php HTTP/1.1" 302 - "-" "Mozilla/5.0 (Windows NT 10.0; Win64; x64) AppleWebKit/537.36 (KHTML, like Gecko) Chrome/120.0.0.0 Safari/537.36" 1782 **1/1782077**
208.109.41.231 - - [14/Apr/2026:06:58:38 -0700] "POST /wp-cron.php?doing_wp_cron=1776175118.1797950267791748046875 HTTP/1.1" 200 - "-" "WordPress/6.3.8; http://fuentesanza.es" 41 **0/41880**
200.123.55.81 - - [14/Apr/2026:06:58:37 -0700] "GET /wp-admin/post.php?post=48898&action=edit&message=1 HTTP/1.1" 200 104352 "-" "Mozilla/5.0 (Windows NT 10.0; Win64; x64) AppleWebKit/537.36 (KHTML, like Gecko) Chrome/120.0.0.0 Safari/537.36" 720 **0/720184**
84.133.110.164 - - [14/Apr/2026:06:58:40 -0700] "GET /?p=48898 HTTP/1.1" 301 - "-" "Mozilla/5.0 (Windows NT 10.0; Win64; x64) AppleWebKit/537.36 (KHTML, like Gecko) Chrome/120.0.0.0 Safari/537.36" 202 **0/202154**
84.133.110.164 - - [14/Apr/2026:06:58:41 -0700] "GET /uncategorized/pinco-casino-apk-yuklm-baslayanlar-ucun-ipucu-20/ HTTP/1.1" 200 31252 "-" "Mozilla/5.0 (Windows NT 10.0; Win64; x64) AppleWebKit/537.36 (KHTML, like Gecko) Chrome/120.0.0.0 Safari/537.36" 486 **0/486996**
146.70.83.218 - - [14/Apr/2026:06:58:42 -0700] "POST /xmlrpc.php HTTP/1.1" 200 256 "http://fuentesanza.es/" "Mozilla/5.0 (Windows NT 10.0; Win64; x64) AppleWebKit/537.36 (KHTML, like Gecko) Chrome/122.0.0.0 Safari/537.36" 313 **0/313351**
146.70.83.218 - - [14/Apr/2026:06:58:43 -0700] "POST /xmlrpc.php HTTP/1.1" 200 131 "http://fuentesanza.es/" "Mozilla/5.0 (Windows NT 10.0; Win64; x64) AppleWebKit/537.36 (KHTML, like Gecko) Chrome/122.0.0.0 Safari/537.36" 702 **0/702933**
208.109.41.231 - - [14/Apr/2026:06:58:44 -0700] "POST /wp-cron.php?doing_wp_cron=1776175124.4612529277801513671875 HTTP/1.1" 200 - "-" "WordPress/6.3.8; http://fuentesanza.es" 30 **0/30101**
146.70.83.218 - - [14/Apr/2026:06:58:44 -0700] "POST /xmlrpc.php HTTP/1.1" 200 3487 "http://fuentesanza.es/" "Mozilla/5.0 (Windows NT 10.0; Win64; x64) AppleWebKit/537.36 (KHTML, like Gecko) Chrome/122.0.0.0 Safari/537.36" 461 **0/461131**
84.133.110.164 - - [14/Apr/2026:06:58:44 -0700] "GET /?p=48898 HTTP/1.1" 301 - "-" "Mozilla/5.0 (Windows NT 10.0; Win64; x64) AppleWebKit/537.36 (KHTML, like Gecko) Chrome/120.0.0.0 Safari/537.36" 334 **0/334707**
84.133.110.164 - - [14/Apr/2026:06:58:45 -0700] "GET /uncategorized/pinco-casino-apk-yuklm-baslayanlar-ucun-ipucu-20/ HTTP/1.1" 200 31288 "-" "Mozilla/5.0 (Windows NT 10.0; Win64; x64) AppleWebKit/537.36 (KHTML, like Gecko) Chrome/120.0.0.0 Safari/537.36" 641 **0/641236**
146.70.83.218 - - [14/Apr/2026:06:58:46 -0700] "GET /uncategorized/comprehending-i-casinos-provably-fair-an-understanding-verso-il-video-gaming-universo-trasparente/ HTTP/1.1" 200 27324 "-" "Mozilla/5.0 (Windows NT 10.0; Win64; x64) AppleWebKit/537.36 (KHTML, like Gecko) Chrome/142.0.0.0 Safari/537.36" 492 **0/492348**
146.70.83.218 - - [14/Apr/2026:06:58:47 -0700] "GET /wp-content/themes/twentytwelve/fonts/font-open-sans.css?ver=20230328 HTTP/1.1" 200 829 "http://fuentesanza.es/uncategorized/comprehending-i-casinos-provably-fair-an-understanding-verso-il-video-gaming-universo-trasparente/" "Mozilla/5.0 (Windows NT 10.0; Win64; x64) AppleWebKit/537.36 (KHTML, like Gecko) Chrome/142.0.0.0 Safari/537.36" 15 **0/15705**
146.70.83.218 - - [14/Apr/2026:06:58:47 -0700] "GET /wp-includes/css/dist/block-library/style.min.css?ver=6.3.8 HTTP/1.1" 200 12822 "http://fuentesanza.es/uncategorized/comprehending-i-casinos-provably-fair-an-understanding-verso-il-video-gaming-universo-trasparente/" "Mozilla/5.0 (Windows NT 10.0; Win64; x64) AppleWebKit/537.36 (KHTML, like Gecko) Chrome/142.0.0.0 Safari/537.36" 20 **0/20241**
146.70.83.218 - - [14/Apr/2026:06:58:47 -0700] "GET /wp-includes/js/jquery/jquery-migrate.min.js?ver=3.4.1 HTTP/1.1" 200 4685 "http://fuentesanza.es/uncategorized/comprehending-i-casinos-provably-fair-an-understanding-verso-il-video-gaming-universo-trasparente/" "Mozilla/5.0 (Windows NT 10.0; Win64; x64) AppleWebKit/537.36 (KHTML, like Gecko) Chrome/142.0.0.0 Safari/537.36" 15 **0/15509**
146.70.83.218 - - [14/Apr/2026:06:58:47 -0700] "GET /wp-content/themes/twentytwelve/style.css?ver=20230808 HTTP/1.1" 200 7924 "http://fuentesanza.es/uncategorized/comprehending-i-casinos-provably-fair-an-understanding-verso-il-video-gaming-universo-trasparente/" "Mozilla/5.0 (Windows NT 10.0; Win64; x64) AppleWebKit/537.36 (KHTML, like Gecko) Chrome/142.0.0.0 Safari/537.36" 17 **0/17640**
146.70.83.218 - - [14/Apr/2026:06:58:47 -0700] "GET /wp-content/themes/twentytwelve/css/blocks.css?ver=20230213 HTTP/1.1" 200 1744 "http://fuentesanza.es/uncategorized/comprehending-i-casinos-provably-fair-an-understanding-verso-il-video-gaming-universo-trasparente/" "Mozilla/5.0 (Windows NT 10.0; Win64; x64) AppleWebKit/537.36 (KHTML, like Gecko) Chrome/142.0.0.0 Safari/537.36" 15 **0/15077**
146.70.83.218 - - [14/Apr/2026:06:58:47 -0700] "GET /wp-includes/js/jquery/jquery.min.js?ver=3.7.0 HTTP/1.1" 200 29741 "http://fuentesanza.es/uncategorized/comprehending-i-casinos-provably-fair-an-understanding-verso-il-video-gaming-universo-trasparente/" "Mozilla/5.0 (Windows NT 10.0; Win64; x64) AppleWebKit/537.36 (KHTML, like Gecko) Chrome/142.0.0.0 Safari/537.36" 25 **0/25628**
146.70.83.218 - - [14/Apr/2026:06:58:47 -0700] "GET /wp-content/themes/twentytwelve/js/navigation.js?ver=20141205 HTTP/1.1" 200 574 "http://fuentesanza.es/uncategorized/comprehending-i-casinos-provably-fair-an-understanding-verso-il-video-gaming-universo-trasparente/" "Mozilla/5.0 (Windows NT 10.0; Win64; x64) AppleWebKit/537.36 (KHTML, like Gecko) Chrome/142.0.0.0 Safari/537.36" 11 **0/11151**
146.70.83.218 - - [14/Apr/2026:06:58:47 -0700] "GET /wp-content/themes/twentytwelve/fonts/open-sans/open-sans-latin-700-normal.woff2?ver=34 HTTP/1.1" 200 16373 "http://fuentesanza.es/wp-content/themes/twentytwelve/fonts/font-open-sans.css?ver=20230328" "Mozilla/5.0 (Windows NT 10.0; Win64; x64) AppleWebKit/537.36 (KHTML, like Gecko) Chrome/142.0.0.0 Safari/537.36" 10 **0/10752**
146.70.83.218 - - [14/Apr/2026:06:58:47 -0700] "GET /wp-content/themes/twentytwelve/fonts/open-sans/open-sans-latin-ext-400-normal.woff2?ver=34 HTTP/1.1" 200 12975 "http://fuentesanza.es/wp-content/themes/twentytwelve/fonts/font-open-sans.css?ver=20230328" "Mozilla/5.0 (Windows NT 10.0; Win64; x64) AppleWebKit/537.36 (KHTML, like Gecko) Chrome/142.0.0.0 Safari/537.36" 10 **0/10810**
146.70.83.218 - - [14/Apr/2026:06:58:47 -0700] "GET /wp-content/themes/twentytwelve/fonts/open-sans/open-sans-greek-400-normal.woff2?ver=34 HTTP/1.1" 200 8956 "http://fuentesanza.es/wp-content/themes/twentytwelve/fonts/font-open-sans.css?ver=20230328" "Mozilla/5.0 (Windows NT 10.0; Win64; x64) AppleWebKit/537.36 (KHTML, like Gecko) Chrome/142.0.0.0 Safari/537.36" 12 **0/12174**
146.70.83.218 - - [14/Apr/2026:06:58:47 -0700] "GET /wp-content/themes/twentytwelve/fonts/open-sans/open-sans-latin-400-normal.woff2?ver=34 HTTP/1.1" 200 16743 "http://fuentesanza.es/wp-content/themes/twentytwelve/fonts/font-open-sans.css?ver=20230328" "Mozilla/5.0 (Windows NT 10.0; Win64; x64) AppleWebKit/537.36 (KHTML, like Gecko) Chrome/142.0.0.0 Safari/537.36" 14 **0/14877**
146.70.83.218 - - [14/Apr/2026:06:58:47 -0700] "GET /wp-content/themes/twentytwelve/fonts/open-sans/open-sans-cyrillic-400-normal.woff2?ver=34 HTTP/1.1" 200 10654 "http://fuentesanza.es/wp-content/themes/twentytwelve/fonts/font-open-sans.css?ver=20230328" "Mozilla/5.0 (Windows NT 10.0; Win64; x64) AppleWebKit/537.36 (KHTML, like Gecko) Chrome/142.0.0.0 Safari/537.36" 10 **0/10865**
146.70.83.218 - - [14/Apr/2026:06:58:48 -0700] "GET /wp-includes/js/wp-emoji-release.min.js?ver=6.3.8 HTTP/1.1" 200 4647 "http://fuentesanza.es/uncategorized/comprehending-i-casinos-provably-fair-an-understanding-verso-il-video-gaming-universo-trasparente/" "Mozilla/5.0 (Windows NT 10.0; Win64; x64) AppleWebKit/537.36 (KHTML, like Gecko) Chrome/142.0.0.0 Safari/537.36" 13 **0/13707**
