18.97.14.88 - - [14/Apr/2026:11:37:55 -0700] "GET /category/mostbet-vhod-763/ HTTP/1.1" 200 39105 "-" "CCBot/2.0 (https://commoncrawl.org/faq/)" 600 **0/600550**
66.249.73.6 - - [14/Apr/2026:11:38:07 -0700] "GET /?y=45290285894 HTTP/1.1" 200 43948 "-" "Mozilla/5.0 (Linux; Android 6.0.1; Nexus 5X Build/MMB29P) AppleWebKit/537.36 (KHTML, like Gecko) Chrome/146.0.7680.177 Mobile Safari/537.36 (compatible; Googlebot/2.1; +http://www.google.com/bot.html)" 318 **0/318412**
185.191.171.9 - - [14/Apr/2026:11:38:07 -0700] "GET /uncategorized/a-knowledgeable-totally-free-gamble-personal-gambling-enterprise-in-the-usa/ HTTP/1.1" 200 31464 "-" "Mozilla/5.0 (compatible; SemrushBot/7~bl; +http://www.semrush.com/bot.html)" 267 **0/267809**
185.153.197.91 - - [14/Apr/2026:11:38:20 -0700] "POST /xmlrpc.php HTTP/1.1" 200 180 "-" "Mozilla/5.0 (Windows NT 10.0; Win64; x64) AppleWebKit/537.36 (KHTML, like Gecko) Chrome/114.0.0.0 Safari/537.36" 443 **0/443249**
208.109.41.231 - - [14/Apr/2026:11:38:25 -0700] "POST /wp-cron.php?doing_wp_cron=1776191905.3701961040496826171875 HTTP/1.1" 200 - "-" "WordPress/6.3.8; http://fuentesanza.es" 18 **0/18987**
18.97.14.88 - - [14/Apr/2026:11:38:25 -0700] "GET /category/1-win-347/ HTTP/1.1" 200 40145 "-" "CCBot/2.0 (https://commoncrawl.org/faq/)" 585 **0/585432**
51.161.37.157 - - [14/Apr/2026:11:38:26 -0700] "GET /uncategorized/kostenlose-casino-karamba-bonuscodes-2026-freispiele-blos-einzahlung-spielsaal-01-2026-auffuhren-diese-serios-qua-schnalzen-auszahlungen/ HTTP/1.1" 200 28801 "-" "Mozilla/5.0 (compatible; AhrefsBot/7.0; +http://ahrefs.com/robot/)" 414 **0/414750**
185.153.197.91 - - [14/Apr/2026:11:38:28 -0700] "POST /xmlrpc.php HTTP/1.1" 200 9084 "-" "Mozilla/5.0 (Windows NT 10.0; Win64; x64) AppleWebKit/537.36 (KHTML, like Gecko) Chrome/114.0.0.0 Safari/537.36" 386 **0/386388**
185.153.197.91 - - [14/Apr/2026:11:38:29 -0700] "GET /uncategorized/the-newest-legal-landscaping-of-crypto-betting-since-the-diverse-due-to-the-fact-online-game-available-varies-around-the-more-jurisdictions/ HTTP/1.1" 200 156269 "-" "Mozilla/5.0 (Windows NT 10.0; Win64; x64; rv:124.0) Gecko/20100101 Firefox/124.0" 447 **0/447682**
66.249.73.4 - - [14/Apr/2026:11:38:46 -0700] "GET /?m=31108282209 HTTP/1.1" 404 11349 "-" "Mozilla/5.0 (Linux; Android 6.0.1; Nexus 5X Build/MMB29P) AppleWebKit/537.36 (KHTML, like Gecko) Chrome/146.0.7680.177 Mobile Safari/537.36 (compatible; Googlebot/2.1; +http://www.google.com/bot.html)" 208 **0/208877**
18.97.14.88 - - [14/Apr/2026:11:38:52 -0700] "GET /zrozumienie-lovegry-co-musisz-wiedziec/ HTTP/1.1" 200 29178 "-" "CCBot/2.0 (https://commoncrawl.org/faq/)" 282 **0/282687**
66.249.73.4 - - [14/Apr/2026:11:39:00 -0700] "GET /?m=3110848540 HTTP/1.1" 404 11349 "-" "Mozilla/5.0 (Linux; Android 6.0.1; Nexus 5X Build/MMB29P) AppleWebKit/537.36 (KHTML, like Gecko) Chrome/146.0.7680.177 Mobile Safari/537.36 (compatible; Googlebot/2.1; +http://www.google.com/bot.html)" 226 **0/226656**
185.153.197.91 - - [14/Apr/2026:11:39:07 -0700] "POST /xmlrpc.php HTTP/1.1" 200 180 "-" "Mozilla/5.0 (Windows NT 10.0; Win64; x64) AppleWebKit/537.36 (KHTML, like Gecko) Chrome/114.0.0.0 Safari/537.36" 588 **0/588420**
208.109.41.231 - - [14/Apr/2026:11:39:14 -0700] "POST /wp-cron.php?doing_wp_cron=1776191954.2088029384613037109375 HTTP/1.1" 200 - "-" "WordPress/6.3.8; http://fuentesanza.es" 24 **0/24361**
185.153.197.91 - - [14/Apr/2026:11:39:13 -0700] "POST /xmlrpc.php HTTP/1.1" 200 8298 "-" "Mozilla/5.0 (Windows NT 10.0; Win64; x64) AppleWebKit/537.36 (KHTML, like Gecko) Chrome/114.0.0.0 Safari/537.36" 559 **0/559295**
185.153.197.91 - - [14/Apr/2026:11:39:14 -0700] "GET /uncategorized/positions-online-horse-race-playing-sites-in-america/ HTTP/1.1" 200 155069 "-" "Mozilla/5.0 (Windows NT 10.0; Win64; x64; rv:124.0) Gecko/20100101 Firefox/124.0" 390 **0/390737**
18.97.14.88 - - [14/Apr/2026:11:39:21 -0700] "GET /category/bgame-bonus-benvenuto-441/ HTTP/1.1" 200 38381 "-" "CCBot/2.0 (https://commoncrawl.org/faq/)" 379 **0/379995**
15.235.96.69 - - [14/Apr/2026:11:39:23 -0700] "GET /tag/sky247-com-login-password/ HTTP/1.1" 200 28834 "-" "Mozilla/5.0 (compatible; AhrefsBot/7.0; +http://ahrefs.com/robot/)" 338 **0/338183**
43.165.189.206 - - [14/Apr/2026:11:39:31 -0700] "GET /razumevanje-kamagre-in-njene-uporabe/ HTTP/1.1" 200 26710 "-" "Mozilla/5.0 (iPhone; CPU iPhone OS 13_2_3 like Mac OS X) AppleWebKit/605.1.15 (KHTML, like Gecko) Version/13.0.3 Mobile/15E148 Safari/604.1" 235 **0/235171**
114.119.135.207 - - [14/Apr/2026:11:39:34 -0700] "GET /uncategorized/pure-precious-metal-online-position-100-percent-free-revolves-and-7-monkeys-slot-machine-you-can-bonus/ HTTP/1.1" 200 30412 "http://fuentesanza.es/uncategorized/small-strike-local-casino-harbors-online-game-applications-online-casino-mongol-treasures-gamble/" "Mozilla/5.0 (Linux; Android 7.0;) AppleWebKit/537.36 (KHTML, like Gecko) Mobile Safari/537.36 (compatible; PetalBot;+https://webmaster.petalsearch.com/site/petalbot)" 305 **0/305616**
66.249.73.4 - - [14/Apr/2026:11:39:39 -0700] "GET /?s=1010660964 HTTP/1.1" 200 24377 "-" "Mozilla/5.0 (Linux; Android 6.0.1; Nexus 5X Build/MMB29P) AppleWebKit/537.36 (KHTML, like Gecko) Chrome/146.0.7680.177 Mobile Safari/537.36 (compatible; Googlebot/2.1; +http://www.google.com/bot.html)" 3267 **3/3267239**
85.208.96.196 - - [14/Apr/2026:11:39:49 -0700] "GET /uncategorized/privacy-aladdins-wishes-jackpot-slot/ HTTP/1.1" 200 32300 "-" "Mozilla/5.0 (compatible; SemrushBot/7~bl; +http://www.semrush.com/bot.html)" 294 **0/294545**
18.97.14.88 - - [14/Apr/2026:11:39:50 -0700] "GET /category/pin-up-bet-login-329/ HTTP/1.1" 200 38547 "-" "CCBot/2.0 (https://commoncrawl.org/faq/)" 321 **0/321824**
66.249.73.4 - - [14/Apr/2026:11:39:51 -0700] "GET /?y=452901541 HTTP/1.1" 200 43241 "-" "Mozilla/5.0 (Linux; Android 6.0.1; Nexus 5X Build/MMB29P) AppleWebKit/537.36 (KHTML, like Gecko) Chrome/146.0.7680.177 Mobile Safari/537.36 (compatible; Googlebot/2.1; +http://www.google.com/bot.html)" 310 **0/310952**
85.208.96.199 - - [14/Apr/2026:11:39:52 -0700] "GET /uncategorized/wizard-away-from-odds-%E1%90%88-guide-to-web-based-casinos-cats-slot-online-casino-games/ HTTP/1.1" 200 30273 "-" "Mozilla/5.0 (compatible; SemrushBot/7~bl; +http://www.semrush.com/bot.html)" 310 **0/310975**
185.153.197.91 - - [14/Apr/2026:11:39:54 -0700] "POST /xmlrpc.php HTTP/1.1" 200 180 "-" "Mozilla/5.0 (Windows NT 10.0; Win64; x64) AppleWebKit/537.36 (KHTML, like Gecko) Chrome/114.0.0.0 Safari/537.36" 448 **0/448625**
208.109.41.231 - - [14/Apr/2026:11:40:03 -0700] "POST /wp-cron.php?doing_wp_cron=1776192003.5894949436187744140625 HTTP/1.1" 200 - "-" "WordPress/6.3.8; http://fuentesanza.es" 31 **0/31779**
185.153.197.91 - - [14/Apr/2026:11:40:03 -0700] "POST /xmlrpc.php HTTP/1.1" 200 8731 "-" "Mozilla/5.0 (Windows NT 10.0; Win64; x64) AppleWebKit/537.36 (KHTML, like Gecko) Chrome/114.0.0.0 Safari/537.36" 683 **0/683019**
185.153.197.91 - - [14/Apr/2026:11:40:04 -0700] "GET /uncategorized/high-rtp-betting-household-money-investment-to-find-the-best-gambling-enterprises/ HTTP/1.1" 200 155548 "-" "Mozilla/5.0 (Windows NT 10.0; Win64; x64) AppleWebKit/537.36 (KHTML, like Gecko) Chrome/124.0.0.0 Safari/537.36 Edg/124.0.0.0" 669 **0/669493**
18.97.14.88 - - [14/Apr/2026:11:40:20 -0700] "GET /oversigt-over-levitra-professional/ HTTP/1.1" 200 28252 "-" "CCBot/2.0 (https://commoncrawl.org/faq/)" 510 **0/510083**
142.44.228.94 - - [14/Apr/2026:11:40:33 -0700] "GET /tag/pin-up-india/ HTTP/1.1" 200 60520 "-" "Mozilla/5.0 (compatible; AhrefsBot/7.0; +http://ahrefs.com/robot/)" 455 **0/455149**
185.153.197.91 - - [14/Apr/2026:11:40:47 -0700] "POST /xmlrpc.php HTTP/1.1" 200 180 "-" "Mozilla/5.0 (Windows NT 10.0; Win64; x64) AppleWebKit/537.36 (KHTML, like Gecko) Chrome/114.0.0.0 Safari/537.36" 459 **0/459841**
208.109.41.231 - - [14/Apr/2026:11:40:51 -0700] "POST /wp-cron.php?doing_wp_cron=1776192051.4362831115722656250000 HTTP/1.1" 200 - "-" "WordPress/6.3.8; http://fuentesanza.es" 32 **0/32270**
18.97.14.88 - - [14/Apr/2026:11:40:51 -0700] "GET /category/1win-kazino-631/ HTTP/1.1" 200 37669 "-" "CCBot/2.0 (https://commoncrawl.org/faq/)" 709 **0/709156**
185.153.197.91 - - [14/Apr/2026:11:40:54 -0700] "POST /xmlrpc.php HTTP/1.1" 200 8580 "-" "Mozilla/5.0 (Windows NT 10.0; Win64; x64) AppleWebKit/537.36 (KHTML, like Gecko) Chrome/114.0.0.0 Safari/537.36" 432 **0/432670**
185.153.197.91 - - [14/Apr/2026:11:40:55 -0700] "GET /uncategorized/gaming-gains-was-subject-to-private-tax-during-the-illinois-within-a-fixed-4/ HTTP/1.1" 200 155342 "-" "Mozilla/5.0 (Windows NT 10.0; Win64; x64; rv:124.0) Gecko/20100101 Firefox/124.0" 413 **0/413842**
18.97.14.88 - - [14/Apr/2026:11:41:19 -0700] "GET /2025/08/ HTTP/1.1" 200 33760 "-" "CCBot/2.0 (https://commoncrawl.org/faq/)" 371 **0/371367**
66.249.73.6 - - [14/Apr/2026:11:41:23 -0700] "GET /?x=32835170514 HTTP/1.1" 200 42737 "-" "Mozilla/5.0 (Linux; Android 6.0.1; Nexus 5X Build/MMB29P) AppleWebKit/537.36 (KHTML, like Gecko) Chrome/146.0.7680.177 Mobile Safari/537.36 (compatible; Googlebot/2.1; +http://www.google.com/bot.html)" 382 **0/382419**
47.128.25.188 - - [14/Apr/2026:11:41:33 -0700] "GET /category/1win-sn-990/ HTTP/1.1" 403 182692 "-" "Mozilla/5.0 (Linux; Android 5.0) AppleWebKit/537.36 (KHTML, like Gecko) Mobile Safari/537.36 (compatible; Bytespider; spider-feedback@bytedance.com)" 368 **0/368404**
47.128.25.188 - - [14/Apr/2026:11:41:34 -0700] "GET /wp-content/themes/twentytwelve/fonts/font-open-sans.css?ver=20230328 HTTP/1.1" 404 50331 "http://fuentesanza.es/category/1win-sn-990/" "Mozilla/5.0 (Linux; Android 5.0) AppleWebKit/537.36 (KHTML, like Gecko) Mobile Safari/537.36 (compatible; Bytespider; spider-feedback@bytedance.com)" 305 **0/305410**
47.128.25.188 - - [14/Apr/2026:11:41:34 -0700] "GET /wp-includes/css/dist/block-library/style.min.css?ver=6.3.8 HTTP/1.1" 404 50331 "http://fuentesanza.es/category/1win-sn-990/" "Mozilla/5.0 (Linux; Android 5.0) AppleWebKit/537.36 (KHTML, like Gecko) Mobile Safari/537.36 (compatible; Bytespider; spider-feedback@bytedance.com)" 318 **0/318290**
47.128.25.188 - - [14/Apr/2026:11:41:34 -0700] "GET /wp-content/themes/twentytwelve/css/blocks.css?ver=20230213 HTTP/1.1" 404 50331 "http://fuentesanza.es/category/1win-sn-990/" "Mozilla/5.0 (Linux; Android 5.0) AppleWebKit/537.36 (KHTML, like Gecko) Mobile Safari/537.36 (compatible; Bytespider; spider-feedback@bytedance.com)" 470 **0/470471**
47.128.25.188 - - [14/Apr/2026:11:41:34 -0700] "GET /wp-content/themes/twentytwelve/style.css?ver=20230808 HTTP/1.1" 404 50331 "http://fuentesanza.es/category/1win-sn-990/" "Mozilla/5.0 (Linux; Android 5.0) AppleWebKit/537.36 (KHTML, like Gecko) Mobile Safari/537.36 (compatible; Bytespider; spider-feedback@bytedance.com)" 515 **0/515112**
185.153.197.91 - - [14/Apr/2026:11:41:34 -0700] "POST /xmlrpc.php HTTP/1.1" 200 180 "-" "Mozilla/5.0 (Windows NT 10.0; Win64; x64) AppleWebKit/537.36 (KHTML, like Gecko) Chrome/114.0.0.0 Safari/537.36" 887 **0/887710**
208.109.41.231 - - [14/Apr/2026:11:41:40 -0700] "POST /wp-cron.php?doing_wp_cron=1776192100.4220941066741943359375 HTTP/1.1" 200 - "-" "WordPress/6.3.8; http://fuentesanza.es" 26 **0/26839**
66.249.73.5 - - [14/Apr/2026:11:41:40 -0700] "GET /?i=20912267232 HTTP/1.1" 200 42490 "-" "Mozilla/5.0 (Linux; Android 6.0.1; Nexus 5X Build/MMB29P) AppleWebKit/537.36 (KHTML, like Gecko) Chrome/146.0.7680.177 Mobile Safari/537.36 (compatible; Googlebot/2.1; +http://www.google.com/bot.html)" 436 **0/436084**
185.153.197.91 - - [14/Apr/2026:11:41:43 -0700] "POST /xmlrpc.php HTTP/1.1" 200 9050 "-" "Mozilla/5.0 (Windows NT 10.0; Win64; x64) AppleWebKit/537.36 (KHTML, like Gecko) Chrome/114.0.0.0 Safari/537.36" 402 **0/402677**
185.153.197.91 - - [14/Apr/2026:11:41:44 -0700] "GET /uncategorized/crypto-online-casinos-likewise-promote-a-broader-variety-of-cryptocurrency-choice-boosting-affiliate-comfort-and-you-may-flexibility/ HTTP/1.1" 200 156279 "-" "Mozilla/5.0 (Windows NT 10.0; Win64; x64; rv:125.0) Gecko/20100101 Firefox/125.0" 394 **0/394136**
15.235.98.24 - - [14/Apr/2026:11:41:45 -0700] "GET /tag/login-sky247/ HTTP/1.1" 200 28866 "-" "Mozilla/5.0 (compatible; AhrefsBot/7.0; +http://ahrefs.com/robot/)" 254 **0/254961**
18.97.14.88 - - [14/Apr/2026:11:41:48 -0700] "GET /category/1win-vhod-1/ HTTP/1.1" 200 38554 "-" "CCBot/2.0 (https://commoncrawl.org/faq/)" 357 **0/357241**
85.208.96.208 - - [14/Apr/2026:11:42:11 -0700] "GET /uncategorized/greatest-online-enchanted-fairy-online-slot-casinos-for-real-currency-selecting-the-big-internet-casino-to-possess-2026/ HTTP/1.1" 200 32088 "-" "Mozilla/5.0 (compatible; SemrushBot/7~bl; +http://www.semrush.com/bot.html)" 435 **0/435047**
114.119.151.155 - - [14/Apr/2026:11:42:12 -0700] "GET /uncategorized/publication-from-how-to-use-gate777-bonus-ra-vintage-gamble-100-percent-free/ HTTP/1.1" 200 31804 "http://fuentesanza.es/uncategorized/publication-from-how-to-use-gate777-bonus-ra-vintage-gamble-100-percent-free/" "Mozilla/5.0 (Linux; Android 7.0;) AppleWebKit/537.36 (KHTML, like Gecko) Mobile Safari/537.36 (compatible; PetalBot;+https://webmaster.petalsearch.com/site/petalbot)" 314 **0/314820**
18.97.14.88 - - [14/Apr/2026:11:42:16 -0700] "GET /category/1-win-282/ HTTP/1.1" 200 38028 "-" "CCBot/2.0 (https://commoncrawl.org/faq/)" 448 **0/448316**
185.153.197.91 - - [14/Apr/2026:11:42:17 -0700] "POST /xmlrpc.php HTTP/1.1" 200 180 "-" "Mozilla/5.0 (Windows NT 10.0; Win64; x64) AppleWebKit/537.36 (KHTML, like Gecko) Chrome/114.0.0.0 Safari/537.36" 411 **0/411345**
208.109.41.231 - - [14/Apr/2026:11:42:25 -0700] "POST /wp-cron.php?doing_wp_cron=1776192145.5051400661468505859375 HTTP/1.1" 200 - "-" "WordPress/6.3.8; http://fuentesanza.es" 23 **0/23127**
185.153.197.91 - - [14/Apr/2026:11:42:25 -0700] "POST /xmlrpc.php HTTP/1.1" 200 8396 "-" "Mozilla/5.0 (Windows NT 10.0; Win64; x64) AppleWebKit/537.36 (KHTML, like Gecko) Chrome/114.0.0.0 Safari/537.36" 447 **0/447703**
185.153.197.91 - - [14/Apr/2026:11:42:26 -0700] "GET /uncategorized/at-this-time-any-kind-out-of-gambling-try-100-illegal-within-the-indonesia/ HTTP/1.1" 200 155281 "-" "Mozilla/5.0 (Windows NT 10.0; Win64; x64) AppleWebKit/537.36 (KHTML, like Gecko) Chrome/123.0.0.0 Safari/537.36" 408 **0/408625**
18.97.14.88 - - [14/Apr/2026:11:42:44 -0700] "GET /category/mostbet-login-india-905/ HTTP/1.1" 200 36054 "-" "CCBot/2.0 (https://commoncrawl.org/faq/)" 451 **0/451820**
185.153.197.91 - - [14/Apr/2026:11:43:00 -0700] "POST /xmlrpc.php HTTP/1.1" 200 180 "-" "Mozilla/5.0 (Windows NT 10.0; Win64; x64) AppleWebKit/537.36 (KHTML, like Gecko) Chrome/114.0.0.0 Safari/537.36" 729 **0/729477**
208.109.41.231 - - [14/Apr/2026:11:43:06 -0700] "POST /wp-cron.php?doing_wp_cron=1776192186.6634509563446044921875 HTTP/1.1" 200 - "-" "WordPress/6.3.8; http://fuentesanza.es" 22 **0/22528**
185.153.197.91 - - [14/Apr/2026:11:43:06 -0700] "POST /xmlrpc.php HTTP/1.1" 200 10854 "-" "Mozilla/5.0 (Windows NT 10.0; Win64; x64) AppleWebKit/537.36 (KHTML, like Gecko) Chrome/114.0.0.0 Safari/537.36" 543 **0/543680**
148.113.128.223 - - [14/Apr/2026:11:43:06 -0700] "GET /tag/%D0%BF%D0%B8%D0%BD-%D0%B0%D0%BF-%D0%B7%D0%B5%D1%80%D0%BA%D0%B0%D0%BB%D0%BE/ HTTP/1.1" 200 37383 "-" "Mozilla/5.0 (compatible; AhrefsBot/7.0; +http://ahrefs.com/robot/)" 608 **0/608744**
185.153.197.91 - - [14/Apr/2026:11:43:07 -0700] "GET /uncategorized/illinois-online-casino-proposed-which-have-a-couple-of-the-fresh-debts-into-the-legislature/ HTTP/1.1" 200 157857 "-" "Mozilla/5.0 (Windows NT 10.0; Win64; x64) AppleWebKit/537.36 (KHTML, like Gecko) Chrome/123.0.0.0 Safari/537.36 OPR/109.0.0.0" 562 **0/562905**
85.208.96.210 - - [14/Apr/2026:11:43:12 -0700] "GET /uncategorized/cool-good-fresh-fruit-frenzy/ HTTP/1.1" 200 31842 "-" "Mozilla/5.0 (compatible; SemrushBot/7~bl; +http://www.semrush.com/bot.html)" 709 **0/709494**
18.97.14.88 - - [14/Apr/2026:11:43:14 -0700] "GET /category/%D8%AA%D8%AD%D9%85%D9%8A%D9%84-mostbet-341/ HTTP/1.1" 200 35453 "-" "CCBot/2.0 (https://commoncrawl.org/faq/)" 639 **0/639721**
66.249.73.4 - - [14/Apr/2026:11:43:29 -0700] "GET /?f=71141335882 HTTP/1.1" 200 43521 "-" "Mozilla/5.0 (Linux; Android 6.0.1; Nexus 5X Build/MMB29P) AppleWebKit/537.36 (KHTML, like Gecko) Chrome/146.0.7680.177 Mobile Safari/537.36 (compatible; Googlebot/2.1; +http://www.google.com/bot.html)" 472 **0/472230**
85.208.96.196 - - [14/Apr/2026:11:43:43 -0700] "GET /uncategorized/cazinouri-online-noi-2026/ HTTP/1.1" 200 30867 "-" "Mozilla/5.0 (compatible; SemrushBot/7~bl; +http://www.semrush.com/bot.html)" 271 **0/271914**
185.153.197.91 - - [14/Apr/2026:11:43:43 -0700] "POST /xmlrpc.php HTTP/1.1" 200 180 "-" "Mozilla/5.0 (Windows NT 10.0; Win64; x64) AppleWebKit/537.36 (KHTML, like Gecko) Chrome/114.0.0.0 Safari/537.36" 495 **0/495709**
18.97.14.88 - - [14/Apr/2026:11:43:44 -0700] "GET /category/rhinobet-758/ HTTP/1.1" 200 38378 "-" "CCBot/2.0 (https://commoncrawl.org/faq/)" 471 **0/471920**
208.109.41.231 - - [14/Apr/2026:11:43:49 -0700] "POST /wp-cron.php?doing_wp_cron=1776192229.0096049308776855468750 HTTP/1.1" 200 - "-" "WordPress/6.3.8; http://fuentesanza.es" 46 **0/46528**
66.249.73.4 - - [14/Apr/2026:11:43:48 -0700] "GET /?y=45290226490 HTTP/1.1" 200 43280 "-" "Mozilla/5.0 (Linux; Android 6.0.1; Nexus 5X Build/MMB29P) AppleWebKit/537.36 (KHTML, like Gecko) Chrome/146.0.7680.177 Mobile Safari/537.36 (compatible; Googlebot/2.1; +http://www.google.com/bot.html)" 450 **0/450939**
185.153.197.91 - - [14/Apr/2026:11:43:49 -0700] "POST /xmlrpc.php HTTP/1.1" 200 7867 "-" "Mozilla/5.0 (Windows NT 10.0; Win64; x64) AppleWebKit/537.36 (KHTML, like Gecko) Chrome/114.0.0.0 Safari/537.36" 383 **0/383674**
185.153.197.91 - - [14/Apr/2026:11:43:51 -0700] "GET /uncategorized/five-simple-strategies-for-using-the-better-crypto-casinos-on-the-internet/ HTTP/1.1" 200 154813 "-" "Mozilla/5.0 (Windows NT 10.0; Win64; x64) AppleWebKit/537.36 (KHTML, like Gecko) Chrome/124.0.0.0 Safari/537.36" 256 **0/256750**
216.73.216.141 - - [14/Apr/2026:11:43:59 -0700] "GET /kiwi-casinos-194/kiwi-casinos-986/ HTTP/1.1" 200 29308 "-" "Mozilla/5.0 AppleWebKit/537.36 (KHTML, like Gecko; compatible; ClaudeBot/1.0; +claudebot@anthropic.com)" 234 **0/234559**
185.191.171.10 - - [14/Apr/2026:11:43:59 -0700] "GET /uncategorized/play-bute-of-le-bon-stones-wizard-of-oz-spins-gratuits-sans-depot-free-rtp-96-soixante-dix-free-spins/ HTTP/1.1" 200 31200 "-" "Mozilla/5.0 (compatible; SemrushBot/7~bl; +http://www.semrush.com/bot.html)" 321 **0/321664**
185.191.171.4 - - [14/Apr/2026:11:44:01 -0700] "GET /uncategorized/better-on-the-internet-pokies-jammin-jars-free-80-spins-around-australia/ HTTP/1.1" 200 31255 "-" "Mozilla/5.0 (compatible; SemrushBot/7~bl; +http://www.semrush.com/bot.html)" 350 **0/350764**
54.39.6.157 - - [14/Apr/2026:11:44:06 -0700] "GET /uncategorized/angeschlossen-casinos-uber-echtgeld-2026-ark-of-mystery-online-slot-bewertung-seriose-echtgeld-casinos/feed/ HTTP/1.1" 200 504 "-" "Mozilla/5.0 (compatible; AhrefsBot/7.0; +http://ahrefs.com/robot/)" 597 **0/597074**
18.97.14.88 - - [14/Apr/2026:11:44:14 -0700] "GET /category/1win-casino-787/ HTTP/1.1" 200 42051 "-" "CCBot/2.0 (https://commoncrawl.org/faq/)" 476 **0/476967**
185.153.197.91 - - [14/Apr/2026:11:44:25 -0700] "POST /xmlrpc.php HTTP/1.1" 200 180 "-" "Mozilla/5.0 (Windows NT 10.0; Win64; x64) AppleWebKit/537.36 (KHTML, like Gecko) Chrome/114.0.0.0 Safari/537.36" 706 **0/706237**
208.109.41.231 - - [14/Apr/2026:11:44:32 -0700] "POST /wp-cron.php?doing_wp_cron=1776192272.1804399490356445312500 HTTP/1.1" 200 - "-" "WordPress/6.3.8; http://fuentesanza.es" 22 **0/22038**
185.153.197.91 - - [14/Apr/2026:11:44:31 -0700] "POST /xmlrpc.php HTTP/1.1" 200 8383 "-" "Mozilla/5.0 (Windows NT 10.0; Win64; x64) AppleWebKit/537.36 (KHTML, like Gecko) Chrome/114.0.0.0 Safari/537.36" 500 **0/500933**
66.249.73.4 - - [14/Apr/2026:11:44:32 -0700] "GET /?w=36370251386 HTTP/1.1" 404 11349 "-" "Mozilla/5.0 (Linux; Android 6.0.1; Nexus 5X Build/MMB29P) AppleWebKit/537.36 (KHTML, like Gecko) Chrome/146.0.7680.177 Mobile Safari/537.36 (compatible; Googlebot/2.1; +http://www.google.com/bot.html)" 330 **0/330554**
185.153.197.91 - - [14/Apr/2026:11:44:33 -0700] "GET /uncategorized/something-to-note-the-fresh-new-blend-of-gambling-enterprise-and-you-may-sportsbook-are-seamless/ HTTP/1.1" 200 155339 "-" "Mozilla/5.0 (Windows NT 10.0; Win64; x64) AppleWebKit/537.36 (KHTML, like Gecko) Chrome/124.0.0.0 Safari/537.36 Edg/124.0.0.0" 412 **0/412295**
18.97.14.88 - - [14/Apr/2026:11:44:45 -0700] "GET /category/11k/ HTTP/1.1" 200 297687 "-" "CCBot/2.0 (https://commoncrawl.org/faq/)" 372 **0/372198**
66.249.73.4 - - [14/Apr/2026:11:44:51 -0700] "GET /?i=20912128631 HTTP/1.1" 200 43216 "-" "Mozilla/5.0 (Linux; Android 6.0.1; Nexus 5X Build/MMB29P) AppleWebKit/537.36 (KHTML, like Gecko) Chrome/146.0.7680.177 Mobile Safari/537.36 (compatible; Googlebot/2.1; +http://www.google.com/bot.html)" 244 **0/244109**
66.249.73.4 - - [14/Apr/2026:11:45:00 -0700] "GET /?c=841643434 HTTP/1.1" 200 43216 "-" "Mozilla/5.0 (Linux; Android 6.0.1; Nexus 5X Build/MMB29P) AppleWebKit/537.36 (KHTML, like Gecko) Chrome/146.0.7680.177 Mobile Safari/537.36 (compatible; Googlebot/2.1; +http://www.google.com/bot.html)" 293 **0/293487**
15.235.27.11 - - [14/Apr/2026:11:45:05 -0700] "GET /1win-app-706/1win-kazino-128/ HTTP/1.1" 200 30750 "-" "Mozilla/5.0 (compatible; AhrefsBot/7.0; +http://ahrefs.com/robot/)" 413 **0/413147**
185.153.197.91 - - [14/Apr/2026:11:45:10 -0700] "POST /xmlrpc.php HTTP/1.1" 200 180 "-" "Mozilla/5.0 (Windows NT 10.0; Win64; x64) AppleWebKit/537.36 (KHTML, like Gecko) Chrome/114.0.0.0 Safari/537.36" 535 **0/535397**
208.109.41.231 - - [14/Apr/2026:11:45:17 -0700] "POST /wp-cron.php?doing_wp_cron=1776192317.6749789714813232421875 HTTP/1.1" 200 - "-" "WordPress/6.3.8; http://fuentesanza.es" 31 **0/31083**
18.97.14.88 - - [14/Apr/2026:11:45:17 -0700] "GET /category/1win-aviator-940/ HTTP/1.1" 200 36004 "-" "CCBot/2.0 (https://commoncrawl.org/faq/)" 798 **0/798757**
185.153.197.91 - - [14/Apr/2026:11:45:17 -0700] "POST /xmlrpc.php HTTP/1.1" 200 8084 "-" "Mozilla/5.0 (Windows NT 10.0; Win64; x64) AppleWebKit/537.36 (KHTML, like Gecko) Chrome/114.0.0.0 Safari/537.36" 612 **0/612753**
185.153.197.91 - - [14/Apr/2026:11:45:23 -0700] "GET /uncategorized/permits-approved-by-the-csa-could-well-be-legitimate-for-five-decades/ HTTP/1.1" 200 154953 "-" "Mozilla/5.0 (Windows NT 10.0; Win64; x64) AppleWebKit/537.36 (KHTML, like Gecko) Chrome/109.0.0.0 Safari/537.36" 250 **0/250083**
18.97.14.88 - - [14/Apr/2026:11:45:49 -0700] "GET /category/e-fit/ HTTP/1.1" 200 26320 "-" "CCBot/2.0 (https://commoncrawl.org/faq/)" 435 **0/435979**
185.153.197.91 - - [14/Apr/2026:11:45:53 -0700] "POST /xmlrpc.php HTTP/1.1" 200 180 "-" "Mozilla/5.0 (Windows NT 10.0; Win64; x64) AppleWebKit/537.36 (KHTML, like Gecko) Chrome/114.0.0.0 Safari/537.36" 393 **0/393283**
208.109.41.231 - - [14/Apr/2026:11:45:59 -0700] "POST /wp-cron.php?doing_wp_cron=1776192358.9881949424743652343750 HTTP/1.1" 200 - "-" "WordPress/6.3.8; http://fuentesanza.es" 20 **0/20005**
54.39.210.110 - - [14/Apr/2026:11:45:58 -0700] "GET /uncategorized/eye-of-horus-tricks-wirklich-so-slot-crystal-forest-spielst-du-via-design-zugunsten-sage-%E6%B7%A8%E7%BE%8E%E7%9A%AE%E8%86%9A%E7%A7%91%E8%A8%BA%E6%89%80/feed/ HTTP/1.1" 200 610 "-" "Mozilla/5.0 (compatible; AhrefsBot/7.0; +http://ahrefs.com/robot/)" 391 **0/391214**
185.153.197.91 - - [14/Apr/2026:11:46:01 -0700] "POST /xmlrpc.php HTTP/1.1" 200 8972 "-" "Mozilla/5.0 (Windows NT 10.0; Win64; x64) AppleWebKit/537.36 (KHTML, like Gecko) Chrome/114.0.0.0 Safari/537.36" 462 **0/462123**
185.153.197.91 - - [14/Apr/2026:11:46:02 -0700] "GET /uncategorized/the-fresh-new-beauty-of-your-website-environment-and-its-particular-efficiency/ HTTP/1.1" 200 155822 "-" "Mozilla/5.0 (Windows NT 10.0; rv:109.0) Gecko/20100101 Firefox/115.0" 640 **0/640027**
18.97.14.88 - - [14/Apr/2026:11:46:21 -0700] "GET /category/1win-kazino-457/ HTTP/1.1" 200 37394 "-" "CCBot/2.0 (https://commoncrawl.org/faq/)" 310 **0/310452**
185.153.197.91 - - [14/Apr/2026:11:46:41 -0700] "POST /xmlrpc.php HTTP/1.1" 200 180 "-" "Mozilla/5.0 (Windows NT 10.0; Win64; x64) AppleWebKit/537.36 (KHTML, like Gecko) Chrome/114.0.0.0 Safari/537.36" 331 **0/331307**
208.109.41.231 - - [14/Apr/2026:11:46:47 -0700] "POST /wp-cron.php?doing_wp_cron=1776192407.5528810024261474609375 HTTP/1.1" 200 - "-" "WordPress/6.3.8; http://fuentesanza.es" 21 **0/21118**
185.153.197.91 - - [14/Apr/2026:11:46:47 -0700] "POST /xmlrpc.php HTTP/1.1" 200 8860 "-" "Mozilla/5.0 (Windows NT 10.0; Win64; x64) AppleWebKit/537.36 (KHTML, like Gecko) Chrome/114.0.0.0 Safari/537.36" 393 **0/393080**
18.97.14.88 - - [14/Apr/2026:11:46:50 -0700] "GET /category/1win-website-223/ HTTP/1.1" 200 43558 "-" "CCBot/2.0 (https://commoncrawl.org/faq/)" 380 **0/380562**
185.153.197.91 - - [14/Apr/2026:11:46:52 -0700] "GET /uncategorized/receive-a-buddy-to-participate-this-new-gambling-enterprise-and-you-will-each-other-earn-added-bonus-money-bundles/ HTTP/1.1" 200 155729 "-" "Mozilla/5.0 (Windows NT 10.0; Win64; x64) AppleWebKit/537.36 (KHTML, like Gecko) Chrome/109.0.0.0 Safari/537.36" 217 **0/217724**
66.249.73.5 - - [14/Apr/2026:11:46:55 -0700] "GET /?m=311087848 HTTP/1.1" 404 11349 "-" "Mozilla/5.0 (Linux; Android 6.0.1; Nexus 5X Build/MMB29P) AppleWebKit/537.36 (KHTML, like Gecko) Chrome/146.0.7680.177 Mobile Safari/537.36 (compatible; Googlebot/2.1; +http://www.google.com/bot.html)" 182 **0/182185**
51.161.37.216 - - [14/Apr/2026:11:46:58 -0700] "GET /tag/pin-up-casino-india/ HTTP/1.1" 200 54009 "-" "Mozilla/5.0 (compatible; AhrefsBot/7.0; +http://ahrefs.com/robot/)" 301 **0/301210**
114.119.129.24 - - [14/Apr/2026:11:47:08 -0700] "GET /uncategorized/provision-codes-current_mont_year/ HTTP/1.1" 200 30599 "http://fuentesanza.es/uncategorized/just-how-survivor-mobile-slot-much-achieved-it-rates-getting-the-fresh-ghostbusters/" "Mozilla/5.0 (Linux; Android 7.0;) AppleWebKit/537.36 (KHTML, like Gecko) Mobile Safari/537.36 (compatible; PetalBot;+https://webmaster.petalsearch.com/site/petalbot)" 265 **0/265246**
18.97.14.88 - - [14/Apr/2026:11:47:17 -0700] "GET /category/10-641286-links-mix-casino-3-nl-done/ HTTP/1.1" 200 267064 "-" "CCBot/2.0 (https://commoncrawl.org/faq/)" 303 **0/303508**
216.73.216.141 - - [14/Apr/2026:11:47:23 -0700] "GET /tag/kiwi-treasure-casino-nz/ HTTP/1.1" 200 28417 "-" "Mozilla/5.0 AppleWebKit/537.36 (KHTML, like Gecko; compatible; ClaudeBot/1.0; +claudebot@anthropic.com)" 255 **0/255790**
43.133.220.37 - - [14/Apr/2026:11:47:23 -0700] "GET /introduction-a-avana-et-ses-utilisations/ HTTP/1.1" 200 31418 "-" "Mozilla/5.0 (iPhone; CPU iPhone OS 13_2_3 like Mac OS X) AppleWebKit/605.1.15 (KHTML, like Gecko) Version/13.0.3 Mobile/15E148 Safari/604.1" 237 **0/237473**
185.153.197.91 - - [14/Apr/2026:11:47:27 -0700] "POST /xmlrpc.php HTTP/1.1" 200 180 "-" "Mozilla/5.0 (Windows NT 10.0; Win64; x64) AppleWebKit/537.36 (KHTML, like Gecko) Chrome/114.0.0.0 Safari/537.36" 358 **0/358345**
208.109.41.231 - - [14/Apr/2026:11:47:30 -0700] "POST /wp-cron.php?doing_wp_cron=1776192450.4765880107879638671875 HTTP/1.1" 200 - "-" "WordPress/6.3.8; http://fuentesanza.es" 21 **0/21018**
66.249.73.5 - - [14/Apr/2026:11:47:30 -0700] "GET /?i=20912159158 HTTP/1.1" 200 43692 "-" "Mozilla/5.0 (Linux; Android 6.0.1; Nexus 5X Build/MMB29P) AppleWebKit/537.36 (KHTML, like Gecko) Chrome/146.0.7680.177 Mobile Safari/537.36 (compatible; Googlebot/2.1; +http://www.google.com/bot.html)" 513 **0/513818**
185.153.197.91 - - [14/Apr/2026:11:47:35 -0700] "POST /xmlrpc.php HTTP/1.1" 200 8645 "-" "Mozilla/5.0 (Windows NT 10.0; Win64; x64) AppleWebKit/537.36 (KHTML, like Gecko) Chrome/114.0.0.0 Safari/537.36" 687 **0/687950**
185.153.197.91 - - [14/Apr/2026:11:47:37 -0700] "GET /uncategorized/just-how-crypto-harbors-performs-rng-rtp-and-you-can-volatility-explained/ HTTP/1.1" 200 155425 "-" "Mozilla/5.0 (Windows NT 10.0; Win64; x64) AppleWebKit/537.36 (KHTML, like Gecko) Chrome/124.0.0.0 Safari/537.36 Edg/124.0.0.0" 287 **0/287132**
18.97.14.88 - - [14/Apr/2026:11:47:42 -0700] "GET /category/gry/ HTTP/1.1" 200 27515 "-" "CCBot/2.0 (https://commoncrawl.org/faq/)" 288 **0/288535**
85.208.96.194 - - [14/Apr/2026:11:47:49 -0700] "GET /uncategorized/ktore-wydaje-sie-byc-slot-keks-mozliwosc-wygranej-w-blackjacka/ HTTP/1.1" 200 31196 "-" "Mozilla/5.0 (compatible; SemrushBot/7~bl; +http://www.semrush.com/bot.html)" 212 **0/212343**
15.235.27.199 - - [14/Apr/2026:11:48:01 -0700] "GET /pin-up-casino-giris-868/pin-up-oyunu-409/ HTTP/1.1" 200 30224 "-" "Mozilla/5.0 (compatible; AhrefsBot/7.0; +http://ahrefs.com/robot/)" 287 **0/287950**
18.97.14.88 - - [14/Apr/2026:11:48:09 -0700] "GET /pregled-levitre-original-2/ HTTP/1.1" 200 28731 "-" "CCBot/2.0 (https://commoncrawl.org/faq/)" 243 **0/243749**
185.191.171.15 - - [14/Apr/2026:11:48:10 -0700] "GET /uncategorized/paypal-casinos-tagesordnungspunkt-online-casinos-that-accept-paypal/ HTTP/1.1" 200 31637 "-" "Mozilla/5.0 (compatible; SemrushBot/7~bl; +http://www.semrush.com/bot.html)" 226 **0/226180**
66.249.73.6 - - [14/Apr/2026:11:48:10 -0700] "GET /?w=3637044751 HTTP/1.1" 404 11349 "-" "Mozilla/5.0 (Linux; Android 6.0.1; Nexus 5X Build/MMB29P) AppleWebKit/537.36 (KHTML, like Gecko) Chrome/146.0.7680.177 Mobile Safari/537.36 (compatible; Googlebot/2.1; +http://www.google.com/bot.html)" 227 **0/227963**
185.153.197.91 - - [14/Apr/2026:11:48:13 -0700] "POST /xmlrpc.php HTTP/1.1" 200 180 "-" "Mozilla/5.0 (Windows NT 10.0; Win64; x64) AppleWebKit/537.36 (KHTML, like Gecko) Chrome/114.0.0.0 Safari/537.36" 271 **0/271706**
208.109.41.231 - - [14/Apr/2026:11:48:21 -0700] "POST /wp-cron.php?doing_wp_cron=1776192501.5376389026641845703125 HTTP/1.1" 200 - "-" "WordPress/6.3.8; http://fuentesanza.es" 19 **0/19158**
185.153.197.91 - - [14/Apr/2026:11:48:21 -0700] "POST /xmlrpc.php HTTP/1.1" 200 9026 "-" "Mozilla/5.0 (Windows NT 10.0; Win64; x64) AppleWebKit/537.36 (KHTML, like Gecko) Chrome/114.0.0.0 Safari/537.36" 386 **0/386231**
185.153.197.91 - - [14/Apr/2026:11:48:22 -0700] "GET /uncategorized/bonuses-and-loyalty-apps-is-good-facts-from-the-ignition/ HTTP/1.1" 200 155534 "-" "Mozilla/5.0 (Windows NT 10.0; Win64; x64) AppleWebKit/537.36 (KHTML, like Gecko) Chrome/122.0.0.0 Safari/537.36" 355 **0/355237**
185.191.171.9 - - [14/Apr/2026:11:48:23 -0700] "GET /tag/mostbet-yukle/ HTTP/1.1" 200 65002 "-" "Mozilla/5.0 (compatible; SemrushBot/7~bl; +http://www.semrush.com/bot.html)" 405 **0/405526**
114.119.151.155 - - [14/Apr/2026:11:48:29 -0700] "GET /uncategorized/professional-i24slot-agent-login-steps-successful-graph-laws/ HTTP/1.1" 200 31159 "http://fuentesanza.es/uncategorized/leurs-rise-of-ra-emplacement-deux-meilleurs-salle-de-jeu-profanes-avec-notre-pays/" "Mozilla/5.0 (Linux; Android 7.0;) AppleWebKit/537.36 (KHTML, like Gecko) Mobile Safari/537.36 (compatible; PetalBot;+https://webmaster.petalsearch.com/site/petalbot)" 348 **0/348893**
18.97.14.88 - - [14/Apr/2026:11:48:35 -0700] "GET /category/mostbet-bangladesh-513/ HTTP/1.1" 200 36458 "-" "CCBot/2.0 (https://commoncrawl.org/faq/)" 290 **0/290069**
66.249.73.4 - - [14/Apr/2026:11:48:41 -0700] "GET /?f=7114163392 HTTP/1.1" 200 43710 "-" "Mozilla/5.0 (Linux; Android 6.0.1; Nexus 5X Build/MMB29P) AppleWebKit/537.36 (KHTML, like Gecko) Chrome/146.0.7680.177 Mobile Safari/537.36 (compatible; Googlebot/2.1; +http://www.google.com/bot.html)" 319 **0/319323**
185.153.197.91 - - [14/Apr/2026:11:48:59 -0700] "POST /xmlrpc.php HTTP/1.1" 200 180 "-" "Mozilla/5.0 (Windows NT 10.0; Win64; x64) AppleWebKit/537.36 (KHTML, like Gecko) Chrome/114.0.0.0 Safari/537.36" 322 **0/322694**
208.109.41.231 - - [14/Apr/2026:11:49:00 -0700] "POST /wp-cron.php?doing_wp_cron=1776192540.4028151035308837890625 HTTP/1.1" 200 - "-" "WordPress/6.3.8; http://fuentesanza.es" 17 **0/17305**
216.73.216.141 - - [14/Apr/2026:11:49:00 -0700] "GET /tag/kiwi-casinos/ HTTP/1.1" 200 29370 "-" "Mozilla/5.0 AppleWebKit/537.36 (KHTML, like Gecko; compatible; ClaudeBot/1.0; +claudebot@anthropic.com)" 578 **0/578954**
216.73.216.141 - - [14/Apr/2026:11:49:00 -0700] "GET /tag/kiwi-casino/ HTTP/1.1" 200 28424 "-" "Mozilla/5.0 AppleWebKit/537.36 (KHTML, like Gecko; compatible; ClaudeBot/1.0; +claudebot@anthropic.com)" 473 **0/473088**
18.97.14.88 - - [14/Apr/2026:11:49:03 -0700] "GET /category/1win-casino-333/ HTTP/1.1" 200 37811 "-" "CCBot/2.0 (https://commoncrawl.org/faq/)" 592 **0/592624**
148.113.130.183 - - [14/Apr/2026:11:49:04 -0700] "GET /uncategorized/ganz-dreh-sei-folgende-andere-aussicht-abgekoppelt-von-vorherigen-ergebnissen/feed/ HTTP/1.1" 200 483 "-" "Mozilla/5.0 (compatible; AhrefsBot/7.0; +http://ahrefs.com/robot/)" 516 **0/516129**
185.153.197.91 - - [14/Apr/2026:11:49:06 -0700] "POST /xmlrpc.php HTTP/1.1" 200 8410 "-" "Mozilla/5.0 (Windows NT 10.0; Win64; x64) AppleWebKit/537.36 (KHTML, like Gecko) Chrome/114.0.0.0 Safari/537.36" 374 **0/374536**
185.153.197.91 - - [14/Apr/2026:11:49:07 -0700] "GET /uncategorized/how-do-you-allege-a-knowledgeable-totally-free-revolves-incentives/ HTTP/1.1" 200 154978 "-" "Mozilla/5.0 (Windows NT 10.0; Win64; x64) AppleWebKit/537.36 (KHTML, like Gecko) Chrome/109.0.0.0 Safari/537.36" 252 **0/252918**
86.143.163.106 - - [14/Apr/2026:11:49:15 -0700] "POST /xmlrpc.php HTTP/1.1" 200 131 "-" "Python-xmlrpc/3.11" 519 **0/519360**
208.109.41.231 - - [14/Apr/2026:11:49:22 -0700] "POST /wp-cron.php?doing_wp_cron=1776192562.5704030990600585937500 HTTP/1.1" 200 - "-" "WordPress/6.3.8; http://fuentesanza.es" 18 **0/18336**
216.73.216.141 - - [14/Apr/2026:11:49:22 -0700] "GET /kiwi-casinos-194/kiwi-casino-106/ HTTP/1.1" 200 30254 "-" "Mozilla/5.0 AppleWebKit/537.36 (KHTML, like Gecko; compatible; ClaudeBot/1.0; +claudebot@anthropic.com)" 367 **0/367430**
216.73.216.141 - - [14/Apr/2026:11:49:22 -0700] "GET /category/kiwi-casinos-194/feed/ HTTP/1.1" 200 8524 "-" "Mozilla/5.0 AppleWebKit/537.36 (KHTML, like Gecko; compatible; ClaudeBot/1.0; +claudebot@anthropic.com)" 344 **0/344747**
216.73.216.141 - - [14/Apr/2026:11:49:23 -0700] "GET /tag/kiwi-online-casino/ HTTP/1.1" 200 32571 "-" "Mozilla/5.0 AppleWebKit/537.36 (KHTML, like Gecko; compatible; ClaudeBot/1.0; +claudebot@anthropic.com)" 204 **0/204959**
18.97.14.88 - - [14/Apr/2026:11:49:32 -0700] "GET /introduzione-a-vidalista-e-ai-suoi-usi/ HTTP/1.1" 200 24367 "-" "CCBot/2.0 (https://commoncrawl.org/faq/)" 263 **0/263116**
114.119.135.207 - - [14/Apr/2026:11:49:32 -0700] "GET /uncategorized/principaux-jeux-et-emploi-avec-loto-un-tantinet-lexterieur-du-pays-2026/ HTTP/1.1" 200 30649 "http://fuentesanza.es/uncategorized/principaux-jeux-et-emploi-avec-loto-un-tantinet-lexterieur-du-pays-2026/" "Mozilla/5.0 (Linux; Android 7.0;) AppleWebKit/537.36 (KHTML, like Gecko) Mobile Safari/537.36 (compatible; PetalBot;+https://webmaster.petalsearch.com/site/petalbot)" 251 **0/251093**
47.128.25.203 - - [14/Apr/2026:11:49:33 -0700] "GET /uncategorized/gratis-of-ervoor-eigenlijk-geld/ HTTP/1.1" 403 159091 "-" "Mozilla/5.0 (Linux; Android 5.0) AppleWebKit/537.36 (KHTML, like Gecko) Mobile Safari/537.36 (compatible; Bytespider; spider-feedback@bytedance.com)" 196 **0/196679**
47.128.25.203 - - [14/Apr/2026:11:49:34 -0700] "GET /wp-includes/css/dist/block-library/style.min.css?ver=6.3.8 HTTP/1.1" 404 50331 "http://fuentesanza.es/uncategorized/gratis-of-ervoor-eigenlijk-geld/" "Mozilla/5.0 (Linux; Android 5.0) AppleWebKit/537.36 (KHTML, like Gecko) Mobile Safari/537.36 (compatible; Bytespider; spider-feedback@bytedance.com)" 148 **0/148010**
47.128.25.203 - - [14/Apr/2026:11:49:34 -0700] "GET /wp-content/themes/twentytwelve/style.css?ver=20230808 HTTP/1.1" 404 50331 "http://fuentesanza.es/uncategorized/gratis-of-ervoor-eigenlijk-geld/" "Mozilla/5.0 (Linux; Android 5.0) AppleWebKit/537.36 (KHTML, like Gecko) Mobile Safari/537.36 (compatible; Bytespider; spider-feedback@bytedance.com)" 414 **0/414129**
47.128.25.203 - - [14/Apr/2026:11:49:34 -0700] "GET /wp-content/themes/twentytwelve/fonts/font-open-sans.css?ver=20230328 HTTP/1.1" 404 50331 "http://fuentesanza.es/uncategorized/gratis-of-ervoor-eigenlijk-geld/" "Mozilla/5.0 (Linux; Android 5.0) AppleWebKit/537.36 (KHTML, like Gecko) Mobile Safari/537.36 (compatible; Bytespider; spider-feedback@bytedance.com)" 413 **0/413896**
47.128.25.203 - - [14/Apr/2026:11:49:34 -0700] "GET /wp-content/themes/twentytwelve/css/blocks.css?ver=20230213 HTTP/1.1" 404 50331 "http://fuentesanza.es/uncategorized/gratis-of-ervoor-eigenlijk-geld/" "Mozilla/5.0 (Linux; Android 5.0) AppleWebKit/537.36 (KHTML, like Gecko) Mobile Safari/537.36 (compatible; Bytespider; spider-feedback@bytedance.com)" 463 **0/463845**
185.153.197.91 - - [14/Apr/2026:11:49:41 -0700] "POST /xmlrpc.php HTTP/1.1" 200 180 "-" "Mozilla/5.0 (Windows NT 10.0; Win64; x64) AppleWebKit/537.36 (KHTML, like Gecko) Chrome/114.0.0.0 Safari/537.36" 305 **0/305546**
208.109.41.231 - - [14/Apr/2026:11:49:47 -0700] "POST /wp-cron.php?doing_wp_cron=1776192587.7120959758758544921875 HTTP/1.1" 200 - "-" "WordPress/6.3.8; http://fuentesanza.es" 29 **0/29294**
185.153.197.91 - - [14/Apr/2026:11:49:47 -0700] "POST /xmlrpc.php HTTP/1.1" 200 8602 "-" "Mozilla/5.0 (Windows NT 10.0; Win64; x64) AppleWebKit/537.36 (KHTML, like Gecko) Chrome/114.0.0.0 Safari/537.36" 379 **0/379251**
185.153.197.91 - - [14/Apr/2026:11:49:48 -0700] "GET /uncategorized/exactly-how-we-picked-an-informed-bitcoin-gambling-enterprise-providing-free-spins-incentives/ HTTP/1.1" 200 155156 "-" "Mozilla/5.0 (Windows NT 10.0; Win64; x64) AppleWebKit/537.36 (KHTML, like Gecko) Chrome/123.0.0.0 Safari/537.36" 302 **0/302632**
216.73.216.141 - - [14/Apr/2026:11:49:53 -0700] "GET /tag/kiwis-treasure-casino/ HTTP/1.1" 200 29368 "-" "Mozilla/5.0 AppleWebKit/537.36 (KHTML, like Gecko; compatible; ClaudeBot/1.0; +claudebot@anthropic.com)" 347 **0/347994**
167.114.139.76 - - [14/Apr/2026:11:49:59 -0700] "GET /uncategorized/kasino-spiele-gebuhrenfrei-hierbei-10-000-spiele-kostenfrei/feed/ HTTP/1.1" 200 467 "-" "Mozilla/5.0 (compatible; AhrefsBot/7.0; +http://ahrefs.com/robot/)" 319 **0/319985**
18.97.14.88 - - [14/Apr/2026:11:50:00 -0700] "GET /category/levelup-casino-991/ HTTP/1.1" 200 41711 "-" "CCBot/2.0 (https://commoncrawl.org/faq/)" 355 **0/355348**
85.208.96.209 - - [14/Apr/2026:11:50:07 -0700] "GET /uncategorized/apart-from-what-exactly-is-created-to-your-promotion-webpage-bonuses-cannot-be-put-to-one-another/ HTTP/1.1" 200 29523 "-" "Mozilla/5.0 (compatible; SemrushBot/7~bl; +http://www.semrush.com/bot.html)" 640 **0/640170**
185.153.197.91 - - [14/Apr/2026:11:50:23 -0700] "POST /xmlrpc.php HTTP/1.1" 200 180 "-" "Mozilla/5.0 (Windows NT 10.0; Win64; x64) AppleWebKit/537.36 (KHTML, like Gecko) Chrome/114.0.0.0 Safari/537.36" 614 **0/614780**
208.109.41.231 - - [14/Apr/2026:11:50:28 -0700] "POST /wp-cron.php?doing_wp_cron=1776192628.2846899032592773437500 HTTP/1.1" 200 - "-" "WordPress/6.3.8; http://fuentesanza.es" 22 **0/22467**
18.97.14.88 - - [14/Apr/2026:11:50:28 -0700] "GET /los-hechos-cientificos-sobre-propecia-generico-2/ HTTP/1.1" 200 28526 "-" "CCBot/2.0 (https://commoncrawl.org/faq/)" 734 **0/734665**
66.249.73.6 - - [14/Apr/2026:11:50:29 -0700] "GET /?y=4529045908 HTTP/1.1" 200 43067 "-" "Mozilla/5.0 (Linux; Android 6.0.1; Nexus 5X Build/MMB29P) AppleWebKit/537.36 (KHTML, like Gecko) Chrome/146.0.7680.177 Mobile Safari/537.36 (compatible; Googlebot/2.1; +http://www.google.com/bot.html)" 665 **0/665106**
185.153.197.91 - - [14/Apr/2026:11:50:31 -0700] "POST /xmlrpc.php HTTP/1.1" 200 8518 "-" "Mozilla/5.0 (Windows NT 10.0; Win64; x64) AppleWebKit/537.36 (KHTML, like Gecko) Chrome/114.0.0.0 Safari/537.36" 502 **0/502083**
185.153.197.91 - - [14/Apr/2026:11:50:32 -0700] "GET /uncategorized/consider-the-malta-playing-power-mga-because-protector-angel-away-from-casinos-on-the-internet/ HTTP/1.1" 200 155207 "-" "Mozilla/5.0 (Windows NT 10.0; Win64; x64) AppleWebKit/537.36 (KHTML, like Gecko) Chrome/123.0.0.0 Safari/537.36 OPR/109.0.0.0" 569 **0/569372**
35.187.134.1 - - [14/Apr/2026:11:50:50 -0700] "GET /uncategorized/%D0%B8%D0%B4%D0%B5%D0%B0%D0%BB%D1%8C%D0%BD%D1%8B%D0%B5-%D0%B8%D0%B3%D1%80%D0%BE%D0%B2%D1%8B%D0%B5-%D0%B7%D0%B0%D0%B2%D0%B5%D0%B4%D0%B5%D0%BD%D0%B8%D1%8F-%D0%BA%D0%BE%D1%82%D0%BE%D1%80%D1%8B%D0%B5/ HTTP/1.1" 200 28865 "-" "Mozilla/5.0 (compatible; Google-Apps-Script; beanserver; +https://script.google.com; id: UAEmdDd9xsnqR0U8PwCmAzNN8LImSykEA2g)" 444 **0/444984**
18.97.14.88 - - [14/Apr/2026:11:50:54 -0700] "GET /category/pin-up-casino-es-confiable-403/ HTTP/1.1" 200 37180 "-" "CCBot/2.0 (https://commoncrawl.org/faq/)" 344 **0/344983**
185.191.171.11 - - [14/Apr/2026:11:50:56 -0700] "GET /robots.txt HTTP/1.1" 200 105 "-" "Mozilla/5.0 (compatible; SemrushBot/7~bl; +http://www.semrush.com/bot.html)" 10 **0/10036**
185.191.171.4 - - [14/Apr/2026:11:50:56 -0700] "GET /uncategorized/puzzle-free-mbit-25-spins-casino-promo-code-cost-revolves-applications-online-enjoy/ HTTP/1.1" 200 31576 "-" "Mozilla/5.0 (compatible; SemrushBot/7~bl; +http://www.semrush.com/bot.html)" 330 **0/330461**
51.161.65.249 - - [14/Apr/2026:11:50:56 -0700] "GET /uncategorized/keus-nu-die-exclusieve-casino-bonus/feed/ HTTP/1.1" 200 429 "-" "Mozilla/5.0 (compatible; AhrefsBot/7.0; +http://ahrefs.com/robot/)" 444 **0/444259**
185.153.197.91 - - [14/Apr/2026:11:51:11 -0700] "POST /xmlrpc.php HTTP/1.1" 200 180 "-" "Mozilla/5.0 (Windows NT 10.0; Win64; x64) AppleWebKit/537.36 (KHTML, like Gecko) Chrome/114.0.0.0 Safari/537.36" 656 **0/656238**
208.109.41.231 - - [14/Apr/2026:11:51:18 -0700] "POST /wp-cron.php?doing_wp_cron=1776192678.0356349945068359375000 HTTP/1.1" 200 - "-" "WordPress/6.3.8; http://fuentesanza.es" 37 **0/37609**
185.153.197.91 - - [14/Apr/2026:11:51:17 -0700] "POST /xmlrpc.php HTTP/1.1" 200 8441 "-" "Mozilla/5.0 (Windows NT 10.0; Win64; x64) AppleWebKit/537.36 (KHTML, like Gecko) Chrome/114.0.0.0 Safari/537.36" 437 **0/437637**
185.153.197.91 - - [14/Apr/2026:11:51:18 -0700] "GET /uncategorized/illinois-broached-the-subject-completely-force-discussing-numerous-attributes-who-does-was-basically-associated-with-online-gambling-activities/ HTTP/1.1" 200 155568 "-" "Mozilla/5.0 (Windows NT 10.0; Win64; x64) AppleWebKit/537.36 (KHTML, like Gecko) Chrome/122.0.0.0 Safari/537.36" 468 **0/468946**
18.97.14.88 - - [14/Apr/2026:11:51:20 -0700] "GET /category/oalibrarypress-uk/ HTTP/1.1" 200 26399 "-" "CCBot/2.0 (https://commoncrawl.org/faq/)" 454 **0/454559**
216.73.216.141 - - [14/Apr/2026:11:51:40 -0700] "GET /tag/fairplay-app-login/ HTTP/1.1" 200 29342 "-" "Mozilla/5.0 AppleWebKit/537.36 (KHTML, like Gecko; compatible; ClaudeBot/1.0; +claudebot@anthropic.com)" 743 **0/743895**
216.73.216.141 - - [14/Apr/2026:11:51:40 -0700] "GET /tag/fair-play-apk/ HTTP/1.1" 200 33017 "-" "Mozilla/5.0 AppleWebKit/537.36 (KHTML, like Gecko; compatible; ClaudeBot/1.0; +claudebot@anthropic.com)" 994 **0/994284**
216.73.216.141 - - [14/Apr/2026:11:51:42 -0700] "GET /tag/777-jackpot-bob/ HTTP/1.1" 200 30995 "-" "Mozilla/5.0 AppleWebKit/537.36 (KHTML, like Gecko; compatible; ClaudeBot/1.0; +claudebot@anthropic.com)" 459 **0/459824**
216.73.216.141 - - [14/Apr/2026:11:51:42 -0700] "GET /category/public/page/2/ HTTP/1.1" 200 43911 "-" "Mozilla/5.0 AppleWebKit/537.36 (KHTML, like Gecko; compatible; ClaudeBot/1.0; +claudebot@anthropic.com)" 511 **0/511761**
66.249.73.5 - - [14/Apr/2026:11:51:42 -0700] "GET /?i=51696273512 HTTP/1.1" 200 43018 "-" "Mozilla/5.0 (Linux; Android 6.0.1; Nexus 5X Build/MMB29P) AppleWebKit/537.36 (KHTML, like Gecko) Chrome/146.0.7680.177 Mobile Safari/537.36 (compatible; Googlebot/2.1; +http://www.google.com/bot.html)" 645 **0/645511**
216.73.216.141 - - [14/Apr/2026:11:51:43 -0700] "GET /?p=48318 HTTP/1.1" 301 1 "-" "Mozilla/5.0 AppleWebKit/537.36 (KHTML, like Gecko; compatible; ClaudeBot/1.0; +claudebot@anthropic.com)" 513 **0/513997**
216.73.216.141 - - [14/Apr/2026:11:51:43 -0700] "GET /?p=48322 HTTP/1.1" 301 1 "-" "Mozilla/5.0 AppleWebKit/537.36 (KHTML, like Gecko; compatible; ClaudeBot/1.0; +claudebot@anthropic.com)" 251 **0/251164**
216.73.216.141 - - [14/Apr/2026:11:51:43 -0700] "GET /uncategorized/multiple-amber-club-online-casino-diamond-local-casino-game-review/ HTTP/1.1" 200 27950 "http://fuentesanza.es/?p=48318" "Mozilla/5.0 AppleWebKit/537.36 (KHTML, like Gecko; compatible; ClaudeBot/1.0; +claudebot@anthropic.com)" 413 **0/413490**
216.73.216.141 - - [14/Apr/2026:11:51:43 -0700] "GET /uncategorized/safari-so-great-assemblem-slot-100-percent-fruitful-site-free-demo-remark/ HTTP/1.1" 200 28233 "http://fuentesanza.es/?p=48322" "Mozilla/5.0 AppleWebKit/537.36 (KHTML, like Gecko; compatible; ClaudeBot/1.0; +claudebot@anthropic.com)" 383 **0/383335**
216.73.216.141 - - [14/Apr/2026:11:51:44 -0700] "GET /?p=48320 HTTP/1.1" 301 1 "-" "Mozilla/5.0 AppleWebKit/537.36 (KHTML, like Gecko; compatible; ClaudeBot/1.0; +claudebot@anthropic.com)" 141 **0/141993**
216.73.216.141 - - [14/Apr/2026:11:51:44 -0700] "GET /uncategorized/eilers-krejcik-betting-declares-champions-for-eighth-annual-ekg-slot-honors-critical-link-let-you-know/ HTTP/1.1" 200 27772 "http://fuentesanza.es/?p=48320" "Mozilla/5.0 AppleWebKit/537.36 (KHTML, like Gecko; compatible; ClaudeBot/1.0; +claudebot@anthropic.com)" 357 **0/357825**
18.97.14.88 - - [14/Apr/2026:11:51:48 -0700] "GET /category/casino/ HTTP/1.1" 200 35000 "-" "CCBot/2.0 (https://commoncrawl.org/faq/)" 493 **0/493160**
66.249.73.4 - - [14/Apr/2026:11:51:51 -0700] "GET /?w=36370241308 HTTP/1.1" 404 11349 "-" "Mozilla/5.0 (Linux; Android 6.0.1; Nexus 5X Build/MMB29P) AppleWebKit/537.36 (KHTML, like Gecko) Chrome/146.0.7680.177 Mobile Safari/537.36 (compatible; Googlebot/2.1; +http://www.google.com/bot.html)" 326 **0/326302**
185.153.197.91 - - [14/Apr/2026:11:51:52 -0700] "POST /xmlrpc.php HTTP/1.1" 200 180 "-" "Mozilla/5.0 (Windows NT 10.0; Win64; x64) AppleWebKit/537.36 (KHTML, like Gecko) Chrome/114.0.0.0 Safari/537.36" 716 **0/716006**
208.109.41.231 - - [14/Apr/2026:11:51:58 -0700] "POST /wp-cron.php?doing_wp_cron=1776192718.5764160156250000000000 HTTP/1.1" 200 - "-" "WordPress/6.3.8; http://fuentesanza.es" 24 **0/24839**
185.153.197.91 - - [14/Apr/2026:11:51:58 -0700] "POST /xmlrpc.php HTTP/1.1" 200 8396 "-" "Mozilla/5.0 (Windows NT 10.0; Win64; x64) AppleWebKit/537.36 (KHTML, like Gecko) Chrome/114.0.0.0 Safari/537.36" 430 **0/430633**
185.153.197.91 - - [14/Apr/2026:11:51:59 -0700] "GET /uncategorized/better-playing-internet-sites-within-the-2026-%EF%BF%BD-ideal-a-real-income-casinos-on-the-internet/ HTTP/1.1" 200 155453 "-" "Mozilla/5.0 (Windows NT 10.0; rv:125.0) Gecko/20100101 Firefox/125.0" 334 **0/334408**
66.249.73.5 - - [14/Apr/2026:11:52:00 -0700] "GET /?f=7114135651 HTTP/1.1" 200 43156 "-" "Mozilla/5.0 (Linux; Android 6.0.1; Nexus 5X Build/MMB29P) AppleWebKit/537.36 (KHTML, like Gecko) Chrome/146.0.7680.177 Mobile Safari/537.36 (compatible; Googlebot/2.1; +http://www.google.com/bot.html)" 494 **0/494911**
54.39.6.228 - - [14/Apr/2026:11:52:04 -0700] "GET /aviator-mostbet-646/mostbet-promo-code-555/ HTTP/1.1" 200 30072 "-" "Mozilla/5.0 (compatible; AhrefsBot/7.0; +http://ahrefs.com/robot/)" 363 **0/363839**
114.119.156.60 - - [14/Apr/2026:11:52:05 -0700] "GET /uncategorized/priliv-live-rulety-krypto-kasino-stranek-komplexni-prehled/ HTTP/1.1" 200 31467 "http://fuentesanza.es/uncategorized/step-three-reel-ports-gamble-totally-free-three-reel-slot-machines-on-the-web/" "Mozilla/5.0 (Linux; Android 7.0;) AppleWebKit/537.36 (KHTML, like Gecko) Mobile Safari/537.36 (compatible; PetalBot;+https://webmaster.petalsearch.com/site/petalbot)" 269 **0/269761**
18.97.14.88 - - [14/Apr/2026:11:52:13 -0700] "GET /category/10-641286-links-mix-casino-7-uk-5-done/ HTTP/1.1" 200 1098971 "-" "CCBot/2.0 (https://commoncrawl.org/faq/)" 522 **0/522458**
216.73.216.141 - - [14/Apr/2026:11:52:15 -0700] "GET /tag/fairplay-club-app/ HTTP/1.1" 200 29154 "-" "Mozilla/5.0 AppleWebKit/537.36 (KHTML, like Gecko; compatible; ClaudeBot/1.0; +claudebot@anthropic.com)" 319 **0/319462**
216.73.216.141 - - [14/Apr/2026:11:52:16 -0700] "GET /tag/casino-jackpot-bob/ HTTP/1.1" 200 30844 "-" "Mozilla/5.0 AppleWebKit/537.36 (KHTML, like Gecko; compatible; ClaudeBot/1.0; +claudebot@anthropic.com)" 228 **0/228910**
216.73.216.141 - - [14/Apr/2026:11:52:16 -0700] "GET /category/melhores-2026/feed/ HTTP/1.1" 200 3125 "-" "Mozilla/5.0 AppleWebKit/537.36 (KHTML, like Gecko; compatible; ClaudeBot/1.0; +claudebot@anthropic.com)" 361 **0/361057**
216.73.216.141 - - [14/Apr/2026:11:52:17 -0700] "GET /category/casino/page/2/ HTTP/1.1" 200 32030 "-" "Mozilla/5.0 AppleWebKit/537.36 (KHTML, like Gecko; compatible; ClaudeBot/1.0; +claudebot@anthropic.com)" 404 **0/404180**
216.73.216.141 - - [14/Apr/2026:11:52:17 -0700] "GET /category/apr-breakoutfinder/feed/ HTTP/1.1" 200 8361 "-" "Mozilla/5.0 AppleWebKit/537.36 (KHTML, like Gecko; compatible; ClaudeBot/1.0; +claudebot@anthropic.com)" 199 **0/199864**
216.73.216.141 - - [14/Apr/2026:11:52:18 -0700] "GET /tag/fair-play-download/ HTTP/1.1" 200 29350 "-" "Mozilla/5.0 AppleWebKit/537.36 (KHTML, like Gecko; compatible; ClaudeBot/1.0; +claudebot@anthropic.com)" 301 **0/301546**
216.73.216.141 - - [14/Apr/2026:11:52:18 -0700] "GET /category/casino/feed/ HTTP/1.1" 200 10981 "-" "Mozilla/5.0 AppleWebKit/537.36 (KHTML, like Gecko; compatible; ClaudeBot/1.0; +claudebot@anthropic.com)" 215 **0/215891**
216.73.216.141 - - [14/Apr/2026:11:52:23 -0700] "GET /category/1/page/2/ HTTP/1.1" 200 29389 "-" "Mozilla/5.0 AppleWebKit/537.36 (KHTML, like Gecko; compatible; ClaudeBot/1.0; +claudebot@anthropic.com)" 383 **0/383574**
216.73.216.141 - - [14/Apr/2026:11:52:23 -0700] "GET /?p=48314 HTTP/1.1" 301 1 "-" "Mozilla/5.0 AppleWebKit/537.36 (KHTML, like Gecko; compatible; ClaudeBot/1.0; +claudebot@anthropic.com)" 194 **0/194208**
216.73.216.141 - - [14/Apr/2026:11:52:23 -0700] "GET /uncategorized/243-suggests-casino-333-palace-casino-totally-free-revolves-extra/ HTTP/1.1" 200 27686 "http://fuentesanza.es/?p=48314" "Mozilla/5.0 AppleWebKit/537.36 (KHTML, like Gecko; compatible; ClaudeBot/1.0; +claudebot@anthropic.com)" 304 **0/304265**
