66.249.73.4 - - [14/Apr/2026:10:33:58 -0700] "GET /?c=84164159185 HTTP/1.1" 200 45015 "-" "Mozilla/5.0 (Linux; Android 6.0.1; Nexus 5X Build/MMB29P) AppleWebKit/537.36 (KHTML, like Gecko) Chrome/146.0.7680.177 Mobile Safari/537.36 (compatible; Googlebot/2.1; +http://www.google.com/bot.html)" 757 **0/757572**
185.191.171.11 - - [14/Apr/2026:10:34:00 -0700] "GET /1win-app-952/1win-bet-367/ HTTP/1.1" 200 33308 "-" "Mozilla/5.0 (compatible; SemrushBot/7~bl; +http://www.semrush.com/bot.html)" 962 **0/962289**
66.249.73.4 - - [14/Apr/2026:10:34:18 -0700] "GET /?i=51696282109 HTTP/1.1" 200 45013 "-" "Mozilla/5.0 (Linux; Android 6.0.1; Nexus 5X Build/MMB29P) AppleWebKit/537.36 (KHTML, like Gecko) Chrome/146.0.7680.177 Mobile Safari/537.36 (compatible; Googlebot/2.1; +http://www.google.com/bot.html)" 500 **0/500256**
18.97.14.88 - - [14/Apr/2026:10:34:37 -0700] "GET /robots.txt HTTP/1.1" 200 92 "-" "CCBot/2.0 (https://commoncrawl.org/faq/)" 9 **0/9924**
18.97.14.88 - - [14/Apr/2026:10:34:37 -0700] "GET /category/pinup-giris-945/ HTTP/1.1" 200 35155 "-" "CCBot/2.0 (https://commoncrawl.org/faq/)" 626 **0/626917**
114.119.141.83 - - [14/Apr/2026:10:34:39 -0700] "GET /uncategorized/ten-better-bitcoin-gambling-enterprises-united-states-2025-britains-got-talent-rtp-mobile-slot-greatest-crypto-gambling-establishment-sites/ HTTP/1.1" 200 32709 "http://fuentesanza.es/uncategorized/ten-better-bitcoin-gambling-enterprises-united-states-2025-britains-got-talent-rtp-mobile-slot-greatest-crypto-gambling-establishment-sites/" "Mozilla/5.0 (Linux; Android 7.0;) AppleWebKit/537.36 (KHTML, like Gecko) Mobile Safari/537.36 (compatible; PetalBot;+https://webmaster.petalsearch.com/site/petalbot)" 512 **0/512957**
185.153.197.91 - - [14/Apr/2026:10:34:44 -0700] "POST /xmlrpc.php HTTP/1.1" 200 180 "-" "Mozilla/5.0 (Windows NT 10.0; Win64; x64) AppleWebKit/537.36 (KHTML, like Gecko) Chrome/114.0.0.0 Safari/537.36" 879 **0/879275**
208.109.41.231 - - [14/Apr/2026:10:34:47 -0700] "POST /wp-cron.php?doing_wp_cron=1776188087.0832760334014892578125 HTTP/1.1" 200 - "-" "WordPress/6.3.8; http://fuentesanza.es" 22 **0/22030**
142.44.220.181 - - [14/Apr/2026:10:34:46 -0700] "GET /uncategorized/aristocrat-totally-free-harbors-play-online-aristocrat-pokies-around-australia/feed/ HTTP/1.1" 200 469 "-" "Mozilla/5.0 (compatible; AhrefsBot/7.0; +http://ahrefs.com/robot/)" 567 **0/567184**
185.153.197.91 - - [14/Apr/2026:10:34:51 -0700] "POST /xmlrpc.php HTTP/1.1" 200 8884 "-" "Mozilla/5.0 (Windows NT 10.0; Win64; x64) AppleWebKit/537.36 (KHTML, like Gecko) Chrome/114.0.0.0 Safari/537.36" 480 **0/480314**
185.153.197.91 - - [14/Apr/2026:10:34:52 -0700] "GET /uncategorized/3-coinpoker-%EF%BF%BD-sophisticated-option-for-poker-fans-150-doing-2000-allowed-bonus/ HTTP/1.1" 200 155830 "-" "Mozilla/5.0 (Windows NT 10.0; Win64; x64) AppleWebKit/537.36 (KHTML, like Gecko) Chrome/124.0.0.0 Safari/537.36" 643 **0/643603**
114.119.141.83 - - [14/Apr/2026:10:35:16 -0700] "GET /uncategorized/soluciona-regalado-a-zeus-beetle-frenzy-giros-gratis-150-deluxe-en-manera-demo/ HTTP/1.1" 200 32041 "http://fuentesanza.es/uncategorized/slots-online-acostumado-acimade-portugal-jogue-slot-machines-2026/" "Mozilla/5.0 (Linux; Android 7.0;) AppleWebKit/537.36 (KHTML, like Gecko) Mobile Safari/537.36 (compatible; PetalBot;+https://webmaster.petalsearch.com/site/petalbot)" 710 **0/710176**
185.191.171.8 - - [14/Apr/2026:10:35:22 -0700] "GET /1-win-app-865/1win-casino-login-799/ HTTP/1.1" 200 32385 "-" "Mozilla/5.0 (compatible; SemrushBot/7~bl; +http://www.semrush.com/bot.html)" 849 **0/849849**
185.153.197.91 - - [14/Apr/2026:10:35:31 -0700] "POST /xmlrpc.php HTTP/1.1" 200 180 "-" "Mozilla/5.0 (Windows NT 10.0; Win64; x64) AppleWebKit/537.36 (KHTML, like Gecko) Chrome/114.0.0.0 Safari/537.36" 801 **0/801667**
208.109.41.231 - - [14/Apr/2026:10:35:38 -0700] "POST /wp-cron.php?doing_wp_cron=1776188138.5905900001525878906250 HTTP/1.1" 200 - "-" "WordPress/6.3.8; http://fuentesanza.es" 42 **0/42766**
185.153.197.91 - - [14/Apr/2026:10:35:38 -0700] "POST /xmlrpc.php HTTP/1.1" 200 9308 "-" "Mozilla/5.0 (Windows NT 10.0; Win64; x64) AppleWebKit/537.36 (KHTML, like Gecko) Chrome/114.0.0.0 Safari/537.36" 593 **0/593144**
185.153.197.91 - - [14/Apr/2026:10:35:39 -0700] "GET /uncategorized/cellular-gambling-apps-render-quick-reputable-accessibility-online-casino-games-and-you-may-sports-betting-straight-from-your-own-cellular-telephone-otherwise-tablet/ HTTP/1.1" 200 156724 "-" "Mozilla/5.0 (Windows NT 10.0; rv:109.0) Gecko/20100101 Firefox/115.0" 820 **0/820827**
54.39.89.228 - - [14/Apr/2026:10:35:57 -0700] "GET /uncategorized/significant-many-ports-top-ten-major-many-position-internet-sites/feed/ HTTP/1.1" 200 464 "-" "Mozilla/5.0 (compatible; AhrefsBot/7.0; +http://ahrefs.com/robot/)" 632 **0/632223**
85.208.96.200 - - [14/Apr/2026:10:36:04 -0700] "GET /uncategorized/tagesordnungspunkt-erreichbar-spielsaal-bonus-2026-diese-besten-angebote/ HTTP/1.1" 200 32331 "-" "Mozilla/5.0 (compatible; SemrushBot/7~bl; +http://www.semrush.com/bot.html)" 788 **0/788991**
185.191.171.19 - - [14/Apr/2026:10:36:10 -0700] "GET /1-win-565/1win-login-670/ HTTP/1.1" 200 32793 "-" "Mozilla/5.0 (compatible; SemrushBot/7~bl; +http://www.semrush.com/bot.html)" 635 **0/635474**
185.153.197.91 - - [14/Apr/2026:10:36:14 -0700] "POST /xmlrpc.php HTTP/1.1" 200 180 "-" "Mozilla/5.0 (Windows NT 10.0; Win64; x64) AppleWebKit/537.36 (KHTML, like Gecko) Chrome/114.0.0.0 Safari/537.36" 942 **0/942993**
208.109.41.231 - - [14/Apr/2026:10:36:21 -0700] "POST /wp-cron.php?doing_wp_cron=1776188181.6422390937805175781250 HTTP/1.1" 200 - "-" "WordPress/6.3.8; http://fuentesanza.es" 32 **0/32130**
185.153.197.91 - - [14/Apr/2026:10:36:21 -0700] "POST /xmlrpc.php HTTP/1.1" 200 8800 "-" "Mozilla/5.0 (Windows NT 10.0; Win64; x64) AppleWebKit/537.36 (KHTML, like Gecko) Chrome/114.0.0.0 Safari/537.36" 515 **0/515030**
185.153.197.91 - - [14/Apr/2026:10:36:22 -0700] "GET /uncategorized/are-highest-5-casino-legal-within-the-massachusetts-2026-might-you-gamble-during-the-ma/ HTTP/1.1" 200 155963 "-" "Mozilla/5.0 (Windows NT 10.0; Win64; x64; rv:124.0) Gecko/20100101 Firefox/124.0" 555 **0/555996**
91.107.208.255 - - [14/Apr/2026:10:36:35 -0700] "POST /xmlrpc.php HTTP/1.1" 200 102 "-" "Mozilla/5.0 (Windows NT 10.0; Win64; x64) AppleWebKit/537.36 (KHTML, like Gecko) Chrome/108.0.0.0 Safari/537.36" 534 **0/534661**
66.249.73.4 - - [14/Apr/2026:10:36:39 -0700] "GET /?i=20912110537 HTTP/1.1" 200 44511 "-" "Mozilla/5.0 (Linux; Android 6.0.1; Nexus 5X Build/MMB29P) AppleWebKit/537.36 (KHTML, like Gecko) Chrome/146.0.7680.177 Mobile Safari/537.36 (compatible; Googlebot/2.1; +http://www.google.com/bot.html)" 846 **0/846387**
185.191.171.15 - - [14/Apr/2026:10:36:53 -0700] "GET /uncategorized/cool-casino-grand-mondial-mobile-fresh-fruit/ HTTP/1.1" 200 32323 "-" "Mozilla/5.0 (compatible; SemrushBot/7~bl; +http://www.semrush.com/bot.html)" 537 **0/537357**
18.97.14.88 - - [14/Apr/2026:10:36:57 -0700] "GET /category/magical-spin-casino-86/ HTTP/1.1" 200 37903 "-" "CCBot/2.0 (https://commoncrawl.org/faq/)" 680 **0/680889**
185.153.197.91 - - [14/Apr/2026:10:37:03 -0700] "POST /xmlrpc.php HTTP/1.1" 200 180 "-" "Mozilla/5.0 (Windows NT 10.0; Win64; x64) AppleWebKit/537.36 (KHTML, like Gecko) Chrome/114.0.0.0 Safari/537.36" 1037 **1/1037103**
208.109.41.231 - - [14/Apr/2026:10:37:06 -0700] "POST /wp-cron.php?doing_wp_cron=1776188226.6450440883636474609375 HTTP/1.1" 200 - "-" "WordPress/6.3.8; http://fuentesanza.es" 28 **0/28949**
185.191.171.6 - - [14/Apr/2026:10:37:06 -0700] "GET /uncategorized/enjoy-totally-free-1700-slots-on-the-internet-zero-obtain-zero-registration-merely-enjoyable/ HTTP/1.1" 200 30684 "-" "Mozilla/5.0 (compatible; SemrushBot/7~bl; +http://www.semrush.com/bot.html)" 941 **0/941172**
54.39.6.186 - - [14/Apr/2026:10:37:09 -0700] "GET /aviator-mostbet-646/mostbet-registration-582/ HTTP/1.1" 200 29455 "-" "Mozilla/5.0 (compatible; AhrefsBot/7.0; +http://ahrefs.com/robot/)" 583 **0/583974**
185.153.197.91 - - [14/Apr/2026:10:37:10 -0700] "POST /xmlrpc.php HTTP/1.1" 200 8602 "-" "Mozilla/5.0 (Windows NT 10.0; Win64; x64) AppleWebKit/537.36 (KHTML, like Gecko) Chrome/114.0.0.0 Safari/537.36" 400 **0/400084**
185.153.197.91 - - [14/Apr/2026:10:37:11 -0700] "GET /uncategorized/gambling-development-was-susceptible-to-private-taxation-into-the-illinois-on-a-predetermined-four/ HTTP/1.1" 200 155737 "-" "Mozilla/5.0 (Windows NT 10.0; Win64; x64) AppleWebKit/537.36 (KHTML, like Gecko) Chrome/122.0.0.0 Safari/537.36" 402 **0/402440**
66.249.73.4 - - [14/Apr/2026:10:37:20 -0700] "GET /?i=20912269213 HTTP/1.1" 200 44555 "-" "Mozilla/5.0 (Linux; Android 6.0.1; Nexus 5X Build/MMB29P) AppleWebKit/537.36 (KHTML, like Gecko) Chrome/146.0.7680.177 Mobile Safari/537.36 (compatible; Googlebot/2.1; +http://www.google.com/bot.html)" 608 **0/608272**
66.249.73.5 - - [14/Apr/2026:10:37:25 -0700] "GET /?i=20912177754 HTTP/1.1" 200 44555 "-" "Mozilla/5.0 (Linux; Android 6.0.1; Nexus 5X Build/MMB29P) AppleWebKit/537.36 (KHTML, like Gecko) Chrome/146.0.7680.177 Mobile Safari/537.36 (compatible; Googlebot/2.1; +http://www.google.com/bot.html)" 894 **0/894829**
66.249.73.5 - - [14/Apr/2026:10:37:25 -0700] "GET /?f=71141277398 HTTP/1.1" 200 44555 "-" "Mozilla/5.0 (Linux; Android 6.0.1; Nexus 5X Build/MMB29P) AppleWebKit/537.36 (KHTML, like Gecko) Chrome/146.0.7680.177 Mobile Safari/537.36 (compatible; Googlebot/2.1; +http://www.google.com/bot.html)" 792 **0/792013**
85.208.96.204 - - [14/Apr/2026:10:37:26 -0700] "GET /uncategorized/desata-tu-instinto-ganador-con-spingranny-y-redefine-la-emocion/ HTTP/1.1" 200 31440 "-" "Mozilla/5.0 (compatible; SemrushBot/7~bl; +http://www.semrush.com/bot.html)" 450 **0/450973**
47.128.25.191 - - [14/Apr/2026:10:37:29 -0700] "GET /1-win-181/1win-casino-181/ HTTP/1.1" 403 166491 "-" "Mozilla/5.0 (Linux; Android 5.0) AppleWebKit/537.36 (KHTML, like Gecko) Mobile Safari/537.36 (compatible; Bytespider; spider-feedback@bytedance.com)" 609 **0/609974**
85.208.96.206 - - [14/Apr/2026:10:37:29 -0700] "GET /uncategorized/das-erreichbar-kasino-ist-gerne-wahrend-ein-pandemie-spielzeit-ausgelassen-angesehen-geworden/ HTTP/1.1" 200 30670 "-" "Mozilla/5.0 (compatible; SemrushBot/7~bl; +http://www.semrush.com/bot.html)" 648 **0/648033**
47.128.25.191 - - [14/Apr/2026:10:37:31 -0700] "GET /wp-content/themes/twentytwelve/fonts/font-open-sans.css?ver=20230328 HTTP/1.1" 404 50331 "http://fuentesanza.es/1-win-181/1win-casino-181/" "Mozilla/5.0 (Linux; Android 5.0) AppleWebKit/537.36 (KHTML, like Gecko) Mobile Safari/537.36 (compatible; Bytespider; spider-feedback@bytedance.com)" 259 **0/259651**
47.128.25.191 - - [14/Apr/2026:10:37:31 -0700] "GET /wp-includes/css/dist/block-library/style.min.css?ver=6.3.8 HTTP/1.1" 404 50331 "http://fuentesanza.es/1-win-181/1win-casino-181/" "Mozilla/5.0 (Linux; Android 5.0) AppleWebKit/537.36 (KHTML, like Gecko) Mobile Safari/537.36 (compatible; Bytespider; spider-feedback@bytedance.com)" 223 **0/223699**
47.128.25.191 - - [14/Apr/2026:10:37:31 -0700] "GET /wp-content/themes/twentytwelve/css/blocks.css?ver=20230213 HTTP/1.1" 404 50331 "http://fuentesanza.es/1-win-181/1win-casino-181/" "Mozilla/5.0 (Linux; Android 5.0) AppleWebKit/537.36 (KHTML, like Gecko) Mobile Safari/537.36 (compatible; Bytespider; spider-feedback@bytedance.com)" 467 **0/467502**
47.128.25.191 - - [14/Apr/2026:10:37:31 -0700] "GET /wp-content/themes/twentytwelve/style.css?ver=20230808 HTTP/1.1" 404 50331 "http://fuentesanza.es/1-win-181/1win-casino-181/" "Mozilla/5.0 (Linux; Android 5.0) AppleWebKit/537.36 (KHTML, like Gecko) Mobile Safari/537.36 (compatible; Bytespider; spider-feedback@bytedance.com)" 651 **0/651464**
185.153.197.91 - - [14/Apr/2026:10:37:49 -0700] "POST /xmlrpc.php HTTP/1.1" 200 180 "-" "Mozilla/5.0 (Windows NT 10.0; Win64; x64) AppleWebKit/537.36 (KHTML, like Gecko) Chrome/114.0.0.0 Safari/537.36" 738 **0/738276**
208.109.41.231 - - [14/Apr/2026:10:37:55 -0700] "POST /wp-cron.php?doing_wp_cron=1776188275.8191649913787841796875 HTTP/1.1" 200 - "-" "WordPress/6.3.8; http://fuentesanza.es" 36 **0/36635**
185.153.197.91 - - [14/Apr/2026:10:37:55 -0700] "POST /xmlrpc.php HTTP/1.1" 200 9119 "-" "Mozilla/5.0 (Windows NT 10.0; Win64; x64) AppleWebKit/537.36 (KHTML, like Gecko) Chrome/114.0.0.0 Safari/537.36" 558 **0/558949**
185.153.197.91 - - [14/Apr/2026:10:37:56 -0700] "GET /uncategorized/cryptocurrency-has-brought-the-fresh-igaming-globe-by-violent-storm-which-comes-with-casinos-on-the-internet-in-the-nj-new-jersey/ HTTP/1.1" 200 156358 "-" "Mozilla/5.0 (Windows NT 10.0; Win64; x64; rv:124.0) Gecko/20100101 Firefox/124.0" 619 **0/619119**
142.44.225.173 - - [14/Apr/2026:10:38:14 -0700] "GET /tag/verde-casino-jak-wyplacic-pieniadze/ HTTP/1.1" 200 35671 "-" "Mozilla/5.0 (compatible; AhrefsBot/7.0; +http://ahrefs.com/robot/)" 726 **0/726875**
185.191.171.6 - - [14/Apr/2026:10:38:21 -0700] "GET /nv-casino-app-374/nv-casino-code-501/ HTTP/1.1" 200 35122 "-" "Mozilla/5.0 (compatible; SemrushBot/7~bl; +http://www.semrush.com/bot.html)" 745 **0/745674**
216.26.224.134 - - [14/Apr/2026:10:37:54 -0700] "POST http://fuentesanza.es/xmlrpc.php HTTP/1.1" 301 - "-" "curl/7.88.1" 30374 **30/30374424**
185.153.197.91 - - [14/Apr/2026:10:38:38 -0700] "POST /xmlrpc.php HTTP/1.1" 200 180 "-" "Mozilla/5.0 (Windows NT 10.0; Win64; x64) AppleWebKit/537.36 (KHTML, like Gecko) Chrome/114.0.0.0 Safari/537.36" 930 **0/930459**
208.109.41.231 - - [14/Apr/2026:10:38:46 -0700] "POST /wp-cron.php?doing_wp_cron=1776188325.9641900062561035156250 HTTP/1.1" 200 - "-" "WordPress/6.3.8; http://fuentesanza.es" 40 **0/40474**
185.153.197.91 - - [14/Apr/2026:10:38:45 -0700] "POST /xmlrpc.php HTTP/1.1" 200 10917 "-" "Mozilla/5.0 (Windows NT 10.0; Win64; x64) AppleWebKit/537.36 (KHTML, like Gecko) Chrome/114.0.0.0 Safari/537.36" 622 **0/622486**
185.153.197.91 - - [14/Apr/2026:10:38:47 -0700] "GET /uncategorized/bybit-promotions-suggestion-perks-as-much-as-6082-usdt-invited-offer/ HTTP/1.1" 200 158054 "-" "Mozilla/5.0 (Windows NT 10.0; Win64; x64) AppleWebKit/537.36 (KHTML, like Gecko) Chrome/123.0.0.0 Safari/537.36 OPR/109.0.0.0" 843 **0/843196**
216.26.224.134 - - [14/Apr/2026:10:38:25 -0700] "POST http://fuentesanza.es/xmlrpc.php HTTP/1.1" 301 - "-" "curl/8.6.0" 30312 **30/30312710**
18.97.14.88 - - [14/Apr/2026:10:39:00 -0700] "GET /category/pin-up-casino-872/ HTTP/1.1" 200 31189 "-" "CCBot/2.0 (https://commoncrawl.org/faq/)" 955 **0/955044**
167.114.139.129 - - [14/Apr/2026:10:39:11 -0700] "GET /uncategorized/american-roulette-online-usa-from-real-casino/ HTTP/1.1" 200 26502 "-" "Mozilla/5.0 (compatible; AhrefsBot/7.0; +http://ahrefs.com/robot/)" 672 **0/672223**
85.208.96.195 - - [14/Apr/2026:10:39:21 -0700] "GET /1win-sait-838/1win-login-309/ HTTP/1.1" 200 33628 "-" "Mozilla/5.0 (compatible; SemrushBot/7~bl; +http://www.semrush.com/bot.html)" 788 **0/788256**
185.153.197.91 - - [14/Apr/2026:10:39:21 -0700] "POST /xmlrpc.php HTTP/1.1" 200 180 "-" "Mozilla/5.0 (Windows NT 10.0; Win64; x64) AppleWebKit/537.36 (KHTML, like Gecko) Chrome/114.0.0.0 Safari/537.36" 1058 **1/1058180**
208.109.41.231 - - [14/Apr/2026:10:39:26 -0700] "POST /wp-cron.php?doing_wp_cron=1776188366.2359271049499511718750 HTTP/1.1" 200 - "-" "WordPress/6.3.8; http://fuentesanza.es" 78 **0/78523**
216.26.224.134 - - [14/Apr/2026:10:38:55 -0700] "POST http://fuentesanza.es/xmlrpc.php HTTP/1.1" 301 - "-" "curl/8.6.0" 30374 **30/30374217**
104.207.55.190 - - [14/Apr/2026:10:39:26 -0700] "GET http://fuentesanza.es/wp-login.php HTTP/1.1" 200 2856 "-" "Wget/1.21.4" 204 **0/204976**
185.153.197.91 - - [14/Apr/2026:10:39:31 -0700] "POST /xmlrpc.php HTTP/1.1" 200 8638 "-" "Mozilla/5.0 (Windows NT 10.0; Win64; x64) AppleWebKit/537.36 (KHTML, like Gecko) Chrome/114.0.0.0 Safari/537.36" 474 **0/474565**
185.153.197.91 - - [14/Apr/2026:10:39:32 -0700] "GET /uncategorized/illinois-and-or-center-of-ones-midwest-is-one-of-the-most-popular-gaming-attractions-in-the-all-of-us/ HTTP/1.1" 200 155615 "-" "Mozilla/5.0 (Windows NT 10.0; Win64; x64; rv:125.0) Gecko/20100101 Firefox/125.0" 1055 **1/1055785**
185.191.171.8 - - [14/Apr/2026:10:39:54 -0700] "GET /uncategorized/greatest-skrill-sizzling-hot-casino-slot-casinos-better-casinos-taking-skrill-places/ HTTP/1.1" 200 30371 "-" "Mozilla/5.0 (compatible; SemrushBot/7~bl; +http://www.semrush.com/bot.html)" 560 **0/560205**
104.207.55.190 - - [14/Apr/2026:10:39:27 -0700] "POST http://fuentesanza.es/wp-login.php HTTP/1.1" 301 - "http://fuentesanza.es/wp-login.php" "curl/8.6.0" 30227 **30/30227243**
104.207.55.190 - - [14/Apr/2026:10:39:58 -0700] "GET http://fuentesanza.es/wp-admin/ HTTP/1.1" 302 - "-" "Wget/1.21.4" 231 **0/231507**
114.119.148.10 - - [14/Apr/2026:10:39:58 -0700] "GET /uncategorized/simple-tips-to-enjoy-black-jack-on-vegas-party-online-slot-line-best-tricks-for-novices-2026/ HTTP/1.1" 200 31947 "http://fuentesanza.es/uncategorized/simple-tips-to-enjoy-black-jack-on-vegas-party-online-slot-line-best-tricks-for-novices-2026/" "Mozilla/5.0 (Linux; Android 7.0;) AppleWebKit/537.36 (KHTML, like Gecko) Mobile Safari/537.36 (compatible; PetalBot;+https://webmaster.petalsearch.com/site/petalbot)" 764 **0/764184**
104.207.55.190 - - [14/Apr/2026:10:39:58 -0700] "GET http://fuentesanza.es/wp-login.php?redirect_to=http%3A%2F%2Ffuentesanza.eshttp%3A%2F%2Ffuentesanza.es%2Fwp-admin%2F&reauth=1 HTTP/1.1" 200 2863 "http://fuentesanza.es/wp-admin/" "Wget/1.21.4" 275 **0/275558**
185.153.197.91 - - [14/Apr/2026:10:40:18 -0700] "POST /xmlrpc.php HTTP/1.1" 200 180 "-" "Mozilla/5.0 (Windows NT 10.0; Win64; x64) AppleWebKit/537.36 (KHTML, like Gecko) Chrome/114.0.0.0 Safari/537.36" 1030 **1/1030011**
208.109.41.231 - - [14/Apr/2026:10:40:19 -0700] "POST /wp-cron.php?doing_wp_cron=1776188419.6841380596160888671875 HTTP/1.1" 200 - "-" "WordPress/6.3.8; http://fuentesanza.es" 50 **0/50499**
142.44.225.161 - - [14/Apr/2026:10:40:19 -0700] "GET /tag/verde-casino-free-spins/ HTTP/1.1" 200 37906 "-" "Mozilla/5.0 (compatible; AhrefsBot/7.0; +http://ahrefs.com/robot/)" 1221 **1/1221452**
18.97.14.88 - - [14/Apr/2026:10:40:22 -0700] "GET /category/uptown-pokies-australia-316/ HTTP/1.1" 200 39251 "-" "CCBot/2.0 (https://commoncrawl.org/faq/)" 1151 **1/1151013**
185.153.197.91 - - [14/Apr/2026:10:40:24 -0700] "POST /xmlrpc.php HTTP/1.1" 200 11407 "-" "Mozilla/5.0 (Windows NT 10.0; Win64; x64) AppleWebKit/537.36 (KHTML, like Gecko) Chrome/114.0.0.0 Safari/537.36" 677 **0/677395**
104.207.55.190 - - [14/Apr/2026:10:39:59 -0700] "POST http://fuentesanza.es/wp-login.php HTTP/1.1" 301 - "http://fuentesanza.es/wp-login.php?redirect_to=http%3A%2F%2Ffuentesanza.eshttp%3A%2F%2Ffuentesanza.es%2Fwp-admin%2F&reauth=1" "Wget/1.21.4" 30541 **30/30541031**
185.153.197.91 - - [14/Apr/2026:10:40:31 -0700] "GET /uncategorized/telbet-gambling-enterprise-will-bring-the-most-significant-extra-time-and-crypto-choices/ HTTP/1.1" 200 158340 "-" "Mozilla/5.0 (Windows NT 10.0; Win64; x64) AppleWebKit/537.36 (KHTML, like Gecko) Chrome/123.0.0.0 Safari/537.36" 1180 **1/1180663**
66.249.73.6 - - [14/Apr/2026:10:40:35 -0700] "GET /?m=31108113180 HTTP/1.1" 404 11349 "-" "Mozilla/5.0 (Linux; Android 6.0.1; Nexus 5X Build/MMB29P) AppleWebKit/537.36 (KHTML, like Gecko) Chrome/146.0.7680.177 Mobile Safari/537.36 (compatible; Googlebot/2.1; +http://www.google.com/bot.html)" 691 **0/691298**
185.191.171.12 - - [14/Apr/2026:10:40:36 -0700] "GET /1win-skachat-899/1win-sait-61/ HTTP/1.1" 200 32417 "-" "Mozilla/5.0 (compatible; SemrushBot/7~bl; +http://www.semrush.com/bot.html)" 1013 **1/1013617**
43.165.190.5 - - [14/Apr/2026:10:40:49 -0700] "GET /comprender-la-composicion-de-super-kamagra/ HTTP/1.1" 200 31790 "-" "Mozilla/5.0 (iPhone; CPU iPhone OS 13_2_3 like Mac OS X) AppleWebKit/605.1.15 (KHTML, like Gecko) Version/13.0.3 Mobile/15E148 Safari/604.1" 431 **0/431203**
66.249.73.4 - - [14/Apr/2026:10:40:49 -0700] "GET /?i=20912253581 HTTP/1.1" 200 46500 "-" "Mozilla/5.0 (Linux; Android 6.0.1; Nexus 5X Build/MMB29P) AppleWebKit/537.36 (KHTML, like Gecko) Chrome/146.0.7680.177 Mobile Safari/537.36 (compatible; Googlebot/2.1; +http://www.google.com/bot.html)" 862 **0/862492**
66.249.73.4 - - [14/Apr/2026:10:40:53 -0700] "GET /?x=32835238646 HTTP/1.1" 200 46501 "-" "Mozilla/5.0 (Linux; Android 6.0.1; Nexus 5X Build/MMB29P) AppleWebKit/537.36 (KHTML, like Gecko) Chrome/146.0.7680.177 Mobile Safari/537.36 (compatible; Googlebot/2.1; +http://www.google.com/bot.html)" 883 **0/883740**
45.3.41.213 - - [14/Apr/2026:10:40:30 -0700] "POST http://fuentesanza.es/xmlrpc.php HTTP/1.1" 301 - "-" "curl/7.88.1" 30508 **30/30508794**
185.153.197.91 - - [14/Apr/2026:10:40:59 -0700] "POST /xmlrpc.php HTTP/1.1" 200 180 "-" "Mozilla/5.0 (Windows NT 10.0; Win64; x64) AppleWebKit/537.36 (KHTML, like Gecko) Chrome/114.0.0.0 Safari/537.36" 1585 **1/1585883**
208.109.41.231 - - [14/Apr/2026:10:41:02 -0700] "POST /wp-cron.php?doing_wp_cron=1776188462.4622490406036376953125 HTTP/1.1" 200 - "-" "WordPress/6.3.8; http://fuentesanza.es" 1684 **1/1684726**
185.191.171.16 - - [14/Apr/2026:10:41:01 -0700] "GET /uncategorized/10-finest-bitcoin-and-you-can-crypto-gambling-internet-sites-to-have-2026/ HTTP/1.1" 200 30219 "-" "Mozilla/5.0 (compatible; SemrushBot/7~bl; +http://www.semrush.com/bot.html)" 3216 **3/3216186**
208.109.41.231 - - [14/Apr/2026:10:41:08 -0700] "POST /wp-cron.php?doing_wp_cron=1776188468.3332650661468505859375 HTTP/1.1" 200 - "-" "WordPress/6.3.8; http://fuentesanza.es" 545 **0/545810**
185.153.197.91 - - [14/Apr/2026:10:41:07 -0700] "POST /xmlrpc.php HTTP/1.1" 200 8602 "-" "Mozilla/5.0 (Windows NT 10.0; Win64; x64) AppleWebKit/537.36 (KHTML, like Gecko) Chrome/114.0.0.0 Safari/537.36" 2030 **2/2030604**
208.109.41.231 - - [14/Apr/2026:10:41:10 -0700] "POST /wp-cron.php?doing_wp_cron=1776188470.7863330841064453125000 HTTP/1.1" 200 - "-" "WordPress/6.3.8; http://fuentesanza.es" 459 **0/459348**
185.153.197.91 - - [14/Apr/2026:10:41:10 -0700] "GET /uncategorized/an-internet-gambling-enterprise-create-prize-totally-free-spins-that-have-a-certain-motion/ HTTP/1.1" 200 155478 "-" "Mozilla/5.0 (Windows NT 10.0; rv:125.0) Gecko/20100101 Firefox/125.0" 2296 **2/2296713**
185.191.171.17 - - [14/Apr/2026:10:41:18 -0700] "GET /uncategorized/chat-with-strangers-online-talk-to-strangers-free-2/ HTTP/1.1" 200 31220 "-" "Mozilla/5.0 (compatible; SemrushBot/7~bl; +http://www.semrush.com/bot.html)" 986 **0/986599**
148.113.130.139 - - [14/Apr/2026:10:41:19 -0700] "GET /tag/total-casino-demo/ HTTP/1.1" 200 39272 "-" "Mozilla/5.0 (compatible; AhrefsBot/7.0; +http://ahrefs.com/robot/)" 719 **0/719945**
66.249.73.4 - - [14/Apr/2026:10:41:22 -0700] "GET /?f=71141142726 HTTP/1.1" 200 44384 "-" "Mozilla/5.0 (Linux; Android 6.0.1; Nexus 5X Build/MMB29P) AppleWebKit/537.36 (KHTML, like Gecko) Chrome/146.0.7680.177 Mobile Safari/537.36 (compatible; Googlebot/2.1; +http://www.google.com/bot.html)" 825 **0/825188**
45.3.41.213 - - [14/Apr/2026:10:41:01 -0700] "POST http://fuentesanza.es/xmlrpc.php HTTP/1.1" 301 - "-" "curl/8.6.0" 30483 **30/30483708**
18.97.14.88 - - [14/Apr/2026:10:41:31 -0700] "GET /category/starcasino-download-363/ HTTP/1.1" 200 39050 "-" "CCBot/2.0 (https://commoncrawl.org/faq/)" 1021 **1/1021514**
185.153.197.91 - - [14/Apr/2026:10:41:47 -0700] "POST /xmlrpc.php HTTP/1.1" 200 180 "-" "Mozilla/5.0 (Windows NT 10.0; Win64; x64) AppleWebKit/537.36 (KHTML, like Gecko) Chrome/114.0.0.0 Safari/537.36" 764 **0/764722**
208.109.41.231 - - [14/Apr/2026:10:41:54 -0700] "POST /wp-cron.php?doing_wp_cron=1776188514.3676199913024902343750 HTTP/1.1" 200 - "-" "WordPress/6.3.8; http://fuentesanza.es" 34 **0/34901**
185.153.197.91 - - [14/Apr/2026:10:41:54 -0700] "POST /xmlrpc.php HTTP/1.1" 200 8707 "-" "Mozilla/5.0 (Windows NT 10.0; Win64; x64) AppleWebKit/537.36 (KHTML, like Gecko) Chrome/114.0.0.0 Safari/537.36" 521 **0/521843**
185.153.197.91 - - [14/Apr/2026:10:41:54 -0700] "GET /uncategorized/5-theonlinecasino-%EF%BF%BD-wager-bets-doing-ten000-for-the-alive-black-jack/ HTTP/1.1" 200 155147 "-" "Mozilla/5.0 (Windows NT 10.0; Win64; x64) AppleWebKit/537.36 (KHTML, like Gecko) Chrome/109.0.0.0 Safari/537.36" 554 **0/554425**
84.66.223.9 - - [14/Apr/2026:10:42:01 -0700] "POST /xmlrpc.php HTTP/1.1" 200 131 "-" "Python-xmlrpc/3.11" 1987 **1/1987220**
208.109.41.231 - - [14/Apr/2026:10:42:02 -0700] "POST /wp-cron.php?doing_wp_cron=1776188522.8582611083984375000000 HTTP/1.1" 200 - "-" "WordPress/6.3.8; http://fuentesanza.es" 1512 **1/1512763**
45.3.41.213 - - [14/Apr/2026:10:41:32 -0700] "POST http://fuentesanza.es/xmlrpc.php HTTP/1.1" 301 - "-" "Wget/1.21.4" 31906 **31/31906493**
216.26.254.127 - - [14/Apr/2026:10:42:05 -0700] "GET http://fuentesanza.es/wp-login.php HTTP/1.1" 200 2856 "-" "Wget/1.21.4" 269 **0/269479**
216.73.216.141 - - [14/Apr/2026:10:42:11 -0700] "GET /sitemap824.xml HTTP/1.1" 404 11349 "-" "Mozilla/5.0 AppleWebKit/537.36 (KHTML, like Gecko; compatible; ClaudeBot/1.0; +claudebot@anthropic.com)" 645 **0/645242**
185.191.171.10 - - [14/Apr/2026:10:42:14 -0700] "GET /category/descargar-mostbet-69/ HTTP/1.1" 200 33827 "-" "Mozilla/5.0 (compatible; SemrushBot/7~bl; +http://www.semrush.com/bot.html)" 905 **0/905179**
185.191.171.12 - - [14/Apr/2026:10:42:22 -0700] "GET /category/luva-bet-login-um-589/ HTTP/1.1" 200 41748 "-" "Mozilla/5.0 (compatible; SemrushBot/7~bl; +http://www.semrush.com/bot.html)" 949 **0/949687**
51.222.95.114 - - [14/Apr/2026:10:42:28 -0700] "GET /1-win-183/1win-official-148/ HTTP/1.1" 200 30845 "-" "Mozilla/5.0 (compatible; AhrefsBot/7.0; +http://ahrefs.com/robot/)" 636 **0/636652**
185.153.197.91 - - [14/Apr/2026:10:42:31 -0700] "POST /xmlrpc.php HTTP/1.1" 200 180 "-" "Mozilla/5.0 (Windows NT 10.0; Win64; x64) AppleWebKit/537.36 (KHTML, like Gecko) Chrome/114.0.0.0 Safari/537.36" 979 **0/979425**
208.109.41.231 - - [14/Apr/2026:10:42:35 -0700] "POST /wp-cron.php?doing_wp_cron=1776188555.9347000122070312500000 HTTP/1.1" 200 - "-" "WordPress/6.3.8; http://fuentesanza.es" 27 **0/27085**
216.26.254.127 - - [14/Apr/2026:10:42:05 -0700] "POST http://fuentesanza.es/wp-login.php HTTP/1.1" 301 - "http://fuentesanza.es/wp-login.php" "curl/7.88.1" 30362 **30/30362653**
216.26.254.127 - - [14/Apr/2026:10:42:36 -0700] "GET http://fuentesanza.es/wp-admin/ HTTP/1.1" 302 - "-" "Wget/1.21.4" 194 **0/194156**
216.26.254.127 - - [14/Apr/2026:10:42:37 -0700] "GET http://fuentesanza.es/wp-login.php?redirect_to=http%3A%2F%2Ffuentesanza.eshttp%3A%2F%2Ffuentesanza.es%2Fwp-admin%2F&reauth=1 HTTP/1.1" 200 2863 "http://fuentesanza.es/wp-admin/" "Wget/1.21.4" 214 **0/214459**
185.153.197.91 - - [14/Apr/2026:10:42:37 -0700] "POST /xmlrpc.php HTTP/1.1" 200 8300 "-" "Mozilla/5.0 (Windows NT 10.0; Win64; x64) AppleWebKit/537.36 (KHTML, like Gecko) Chrome/114.0.0.0 Safari/537.36" 527 **0/527207**
185.153.197.91 - - [14/Apr/2026:10:42:39 -0700] "GET /uncategorized/one-thing-to-notice-the-newest-blend-of-gambling-enterprise-and-you-can-sportsbook-was-smooth/ HTTP/1.1" 200 155016 "-" "Mozilla/5.0 (Windows NT 10.0; rv:109.0) Gecko/20100101 Firefox/115.0" 892 **0/892234**
18.97.14.88 - - [14/Apr/2026:10:42:39 -0700] "GET /category/celuapuestas-casino-479/ HTTP/1.1" 200 40763 "-" "CCBot/2.0 (https://commoncrawl.org/faq/)" 1165 **1/1165689**
66.249.73.4 - - [14/Apr/2026:10:42:49 -0700] "GET /?m=31108280775 HTTP/1.1" 404 11349 "-" "Mozilla/5.0 (Linux; Android 6.0.1; Nexus 5X Build/MMB29P) AppleWebKit/537.36 (KHTML, like Gecko) Chrome/146.0.7680.177 Mobile Safari/537.36 (compatible; Googlebot/2.1; +http://www.google.com/bot.html)" 317 **0/317430**
216.26.254.127 - - [14/Apr/2026:10:42:37 -0700] "POST http://fuentesanza.es/wp-login.php HTTP/1.1" 301 - "http://fuentesanza.es/wp-login.php?redirect_to=http%3A%2F%2Ffuentesanza.eshttp%3A%2F%2Ffuentesanza.es%2Fwp-admin%2F&reauth=1" "Wget/1.21.4" 30499 **30/30499088**
185.153.197.91 - - [14/Apr/2026:10:43:20 -0700] "POST /xmlrpc.php HTTP/1.1" 200 180 "-" "Mozilla/5.0 (Windows NT 10.0; Win64; x64) AppleWebKit/537.36 (KHTML, like Gecko) Chrome/114.0.0.0 Safari/537.36" 438 **0/438057**
208.109.41.231 - - [14/Apr/2026:10:43:27 -0700] "POST /wp-cron.php?doing_wp_cron=1776188607.1611270904541015625000 HTTP/1.1" 200 - "-" "WordPress/6.3.8; http://fuentesanza.es" 49 **0/49257**
185.153.197.91 - - [14/Apr/2026:10:43:26 -0700] "POST /xmlrpc.php HTTP/1.1" 200 8614 "-" "Mozilla/5.0 (Windows NT 10.0; Win64; x64) AppleWebKit/537.36 (KHTML, like Gecko) Chrome/114.0.0.0 Safari/537.36" 485 **0/485153**
185.153.197.91 - - [14/Apr/2026:10:43:28 -0700] "GET /uncategorized/how-we-picked-a-knowledgeable-bitcoin-gambling-establishment-providing-100-free-spins-bonuses/ HTTP/1.1" 200 155292 "-" "Mozilla/5.0 (Windows NT 10.0; Win64; x64) AppleWebKit/537.36 (KHTML, like Gecko) Chrome/122.0.0.0 Safari/537.36" 659 **0/659805**
51.222.168.182 - - [14/Apr/2026:10:43:30 -0700] "GET /uncategorized/the-best-casino-for-roulette-in-india-certified/ HTTP/1.1" 200 26938 "-" "Mozilla/5.0 (compatible; AhrefsBot/7.0; +http://ahrefs.com/robot/)" 638 **0/638128**
114.119.135.207 - - [14/Apr/2026:10:43:34 -0700] "GET /uncategorized/short-hit-wide-range-additional-multipliers-greatest-gambling-games-so-you-can-earn-real-cash-push-large-victories-costa-rica/ HTTP/1.1" 200 31134 "http://fuentesanza.es/uncategorized/jogue-o-slot-monopoly-live-com-rodadas-gratis%ef%b8%b1online-casino-luks/" "Mozilla/5.0 (Linux; Android 7.0;) AppleWebKit/537.36 (KHTML, like Gecko) Mobile Safari/537.36 (compatible; PetalBot;+https://webmaster.petalsearch.com/site/petalbot)" 501 **0/501665**
66.249.73.6 - - [14/Apr/2026:10:43:35 -0700] "GET /?i=5169661993 HTTP/1.1" 200 44884 "-" "Mozilla/5.0 (Linux; Android 6.0.1; Nexus 5X Build/MMB29P) AppleWebKit/537.36 (KHTML, like Gecko) Chrome/146.0.7680.177 Mobile Safari/537.36 (compatible; Googlebot/2.1; +http://www.google.com/bot.html)" 511 **0/511620**
18.97.14.88 - - [14/Apr/2026:10:43:50 -0700] "GET /category/mostbet-az-yukle-425/ HTTP/1.1" 200 36636 "-" "CCBot/2.0 (https://commoncrawl.org/faq/)" 651 **0/651623**
185.153.197.91 - - [14/Apr/2026:10:43:56 -0700] "POST /xmlrpc.php HTTP/1.1" 200 180 "-" "Mozilla/5.0 (Windows NT 10.0; Win64; x64) AppleWebKit/537.36 (KHTML, like Gecko) Chrome/114.0.0.0 Safari/537.36" 594 **0/594240**
208.109.41.231 - - [14/Apr/2026:10:43:58 -0700] "POST /wp-cron.php?doing_wp_cron=1776188638.9016900062561035156250 HTTP/1.1" 200 - "-" "WordPress/6.3.8; http://fuentesanza.es" 38 **0/38524**
185.191.171.9 - - [14/Apr/2026:10:43:58 -0700] "GET /uncategorized/errores-comunes-al-apostar-en-beisbol-y-como-evitarlos-para-maximizar-ganancias/ HTTP/1.1" 200 31390 "-" "Mozilla/5.0 (compatible; SemrushBot/7~bl; +http://www.semrush.com/bot.html)" 1025 **1/1025655**
185.191.171.3 - - [14/Apr/2026:10:44:10 -0700] "GET /5/page-952/ HTTP/1.1" 200 29517 "-" "Mozilla/5.0 (compatible; SemrushBot/7~bl; +http://www.semrush.com/bot.html)" 679 **0/679556**
185.153.197.91 - - [14/Apr/2026:10:44:10 -0700] "POST /xmlrpc.php HTTP/1.1" 200 8832 "-" "Mozilla/5.0 (Windows NT 10.0; Win64; x64) AppleWebKit/537.36 (KHTML, like Gecko) Chrome/114.0.0.0 Safari/537.36" 402 **0/402002**
185.153.197.91 - - [14/Apr/2026:10:44:11 -0700] "GET /uncategorized/was-high-5-local-casino-judge-from-inside-the-massachusetts-2026-do-you-play-into-the-ma/ HTTP/1.1" 200 155673 "-" "Mozilla/5.0 (Windows NT 10.0; Win64; x64; rv:124.0) Gecko/20100101 Firefox/124.0" 464 **0/464183**
85.208.96.195 - - [14/Apr/2026:10:44:12 -0700] "GET /uncategorized/od-nule-do-pobede-vas-vodic-kroz-svet-online-kockanja-u-srbiji/ HTTP/1.1" 200 30244 "-" "Mozilla/5.0 (compatible; SemrushBot/7~bl; +http://www.semrush.com/bot.html)" 352 **0/352939**
80.46.37.183 - - [14/Apr/2026:10:44:16 -0700] "POST /xmlrpc.php HTTP/1.1" 200 131 "-" "Python-xmlrpc/3.11" 664 **0/664115**
208.109.41.231 - - [14/Apr/2026:10:44:23 -0700] "POST /wp-cron.php?doing_wp_cron=1776188663.5713820457458496093750 HTTP/1.1" 200 - "-" "WordPress/6.3.8; http://fuentesanza.es" 28 **0/28983**
66.249.73.5 - - [14/Apr/2026:10:44:23 -0700] "GET /?w=3637065967 HTTP/1.1" 404 11349 "-" "Mozilla/5.0 (Linux; Android 6.0.1; Nexus 5X Build/MMB29P) AppleWebKit/537.36 (KHTML, like Gecko) Chrome/146.0.7680.177 Mobile Safari/537.36 (compatible; Googlebot/2.1; +http://www.google.com/bot.html)" 589 **0/589525**
66.249.73.5 - - [14/Apr/2026:10:44:23 -0700] "GET /?s=10106311188 HTTP/1.1" 200 24318 "-" "Mozilla/5.0 (Linux; Android 6.0.1; Nexus 5X Build/MMB29P) AppleWebKit/537.36 (KHTML, like Gecko) Chrome/146.0.7680.177 Mobile Safari/537.36 (compatible; Googlebot/2.1; +http://www.google.com/bot.html)" 4534 **4/4534266**
66.249.73.4 - - [14/Apr/2026:10:44:35 -0700] "GET /?m=3110873438 HTTP/1.1" 404 11349 "-" "Mozilla/5.0 (Linux; Android 6.0.1; Nexus 5X Build/MMB29P) AppleWebKit/537.36 (KHTML, like Gecko) Chrome/146.0.7680.177 Mobile Safari/537.36 (compatible; Googlebot/2.1; +http://www.google.com/bot.html)" 388 **0/388556**
15.235.27.35 - - [14/Apr/2026:10:44:38 -0700] "GET /casino-pin-up-998/pin-up-casino-en-linea-447/ HTTP/1.1" 200 31461 "-" "Mozilla/5.0 (compatible; AhrefsBot/7.0; +http://ahrefs.com/robot/)" 550 **0/550741**
185.153.197.91 - - [14/Apr/2026:10:44:56 -0700] "POST /xmlrpc.php HTTP/1.1" 200 180 "-" "Mozilla/5.0 (Windows NT 10.0; Win64; x64) AppleWebKit/537.36 (KHTML, like Gecko) Chrome/114.0.0.0 Safari/537.36" 643 **0/643738**
208.109.41.231 - - [14/Apr/2026:10:45:03 -0700] "POST /wp-cron.php?doing_wp_cron=1776188703.3299679756164550781250 HTTP/1.1" 200 - "-" "WordPress/6.3.8; http://fuentesanza.es" 135 **0/135526**
185.153.197.91 - - [14/Apr/2026:10:45:02 -0700] "POST /xmlrpc.php HTTP/1.1" 200 10638 "-" "Mozilla/5.0 (Windows NT 10.0; Win64; x64) AppleWebKit/537.36 (KHTML, like Gecko) Chrome/114.0.0.0 Safari/537.36" 961 **0/961319**
185.153.197.91 - - [14/Apr/2026:10:45:04 -0700] "GET /uncategorized/most-useful-free-spin-bonuses-for-u-s-online-casino-participants/ HTTP/1.1" 200 157001 "-" "Mozilla/5.0 (Windows NT 10.0; rv:109.0) Gecko/20100101 Firefox/115.0" 1600 **1/1600616**
18.97.14.88 - - [14/Apr/2026:10:45:05 -0700] "GET /pause-and-play-casino-in-united-kingdom-how-to-choose-a-reliable-pharmacy/ HTTP/1.1" 200 31407 "-" "CCBot/2.0 (https://commoncrawl.org/faq/)" 1297 **1/1297886**
185.191.171.10 - - [14/Apr/2026:10:45:34 -0700] "GET /uncategorized/tragamonedas-ranura-jurassic-park-regalado/ HTTP/1.1" 200 31814 "-" "Mozilla/5.0 (compatible; SemrushBot/7~bl; +http://www.semrush.com/bot.html)" 645 **0/645908**
66.249.73.4 - - [14/Apr/2026:10:45:45 -0700] "GET /?s=10106167808 HTTP/1.1" 200 24299 "-" "Mozilla/5.0 (Linux; Android 6.0.1; Nexus 5X Build/MMB29P) AppleWebKit/537.36 (KHTML, like Gecko) Chrome/146.0.7680.177 Mobile Safari/537.36 (compatible; Googlebot/2.1; +http://www.google.com/bot.html)" 3822 **3/3822409**
185.153.197.91 - - [14/Apr/2026:10:45:50 -0700] "POST /xmlrpc.php HTTP/1.1" 200 180 "-" "Mozilla/5.0 (Windows NT 10.0; Win64; x64) AppleWebKit/537.36 (KHTML, like Gecko) Chrome/114.0.0.0 Safari/537.36" 734 **0/734364**
208.109.41.231 - - [14/Apr/2026:10:45:53 -0700] "POST /wp-cron.php?doing_wp_cron=1776188753.4793889522552490234375 HTTP/1.1" 200 - "-" "WordPress/6.3.8; http://fuentesanza.es" 23 **0/23520**
15.235.98.63 - - [14/Apr/2026:10:45:53 -0700] "GET /uncategorized/application-de-casino-mobile-decouvrez-spinsy/ HTTP/1.1" 200 27549 "-" "Mozilla/5.0 (compatible; AhrefsBot/7.0; +http://ahrefs.com/robot/)" 849 **0/849146**
18.97.14.88 - - [14/Apr/2026:10:45:54 -0700] "GET /category/s/ HTTP/1.1" 200 24550 "-" "CCBot/2.0 (https://commoncrawl.org/faq/)" 998 **0/998759**
185.153.197.91 - - [14/Apr/2026:10:45:56 -0700] "POST /xmlrpc.php HTTP/1.1" 200 8562 "-" "Mozilla/5.0 (Windows NT 10.0; Win64; x64) AppleWebKit/537.36 (KHTML, like Gecko) Chrome/114.0.0.0 Safari/537.36" 633 **0/633773**
185.153.197.91 - - [14/Apr/2026:10:45:57 -0700] "GET /uncategorized/illinois-lawmakers-can-add-web-sites-betting-to-help-you-nations-bevy-out-of-playing-solutions/ HTTP/1.1" 200 155412 "-" "Mozilla/5.0 (Windows NT 10.0; Win64; x64; rv:125.0) Gecko/20100101 Firefox/125.0" 929 **0/929622**
85.208.96.211 - - [14/Apr/2026:10:46:26 -0700] "GET /other/laki-world-%D0%BE%D1%84%D0%B8%D1%86%D0%B8%D0%B0%D0%BB%D1%8C%D0%BD%D1%8B%D0%B9-%D1%81%D0%B0%D0%B9%D1%82-%D0%B0%D0%BA%D1%82%D1%83%D0%B0%D0%BB%D1%8C%D0%BD%D0%B0%D1%8F-%D0%B8%D0%BD%D1%84%D0%BE/ HTTP/1.1" 200 33665 "-" "Mozilla/5.0 (compatible; SemrushBot/7~bl; +http://www.semrush.com/bot.html)" 580 **0/580948**
185.153.197.91 - - [14/Apr/2026:10:46:26 -0700] "POST /xmlrpc.php HTTP/1.1" 200 180 "-" "Mozilla/5.0 (Windows NT 10.0; Win64; x64) AppleWebKit/537.36 (KHTML, like Gecko) Chrome/114.0.0.0 Safari/537.36" 1037 **1/1037037**
208.109.41.231 - - [14/Apr/2026:10:46:35 -0700] "POST /wp-cron.php?doing_wp_cron=1776188795.3025569915771484375000 HTTP/1.1" 200 - "-" "WordPress/6.3.8; http://fuentesanza.es" 149 **0/149905**
185.153.197.91 - - [14/Apr/2026:10:46:35 -0700] "POST /xmlrpc.php HTTP/1.1" 200 8273 "-" "Mozilla/5.0 (Windows NT 10.0; Win64; x64) AppleWebKit/537.36 (KHTML, like Gecko) Chrome/114.0.0.0 Safari/537.36" 634 **0/634764**
185.191.171.14 - - [14/Apr/2026:10:46:35 -0700] "GET /uncategorized/better-real-investigate-the-site-cash-harbors-to-experience-on-the-web-inside-the-2026-up-to-date/ HTTP/1.1" 200 30478 "-" "Mozilla/5.0 (compatible; SemrushBot/7~bl; +http://www.semrush.com/bot.html)" 1296 **1/1296075**
185.153.197.91 - - [14/Apr/2026:10:46:37 -0700] "GET /uncategorized/as-we-discovered-the-first-time-we-performed-this-site-the-latest-regulations-deciding-on-illegal-betting-arent-particularly-confusing/ HTTP/1.1" 200 155469 "-" "Mozilla/5.0 (Windows NT 10.0; Win64; x64; rv:124.0) Gecko/20100101 Firefox/124.0" 821 **0/821152**
18.97.14.88 - - [14/Apr/2026:10:46:41 -0700] "GET /category/1-win-171/ HTTP/1.1" 200 37418 "-" "CCBot/2.0 (https://commoncrawl.org/faq/)" 941 **0/941231**
114.119.129.24 - - [14/Apr/2026:10:46:56 -0700] "GET /uncategorized/seriose-erreichbar-casinos-die-sichersten-basic-instinct-slotauszahlung-ernahrer-2026/ HTTP/1.1" 200 32083 "http://fuentesanza.es/uncategorized/seriose-erreichbar-casinos-die-sichersten-basic-instinct-slotauszahlung-ernahrer-2026/" "Mozilla/5.0 (Linux; Android 7.0;) AppleWebKit/537.36 (KHTML, like Gecko) Mobile Safari/537.36 (compatible; PetalBot;+https://webmaster.petalsearch.com/site/petalbot)" 659 **0/659954**
54.39.0.70 - - [14/Apr/2026:10:46:56 -0700] "GET /public/strategii-dlja-vyigrysha-v-azartnyh-igrah/feed/ HTTP/1.1" 200 516 "-" "Mozilla/5.0 (compatible; AhrefsBot/7.0; +http://ahrefs.com/robot/)" 782 **0/782829**
185.153.197.91 - - [14/Apr/2026:10:47:04 -0700] "POST /xmlrpc.php HTTP/1.1" 200 180 "-" "Mozilla/5.0 (Windows NT 10.0; Win64; x64) AppleWebKit/537.36 (KHTML, like Gecko) Chrome/114.0.0.0 Safari/537.36" 819 **0/819121**
208.109.41.231 - - [14/Apr/2026:10:47:11 -0700] "POST /wp-cron.php?doing_wp_cron=1776188831.8970189094543457031250 HTTP/1.1" 200 - "-" "WordPress/6.3.8; http://fuentesanza.es" 25 **0/25818**
185.153.197.91 - - [14/Apr/2026:10:47:11 -0700] "POST /xmlrpc.php HTTP/1.1" 200 8283 "-" "Mozilla/5.0 (Windows NT 10.0; Win64; x64) AppleWebKit/537.36 (KHTML, like Gecko) Chrome/114.0.0.0 Safari/537.36" 607 **0/607757**
185.153.197.91 - - [14/Apr/2026:10:47:14 -0700] "GET /uncategorized/should-be-really-within-mi-nj-pa-wv-to-help-you-choice/ HTTP/1.1" 200 155071 "-" "Mozilla/5.0 (Windows NT 10.0; Win64; x64) AppleWebKit/537.36 (KHTML, like Gecko) Chrome/124.0.0.0 Safari/537.36 Edg/124.0.0.0" 1255 **1/1255565**
66.249.73.6 - - [14/Apr/2026:10:47:17 -0700] "GET /?m=311089594 HTTP/1.1" 404 11349 "-" "Mozilla/5.0 (Linux; Android 6.0.1; Nexus 5X Build/MMB29P) AppleWebKit/537.36 (KHTML, like Gecko) Chrome/146.0.7680.177 Mobile Safari/537.36 (compatible; Googlebot/2.1; +http://www.google.com/bot.html)" 525 **0/525527**
212.34.148.156 - - [14/Apr/2026:10:47:18 -0700] "GET /6/seven-online-casino-in-the-united-kingdom-a-review-for-2024-players/ HTTP/1.1" 200 27084 "http://fuentesanza.es/" "Mozilla/5.0 (Windows NT 10.0; Win64; x64) AppleWebKit/537.36 (KHTML, like Gecko) Chrome/117.0.5938.132 Safari/537.36" 619 **0/619677**
212.34.148.156 - - [14/Apr/2026:10:47:19 -0700] "GET /uncategorized/as-we-discovered-the-first-time-we-performed-this-site-the-latest-regulations-deciding-on-illegal-betting-arent-particularly-confusing/ HTTP/1.1" 200 26611 "http://fuentesanza.es/6/seven-online-casino-in-the-united-kingdom-a-review-for-2024-players/" "Mozilla/5.0 (Windows NT 10.0; Win64; x64) AppleWebKit/537.36 (KHTML, like Gecko) Chrome/117.0.5938.132 Safari/537.36" 531 **0/531742**
18.97.14.88 - - [14/Apr/2026:10:47:23 -0700] "GET /category/sky247-app-login-54/ HTTP/1.1" 200 38714 "-" "CCBot/2.0 (https://commoncrawl.org/faq/)" 518 **0/518352**
216.73.216.141 - - [14/Apr/2026:10:47:27 -0700] "GET /sitemap410.xml HTTP/1.1" 404 11349 "-" "Mozilla/5.0 AppleWebKit/537.36 (KHTML, like Gecko; compatible; ClaudeBot/1.0; +claudebot@anthropic.com)" 361 **0/361536**
66.249.73.4 - - [14/Apr/2026:10:47:44 -0700] "GET /?c=8416440107 HTTP/1.1" 200 44745 "-" "Mozilla/5.0 (Linux; Android 6.0.1; Nexus 5X Build/MMB29P) AppleWebKit/537.36 (KHTML, like Gecko) Chrome/146.0.7680.177 Mobile Safari/537.36 (compatible; Googlebot/2.1; +http://www.google.com/bot.html)" 623 **0/623725**
66.249.73.6 - - [14/Apr/2026:10:47:42 -0700] "GET /?s=1010628529 HTTP/1.1" 200 24298 "-" "Mozilla/5.0 (Linux; Android 6.0.1; Nexus 5X Build/MMB29P) AppleWebKit/537.36 (KHTML, like Gecko) Chrome/146.0.7680.177 Mobile Safari/537.36 (compatible; Googlebot/2.1; +http://www.google.com/bot.html)" 4183 **4/4183831**
185.153.197.91 - - [14/Apr/2026:10:47:48 -0700] "POST /xmlrpc.php HTTP/1.1" 200 180 "-" "Mozilla/5.0 (Windows NT 10.0; Win64; x64) AppleWebKit/537.36 (KHTML, like Gecko) Chrome/114.0.0.0 Safari/537.36" 762 **0/762204**
208.109.41.231 - - [14/Apr/2026:10:47:53 -0700] "POST /wp-cron.php?doing_wp_cron=1776188873.8077139854431152343750 HTTP/1.1" 200 - "-" "WordPress/6.3.8; http://fuentesanza.es" 38 **0/38246**
85.208.96.196 - - [14/Apr/2026:10:47:53 -0700] "GET /public/la-psicologia-detras-de-las-decisiones-de-juego-en-2/ HTTP/1.1" 200 29998 "-" "Mozilla/5.0 (compatible; SemrushBot/7~bl; +http://www.semrush.com/bot.html)" 1114 **1/1114760**
66.249.73.4 - - [14/Apr/2026:10:47:55 -0700] "GET /?i=20912147289 HTTP/1.1" 200 44740 "-" "Mozilla/5.0 (Linux; Android 6.0.1; Nexus 5X Build/MMB29P) AppleWebKit/537.36 (KHTML, like Gecko) Chrome/146.0.7680.177 Mobile Safari/537.36 (compatible; Googlebot/2.1; +http://www.google.com/bot.html)" 608 **0/608515**
185.153.197.91 - - [14/Apr/2026:10:47:55 -0700] "POST /xmlrpc.php HTTP/1.1" 200 8532 "-" "Mozilla/5.0 (Windows NT 10.0; Win64; x64) AppleWebKit/537.36 (KHTML, like Gecko) Chrome/114.0.0.0 Safari/537.36" 550 **0/550915**
185.153.197.91 - - [14/Apr/2026:10:47:57 -0700] "GET /uncategorized/betonlines-real-time-playing-reception-is-unrivaled-on-online-sportsbook-business/ HTTP/1.1" 200 155264 "-" "Mozilla/5.0 (Windows NT 10.0; Win64; x64; rv:125.0) Gecko/20100101 Firefox/125.0" 728 **0/728896**
18.97.14.88 - - [14/Apr/2026:10:47:58 -0700] "GET /category/blaze-jogo-de-aposta-341/ HTTP/1.1" 200 37832 "-" "CCBot/2.0 (https://commoncrawl.org/faq/)" 910 **0/910185**
15.235.98.24 - - [14/Apr/2026:10:48:01 -0700] "GET /uncategorized/mr-cashback-slot-fool-around-with-casino-bob-no-deposit-bonus-bitcoin-otherwise-real-cash/feed/ HTTP/1.1" 200 485 "-" "Mozilla/5.0 (compatible; AhrefsBot/7.0; +http://ahrefs.com/robot/)" 891 **0/891790**
43.159.152.187 - - [14/Apr/2026:10:48:17 -0700] "GET /condicoes-adequadas-de-armazenamento-para-vermox-generico-2/ HTTP/1.1" 200 30673 "-" "Mozilla/5.0 (iPhone; CPU iPhone OS 13_2_3 like Mac OS X) AppleWebKit/605.1.15 (KHTML, like Gecko) Version/13.0.3 Mobile/15E148 Safari/604.1" 592 **0/592364**
114.119.151.155 - - [14/Apr/2026:10:48:20 -0700] "GET /uncategorized/seriose-angeschlossen-casinos-within-land-der-gewinnchancen-wild-jack-dichter-und-denker-legale-provider-inoffizieller-mitarbeiter-zusammenfassung-2026/ HTTP/1.1" 200 30432 "http://fuentesanza.es/uncategorized/five-hundred-totally-free-spins-no-deposit-bonuses-the-deep-blue-sea-slot-machine-2026/" "Mozilla/5.0 (Linux; Android 7.0;) AppleWebKit/537.36 (KHTML, like Gecko) Mobile Safari/537.36 (compatible; PetalBot;+https://webmaster.petalsearch.com/site/petalbot)" 747 **0/747440**
185.191.171.1 - - [14/Apr/2026:10:48:22 -0700] "GET /uncategorized/roulette-gratis-spiel-alles-was-sie-wissen-mussen/ HTTP/1.1" 200 29321 "-" "Mozilla/5.0 (compatible; SemrushBot/7~bl; +http://www.semrush.com/bot.html)" 801 **0/801977**
185.153.197.91 - - [14/Apr/2026:10:48:29 -0700] "POST /xmlrpc.php HTTP/1.1" 200 180 "-" "Mozilla/5.0 (Windows NT 10.0; Win64; x64) AppleWebKit/537.36 (KHTML, like Gecko) Chrome/114.0.0.0 Safari/537.36" 1381 **1/1381210**
208.109.41.231 - - [14/Apr/2026:10:48:36 -0700] "POST /wp-cron.php?doing_wp_cron=1776188916.0965170860290527343750 HTTP/1.1" 200 - "-" "WordPress/6.3.8; http://fuentesanza.es" 31 **0/31527**
185.153.197.91 - - [14/Apr/2026:10:48:36 -0700] "POST /xmlrpc.php HTTP/1.1" 200 9527 "-" "Mozilla/5.0 (Windows NT 10.0; Win64; x64) AppleWebKit/537.36 (KHTML, like Gecko) Chrome/114.0.0.0 Safari/537.36" 550 **0/550733**
18.97.14.88 - - [14/Apr/2026:10:48:35 -0700] "GET /2023/05/ HTTP/1.1" 200 29627 "-" "CCBot/2.0 (https://commoncrawl.org/faq/)" 1229 **1/1229881**
185.153.197.91 - - [14/Apr/2026:10:48:46 -0700] "GET /uncategorized/the-working-platform-emphasizes-intuitive-navigation-cellular-responsiveness-and-you-will-seamless-combination-round-the-game-kinds-fostering-faith-and-you-can-expertise-one-of-pdbxic-users/ HTTP/1.1" 200 157238 "-" "Mozilla/5.0 (Windows NT 10.0; rv:109.0) Gecko/20100101 Firefox/115.0" 640 **0/640667**
148.113.128.30 - - [14/Apr/2026:10:49:02 -0700] "GET /uncategorized/paris-sportifs-en-ligne-avec-golden-panda-votre-guide-complet/feed/ HTTP/1.1" 200 459 "-" "Mozilla/5.0 (compatible; AhrefsBot/7.0; +http://ahrefs.com/robot/)" 836 **0/836819**
18.97.14.88 - - [14/Apr/2026:10:49:22 -0700] "GET /category/mostbet-registration-510/ HTTP/1.1" 200 32536 "-" "CCBot/2.0 (https://commoncrawl.org/faq/)" 984 **0/984029**
185.153.197.91 - - [14/Apr/2026:10:49:32 -0700] "POST /xmlrpc.php HTTP/1.1" 200 180 "-" "Mozilla/5.0 (Windows NT 10.0; Win64; x64) AppleWebKit/537.36 (KHTML, like Gecko) Chrome/114.0.0.0 Safari/537.36" 832 **0/832776**
208.109.41.231 - - [14/Apr/2026:10:49:38 -0700] "POST /wp-cron.php?doing_wp_cron=1776188978.6528139114379882812500 HTTP/1.1" 200 - "-" "WordPress/6.3.8; http://fuentesanza.es" 26 **0/26324**
185.153.197.91 - - [14/Apr/2026:10:49:38 -0700] "POST /xmlrpc.php HTTP/1.1" 200 10878 "-" "Mozilla/5.0 (Windows NT 10.0; Win64; x64) AppleWebKit/537.36 (KHTML, like Gecko) Chrome/114.0.0.0 Safari/537.36" 577 **0/577975**
185.153.197.91 - - [14/Apr/2026:10:49:39 -0700] "GET /uncategorized/bybit-advertisements-tip-rewards-as-much-as-six082-usdt-anticipate-render/ HTTP/1.1" 200 158142 "-" "Mozilla/5.0 (Windows NT 10.0; Win64; x64) AppleWebKit/537.36 (KHTML, like Gecko) Chrome/109.0.0.0 Safari/537.36" 623 **0/623383**
66.249.73.5 - - [14/Apr/2026:10:49:47 -0700] "GET /?i=5169655426 HTTP/1.1" 200 45249 "-" "Mozilla/5.0 (Linux; Android 6.0.1; Nexus 5X Build/MMB29P) AppleWebKit/537.36 (KHTML, like Gecko) Chrome/146.0.7680.177 Mobile Safari/537.36 (compatible; Googlebot/2.1; +http://www.google.com/bot.html)" 796 **0/796762**
185.191.171.4 - - [14/Apr/2026:10:49:51 -0700] "GET /1win-registratsiya-71/1win-registratsiya-123/ HTTP/1.1" 200 33959 "-" "Mozilla/5.0 (compatible; SemrushBot/7~bl; +http://www.semrush.com/bot.html)" 829 **0/829179**
185.191.171.10 - - [14/Apr/2026:10:49:56 -0700] "GET /uncategorized/1xbet-dlya-android-skachayte-apk-izo-uptodown/ HTTP/1.1" 200 32182 "-" "Mozilla/5.0 (compatible; SemrushBot/7~bl; +http://www.semrush.com/bot.html)" 503 **0/503463**
185.191.171.12 - - [14/Apr/2026:10:49:58 -0700] "GET /uncategorized/award-effective-convertus-aurum-5-deposit-harbors-huge-jackpots/ HTTP/1.1" 200 32451 "-" "Mozilla/5.0 (compatible; SemrushBot/7~bl; +http://www.semrush.com/bot.html)" 579 **0/579232**
51.222.168.222 - - [14/Apr/2026:10:50:00 -0700] "GET /uncategorized/faqs-%EF%BF%BD-haufige-fragen-dahinter-casinos-unter-zuhilfenahme-von-a-single-euroletten-einzahlung/feed/ HTTP/1.1" 200 518 "-" "Mozilla/5.0 (compatible; AhrefsBot/7.0; +http://ahrefs.com/robot/)" 1233 **1/1233652**
185.153.197.91 - - [14/Apr/2026:10:50:04 -0700] "POST /xmlrpc.php HTTP/1.1" 200 180 "-" "Mozilla/5.0 (Windows NT 10.0; Win64; x64) AppleWebKit/537.36 (KHTML, like Gecko) Chrome/114.0.0.0 Safari/537.36" 985 **0/985099**
208.109.41.231 - - [14/Apr/2026:10:50:05 -0700] "POST /wp-cron.php?doing_wp_cron=1776189005.7585070133209228515625 HTTP/1.1" 200 - "-" "WordPress/6.3.8; http://fuentesanza.es" 151 **0/151506**
66.249.73.6 - - [14/Apr/2026:10:50:05 -0700] "GET /uncategorized/neospin-casino-4-a-comprehensive-review-for-australian-players/ HTTP/1.1" 200 27569 "-" "Mozilla/5.0 (Linux; Android 6.0.1; Nexus 5X Build/MMB29P) AppleWebKit/537.36 (KHTML, like Gecko) Chrome/146.0.7680.177 Mobile Safari/537.36 (compatible; Googlebot/2.1; +http://www.google.com/bot.html)" 1909 **1/1909840**
185.153.197.91 - - [14/Apr/2026:10:50:12 -0700] "POST /xmlrpc.php HTTP/1.1" 200 8118 "-" "Mozilla/5.0 (Windows NT 10.0; Win64; x64) AppleWebKit/537.36 (KHTML, like Gecko) Chrome/114.0.0.0 Safari/537.36" 685 **0/685942**
85.208.96.200 - - [14/Apr/2026:10:50:13 -0700] "GET /robots.txt HTTP/1.1" 200 105 "-" "Mozilla/5.0 (compatible; SemrushBot/7~bl; +http://www.semrush.com/bot.html)" 10 **0/10385**
185.153.197.91 - - [14/Apr/2026:10:50:13 -0700] "GET /uncategorized/betting-is-virtually-an-integral-part-of-recreation-during-the-illinois/ HTTP/1.1" 200 154946 "-" "Mozilla/5.0 (Windows NT 10.0; Win64; x64) AppleWebKit/537.36 (KHTML, like Gecko) Chrome/123.0.0.0 Safari/537.36 OPR/109.0.0.0" 794 **0/794891**
185.191.171.16 - - [14/Apr/2026:10:50:13 -0700] "GET /uncategorized/casinonic-australia-certified-web-site-added-bonus-1500-aud-100-fs/ HTTP/1.1" 200 30763 "-" "Mozilla/5.0 (compatible; SemrushBot/7~bl; +http://www.semrush.com/bot.html)" 932 **0/932179**
