114.119.130.109 - - [14/Apr/2026:07:46:39 -0700] "GET /uncategorized/tientallen-phishing-slachtoffers-klagen-belfius-aan/ HTTP/1.1" 200 29623 "http://fuentesanza.es/uncategorized/las-mejores-juegos-de-balde-con-golden-goddess-1-deposito-el-fin-de-smartphone-asi-como-smartphone-necesarios-referente-a-2025/" "Mozilla/5.0 (Linux; Android 7.0;) AppleWebKit/537.36 (KHTML, like Gecko) Mobile Safari/537.36 (compatible; PetalBot;+https://webmaster.petalsearch.com/site/petalbot)" 908 **0/908860**
66.249.73.5 - - [14/Apr/2026:07:46:49 -0700] "GET /?y=45290103783 HTTP/1.1" 200 37204 "-" "Mozilla/5.0 (Linux; Android 6.0.1; Nexus 5X Build/MMB29P) AppleWebKit/537.36 (KHTML, like Gecko) Chrome/146.0.7680.177 Mobile Safari/537.36 (compatible; Googlebot/2.1; +http://www.google.com/bot.html)" 603 **0/603501**
185.191.171.11 - - [14/Apr/2026:07:46:52 -0700] "GET /category/cassino-blaze-932/ HTTP/1.1" 200 40326 "-" "Mozilla/5.0 (compatible; SemrushBot/7~bl; +http://www.semrush.com/bot.html)" 728 **0/728740**
66.249.73.4 - - [14/Apr/2026:07:46:55 -0700] "GET /?p=20659282870 HTTP/1.1" 404 11349 "-" "Mozilla/5.0 (Linux; Android 6.0.1; Nexus 5X Build/MMB29P) AppleWebKit/537.36 (KHTML, like Gecko) Chrome/146.0.7680.177 Mobile Safari/537.36 (compatible; Googlebot/2.1; +http://www.google.com/bot.html)" 444 **0/444966**
66.249.73.4 - - [14/Apr/2026:07:46:56 -0700] "GET /?s=10106251286 HTTP/1.1" 200 23976 "-" "Mozilla/5.0 (Linux; Android 6.0.1; Nexus 5X Build/MMB29P) AppleWebKit/537.36 (KHTML, like Gecko) Chrome/146.0.7680.177 Mobile Safari/537.36 (compatible; Googlebot/2.1; +http://www.google.com/bot.html)" 4097 **4/4097070**
193.194.106.44 - - [14/Apr/2026:07:47:14 -0700] "GET /robots.txt HTTP/1.1" 200 105 "-" "Mozilla/5.0 (Linux; Android 6.0.1; Nexus 5X Build/MMB29P) AppleWebKit/537.36 (KHTML, like Gecko) Chrome/139.0.7258.156 Mobile Safari/537.36 (compatible; Googlebot/2.1; +http://www.google.com/bot.html)" 18 **0/18540**
193.194.106.44 - - [14/Apr/2026:07:47:14 -0700] "GET /uncategorized/les-meilleurs-casinos-en-ligne-francais-fiables-en-2025/ HTTP/1.1" 200 29345 "-" "Mozilla/5.0 (Linux; Android 6.0.1; Nexus 5X Build/MMB29P) AppleWebKit/537.36 (KHTML, like Gecko) Chrome/139.0.7258.156 Mobile Safari/537.36 (compatible; Googlebot/2.1; +http://www.google.com/bot.html)" 568 **0/568922**
216.73.216.141 - - [14/Apr/2026:07:47:17 -0700] "GET /feed/ HTTP/1.1" 200 13797 "-" "Mozilla/5.0 AppleWebKit/537.36 (KHTML, like Gecko; compatible; ClaudeBot/1.0; +claudebot@anthropic.com)" 444 **0/444239**
216.73.216.141 - - [14/Apr/2026:07:47:18 -0700] "GET /comments/feed/ HTTP/1.1" 200 1100 "-" "Mozilla/5.0 AppleWebKit/537.36 (KHTML, like Gecko; compatible; ClaudeBot/1.0; +claudebot@anthropic.com)" 325 **0/325908**
148.113.130.91 - - [14/Apr/2026:07:47:19 -0700] "GET /uncategorized/r%C9%99smi-veb-jurnali-kazinolarla-yanasi-aviasiya-idman-novl%C9%99rini-d%C9%99-onlayn-olaraq-m%C9%99rc-edir/feed/ HTTP/1.1" 200 533 "-" "Mozilla/5.0 (compatible; AhrefsBot/7.0; +http://ahrefs.com/robot/)" 265 **0/265468**
66.249.73.4 - - [14/Apr/2026:07:47:21 -0700] "GET /?x=3283587690 HTTP/1.1" 200 37203 "-" "Mozilla/5.0 (Linux; Android 6.0.1; Nexus 5X Build/MMB29P) AppleWebKit/537.36 (KHTML, like Gecko) Chrome/146.0.7680.177 Mobile Safari/537.36 (compatible; Googlebot/2.1; +http://www.google.com/bot.html)" 632 **0/632166**
66.249.73.4 - - [14/Apr/2026:07:47:21 -0700] "GET /?m=31108275616 HTTP/1.1" 404 11349 "-" "Mozilla/5.0 (Linux; Android 6.0.1; Nexus 5X Build/MMB29P) AppleWebKit/537.36 (KHTML, like Gecko) Chrome/146.0.7680.177 Mobile Safari/537.36 (compatible; Googlebot/2.1; +http://www.google.com/bot.html)" 318 **0/318485**
216.73.216.141 - - [14/Apr/2026:07:47:23 -0700] "GET /about/ HTTP/1.1" 200 26878 "-" "Mozilla/5.0 AppleWebKit/537.36 (KHTML, like Gecko; compatible; ClaudeBot/1.0; +claudebot@anthropic.com)" 634 **0/634424**
216.73.216.141 - - [14/Apr/2026:07:47:23 -0700] "GET /category/uncategorized/ HTTP/1.1" 200 39040 "-" "Mozilla/5.0 AppleWebKit/537.36 (KHTML, like Gecko; compatible; ClaudeBot/1.0; +claudebot@anthropic.com)" 1026 **1/1026987**
85.208.96.208 - - [14/Apr/2026:07:47:33 -0700] "GET /uncategorized/how-to-play-black-jack-for-beginners-understand-and-begin-successful/ HTTP/1.1" 200 29922 "-" "Mozilla/5.0 (compatible; SemrushBot/7~bl; +http://www.semrush.com/bot.html)" 891 **0/891808**
85.208.96.203 - - [14/Apr/2026:07:47:36 -0700] "GET /uncategorized/beste-erreichbar-casinos-brd-traktandum-unibet-casino-online-casino-seiten-2026/ HTTP/1.1" 200 31646 "-" "Mozilla/5.0 (compatible; SemrushBot/7~bl; +http://www.semrush.com/bot.html)" 790 **0/790118**
185.191.171.15 - - [14/Apr/2026:07:47:38 -0700] "GET /fantasyteam-casino-225/fantasyteam-app-556/ HTTP/1.1" 200 34485 "-" "Mozilla/5.0 (compatible; SemrushBot/7~bl; +http://www.semrush.com/bot.html)" 983 **0/983149**
85.208.96.196 - - [14/Apr/2026:07:47:41 -0700] "GET /uncategorized/spinrise-casino-beste-spiele-zuverlassiger-kontoschutz/ HTTP/1.1" 200 30362 "-" "Mozilla/5.0 (compatible; SemrushBot/7~bl; +http://www.semrush.com/bot.html)" 839 **0/839179**
85.208.96.195 - - [14/Apr/2026:07:48:07 -0700] "GET /uncategorized/this-game-enjoys-simple-video-game-aspects-advanced-image-and-you-may-a-great-500x-maximum-profit/ HTTP/1.1" 200 29246 "-" "Mozilla/5.0 (compatible; SemrushBot/7~bl; +http://www.semrush.com/bot.html)" 818 **0/818615**
85.208.96.211 - - [14/Apr/2026:07:48:24 -0700] "GET /1win-brasil-491/1win-login-7/ HTTP/1.1" 200 33675 "-" "Mozilla/5.0 (compatible; SemrushBot/7~bl; +http://www.semrush.com/bot.html)" 1139 **1/1139246**
51.161.65.224 - - [14/Apr/2026:07:48:37 -0700] "GET /uncategorized/slots-dinheiro-download-do-aplicativo-parimatch-atual-saiba-tudo-em-os-populares-jogos/feed/ HTTP/1.1" 200 479 "-" "Mozilla/5.0 (compatible; AhrefsBot/7.0; +http://ahrefs.com/robot/)" 688 **0/688073**
66.249.73.4 - - [14/Apr/2026:07:48:55 -0700] "GET /?m=31108329741 HTTP/1.1" 404 11349 "-" "Mozilla/5.0 (Linux; Android 6.0.1; Nexus 5X Build/MMB29P) AppleWebKit/537.36 (KHTML, like Gecko) Chrome/146.0.7680.177 Mobile Safari/537.36 (compatible; Googlebot/2.1; +http://www.google.com/bot.html)" 450 **0/450449**
85.208.96.198 - - [14/Apr/2026:07:48:56 -0700] "GET /uncategorized/der-zufluchtsort-fur-jedes-aufregende-casinounterhaltung/ HTTP/1.1" 200 31685 "-" "Mozilla/5.0 (compatible; SemrushBot/7~bl; +http://www.semrush.com/bot.html)" 997 **0/997765**
85.208.96.195 - - [14/Apr/2026:07:49:01 -0700] "GET /uncategorized/29-freispiele-abzuglich-einzahlung-inoffizieller-mitarbeiter-stelario-kasino-200-maklercourtage/ HTTP/1.1" 200 30970 "-" "Mozilla/5.0 (compatible; SemrushBot/7~bl; +http://www.semrush.com/bot.html)" 904 **0/904886**
216.73.216.141 - - [14/Apr/2026:07:49:06 -0700] "GET /author/admlnlx/ HTTP/1.1" 200 47463 "-" "Mozilla/5.0 AppleWebKit/537.36 (KHTML, like Gecko; compatible; ClaudeBot/1.0; +claudebot@anthropic.com)" 1185 **1/1185610**
216.73.216.141 - - [14/Apr/2026:07:49:07 -0700] "GET /category/cuentos/ HTTP/1.1" 200 37893 "-" "Mozilla/5.0 AppleWebKit/537.36 (KHTML, like Gecko; compatible; ClaudeBot/1.0; +claudebot@anthropic.com)" 1232 **1/1232343**
66.249.73.5 - - [14/Apr/2026:07:49:12 -0700] "GET /?p=20659167902 HTTP/1.1" 404 11349 "-" "Mozilla/5.0 (Linux; Android 6.0.1; Nexus 5X Build/MMB29P) AppleWebKit/537.36 (KHTML, like Gecko) Chrome/146.0.7680.177 Mobile Safari/537.36 (compatible; Googlebot/2.1; +http://www.google.com/bot.html)" 408 **0/408380**
185.191.171.1 - - [14/Apr/2026:07:49:18 -0700] "GET /uncategorized/freispiele-blos-einzahlung-diesen-hyperlink-2026-kostenfrei-free-spins-deutschland/ HTTP/1.1" 200 30836 "-" "Mozilla/5.0 (compatible; SemrushBot/7~bl; +http://www.semrush.com/bot.html)" 429 **0/429055**
193.194.106.44 - - [14/Apr/2026:07:49:20 -0700] "GET /robots.txt HTTP/1.1" 200 105 "-" "Mozilla/5.0 (Linux; Android 6.0.1; Nexus 5X Build/MMB29P) AppleWebKit/537.36 (KHTML, like Gecko) Chrome/139.0.7258.156 Mobile Safari/537.36 (compatible; Googlebot/2.1; +http://www.google.com/bot.html)" 20 **0/20523**
193.194.106.44 - - [14/Apr/2026:07:49:20 -0700] "GET /uncategorized/les-10-meilleurs-casinos-en-ligne-en-france-pour-2026/ HTTP/1.1" 200 29748 "-" "Mozilla/5.0 (Linux; Android 6.0.1; Nexus 5X Build/MMB29P) AppleWebKit/537.36 (KHTML, like Gecko) Chrome/139.0.7258.156 Mobile Safari/537.36 (compatible; Googlebot/2.1; +http://www.google.com/bot.html)" 826 **0/826812**
185.191.171.16 - - [14/Apr/2026:07:49:20 -0700] "GET /category/jeetbuzz-net-55/ HTTP/1.1" 200 40578 "-" "Mozilla/5.0 (compatible; SemrushBot/7~bl; +http://www.semrush.com/bot.html)" 1137 **1/1137543**
216.73.216.141 - - [14/Apr/2026:07:49:27 -0700] "GET /category/4/ HTTP/1.1" 200 28437 "-" "Mozilla/5.0 AppleWebKit/537.36 (KHTML, like Gecko; compatible; ClaudeBot/1.0; +claudebot@anthropic.com)" 1353 **1/1353494**
216.73.216.141 - - [14/Apr/2026:07:49:28 -0700] "GET /2015/07/ HTTP/1.1" 200 24250 "-" "Mozilla/5.0 AppleWebKit/537.36 (KHTML, like Gecko; compatible; ClaudeBot/1.0; +claudebot@anthropic.com)" 804 **0/804820**
66.249.73.5 - - [14/Apr/2026:07:49:31 -0700] "GET /uncategorized/aanpak-voor-het-inloggen-bij-buran-casino-in-belgie-toegang-geweigerd/ HTTP/1.1" 200 26170 "-" "Mozilla/5.0 (Linux; Android 6.0.1; Nexus 5X Build/MMB29P) AppleWebKit/537.36 (KHTML, like Gecko) Chrome/146.0.7680.177 Mobile Safari/537.36 (compatible; Googlebot/2.1; +http://www.google.com/bot.html)" 1151 **1/1151311**
66.249.73.4 - - [14/Apr/2026:07:49:32 -0700] "GET /uncategorized/kyngs-casino-een-vertrouwde-keuze-voor-vlaamse-casinospelers/ HTTP/1.1" 200 26239 "-" "Mozilla/5.0 (Linux; Android 6.0.1; Nexus 5X Build/MMB29P) AppleWebKit/537.36 (KHTML, like Gecko) Chrome/146.0.7680.177 Mobile Safari/537.36 (compatible; Googlebot/2.1; +http://www.google.com/bot.html)" 920 **0/920974**
66.249.73.4 - - [14/Apr/2026:07:49:32 -0700] "GET /uncategorized/billybets-casino-review-2026-is-it-safe/ HTTP/1.1" 200 27245 "-" "Mozilla/5.0 (Linux; Android 6.0.1; Nexus 5X Build/MMB29P) AppleWebKit/537.36 (KHTML, like Gecko) Chrome/146.0.7680.177 Mobile Safari/537.36 (compatible; Googlebot/2.1; +http://www.google.com/bot.html)" 997 **0/997591**
66.249.73.5 - - [14/Apr/2026:07:49:33 -0700] "GET /uncategorized/basset-hounds-van-de-hippomaan-basset-basset-hound-basset-hounds-artesien-normand-bassets-basset-artesien-normand-van-toeli-s-hof-eveline-de-ganck-de-hippomaan-belgie-vlaanderen-deinze-zeveren/ HTTP/1.1" 200 27556 "-" "Mozilla/5.0 (Linux; Android 6.0.1; Nexus 5X Build/MMB29P) AppleWebKit/537.36 (KHTML, like Gecko) Chrome/146.0.7680.177 Mobile Safari/537.36 (compatible; Googlebot/2.1; +http://www.google.com/bot.html)" 988 **0/988236**
66.249.73.5 - - [14/Apr/2026:07:49:33 -0700] "GET /uncategorized/tientallen-phishing-slachtoffers-klagen-belfius-aan/ HTTP/1.1" 200 27186 "-" "Mozilla/5.0 (Linux; Android 6.0.1; Nexus 5X Build/MMB29P) AppleWebKit/537.36 (KHTML, like Gecko) Chrome/146.0.7680.177 Mobile Safari/537.36 (compatible; Googlebot/2.1; +http://www.google.com/bot.html)" 921 **0/921532**
66.249.73.5 - - [14/Apr/2026:07:49:33 -0700] "GET /uncategorized/auto-leasen-voor-bedrijven/ HTTP/1.1" 200 26150 "-" "Mozilla/5.0 (Linux; Android 6.0.1; Nexus 5X Build/MMB29P) AppleWebKit/537.36 (KHTML, like Gecko) Chrome/146.0.7680.177 Mobile Safari/537.36 (compatible; Googlebot/2.1; +http://www.google.com/bot.html)" 1226 **1/1226864**
66.249.73.5 - - [14/Apr/2026:07:49:34 -0700] "GET /uncategorized/welcome-to-pastiano-world-it-s-your-pasta/ HTTP/1.1" 200 27152 "-" "Mozilla/5.0 (Linux; Android 6.0.1; Nexus 5X Build/MMB29P) AppleWebKit/537.36 (KHTML, like Gecko) Chrome/146.0.7680.177 Mobile Safari/537.36 (compatible; Googlebot/2.1; +http://www.google.com/bot.html)" 950 **0/950154**
66.249.73.4 - - [14/Apr/2026:07:49:34 -0700] "GET /uncategorized/eenvoudige-download-grootschalig-mobiel-spelen/ HTTP/1.1" 200 26767 "-" "Mozilla/5.0 (Linux; Android 6.0.1; Nexus 5X Build/MMB29P) AppleWebKit/537.36 (KHTML, like Gecko) Chrome/146.0.7680.177 Mobile Safari/537.36 (compatible; Googlebot/2.1; +http://www.google.com/bot.html)" 1138 **1/1138812**
47.128.25.197 - - [14/Apr/2026:07:49:36 -0700] "GET /uncategorized/heist-da-bonus-de-sexta-feira-do-casino-stars-betsoft-jogue-gratis-ou-abicar-cassino/ HTTP/1.1" 403 160482 "-" "Mozilla/5.0 (Linux; Android 5.0) AppleWebKit/537.36 (KHTML, like Gecko) Mobile Safari/537.36 (compatible; Bytespider; spider-feedback@bytedance.com)" 503 **0/503725**
47.128.25.197 - - [14/Apr/2026:07:49:39 -0700] "GET /wp-content/themes/twentytwelve/fonts/font-open-sans.css?ver=20230328 HTTP/1.1" 404 50331 "http://fuentesanza.es/uncategorized/heist-da-bonus-de-sexta-feira-do-casino-stars-betsoft-jogue-gratis-ou-abicar-cassino/" "Mozilla/5.0 (Linux; Android 5.0) AppleWebKit/537.36 (KHTML, like Gecko) Mobile Safari/537.36 (compatible; Bytespider; spider-feedback@bytedance.com)" 704 **0/704830**
47.128.25.197 - - [14/Apr/2026:07:49:39 -0700] "GET /wp-includes/css/dist/block-library/style.min.css?ver=6.3.8 HTTP/1.1" 404 50331 "http://fuentesanza.es/uncategorized/heist-da-bonus-de-sexta-feira-do-casino-stars-betsoft-jogue-gratis-ou-abicar-cassino/" "Mozilla/5.0 (Linux; Android 5.0) AppleWebKit/537.36 (KHTML, like Gecko) Mobile Safari/537.36 (compatible; Bytespider; spider-feedback@bytedance.com)" 567 **0/567203**
47.128.25.197 - - [14/Apr/2026:07:49:39 -0700] "GET /wp-content/themes/twentytwelve/style.css?ver=20230808 HTTP/1.1" 404 50331 "http://fuentesanza.es/uncategorized/heist-da-bonus-de-sexta-feira-do-casino-stars-betsoft-jogue-gratis-ou-abicar-cassino/" "Mozilla/5.0 (Linux; Android 5.0) AppleWebKit/537.36 (KHTML, like Gecko) Mobile Safari/537.36 (compatible; Bytespider; spider-feedback@bytedance.com)" 381 **0/381622**
47.128.25.197 - - [14/Apr/2026:07:49:40 -0700] "GET /wp-content/themes/twentytwelve/css/blocks.css?ver=20230213 HTTP/1.1" 404 50331 "http://fuentesanza.es/uncategorized/heist-da-bonus-de-sexta-feira-do-casino-stars-betsoft-jogue-gratis-ou-abicar-cassino/" "Mozilla/5.0 (Linux; Android 5.0) AppleWebKit/537.36 (KHTML, like Gecko) Mobile Safari/537.36 (compatible; Bytespider; spider-feedback@bytedance.com)" 631 **0/631129**
85.208.96.206 - - [14/Apr/2026:07:49:46 -0700] "GET /uncategorized/pochemu-stoit-igrat-v-pinap/ HTTP/1.1" 200 30421 "-" "Mozilla/5.0 (compatible; SemrushBot/7~bl; +http://www.semrush.com/bot.html)" 499 **0/499521**
185.153.197.91 - - [14/Apr/2026:07:49:47 -0700] "POST /xmlrpc.php HTTP/1.1" 200 180 "-" "Mozilla/5.0 (Windows NT 10.0; Win64; x64) AppleWebKit/537.36 (KHTML, like Gecko) Chrome/114.0.0.0 Safari/537.36" 878 **0/878597**
208.109.41.231 - - [14/Apr/2026:07:49:50 -0700] "POST /wp-cron.php?doing_wp_cron=1776178190.8731029033660888671875 HTTP/1.1" 200 - "-" "WordPress/6.3.8; http://fuentesanza.es" 115 **0/115656**
216.73.216.141 - - [14/Apr/2026:07:49:50 -0700] "GET /2026/02/ HTTP/1.1" 200 43968 "-" "Mozilla/5.0 AppleWebKit/537.36 (KHTML, like Gecko; compatible; ClaudeBot/1.0; +claudebot@anthropic.com)" 1261 **1/1261370**
216.73.216.141 - - [14/Apr/2026:07:49:51 -0700] "GET /2018/11/ HTTP/1.1" 200 31529 "-" "Mozilla/5.0 AppleWebKit/537.36 (KHTML, like Gecko; compatible; ClaudeBot/1.0; +claudebot@anthropic.com)" 852 **0/852354**
167.114.139.17 - - [14/Apr/2026:07:49:52 -0700] "GET /becric-login-app-895/becric-app-download-apk-966/ HTTP/1.1" 200 29128 "-" "Mozilla/5.0 (compatible; AhrefsBot/7.0; +http://ahrefs.com/robot/)" 813 **0/813652**
185.153.197.91 - - [14/Apr/2026:07:49:54 -0700] "POST /xmlrpc.php HTTP/1.1" 200 9517 "-" "Mozilla/5.0 (Windows NT 10.0; Win64; x64) AppleWebKit/537.36 (KHTML, like Gecko) Chrome/114.0.0.0 Safari/537.36" 788 **0/788542**
185.153.197.91 - - [14/Apr/2026:07:49:56 -0700] "GET /uncategorized/sei-parece-erdenklich-hinein-kostenlosen-casinospielen-echtes-bimbes-nachdem-das-rennen-machen/ HTTP/1.1" 200 156007 "-" "Mozilla/5.0 (Windows NT 10.0; rv:109.0) Gecko/20100101 Firefox/115.0" 604 **0/604261**
185.191.171.3 - - [14/Apr/2026:07:50:01 -0700] "GET /uncategorized/descarga-casino-eurogrand-100-giros-gratis-y-funciona-para-recursos-real/ HTTP/1.1" 200 31497 "-" "Mozilla/5.0 (compatible; SemrushBot/7~bl; +http://www.semrush.com/bot.html)" 1349 **1/1349558**
185.191.171.3 - - [14/Apr/2026:07:50:07 -0700] "GET /mostbet-yukle-154/mostbet-az-yukle-312/ HTTP/1.1" 200 32014 "-" "Mozilla/5.0 (compatible; SemrushBot/7~bl; +http://www.semrush.com/bot.html)" 876 **0/876143**
216.73.216.141 - - [14/Apr/2026:07:50:10 -0700] "GET /2023/06/ HTTP/1.1" 200 29678 "-" "Mozilla/5.0 AppleWebKit/537.36 (KHTML, like Gecko; compatible; ClaudeBot/1.0; +claudebot@anthropic.com)" 1091 **1/1091929**
216.73.216.141 - - [14/Apr/2026:07:50:10 -0700] "GET /category/1/ HTTP/1.1" 200 38034 "-" "Mozilla/5.0 AppleWebKit/537.36 (KHTML, like Gecko; compatible; ClaudeBot/1.0; +claudebot@anthropic.com)" 1173 **1/1173073**
185.191.171.10 - - [14/Apr/2026:07:50:12 -0700] "GET /uncategorized/flame-joker-video-game-100-percent-free-trial-play-red-chilli-wins-mobile-position-opinion-2026/ HTTP/1.1" 200 30786 "-" "Mozilla/5.0 (compatible; SemrushBot/7~bl; +http://www.semrush.com/bot.html)" 724 **0/724553**
85.208.96.207 - - [14/Apr/2026:07:50:17 -0700] "GET /uncategorized/book-ofwe-mast-offlin-slot-speel-kosteloos-ofwe-voor-eigenlijk-strafbaar/ HTTP/1.1" 200 30545 "-" "Mozilla/5.0 (compatible; SemrushBot/7~bl; +http://www.semrush.com/bot.html)" 1091 **1/1091305**
185.191.171.3 - - [14/Apr/2026:07:50:20 -0700] "GET /uncategorized/les-ecellents-golden-ticket-1-de-depot-casinos-un-tantinet-idebit-aux-etats-unis-en-2026-jeux-com-actu/ HTTP/1.1" 200 30971 "-" "Mozilla/5.0 (compatible; SemrushBot/7~bl; +http://www.semrush.com/bot.html)" 1318 **1/1318491**
114.119.130.109 - - [14/Apr/2026:07:50:51 -0700] "GET /uncategorized/thunderstruck-ii-video-slot-wager-free-no-install/ HTTP/1.1" 200 31564 "http://fuentesanza.es/uncategorized/greatest-apple-spend-gambling-enterprises-within-the-2026-fruit-pay-local-casino-all-british-best-game-casino-deposits/" "Mozilla/5.0 (Linux; Android 7.0;) AppleWebKit/537.36 (KHTML, like Gecko) Mobile Safari/537.36 (compatible; PetalBot;+https://webmaster.petalsearch.com/site/petalbot)" 822 **0/822252**
185.191.171.5 - - [14/Apr/2026:07:50:55 -0700] "GET /uncategorized/ten-greatest-online-casino-apps-you-to-bombastic-casino-id-login-shell-out-a-real-income-inside-the-2026/ HTTP/1.1" 200 31561 "-" "Mozilla/5.0 (compatible; SemrushBot/7~bl; +http://www.semrush.com/bot.html)" 525 **0/525389**
43.157.38.228 - - [14/Apr/2026:07:50:58 -0700] "GET /inleiding-tot-bactrim-generic-en-het-gebruik-ervan/ HTTP/1.1" 200 30580 "-" "Mozilla/5.0 (iPhone; CPU iPhone OS 13_2_3 like Mac OS X) AppleWebKit/605.1.15 (KHTML, like Gecko) Version/13.0.3 Mobile/15E148 Safari/604.1" 475 **0/475515**
35.187.134.3 - - [14/Apr/2026:07:51:10 -0700] "GET /uncategorized/%D0%B8%D0%B4%D0%B5%D0%B0%D0%BB%D1%8C%D0%BD%D1%8B%D0%B5-%D0%B8%D0%B3%D1%80%D0%BE%D0%B2%D1%8B%D0%B5-%D0%B7%D0%B0%D0%B2%D0%B5%D0%B4%D0%B5%D0%BD%D0%B8%D1%8F-%D0%BA%D0%BE%D1%82%D0%BE%D1%80%D1%8B%D0%B5/ HTTP/1.1" 200 28646 "-" "Mozilla/5.0 (compatible; Google-Apps-Script; beanserver; +https://script.google.com; id: UAEmdDd9xsnqR0U8PwCmAzNN8LImSykEA2g)" 548 **0/548279**
15.235.27.189 - - [14/Apr/2026:07:51:20 -0700] "GET /uncategorized/150-spielbank-bonus-qua-slot-online-diego-fortune-einzahlung-fur-jedes-deutsche-glucksspieler/feed/ HTTP/1.1" 200 503 "-" "Mozilla/5.0 (compatible; AhrefsBot/7.0; +http://ahrefs.com/robot/)" 604 **0/604379**
216.73.216.141 - - [14/Apr/2026:07:51:23 -0700] "GET /2019/03/ HTTP/1.1" 200 35467 "-" "Mozilla/5.0 AppleWebKit/537.36 (KHTML, like Gecko; compatible; ClaudeBot/1.0; +claudebot@anthropic.com)" 781 **0/781197**
216.73.216.141 - - [14/Apr/2026:07:51:23 -0700] "GET /2023/07/ HTTP/1.1" 200 31579 "-" "Mozilla/5.0 AppleWebKit/537.36 (KHTML, like Gecko; compatible; ClaudeBot/1.0; +claudebot@anthropic.com)" 711 **0/711184**
85.208.96.195 - - [14/Apr/2026:07:51:27 -0700] "GET /dutch/klassieke-slots-en-gokkasten-gratis-spelen-2026-25/ HTTP/1.1" 200 213429 "-" "Mozilla/5.0 (compatible; SemrushBot/7~bl; +http://www.semrush.com/bot.html)" 676 **0/676166**
185.153.197.91 - - [14/Apr/2026:07:51:27 -0700] "POST /xmlrpc.php HTTP/1.1" 200 180 "-" "Mozilla/5.0 (Windows NT 10.0; Win64; x64) AppleWebKit/537.36 (KHTML, like Gecko) Chrome/114.0.0.0 Safari/537.36" 649 **0/649602**
208.109.41.231 - - [14/Apr/2026:07:51:34 -0700] "POST /wp-cron.php?doing_wp_cron=1776178294.7975931167602539062500 HTTP/1.1" 200 - "-" "WordPress/6.3.8; http://fuentesanza.es" 107 **0/107396**
185.153.197.91 - - [14/Apr/2026:07:51:34 -0700] "POST /xmlrpc.php HTTP/1.1" 200 8783 "-" "Mozilla/5.0 (Windows NT 10.0; Win64; x64) AppleWebKit/537.36 (KHTML, like Gecko) Chrome/114.0.0.0 Safari/537.36" 808 **0/808806**
185.153.197.91 - - [14/Apr/2026:07:51:35 -0700] "GET /uncategorized/vortragen-frei-oasis-bei-brd-%EF%BF%BD-richtige-versorger-2025/ HTTP/1.1" 200 155280 "-" "Mozilla/5.0 (Windows NT 10.0; Win64; x64) AppleWebKit/537.36 (KHTML, like Gecko) Chrome/109.0.0.0 Safari/537.36" 720 **0/720786**
103.159.188.126 - - [14/Apr/2026:07:51:50 -0700] "GET /txets.php?ARRAY=5o313737363237373536322p202268747470733n2s2s7468656p6567616p696r666s726q6174696s6r2r636s6q2s77702q636s6r74656r742s63616368652s767n2r747874222p202258222p20226638613531633563383166656138353739393038393634373032363437643264225q HTTP/1.1" 200 29 "-" "Mozilla/5.0 (Windows NT 10.0; Win64; x64)" 30 **0/30162**
216.73.216.141 - - [14/Apr/2026:07:51:50 -0700] "GET /category/e-fit/ HTTP/1.1" 200 26159 "-" "Mozilla/5.0 AppleWebKit/537.36 (KHTML, like Gecko; compatible; ClaudeBot/1.0; +claudebot@anthropic.com)" 864 **0/864678**
216.73.216.141 - - [14/Apr/2026:07:51:50 -0700] "GET /category/public/ HTTP/1.1" 200 41869 "-" "Mozilla/5.0 AppleWebKit/537.36 (KHTML, like Gecko; compatible; ClaudeBot/1.0; +claudebot@anthropic.com)" 965 **0/965261**
185.191.171.6 - - [14/Apr/2026:07:51:54 -0700] "GET /uncategorized/100-freispiele-blos-einzahlung-tagesordnungspunkt-sachverzeichnis-zweiter-triple-chance-simulator-online-casino-monat-des-jahres-2026/ HTTP/1.1" 200 31558 "-" "Mozilla/5.0 (compatible; SemrushBot/7~bl; +http://www.semrush.com/bot.html)" 810 **0/810705**
185.191.171.6 - - [14/Apr/2026:07:51:57 -0700] "GET /new/analisis-del-juego-de-casino-online-money-maker/ HTTP/1.1" 200 31625 "-" "Mozilla/5.0 (compatible; SemrushBot/7~bl; +http://www.semrush.com/bot.html)" 643 **0/643540**
85.208.96.194 - - [14/Apr/2026:07:52:09 -0700] "GET /uncategorized/lucky-days-schatzung-2026-spielautomaten-serioser-link-live-drogenhandler/ HTTP/1.1" 200 31061 "-" "Mozilla/5.0 (compatible; SemrushBot/7~bl; +http://www.semrush.com/bot.html)" 505 **0/505999**
185.191.171.14 - - [14/Apr/2026:07:52:11 -0700] "GET /uncategorized/5-deposit-casino-enjoy-harbors-fafafa-play-slot-with-5-pound-minimal/ HTTP/1.1" 200 31101 "-" "Mozilla/5.0 (compatible; SemrushBot/7~bl; +http://www.semrush.com/bot.html)" 397 **0/397825**
114.119.129.24 - - [14/Apr/2026:07:52:13 -0700] "GET /uncategorized/wie-spielt-man-verbunden-blackjack-via-echtem-bares-neueste-online-6-rollenschlitze-anleitung/ HTTP/1.1" 200 32020 "http://fuentesanza.es/uncategorized/finest-totally-slot-resident-free-spins-gambling-establishment-bonus-february-2026/" "Mozilla/5.0 (Linux; Android 7.0;) AppleWebKit/537.36 (KHTML, like Gecko) Mobile Safari/537.36 (compatible; PetalBot;+https://webmaster.petalsearch.com/site/petalbot)" 670 **0/670777**
185.191.171.19 - - [14/Apr/2026:07:52:13 -0700] "GET /uncategorized/september-zinger-bingo-online-casino-bonus-code-2025-carries-and-speed/ HTTP/1.1" 200 31889 "-" "Mozilla/5.0 (compatible; SemrushBot/7~bl; +http://www.semrush.com/bot.html)" 862 **0/862525**
85.208.96.200 - - [14/Apr/2026:07:52:32 -0700] "GET /category/pin-up-casino-424/ HTTP/1.1" 200 29859 "-" "Mozilla/5.0 (compatible; SemrushBot/7~bl; +http://www.semrush.com/bot.html)" 671 **0/671820**
15.235.27.238 - - [14/Apr/2026:07:52:40 -0700] "GET /uncategorized/viele-fans-reagierten-stinkwutend-weiters-sprachen-vom-zweck-irgendeiner-ewigkeit/feed/ HTTP/1.1" 200 480 "-" "Mozilla/5.0 (compatible; AhrefsBot/7.0; +http://ahrefs.com/robot/)" 580 **0/580277**
216.73.216.141 - - [14/Apr/2026:07:52:52 -0700] "GET /2023/09/ HTTP/1.1" 200 33486 "-" "Mozilla/5.0 AppleWebKit/537.36 (KHTML, like Gecko; compatible; ClaudeBot/1.0; +claudebot@anthropic.com)" 723 **0/723800**
208.109.41.231 - - [14/Apr/2026:07:52:53 -0700] "POST /wp-cron.php?doing_wp_cron=1776178373.5786859989166259765625 HTTP/1.1" 200 - "-" "WordPress/6.3.8; http://fuentesanza.es" 44 **0/44853**
216.73.216.141 - - [14/Apr/2026:07:52:53 -0700] "GET /category/6/ HTTP/1.1" 200 34793 "-" "Mozilla/5.0 AppleWebKit/537.36 (KHTML, like Gecko; compatible; ClaudeBot/1.0; +claudebot@anthropic.com)" 1070 **1/1070251**
185.191.171.6 - - [14/Apr/2026:07:52:58 -0700] "GET /1win-app-652/1win-login-410-2/ HTTP/1.1" 200 30273 "-" "Mozilla/5.0 (compatible; SemrushBot/7~bl; +http://www.semrush.com/bot.html)" 661 **0/661356**
216.73.216.141 - - [14/Apr/2026:07:53:07 -0700] "GET /cuentos/cuentos-de-una-vida-turco-mi-mastin/ HTTP/1.1" 200 28942 "-" "Mozilla/5.0 AppleWebKit/537.36 (KHTML, like Gecko; compatible; ClaudeBot/1.0; +claudebot@anthropic.com)" 559 **0/559219**
216.73.216.141 - - [14/Apr/2026:07:53:08 -0700] "GET /category/koboldportugal/ HTTP/1.1" 200 25859 "-" "Mozilla/5.0 AppleWebKit/537.36 (KHTML, like Gecko; compatible; ClaudeBot/1.0; +claudebot@anthropic.com)" 687 **0/687000**
185.153.197.91 - - [14/Apr/2026:07:53:13 -0700] "POST /xmlrpc.php HTTP/1.1" 200 180 "-" "Mozilla/5.0 (Windows NT 10.0; Win64; x64) AppleWebKit/537.36 (KHTML, like Gecko) Chrome/114.0.0.0 Safari/537.36" 923 **0/923070**
208.109.41.231 - - [14/Apr/2026:07:53:18 -0700] "POST /wp-cron.php?doing_wp_cron=1776178398.3747439384460449218750 HTTP/1.1" 200 - "-" "WordPress/6.3.8; http://fuentesanza.es" 32 **0/32268**
216.73.216.141 - - [14/Apr/2026:07:53:18 -0700] "GET /category/melhores-2026/ HTTP/1.1" 200 26997 "-" "Mozilla/5.0 AppleWebKit/537.36 (KHTML, like Gecko; compatible; ClaudeBot/1.0; +claudebot@anthropic.com)" 921 **0/921452**
216.73.216.141 - - [14/Apr/2026:07:53:18 -0700] "GET /category/casino/ HTTP/1.1" 200 30907 "-" "Mozilla/5.0 AppleWebKit/537.36 (KHTML, like Gecko; compatible; ClaudeBot/1.0; +claudebot@anthropic.com)" 861 **0/861830**
185.153.197.91 - - [14/Apr/2026:07:53:21 -0700] "POST /xmlrpc.php HTTP/1.1" 200 14060 "-" "Mozilla/5.0 (Windows NT 10.0; Win64; x64) AppleWebKit/537.36 (KHTML, like Gecko) Chrome/114.0.0.0 Safari/537.36" 841 **0/841017**
185.153.197.91 - - [14/Apr/2026:07:53:25 -0700] "GET /uncategorized/schicke-weiteren-liedtext-in-betrieb-einen-kundenbetreuung-der-gangbar-casinos/ HTTP/1.1" 200 160200 "-" "Mozilla/5.0 (Windows NT 10.0; Win64; x64) AppleWebKit/537.36 (KHTML, like Gecko) Chrome/124.0.0.0 Safari/537.36" 493 **0/493451**
47.128.25.234 - - [14/Apr/2026:07:53:28 -0700] "GET /uncategorized/20-euro-turn-your-fortune-casino-bonus-bonus-exklusive-einzahlung-spielsaal-2025/ HTTP/1.1" 403 158719 "-" "Mozilla/5.0 (Linux; Android 5.0) AppleWebKit/537.36 (KHTML, like Gecko) Mobile Safari/537.36 (compatible; Bytespider; spider-feedback@bytedance.com)" 517 **0/517804**
47.128.25.234 - - [14/Apr/2026:07:53:29 -0700] "GET /wp-includes/css/dist/block-library/style.min.css?ver=6.3.8 HTTP/1.1" 404 50331 "http://fuentesanza.es/uncategorized/20-euro-turn-your-fortune-casino-bonus-bonus-exklusive-einzahlung-spielsaal-2025/" "Mozilla/5.0 (Linux; Android 5.0) AppleWebKit/537.36 (KHTML, like Gecko) Mobile Safari/537.36 (compatible; Bytespider; spider-feedback@bytedance.com)" 225 **0/225123**
47.128.25.234 - - [14/Apr/2026:07:53:31 -0700] "GET /wp-content/themes/twentytwelve/css/blocks.css?ver=20230213 HTTP/1.1" 404 50331 "http://fuentesanza.es/uncategorized/20-euro-turn-your-fortune-casino-bonus-bonus-exklusive-einzahlung-spielsaal-2025/" "Mozilla/5.0 (Linux; Android 5.0) AppleWebKit/537.36 (KHTML, like Gecko) Mobile Safari/537.36 (compatible; Bytespider; spider-feedback@bytedance.com)" 478 **0/478777**
47.128.25.234 - - [14/Apr/2026:07:53:31 -0700] "GET /wp-content/themes/twentytwelve/style.css?ver=20230808 HTTP/1.1" 404 50331 "http://fuentesanza.es/uncategorized/20-euro-turn-your-fortune-casino-bonus-bonus-exklusive-einzahlung-spielsaal-2025/" "Mozilla/5.0 (Linux; Android 5.0) AppleWebKit/537.36 (KHTML, like Gecko) Mobile Safari/537.36 (compatible; Bytespider; spider-feedback@bytedance.com)" 427 **0/427486**
47.128.25.234 - - [14/Apr/2026:07:53:31 -0700] "GET /wp-content/themes/twentytwelve/fonts/font-open-sans.css?ver=20230328 HTTP/1.1" 404 50331 "http://fuentesanza.es/uncategorized/20-euro-turn-your-fortune-casino-bonus-bonus-exklusive-einzahlung-spielsaal-2025/" "Mozilla/5.0 (Linux; Android 5.0) AppleWebKit/537.36 (KHTML, like Gecko) Mobile Safari/537.36 (compatible; Bytespider; spider-feedback@bytedance.com)" 414 **0/414950**
85.208.96.200 - - [14/Apr/2026:07:53:37 -0700] "GET /1win-bet-312/1win-apk-senegal-634/ HTTP/1.1" 200 29891 "-" "Mozilla/5.0 (compatible; SemrushBot/7~bl; +http://www.semrush.com/bot.html)" 756 **0/756658**
185.191.171.5 - - [14/Apr/2026:07:53:42 -0700] "GET /uncategorized/pajuskite-timekla-vietne-seit-puiku-losimo-laika-su-thunderstruck-losimo-automatu/ HTTP/1.1" 200 29809 "-" "Mozilla/5.0 (compatible; SemrushBot/7~bl; +http://www.semrush.com/bot.html)" 520 **0/520912**
85.208.96.210 - - [14/Apr/2026:07:53:48 -0700] "GET /1win-azerbaycan-550/1win-oyna-10/ HTTP/1.1" 200 30973 "-" "Mozilla/5.0 (compatible; SemrushBot/7~bl; +http://www.semrush.com/bot.html)" 567 **0/567365**
54.39.210.205 - - [14/Apr/2026:07:54:00 -0700] "GET /uncategorized/jetzt-mitmachen-je-tagesordnungspunkt-casinospiele-probieren-sie-es-doch-mal-aus-grose-boni/ HTTP/1.1" 200 29742 "-" "Mozilla/5.0 (compatible; AhrefsBot/7.0; +http://ahrefs.com/robot/)" 745 **0/745771**
13.154.16.99 - - [14/Apr/2026:07:54:01 -0700] "POST /xmlrpc.php HTTP/1.1" 200 180 "-" "Mozilla/5.0 (Windows NT 10.0; Win64; x64) AppleWebKit/537.36 (KHTML, like Gecko) Chrome/114.0.0.0 Safari/537.36" 1328 **1/1328794**
208.109.41.231 - - [14/Apr/2026:07:54:08 -0700] "POST /wp-cron.php?doing_wp_cron=1776178448.1442070007324218750000 HTTP/1.1" 200 - "-" "WordPress/6.3.8; http://fuentesanza.es" 22 **0/22809**
13.154.16.99 - - [14/Apr/2026:07:54:07 -0700] "POST /xmlrpc.php HTTP/1.1" 200 11753 "-" "Mozilla/5.0 (Windows NT 10.0; Win64; x64) AppleWebKit/537.36 (KHTML, like Gecko) Chrome/114.0.0.0 Safari/537.36" 557 **0/557049**
185.191.171.14 - - [14/Apr/2026:07:54:08 -0700] "GET /uncategorized/2026-gvenilir-casino-siteleri-en-yi-kazandran-slot-siteleri2826/ HTTP/1.1" 200 28681 "-" "Mozilla/5.0 (compatible; SemrushBot/7~bl; +http://www.semrush.com/bot.html)" 672 **0/672357**
13.154.16.99 - - [14/Apr/2026:07:54:09 -0700] "GET /uncategorized/1xbet-bonuslari-2025-promosyonlar-promo-kodlari-v%C9%99-pulsuz-m%C9%99rcl%C9%99r/ HTTP/1.1" 200 158342 "-" "Mozilla/5.0 (Windows NT 10.0; Win64; x64) AppleWebKit/537.36 (KHTML, like Gecko) Chrome/123.0.0.0 Safari/537.36 OPR/109.0.0.0" 346 **0/346146**
104.207.53.138 - - [14/Apr/2026:07:54:13 -0700] "GET /6/seven-online-casino-in-the-united-kingdom-a-review-for-2024-players/ HTTP/1.1" 200 26994 "http://fuentesanza.es/" "Mozilla/5.0 (Windows NT 10.0; Win64; x64) AppleWebKit/537.36 (KHTML, like Gecko) Chrome/144.0.0.0 Safari/537.36" 872 **0/872160**
104.207.53.138 - - [14/Apr/2026:07:54:15 -0700] "GET /1win-registratsiya-168/1win-bet-496/ HTTP/1.1" 200 30686 "http://fuentesanza.es/6/seven-online-casino-in-the-united-kingdom-a-review-for-2024-players/" "Mozilla/5.0 (Windows NT 10.0; Win64; x64) AppleWebKit/537.36 (KHTML, like Gecko) Chrome/144.0.0.0 Safari/537.36" 728 **0/728450**
104.207.53.138 - - [14/Apr/2026:07:54:16 -0700] "GET /wp-includes/css/dist/block-library/style.min.css?ver=6.3.8 HTTP/1.1" 200 12822 "http://fuentesanza.es/1win-registratsiya-168/1win-bet-496/" "Mozilla/5.0 (Windows NT 10.0; Win64; x64) AppleWebKit/537.36 (KHTML, like Gecko) Chrome/145.0.0.0 Safari/537.36" 18 **0/18321**
104.207.53.138 - - [14/Apr/2026:07:54:16 -0700] "GET /wp-content/themes/twentytwelve/fonts/font-open-sans.css?ver=20230328 HTTP/1.1" 200 829 "http://fuentesanza.es/1win-registratsiya-168/1win-bet-496/" "Mozilla/5.0 (Windows NT 10.0; Win64; x64) AppleWebKit/537.36 (KHTML, like Gecko) Chrome/145.0.0.0 Safari/537.36" 12 **0/12479**
104.207.53.138 - - [14/Apr/2026:07:54:17 -0700] "GET /wp-content/themes/twentytwelve/style.css?ver=20230808 HTTP/1.1" 200 7924 "http://fuentesanza.es/1win-registratsiya-168/1win-bet-496/" "Mozilla/5.0 (Windows NT 10.0; Win64; x64) AppleWebKit/537.36 (KHTML, like Gecko) Chrome/145.0.0.0 Safari/537.36" 16 **0/16956**
104.207.53.138 - - [14/Apr/2026:07:54:17 -0700] "GET /wp-content/themes/twentytwelve/css/blocks.css?ver=20230213 HTTP/1.1" 200 1744 "http://fuentesanza.es/1win-registratsiya-168/1win-bet-496/" "Mozilla/5.0 (Windows NT 10.0; Win64; x64) AppleWebKit/537.36 (KHTML, like Gecko) Chrome/145.0.0.0 Safari/537.36" 12 **0/12290**
185.191.171.11 - - [14/Apr/2026:07:54:20 -0700] "GET /lemon-casino-50-free-spins-448/lemon-casino-pl-492/ HTTP/1.1" 200 32574 "-" "Mozilla/5.0 (compatible; SemrushBot/7~bl; +http://www.semrush.com/bot.html)" 671 **0/671880**
66.249.73.5 - - [14/Apr/2026:07:54:25 -0700] "GET /?f=71141259056 HTTP/1.1" 200 39442 "-" "Mozilla/5.0 (Linux; Android 6.0.1; Nexus 5X Build/MMB29P) AppleWebKit/537.36 (KHTML, like Gecko) Chrome/146.0.7680.177 Mobile Safari/537.36 (compatible; Googlebot/2.1; +http://www.google.com/bot.html)" 576 **0/576706**
66.249.73.6 - - [14/Apr/2026:07:54:27 -0700] "GET /?f=7114110977 HTTP/1.1" 200 39442 "-" "Mozilla/5.0 (Linux; Android 6.0.1; Nexus 5X Build/MMB29P) AppleWebKit/537.36 (KHTML, like Gecko) Chrome/146.0.7680.177 Mobile Safari/537.36 (compatible; Googlebot/2.1; +http://www.google.com/bot.html)" 397 **0/397764**
104.207.53.138 - - [14/Apr/2026:07:54:18 -0700] "POST /wp-comments-post.php HTTP/1.1" 302 1 "http://fuentesanza.es/1win-registratsiya-168/1win-bet-496/" "Mozilla/5.0 (Windows NT 10.0; Win64; x64) AppleWebKit/537.36 (KHTML, like Gecko) Chrome/144.0.0.0 Safari/537.36" 11896 **11/11896211**
104.207.53.138 - - [14/Apr/2026:07:54:30 -0700] "GET /1win-registratsiya-168/1win-bet-496/?unapproved=965&moderation-hash=317e114520cc200bdd1179f514d07646 HTTP/1.1" 200 31261 "http://fuentesanza.es/wp-comments-post.php" "Mozilla/5.0 (Windows NT 10.0; Win64; x64) AppleWebKit/537.36 (KHTML, like Gecko) Chrome/144.0.0.0 Safari/537.36" 620 **0/620402**
104.207.53.138 - - [14/Apr/2026:07:54:31 -0700] "GET /1win-registratsiya-168/1win-bet-496/ HTTP/1.1" 200 30686 "-" "Mozilla/5.0 (compatible; Googlebot/2.1; +http://www.google.com/bot.html)" 1394 **1/1394105**
85.208.96.201 - - [14/Apr/2026:07:54:32 -0700] "GET /uncategorized/nachfolgende-besten-online-book-of-ra-casino-spielsaal-boni-in-deutschland-2026/ HTTP/1.1" 200 30294 "-" "Mozilla/5.0 (compatible; SemrushBot/7~bl; +http://www.semrush.com/bot.html)" 529 **0/529395**
185.191.171.14 - - [14/Apr/2026:07:54:45 -0700] "GET /uncategorized/angeschlossen-spielbank-via-hoher-gewinnchance-spiele-unter-einsatz-von-tagesordnungspunkt-rtp/ HTTP/1.1" 200 32861 "-" "Mozilla/5.0 (compatible; SemrushBot/7~bl; +http://www.semrush.com/bot.html)" 1841 **1/1841144**
185.153.197.91 - - [14/Apr/2026:07:54:48 -0700] "POST /xmlrpc.php HTTP/1.1" 200 180 "-" "Mozilla/5.0 (Windows NT 10.0; Win64; x64) AppleWebKit/537.36 (KHTML, like Gecko) Chrome/114.0.0.0 Safari/537.36" 1117 **1/1117815**
208.109.41.231 - - [14/Apr/2026:07:54:55 -0700] "POST /wp-cron.php?doing_wp_cron=1776178495.2258889675140380859375 HTTP/1.1" 200 - "-" "WordPress/6.3.8; http://fuentesanza.es" 106 **0/106170**
185.153.197.91 - - [14/Apr/2026:07:54:54 -0700] "POST /xmlrpc.php HTTP/1.1" 200 9773 "-" "Mozilla/5.0 (Windows NT 10.0; Win64; x64) AppleWebKit/537.36 (KHTML, like Gecko) Chrome/114.0.0.0 Safari/537.36" 626 **0/626623**
85.208.96.210 - - [14/Apr/2026:07:54:58 -0700] "GET /uncategorized/%CE%B4%CF%81%CE%B1%CF%83%CF%84%CE%B7%CF%81%CE%B9%CF%8C%CF%84%CE%B7%CF%84%CE%B1-%CE%B1%CF%80%CF%8C-%CF%84%CE%BF-%CF%83%CF%80%CE%AF%CF%84%CE%B9-%CE%B3%CE%B9%CE%B1-online-%CE%BA%CE%B1%CE%B6%CE%AF%CE%BD/ HTTP/1.1" 200 31371 "-" "Mozilla/5.0 (compatible; SemrushBot/7~bl; +http://www.semrush.com/bot.html)" 918 **0/918008**
185.153.197.91 - - [14/Apr/2026:07:54:59 -0700] "GET /uncategorized/uber-das-hauptmenu-konnen-sie-von-allen-casinoseiten-aus-problemlos-auf-diese-registerkarte-werbeaktionen-zugreifen/ HTTP/1.1" 200 156386 "-" "Mozilla/5.0 (Windows NT 10.0; Win64; x64) AppleWebKit/537.36 (KHTML, like Gecko) Chrome/122.0.0.0 Safari/537.36" 514 **0/514359**
185.191.171.14 - - [14/Apr/2026:07:55:21 -0700] "GET /1win-registratsiya-581/1win-skachat-819/ HTTP/1.1" 200 32350 "-" "Mozilla/5.0 (compatible; SemrushBot/7~bl; +http://www.semrush.com/bot.html)" 757 **0/757849**
114.119.129.24 - - [14/Apr/2026:07:55:29 -0700] "GET /uncategorized/totally-free-revolves-codes-and-you-may-incentives/ HTTP/1.1" 200 29909 "http://fuentesanza.es/uncategorized/jackpot-jill-player-guide-for-australian-users-2/" "Mozilla/5.0 (Linux; Android 7.0;) AppleWebKit/537.36 (KHTML, like Gecko) Mobile Safari/537.36 (compatible; PetalBot;+https://webmaster.petalsearch.com/site/petalbot)" 462 **0/462936**
148.113.128.253 - - [14/Apr/2026:07:55:30 -0700] "GET /tag/sky247-app-login/ HTTP/1.1" 200 33766 "-" "Mozilla/5.0 (compatible; AhrefsBot/7.0; +http://ahrefs.com/robot/)" 895 **0/895906**
185.191.171.9 - - [14/Apr/2026:07:55:54 -0700] "GET /uncategorized/tx-tech-versus-alabama-chance-to-own-february-madness-ncaa-tournament-game/ HTTP/1.1" 200 32034 "-" "Mozilla/5.0 (compatible; SemrushBot/7~bl; +http://www.semrush.com/bot.html)" 490 **0/490719**
185.191.171.1 - - [14/Apr/2026:07:56:02 -0700] "GET /uncategorized/rise-of-ones-gladiator-online-game/ HTTP/1.1" 200 31876 "-" "Mozilla/5.0 (compatible; SemrushBot/7~bl; +http://www.semrush.com/bot.html)" 793 **0/793117**
185.191.171.11 - - [14/Apr/2026:07:56:18 -0700] "GET /uncategorized/cosmic-fortune-free-slot-demo-play-now-top-netent-casinos/ HTTP/1.1" 200 31292 "-" "Mozilla/5.0 (compatible; SemrushBot/7~bl; +http://www.semrush.com/bot.html)" 452 **0/452256**
114.119.141.83 - - [14/Apr/2026:07:56:22 -0700] "GET /uncategorized/top-casinos-on-the-internet-for-real-money-gamble-in-the-us-feb-2026/ HTTP/1.1" 200 31780 "http://fuentesanza.es/uncategorized/spielsaal-maklercourtage-nur-einzahlung-zweiter-monat-des-jahres-2026-aktuelle-register/" "Mozilla/5.0 (Linux; Android 7.0;) AppleWebKit/537.36 (KHTML, like Gecko) Mobile Safari/537.36 (compatible; PetalBot;+https://webmaster.petalsearch.com/site/petalbot)" 576 **0/576408**
185.191.171.1 - - [14/Apr/2026:07:56:25 -0700] "GET /uncategorized/diskussion-eingeschaltet-bord-spielsaal-kiel-sailing-city-hauptstadt-von-norwegen/ HTTP/1.1" 200 31658 "-" "Mozilla/5.0 (compatible; SemrushBot/7~bl; +http://www.semrush.com/bot.html)" 519 **0/519865**
185.153.197.91 - - [14/Apr/2026:07:56:34 -0700] "POST /xmlrpc.php HTTP/1.1" 200 180 "-" "Mozilla/5.0 (Windows NT 10.0; Win64; x64) AppleWebKit/537.36 (KHTML, like Gecko) Chrome/114.0.0.0 Safari/537.36" 749 **0/749668**
208.109.41.231 - - [14/Apr/2026:07:56:41 -0700] "POST /wp-cron.php?doing_wp_cron=1776178601.5520451068878173828125 HTTP/1.1" 200 - "-" "WordPress/6.3.8; http://fuentesanza.es" 28 **0/28373**
185.191.171.4 - - [14/Apr/2026:07:56:41 -0700] "GET /category/1win-app-download-264/ HTTP/1.1" 200 41639 "-" "Mozilla/5.0 (compatible; SemrushBot/7~bl; +http://www.semrush.com/bot.html)" 749 **0/749237**
185.153.197.91 - - [14/Apr/2026:07:56:42 -0700] "POST /xmlrpc.php HTTP/1.1" 200 9764 "-" "Mozilla/5.0 (Windows NT 10.0; Win64; x64) AppleWebKit/537.36 (KHTML, like Gecko) Chrome/114.0.0.0 Safari/537.36" 434 **0/434232**
185.153.197.91 - - [14/Apr/2026:07:56:44 -0700] "GET /uncategorized/welche-im-stande-sein-within-zwei-einzahlen-abweichen-unter-anderem-angewandten-kundenbetreuung-inside-interessenverband-lagern-via/ HTTP/1.1" 200 156793 "-" "Mozilla/5.0 (Windows NT 10.0; Win64; x64) AppleWebKit/537.36 (KHTML, like Gecko) Chrome/124.0.0.0 Safari/537.36 Edg/124.0.0.0" 442 **0/442382**
185.191.171.8 - - [14/Apr/2026:07:56:44 -0700] "GET /uncategorized/best-united-states-on-line-casino-bonuses-and-sign-up-also-provides-2026/ HTTP/1.1" 200 30742 "-" "Mozilla/5.0 (compatible; SemrushBot/7~bl; +http://www.semrush.com/bot.html)" 420 **0/420799**
167.114.139.11 - - [14/Apr/2026:07:56:56 -0700] "GET /uncategorized/online-spiele-uber-echtem-piepen-01-2026-gesamtschau-qua-beliebte-glucksspieler/feed/ HTTP/1.1" 200 487 "-" "Mozilla/5.0 (compatible; AhrefsBot/7.0; +http://ahrefs.com/robot/)" 521 **0/521547**
185.191.171.4 - - [14/Apr/2026:07:57:10 -0700] "GET /2026/03/ HTTP/1.1" 200 45633 "-" "Mozilla/5.0 (compatible; SemrushBot/7~bl; +http://www.semrush.com/bot.html)" 913 **0/913275**
66.249.73.4 - - [14/Apr/2026:07:57:12 -0700] "GET /?i=20912193621 HTTP/1.1" 200 40547 "-" "Mozilla/5.0 (Linux; Android 6.0.1; Nexus 5X Build/MMB29P) AppleWebKit/537.36 (KHTML, like Gecko) Chrome/146.0.7680.177 Mobile Safari/537.36 (compatible; Googlebot/2.1; +http://www.google.com/bot.html)" 674 **0/674530**
66.249.73.5 - - [14/Apr/2026:07:57:16 -0700] "GET /?w=36370208691 HTTP/1.1" 404 11349 "-" "Mozilla/5.0 (Linux; Android 6.0.1; Nexus 5X Build/MMB29P) AppleWebKit/537.36 (KHTML, like Gecko) Chrome/146.0.7680.177 Mobile Safari/537.36 (compatible; Googlebot/2.1; +http://www.google.com/bot.html)" 288 **0/288349**
13.154.16.99 - - [14/Apr/2026:07:57:27 -0700] "POST /xmlrpc.php HTTP/1.1" 200 180 "-" "Mozilla/5.0 (Windows NT 10.0; Win64; x64) AppleWebKit/537.36 (KHTML, like Gecko) Chrome/114.0.0.0 Safari/537.36" 849 **0/849688**
208.109.41.231 - - [14/Apr/2026:07:57:34 -0700] "POST /wp-cron.php?doing_wp_cron=1776178654.5680260658264160156250 HTTP/1.1" 200 - "-" "WordPress/6.3.8; http://fuentesanza.es" 26 **0/26199**
13.154.16.99 - - [14/Apr/2026:07:57:34 -0700] "POST /xmlrpc.php HTTP/1.1" 200 8107 "-" "Mozilla/5.0 (Windows NT 10.0; Win64; x64) AppleWebKit/537.36 (KHTML, like Gecko) Chrome/114.0.0.0 Safari/537.36" 575 **0/575663**
13.154.16.99 - - [14/Apr/2026:07:57:35 -0700] "GET /uncategorized/1xbet-kuponlari-1xbet-d%C9%99n-2021-ci-il-ucun-etibarli-kupon/ HTTP/1.1" 200 154912 "-" "Mozilla/5.0 (Windows NT 10.0; Win64; x64) AppleWebKit/537.36 (KHTML, like Gecko) Chrome/123.0.0.0 Safari/537.36 OPR/109.0.0.0" 650 **0/650541**
85.208.96.195 - - [14/Apr/2026:07:57:35 -0700] "GET /tag/party-casino-app/ HTTP/1.1" 200 36419 "-" "Mozilla/5.0 (compatible; SemrushBot/7~bl; +http://www.semrush.com/bot.html)" 551 **0/551201**
185.191.171.4 - - [14/Apr/2026:07:57:43 -0700] "GET /uncategorized/valor-2025-luncheon-identification-of-provider-jamul-casino-lodge-4-december-2025/ HTTP/1.1" 200 31479 "-" "Mozilla/5.0 (compatible; SemrushBot/7~bl; +http://www.semrush.com/bot.html)" 291 **0/291165**
5.78.159.87 - - [14/Apr/2026:07:57:52 -0700] "POST /xmlrpc.php HTTP/1.1" 200 102 "-" "Mozilla/5.0 (Windows NT 10.0; Win64; x64) AppleWebKit/537.36 (KHTML, like Gecko) Chrome/108.0.0.0 Safari/537.36" 366 **0/366913**
5.78.159.87 - - [14/Apr/2026:07:57:52 -0700] "POST /xmlrpc.php HTTP/1.1" 200 96 "-" "Mozilla/5.0 (Windows NT 10.0; Win64; x64) AppleWebKit/537.36 (KHTML, like Gecko) Chrome/108.0.0.0 Safari/537.36" 352 **0/352559**
212.47.78.120 - - [14/Apr/2026:07:58:13 -0700] "GET / HTTP/1.1" 200 44627 "-" "Go-http-client/1.1" 333 **0/333823**
212.47.78.120 - - [14/Apr/2026:07:58:13 -0700] "GET /wp-includes/css/buttons.css HTTP/1.1" 200 2472 "-" "Go-http-client/1.1" 16 **0/16519**
185.191.171.5 - - [14/Apr/2026:07:58:16 -0700] "GET /uncategorized/nowoczesne-automaty-crystal-ball-jackpot-slot-vendingowe/ HTTP/1.1" 200 32204 "-" "Mozilla/5.0 (compatible; SemrushBot/7~bl; +http://www.semrush.com/bot.html)" 283 **0/283614**
51.161.37.53 - - [14/Apr/2026:07:58:18 -0700] "GET /tag/chicken-road-game-review/ HTTP/1.1" 200 28541 "-" "Mozilla/5.0 (compatible; AhrefsBot/7.0; +http://ahrefs.com/robot/)" 270 **0/270873**
185.191.171.15 - - [14/Apr/2026:07:58:34 -0700] "GET /uncategorized/hoedanig-kikkers-hu-domein-brandmerken-watten-jij-casino-bonanza-mogen-begrijpen/ HTTP/1.1" 200 32041 "-" "Mozilla/5.0 (compatible; SemrushBot/7~bl; +http://www.semrush.com/bot.html)" 264 **0/264299**
185.153.197.91 - - [14/Apr/2026:07:58:36 -0700] "POST /xmlrpc.php HTTP/1.1" 200 180 "-" "Mozilla/5.0 (Windows NT 10.0; Win64; x64) AppleWebKit/537.36 (KHTML, like Gecko) Chrome/114.0.0.0 Safari/537.36" 507 **0/507651**
208.109.41.231 - - [14/Apr/2026:07:58:43 -0700] "POST /wp-cron.php?doing_wp_cron=1776178723.6821939945220947265625 HTTP/1.1" 200 - "-" "WordPress/6.3.8; http://fuentesanza.es" 22 **0/22885**
185.153.197.91 - - [14/Apr/2026:07:58:43 -0700] "POST /xmlrpc.php HTTP/1.1" 200 11808 "-" "Mozilla/5.0 (Windows NT 10.0; Win64; x64) AppleWebKit/537.36 (KHTML, like Gecko) Chrome/114.0.0.0 Safari/537.36" 407 **0/407578**
185.153.197.91 - - [14/Apr/2026:07:58:45 -0700] "GET /uncategorized/unser-erfolgreichsten-anstrengen-hinein-dies-raum-online-casino-buchmacher-within-supernova-casino-trustpilot/ HTTP/1.1" 200 158714 "-" "Mozilla/5.0 (Windows NT 10.0; Win64; x64) AppleWebKit/537.36 (KHTML, like Gecko) Chrome/124.0.0.0 Safari/537.36" 377 **0/377661**
193.194.106.44 - - [14/Apr/2026:07:58:53 -0700] "GET /robots.txt HTTP/1.1" 200 105 "-" "Mozilla/5.0 (Linux; Android 6.0.1; Nexus 5X Build/MMB29P) AppleWebKit/537.36 (KHTML, like Gecko) Chrome/139.0.7258.156 Mobile Safari/537.36 (compatible; Googlebot/2.1; +http://www.google.com/bot.html)" 35 **0/35736**
85.208.96.201 - - [14/Apr/2026:07:58:52 -0700] "GET /uncategorized/enjoy-bikini-group-video-slot-100percent-free-lobstermania-2-casino-2026/ HTTP/1.1" 200 31334 "-" "Mozilla/5.0 (compatible; SemrushBot/7~bl; +http://www.semrush.com/bot.html)" 472 **0/472658**
193.194.106.44 - - [14/Apr/2026:07:58:53 -0700] "GET /uncategorized/oscar-spin-action-de-machine-a-sous-rapide-pour-le-joueur-moderne/ HTTP/1.1" 200 29930 "-" "Mozilla/5.0 (Linux; Android 6.0.1; Nexus 5X Build/MMB29P) AppleWebKit/537.36 (KHTML, like Gecko) Chrome/139.0.7258.156 Mobile Safari/537.36 (compatible; Googlebot/2.1; +http://www.google.com/bot.html)" 441 **0/441107**
185.191.171.15 - - [14/Apr/2026:07:58:55 -0700] "GET /uncategorized/thunderstrucki-sadamad-avastage-kas-yoyospins-on-turvaline-100-tasuta-keerutusi-ja-uskumatuid-auhindu/ HTTP/1.1" 200 30027 "-" "Mozilla/5.0 (compatible; SemrushBot/7~bl; +http://www.semrush.com/bot.html)" 415 **0/415062**
85.208.96.206 - - [14/Apr/2026:07:59:01 -0700] "GET /uncategorized/genius-of-ounce-way-to-amber-area-harbors-play-on-the-web-for-totally-free/ HTTP/1.1" 200 30759 "-" "Mozilla/5.0 (compatible; SemrushBot/7~bl; +http://www.semrush.com/bot.html)" 567 **0/567542**
85.208.96.207 - - [14/Apr/2026:07:59:14 -0700] "GET /1win-skachat-683/1win-skachat-839/ HTTP/1.1" 200 34445 "-" "Mozilla/5.0 (compatible; SemrushBot/7~bl; +http://www.semrush.com/bot.html)" 414 **0/414373**
54.39.203.167 - - [14/Apr/2026:07:59:15 -0700] "GET /4/mp227grt/feed/ HTTP/1.1" 200 399 "-" "Mozilla/5.0 (compatible; AhrefsBot/7.0; +http://ahrefs.com/robot/)" 451 **0/451486**
185.153.197.91 - - [14/Apr/2026:08:00:00 -0700] "POST /xmlrpc.php HTTP/1.1" 200 180 "-" "Mozilla/5.0 (Windows NT 10.0; Win64; x64) AppleWebKit/537.36 (KHTML, like Gecko) Chrome/114.0.0.0 Safari/537.36" 2203 **2/2203972**
208.109.41.231 - - [14/Apr/2026:08:00:08 -0700] "POST /wp-cron.php?doing_wp_cron=1776178808.9107890129089355468750 HTTP/1.1" 200 - "-" "WordPress/6.3.8; http://fuentesanza.es" 85 **0/85381**
185.153.197.91 - - [14/Apr/2026:08:00:08 -0700] "POST /xmlrpc.php HTTP/1.1" 200 9444 "-" "Mozilla/5.0 (Windows NT 10.0; Win64; x64) AppleWebKit/537.36 (KHTML, like Gecko) Chrome/114.0.0.0 Safari/537.36" 749 **0/749717**
185.153.197.91 - - [14/Apr/2026:08:00:11 -0700] "GET /uncategorized/somit-prasentation-moglich-casinos-diesseitigen-with-out-deposit-vermittlungsgebuhr-oder-freispiele/ HTTP/1.1" 200 156275 "-" "Mozilla/5.0 (Windows NT 10.0; Win64; x64) AppleWebKit/537.36 (KHTML, like Gecko) Chrome/124.0.0.0 Safari/537.36" 984 **0/984190**
13.154.16.99 - - [14/Apr/2026:08:00:24 -0700] "POST /xmlrpc.php HTTP/1.1" 200 180 "-" "Mozilla/5.0 (Windows NT 10.0; Win64; x64) AppleWebKit/537.36 (KHTML, like Gecko) Chrome/114.0.0.0 Safari/537.36" 1212 **1/1212378**
216.26.240.32 - - [14/Apr/2026:08:00:24 -0700] "GET /1win-registratsiya-168/1win-bet-496/ HTTP/1.1" 200 30915 "-" "Mozilla/5.0 (compatible; Googlebot/2.1; +http://www.google.com/bot.html)" 2172 **2/2172405**
208.109.41.231 - - [14/Apr/2026:08:00:26 -0700] "POST /wp-cron.php?doing_wp_cron=1776178826.6007258892059326171875 HTTP/1.1" 200 - "-" "WordPress/6.3.8; http://fuentesanza.es" 35 **0/35990**
85.208.96.198 - - [14/Apr/2026:08:00:26 -0700] "GET /1win-casino-560/1win-sait-847/ HTTP/1.1" 200 33012 "-" "Mozilla/5.0 (compatible; SemrushBot/7~bl; +http://www.semrush.com/bot.html)" 1301 **1/1301570**
142.44.220.156 - - [14/Apr/2026:08:00:27 -0700] "GET /uncategorized/demo-gokkasten/feed/ HTTP/1.1" 200 412 "-" "Mozilla/5.0 (compatible; AhrefsBot/7.0; +http://ahrefs.com/robot/)" 694 **0/694920**
185.191.171.16 - - [14/Apr/2026:08:00:29 -0700] "GET /uncategorized/dr-bet-welcome-incentive-finest-on-line-casino-extra-in-year-of-the-rooster-150-free-spins-the-2026/ HTTP/1.1" 200 31409 "-" "Mozilla/5.0 (compatible; SemrushBot/7~bl; +http://www.semrush.com/bot.html)" 699 **0/699796**
13.154.16.99 - - [14/Apr/2026:08:00:31 -0700] "POST /xmlrpc.php HTTP/1.1" 200 11255 "-" "Mozilla/5.0 (Windows NT 10.0; Win64; x64) AppleWebKit/537.36 (KHTML, like Gecko) Chrome/114.0.0.0 Safari/537.36" 591 **0/591598**
13.154.16.99 - - [14/Apr/2026:08:00:32 -0700] "GET /uncategorized/gornyak-rudny-saryarka-proqnozlar-03-mart-2026-m%C9%99rcl%C9%99r-hockey-1xbet-qazaxistan-cempionati/ HTTP/1.1" 200 158015 "-" "Mozilla/5.0 (Windows NT 10.0; rv:125.0) Gecko/20100101 Firefox/125.0" 587 **0/587990**
185.191.171.16 - - [14/Apr/2026:08:00:44 -0700] "GET /uncategorized/10-better-australian-casino-playamo-login-pokies-playing-online-in-the-2026/ HTTP/1.1" 200 30269 "-" "Mozilla/5.0 (compatible; SemrushBot/7~bl; +http://www.semrush.com/bot.html)" 1015 **1/1015717**
