File: /home/mediabou/access-logs/fuentesanza.dcpty.com
114.119.141.83 - - [14/Apr/2026:05:11:51 -0700] "GET /uncategorized/online-slots-gamble-5000-100-percent-free-position-online-game-instantly/ HTTP/1.1" 200 31274 "http://fuentesanza.es/uncategorized/pharaohs-fortune-slot-remark-gambling-enterprise-de-dinheiro-genuine-play-totally-free-belzebu-2026/" "Mozilla/5.0 (Linux; Android 7.0;) AppleWebKit/537.36 (KHTML, like Gecko) Mobile Safari/537.36 (compatible; PetalBot;+https://webmaster.petalsearch.com/site/petalbot)" 225 **0/225815**
85.208.96.211 - - [14/Apr/2026:05:11:56 -0700] "GET /category/mostbet-prihlaseni-443/ HTTP/1.1" 200 37762 "-" "Mozilla/5.0 (compatible; SemrushBot/7~bl; +http://www.semrush.com/bot.html)" 495 **0/495205**
147.135.213.234 - - [14/Apr/2026:05:12:06 -0700] "GET /robots.txt HTTP/1.1" 200 257 "-" "Mozilla/5.0 (compatible; MJ12bot/v1.4.8; http://mj12bot.com/)" 9 **0/9903**
103.219.169.195 - - [14/Apr/2026:05:12:04 -0700] "POST /xmlrpc.php HTTP/1.1" 200 180 "-" "Mozilla/5.0 (Windows NT 10.0; Win64; x64) AppleWebKit/537.36 (KHTML, like Gecko) Chrome/114.0.0.0 Safari/537.36" 1748 **1/1748834**
208.109.41.231 - - [14/Apr/2026:05:12:07 -0700] "POST /wp-cron.php?doing_wp_cron=1776168727.8912398815155029296875 HTTP/1.1" 200 - "-" "WordPress/6.3.8; http://fuentesanza.es" 35 **0/35075**
147.135.213.234 - - [14/Apr/2026:05:12:07 -0700] "GET /other/laki-world-%D0%BE%D1%84%D0%B8%D1%86%D0%B8%D0%B0%D0%BB%D1%8C%D0%BD%D1%8B%D0%B9-%D1%81%D0%B0%D0%B9%D1%82-%D0%B0%D0%BA%D1%82%D1%83%D0%B0%D0%BB%D1%8C%D0%BD%D0%B0%D1%8F-%D0%B8%D0%BD%D1%84%D0%BE/ HTTP/1.1" 200 30546 "-" "Mozilla/5.0 (compatible; MJ12bot/v1.4.8; http://mj12bot.com/)" 612 **0/612338**
147.135.213.234 - - [14/Apr/2026:05:12:09 -0700] "GET /tag/%D0%BC%D0%BE%D1%81%D1%82%D0%B1%D0%B5%D1%82-%D0%BA%D0%B3/ HTTP/1.1" 200 25915 "-" "Mozilla/5.0 (compatible; MJ12bot/v1.4.8; http://mj12bot.com/)" 362 **0/362509**
103.219.169.195 - - [14/Apr/2026:05:12:12 -0700] "POST /xmlrpc.php HTTP/1.1" 200 12361 "-" "Mozilla/5.0 (Windows NT 10.0; Win64; x64) AppleWebKit/537.36 (KHTML, like Gecko) Chrome/114.0.0.0 Safari/537.36" 469 **0/469392**
103.219.169.195 - - [14/Apr/2026:05:12:13 -0700] "GET /uncategorized/n1-gambling-enterprise-remark-2026-are-n1-local-casino-reputable-prospect-hall-casino-login-legitimate/ HTTP/1.1" 200 158623 "-" "Mozilla/5.0 (Windows NT 10.0; rv:125.0) Gecko/20100101 Firefox/125.0" 299 **0/299582**
85.208.96.200 - - [14/Apr/2026:05:12:16 -0700] "GET /category/1vin-977/ HTTP/1.1" 200 41806 "-" "Mozilla/5.0 (compatible; SemrushBot/7~bl; +http://www.semrush.com/bot.html)" 402 **0/402960**
66.249.73.5 - - [14/Apr/2026:05:12:20 -0700] "GET /?p=20659119534 HTTP/1.1" 404 11349 "-" "Mozilla/5.0 (Linux; Android 6.0.1; Nexus 5X Build/MMB29P) AppleWebKit/537.36 (KHTML, like Gecko) Chrome/146.0.7680.177 Mobile Safari/537.36 (compatible; Googlebot/2.1; +http://www.google.com/bot.html)" 222 **0/222667**
66.249.73.5 - - [14/Apr/2026:05:12:20 -0700] "GET /?i=5169696146 HTTP/1.1" 200 29505 "-" "Mozilla/5.0 (Linux; Android 6.0.1; Nexus 5X Build/MMB29P) AppleWebKit/537.36 (KHTML, like Gecko) Chrome/146.0.7680.177 Mobile Safari/537.36 (compatible; Googlebot/2.1; +http://www.google.com/bot.html)" 463 **0/463751**
66.249.73.4 - - [14/Apr/2026:05:12:20 -0700] "GET /?m=31108276153 HTTP/1.1" 404 11349 "-" "Mozilla/5.0 (Linux; Android 6.0.1; Nexus 5X Build/MMB29P) AppleWebKit/537.36 (KHTML, like Gecko) Chrome/146.0.7680.177 Mobile Safari/537.36 (compatible; Googlebot/2.1; +http://www.google.com/bot.html)" 292 **0/292987**
66.249.73.5 - - [14/Apr/2026:05:12:26 -0700] "GET /?c=8416462248 HTTP/1.1" 200 29505 "-" "Mozilla/5.0 (Linux; Android 6.0.1; Nexus 5X Build/MMB29P) AppleWebKit/537.36 (KHTML, like Gecko) Chrome/146.0.7680.177 Mobile Safari/537.36 (compatible; Googlebot/2.1; +http://www.google.com/bot.html)" 321 **0/321280**
54.39.136.7 - - [14/Apr/2026:05:12:30 -0700] "GET /pin-up-bet-login-329/pin-up-registration-226/ HTTP/1.1" 200 30846 "-" "Mozilla/5.0 (compatible; AhrefsBot/7.0; +http://ahrefs.com/robot/)" 424 **0/424144**
66.249.73.4 - - [14/Apr/2026:05:12:32 -0700] "GET /?p=2065918337 HTTP/1.1" 404 11349 "-" "Mozilla/5.0 (Linux; Android 6.0.1; Nexus 5X Build/MMB29P) AppleWebKit/537.36 (KHTML, like Gecko) Chrome/146.0.7680.177 Mobile Safari/537.36 (compatible; Googlebot/2.1; +http://www.google.com/bot.html)" 168 **0/168603**
185.191.171.11 - - [14/Apr/2026:05:12:40 -0700] "GET /puntoscommesse-recensioni-894/punto-scommesse-recensioni-70/ HTTP/1.1" 200 34864 "-" "Mozilla/5.0 (compatible; SemrushBot/7~bl; +http://www.semrush.com/bot.html)" 330 **0/330574**
114.119.136.150 - - [14/Apr/2026:05:12:44 -0700] "GET /uncategorized/online-slots-a-real-income-2026-better-video-game-bonuses-jackpots/ HTTP/1.1" 200 31580 "http://fuentesanza.es/uncategorized/weight-santa-position-play-bridesmaids-slots-complete-comment-complete-guide-and-you-can-demonstration-adaptation/" "Mozilla/5.0 (Linux; Android 7.0;) AppleWebKit/537.36 (KHTML, like Gecko) Mobile Safari/537.36 (compatible; PetalBot;+https://webmaster.petalsearch.com/site/petalbot)" 292 **0/292259**
85.208.96.194 - - [14/Apr/2026:05:12:56 -0700] "GET /1win-promo-code-687/1win-bet-189/ HTTP/1.1" 200 33257 "-" "Mozilla/5.0 (compatible; SemrushBot/7~bl; +http://www.semrush.com/bot.html)" 290 **0/290683**
66.249.73.5 - - [14/Apr/2026:05:13:03 -0700] "GET /?i=5169691586 HTTP/1.1" 200 29505 "-" "Mozilla/5.0 (Linux; Android 6.0.1; Nexus 5X Build/MMB29P) AppleWebKit/537.36 (KHTML, like Gecko) Chrome/146.0.7680.177 Mobile Safari/537.36 (compatible; Googlebot/2.1; +http://www.google.com/bot.html)" 752 **0/752973**
66.249.73.4 - - [14/Apr/2026:05:13:04 -0700] "GET /?s=10106358227 HTTP/1.1" 200 24296 "-" "Mozilla/5.0 (Linux; Android 6.0.1; Nexus 5X Build/MMB29P) AppleWebKit/537.36 (KHTML, like Gecko) Chrome/146.0.7680.177 Mobile Safari/537.36 (compatible; Googlebot/2.1; +http://www.google.com/bot.html)" 3936 **3/3936676**
85.208.96.199 - - [14/Apr/2026:05:13:09 -0700] "GET /uncategorized/pharaohs-dream-casino-netbet-codigos-de-bonificacion-sin-deposito-tragaperras/ HTTP/1.1" 200 32169 "-" "Mozilla/5.0 (compatible; SemrushBot/7~bl; +http://www.semrush.com/bot.html)" 350 **0/350530**
85.208.96.211 - - [14/Apr/2026:05:13:14 -0700] "GET /uncategorized/dunder-casino-rerview-get-600-grad-celsius-200-fs-provision-2026/ HTTP/1.1" 200 32950 "-" "Mozilla/5.0 (compatible; SemrushBot/7~bl; +http://www.semrush.com/bot.html)" 757 **0/757791**
103.219.169.195 - - [14/Apr/2026:05:13:14 -0700] "POST /xmlrpc.php HTTP/1.1" 200 180 "-" "Mozilla/5.0 (Windows NT 10.0; Win64; x64) AppleWebKit/537.36 (KHTML, like Gecko) Chrome/114.0.0.0 Safari/537.36" 1702 **1/1702234**
208.109.41.231 - - [14/Apr/2026:05:13:23 -0700] "POST /wp-cron.php?doing_wp_cron=1776168803.2666270732879638671875 HTTP/1.1" 200 - "-" "WordPress/6.3.8; http://fuentesanza.es" 51 **0/51581**
66.249.73.4 - - [14/Apr/2026:05:13:23 -0700] "GET /?y=452901371 HTTP/1.1" 200 29442 "-" "Mozilla/5.0 (Linux; Android 6.0.1; Nexus 5X Build/MMB29P) AppleWebKit/537.36 (KHTML, like Gecko) Chrome/146.0.7680.177 Mobile Safari/537.36 (compatible; Googlebot/2.1; +http://www.google.com/bot.html)" 795 **0/795276**
103.219.169.195 - - [14/Apr/2026:05:13:24 -0700] "POST /xmlrpc.php HTTP/1.1" 200 14237 "-" "Mozilla/5.0 (Windows NT 10.0; Win64; x64) AppleWebKit/537.36 (KHTML, like Gecko) Chrome/114.0.0.0 Safari/537.36" 211 **0/211412**
103.219.169.195 - - [14/Apr/2026:05:13:25 -0700] "GET /uncategorized/n1-gambling-enterprise-review-2026-incentives-games-betfred-100-free-spins-no-deposit-a-lot-more/ HTTP/1.1" 200 160479 "-" "Mozilla/5.0 (Windows NT 10.0; rv:109.0) Gecko/20100101 Firefox/115.0" 389 **0/389640**
85.208.96.204 - - [14/Apr/2026:05:13:25 -0700] "GET /uncategorized/uber-uns-rimex-metals-die-spezialisten-fur-edelstahloberflachen/ HTTP/1.1" 200 30659 "-" "Mozilla/5.0 (compatible; SemrushBot/7~bl; +http://www.semrush.com/bot.html)" 657 **0/657202**
185.191.171.19 - - [14/Apr/2026:05:13:34 -0700] "GET /category/1win-promo-code-687/ HTTP/1.1" 200 41107 "-" "Mozilla/5.0 (compatible; SemrushBot/7~bl; +http://www.semrush.com/bot.html)" 454 **0/454402**
54.39.136.172 - - [14/Apr/2026:05:13:37 -0700] "GET /uncategorized/bank-slots-offlin-kosteloos-spelen/feed/ HTTP/1.1" 200 435 "-" "Mozilla/5.0 (compatible; AhrefsBot/7.0; +http://ahrefs.com/robot/)" 403 **0/403411**
66.249.73.4 - - [14/Apr/2026:05:13:46 -0700] "GET /?p=2065997091 HTTP/1.1" 404 11349 "-" "Mozilla/5.0 (Linux; Android 6.0.1; Nexus 5X Build/MMB29P) AppleWebKit/537.36 (KHTML, like Gecko) Chrome/146.0.7680.177 Mobile Safari/537.36 (compatible; Googlebot/2.1; +http://www.google.com/bot.html)" 201 **0/201440**
85.208.96.199 - - [14/Apr/2026:05:13:47 -0700] "GET /pin-up-online-casino-927/pin-up-online-casino-427/ HTTP/1.1" 200 30802 "-" "Mozilla/5.0 (compatible; SemrushBot/7~bl; +http://www.semrush.com/bot.html)" 367 **0/367975**
185.191.171.14 - - [14/Apr/2026:05:13:48 -0700] "GET /uncategorized/il-futuro-del-gioco-online-in-italia-analisi-e-prospettive-per-gli-addetti-ai-lavori-2/ HTTP/1.1" 200 29984 "-" "Mozilla/5.0 (compatible; SemrushBot/7~bl; +http://www.semrush.com/bot.html)" 437 **0/437732**
216.73.216.141 - - [14/Apr/2026:05:13:59 -0700] "GET /robots.txt HTTP/1.1" 200 92 "-" "Mozilla/5.0 AppleWebKit/537.36 (KHTML, like Gecko; compatible; ClaudeBot/1.0; +claudebot@anthropic.com)" 9 **0/9734**
216.73.216.141 - - [14/Apr/2026:05:13:59 -0700] "GET /sitemap744.xml HTTP/1.1" 404 11349 "-" "Mozilla/5.0 AppleWebKit/537.36 (KHTML, like Gecko; compatible; ClaudeBot/1.0; +claudebot@anthropic.com)" 250 **0/250979**
185.191.171.9 - - [14/Apr/2026:05:14:02 -0700] "GET /uncategorized/diamond-slot-slot-game-aplicaciones-en-google-play/ HTTP/1.1" 200 30835 "-" "Mozilla/5.0 (compatible; SemrushBot/7~bl; +http://www.semrush.com/bot.html)" 498 **0/498949**
66.249.73.6 - - [14/Apr/2026:05:14:17 -0700] "GET /?x=32835221822 HTTP/1.1" 200 29447 "-" "Mozilla/5.0 (Linux; Android 6.0.1; Nexus 5X Build/MMB29P) AppleWebKit/537.36 (KHTML, like Gecko) Chrome/146.0.7680.177 Mobile Safari/537.36 (compatible; Googlebot/2.1; +http://www.google.com/bot.html)" 362 **0/362720**
103.219.169.195 - - [14/Apr/2026:05:14:17 -0700] "POST /xmlrpc.php HTTP/1.1" 200 180 "-" "Mozilla/5.0 (Windows NT 10.0; Win64; x64) AppleWebKit/537.36 (KHTML, like Gecko) Chrome/114.0.0.0 Safari/537.36" 8461 **8/8461856**
208.109.41.231 - - [14/Apr/2026:05:14:31 -0700] "POST /wp-cron.php?doing_wp_cron=1776168871.5941429138183593750000 HTTP/1.1" 200 - "-" "WordPress/6.3.8; http://fuentesanza.es" 25 **0/25242**
66.249.73.5 - - [14/Apr/2026:05:14:31 -0700] "GET /?i=516966349 HTTP/1.1" 200 29336 "-" "Mozilla/5.0 (Linux; Android 6.0.1; Nexus 5X Build/MMB29P) AppleWebKit/537.36 (KHTML, like Gecko) Chrome/146.0.7680.177 Mobile Safari/537.36 (compatible; Googlebot/2.1; +http://www.google.com/bot.html)" 433 **0/433527**
51.161.65.135 - - [14/Apr/2026:05:14:41 -0700] "GET /uncategorized/gratis-spins-gij-top-5-gratis-spins-casino-bonussen-va-march-2026/feed/ HTTP/1.1" 200 456 "-" "Mozilla/5.0 (compatible; AhrefsBot/7.0; +http://ahrefs.com/robot/)" 479 **0/479769**
66.249.73.4 - - [14/Apr/2026:05:14:43 -0700] "GET /?c=841646270 HTTP/1.1" 200 29336 "-" "Mozilla/5.0 (Linux; Android 6.0.1; Nexus 5X Build/MMB29P) AppleWebKit/537.36 (KHTML, like Gecko) Chrome/146.0.7680.177 Mobile Safari/537.36 (compatible; Googlebot/2.1; +http://www.google.com/bot.html)" 371 **0/371071**
66.249.73.4 - - [14/Apr/2026:05:14:44 -0700] "GET /?y=45290263345 HTTP/1.1" 200 29337 "-" "Mozilla/5.0 (Linux; Android 6.0.1; Nexus 5X Build/MMB29P) AppleWebKit/537.36 (KHTML, like Gecko) Chrome/146.0.7680.177 Mobile Safari/537.36 (compatible; Googlebot/2.1; +http://www.google.com/bot.html)" 371 **0/371078**
185.191.171.4 - - [14/Apr/2026:05:14:50 -0700] "GET /uncategorized/quick-withdrawal-casinos-list-updated-for-casino-400-bonus-march-2026/ HTTP/1.1" 200 30262 "-" "Mozilla/5.0 (compatible; SemrushBot/7~bl; +http://www.semrush.com/bot.html)" 529 **0/529385**
85.208.96.197 - - [14/Apr/2026:05:15:01 -0700] "GET /uncategorized/100-100-percent-free-spins-no-deposit-southern-area-africa-2026/ HTTP/1.1" 200 31673 "-" "Mozilla/5.0 (compatible; SemrushBot/7~bl; +http://www.semrush.com/bot.html)" 754 **0/754289**
66.249.73.4 - - [14/Apr/2026:05:15:02 -0700] "GET /?i=51696273376 HTTP/1.1" 200 29337 "-" "Mozilla/5.0 (Linux; Android 6.0.1; Nexus 5X Build/MMB29P) AppleWebKit/537.36 (KHTML, like Gecko) Chrome/146.0.7680.177 Mobile Safari/537.36 (compatible; Googlebot/2.1; +http://www.google.com/bot.html)" 799 **0/799668**
103.219.169.195 - - [14/Apr/2026:05:15:13 -0700] "POST /xmlrpc.php HTTP/1.1" 200 10370 "-" "Mozilla/5.0 (Windows NT 10.0; Win64; x64) AppleWebKit/537.36 (KHTML, like Gecko) Chrome/114.0.0.0 Safari/537.36" 667 **0/667564**
103.219.169.195 - - [14/Apr/2026:05:15:14 -0700] "GET /uncategorized/syndicate-gambling-enterprise-remark-positives-and-negatives-online-game-added-bonus-meridianbet-casino-android-system-assistance/ HTTP/1.1" 200 157216 "-" "Mozilla/5.0 (Windows NT 10.0; Win64; x64; rv:125.0) Gecko/20100101 Firefox/125.0" 415 **0/415698**
85.208.96.200 - - [14/Apr/2026:05:15:19 -0700] "GET /uncategorized/100-percent-free-pokies-australia-gamble-online-pokies-enjoyment-with-no-down-load/ HTTP/1.1" 200 30369 "-" "Mozilla/5.0 (compatible; SemrushBot/7~bl; +http://www.semrush.com/bot.html)" 389 **0/389062**
114.119.151.155 - - [14/Apr/2026:05:15:32 -0700] "GET /uncategorized/zocke-deine-lieblings-games-ringsherum-caligula-5-kaution-andere-unter-anderem-zwar-damit/ HTTP/1.1" 200 31183 "http://fuentesanza.es/uncategorized/zocke-deine-lieblings-games-ringsherum-caligula-5-kaution-andere-unter-anderem-zwar-damit/" "Mozilla/5.0 (Linux; Android 7.0;) AppleWebKit/537.36 (KHTML, like Gecko) Mobile Safari/537.36 (compatible; PetalBot;+https://webmaster.petalsearch.com/site/petalbot)" 1177 **1/1177605**
66.249.73.4 - - [14/Apr/2026:05:15:42 -0700] "GET /?m=31108215421 HTTP/1.1" 404 11349 "-" "Mozilla/5.0 (Linux; Android 6.0.1; Nexus 5X Build/MMB29P) AppleWebKit/537.36 (KHTML, like Gecko) Chrome/146.0.7680.177 Mobile Safari/537.36 (compatible; Googlebot/2.1; +http://www.google.com/bot.html)" 231 **0/231430**
54.39.0.105 - - [14/Apr/2026:05:15:50 -0700] "GET /uncategorized/spielbank-maklercourtage-abzuglich-einzahlung-ubersicht-alle-willkommensbonus-angebote-fur-online-casinos-abzuglich-einzahlung-inoffizieller-mitarbeiter-hornung-2026-fix-schnallen/feed/ HTTP/1.1" 200 567 "-" "Mozilla/5.0 (compatible; AhrefsBot/7.0; +http://ahrefs.com/robot/)" 458 **0/458641**
66.249.73.4 - - [14/Apr/2026:05:15:52 -0700] "GET /?c=84164156343 HTTP/1.1" 200 29338 "-" "Mozilla/5.0 (Linux; Android 6.0.1; Nexus 5X Build/MMB29P) AppleWebKit/537.36 (KHTML, like Gecko) Chrome/146.0.7680.177 Mobile Safari/537.36 (compatible; Googlebot/2.1; +http://www.google.com/bot.html)" 507 **0/507551**
66.249.73.4 - - [14/Apr/2026:05:15:52 -0700] "GET /?y=45290108528 HTTP/1.1" 200 29338 "-" "Mozilla/5.0 (Linux; Android 6.0.1; Nexus 5X Build/MMB29P) AppleWebKit/537.36 (KHTML, like Gecko) Chrome/146.0.7680.177 Mobile Safari/537.36 (compatible; Googlebot/2.1; +http://www.google.com/bot.html)" 456 **0/456459**
66.249.73.5 - - [14/Apr/2026:05:15:52 -0700] "GET /?m=31108278771 HTTP/1.1" 404 11349 "-" "Mozilla/5.0 (Linux; Android 6.0.1; Nexus 5X Build/MMB29P) AppleWebKit/537.36 (KHTML, like Gecko) Chrome/146.0.7680.177 Mobile Safari/537.36 (compatible; Googlebot/2.1; +http://www.google.com/bot.html)" 214 **0/214122**
103.219.169.195 - - [14/Apr/2026:05:15:58 -0700] "POST /xmlrpc.php HTTP/1.1" 200 180 "-" "Mozilla/5.0 (Windows NT 10.0; Win64; x64) AppleWebKit/537.36 (KHTML, like Gecko) Chrome/114.0.0.0 Safari/537.36" 379 **0/379809**
208.109.41.231 - - [14/Apr/2026:05:16:01 -0700] "POST /wp-cron.php?doing_wp_cron=1776168961.8954050540924072265625 HTTP/1.1" 200 - "-" "WordPress/6.3.8; http://fuentesanza.es" 29 **0/29686**
98.98.9.26 - - [14/Apr/2026:05:16:01 -0700] "POST /xmlrpc.php HTTP/1.1" 200 180 "-" "Mozilla/5.0 (Windows NT 10.0; Win64; x64) AppleWebKit/537.36 (KHTML, like Gecko) Chrome/114.0.0.0 Safari/537.36" 729 **0/729798**
185.191.171.12 - - [14/Apr/2026:05:16:05 -0700] "GET /uncategorized/choy-sunshine-doa-slot-machine-game-read-all-of-our-video-game-golden-era-casinos-remark/ HTTP/1.1" 200 31189 "-" "Mozilla/5.0 (compatible; SemrushBot/7~bl; +http://www.semrush.com/bot.html)" 426 **0/426907**
103.219.169.195 - - [14/Apr/2026:05:16:07 -0700] "POST /xmlrpc.php HTTP/1.1" 200 11976 "-" "Mozilla/5.0 (Windows NT 10.0; Win64; x64) AppleWebKit/537.36 (KHTML, like Gecko) Chrome/114.0.0.0 Safari/537.36" 1180 **1/1180870**
103.219.169.195 - - [14/Apr/2026:05:16:10 -0700] "GET /uncategorized/syndicate-casino-comment-score-play-in-the-forest-slot-machine-2026/ HTTP/1.1" 200 159008 "-" "Mozilla/5.0 (Windows NT 10.0; Win64; x64; rv:125.0) Gecko/20100101 Firefox/125.0" 283 **0/283210**
98.98.9.26 - - [14/Apr/2026:05:16:10 -0700] "POST /xmlrpc.php HTTP/1.1" 200 16297 "-" "Mozilla/5.0 (Windows NT 10.0; Win64; x64) AppleWebKit/537.36 (KHTML, like Gecko) Chrome/114.0.0.0 Safari/537.36" 191 **0/191193**
98.98.9.26 - - [14/Apr/2026:05:16:11 -0700] "GET /uncategorized/%E0%B8%95%E0%B8%B1%E0%B8%A7%E0%B8%AD%E0%B8%A2%E0%B9%88%E0%B8%B2%E0%B8%87%E0%B8%84%E0%B8%A7%E0%B8%B2%E0%B8%A1%E0%B8%84%E0%B8%B4%E0%B8%94%E0%B9%80%E0%B8%AB%E0%B9%87%E0%B8%99%E0%B9%80%E0%B8%81%E0%B8%B5/ HTTP/1.1" 200 163646 "-" "Mozilla/5.0 (Windows NT 10.0; Win64; x64; rv:124.0) Gecko/20100101 Firefox/124.0" 320 **0/320385**
85.208.96.200 - - [14/Apr/2026:05:16:16 -0700] "GET /uncategorized/obtenga-inmediatamente-solcredito-prestamos-personales-creditos-seguros-en-linea-sin-verificacion-economica/ HTTP/1.1" 200 30487 "-" "Mozilla/5.0 (compatible; SemrushBot/7~bl; +http://www.semrush.com/bot.html)" 269 **0/269618**
66.249.73.5 - - [14/Apr/2026:05:16:22 -0700] "GET /?i=209128895 HTTP/1.1" 200 32562 "-" "Mozilla/5.0 (Linux; Android 6.0.1; Nexus 5X Build/MMB29P) AppleWebKit/537.36 (KHTML, like Gecko) Chrome/146.0.7680.177 Mobile Safari/537.36 (compatible; Googlebot/2.1; +http://www.google.com/bot.html)" 380 **0/380160**
85.208.96.207 - - [14/Apr/2026:05:16:26 -0700] "GET /uncategorized/invitaciones-sobre-raspar-pirates-gold-pague-de-embocadura-en-internet-sin-cargo-truth/ HTTP/1.1" 200 31795 "-" "Mozilla/5.0 (compatible; SemrushBot/7~bl; +http://www.semrush.com/bot.html)" 326 **0/326693**
66.249.73.4 - - [14/Apr/2026:05:16:29 -0700] "GET /?i=20912143331 HTTP/1.1" 200 32565 "-" "Mozilla/5.0 (Linux; Android 6.0.1; Nexus 5X Build/MMB29P) AppleWebKit/537.36 (KHTML, like Gecko) Chrome/146.0.7680.177 Mobile Safari/537.36 (compatible; Googlebot/2.1; +http://www.google.com/bot.html)" 293 **0/293731**
66.249.73.5 - - [14/Apr/2026:05:16:29 -0700] "GET /product/1229585 HTTP/1.1" 404 11349 "-" "Mozilla/5.0 (Linux; Android 6.0.1; Nexus 5X Build/MMB29P) AppleWebKit/537.36 (KHTML, like Gecko) Chrome/146.0.7680.177 Mobile Safari/537.36 (compatible; Googlebot/2.1; +http://www.google.com/bot.html)" 207 **0/207936**
66.249.73.4 - - [14/Apr/2026:05:16:29 -0700] "GET /?y=45290176691 HTTP/1.1" 200 32565 "-" "Mozilla/5.0 (Linux; Android 6.0.1; Nexus 5X Build/MMB29P) AppleWebKit/537.36 (KHTML, like Gecko) Chrome/146.0.7680.177 Mobile Safari/537.36 (compatible; Googlebot/2.1; +http://www.google.com/bot.html)" 403 **0/403359**
85.208.96.197 - - [14/Apr/2026:05:16:35 -0700] "GET /uncategorized/pet-glitter-on-the-internet-position-games-twerk-slot-payout-costa-rica/ HTTP/1.1" 200 30905 "-" "Mozilla/5.0 (compatible; SemrushBot/7~bl; +http://www.semrush.com/bot.html)" 330 **0/330460**
142.44.220.51 - - [14/Apr/2026:05:16:38 -0700] "GET /uncategorized/maquina-demanda-niqueis-dead-or-alive-on-line-online-slot-machines/feed/ HTTP/1.1" 200 477 "-" "Mozilla/5.0 (compatible; AhrefsBot/7.0; +http://ahrefs.com/robot/)" 359 **0/359097**
103.219.169.195 - - [14/Apr/2026:05:16:46 -0700] "POST /xmlrpc.php HTTP/1.1" 200 180 "-" "Mozilla/5.0 (Windows NT 10.0; Win64; x64) AppleWebKit/537.36 (KHTML, like Gecko) Chrome/114.0.0.0 Safari/537.36" 1523 **1/1523637**
208.109.41.231 - - [14/Apr/2026:05:16:54 -0700] "POST /wp-cron.php?doing_wp_cron=1776169014.3955190181732177734375 HTTP/1.1" 200 - "-" "WordPress/6.3.8; http://fuentesanza.es" 30 **0/30406**
103.219.169.195 - - [14/Apr/2026:05:16:53 -0700] "POST /xmlrpc.php HTTP/1.1" 200 14127 "-" "Mozilla/5.0 (Windows NT 10.0; Win64; x64) AppleWebKit/537.36 (KHTML, like Gecko) Chrome/114.0.0.0 Safari/537.36" 551 **0/551575**
185.191.171.12 - - [14/Apr/2026:05:16:55 -0700] "GET /uncategorized/vind-een-keuringsbedrijf/ HTTP/1.1" 200 28921 "-" "Mozilla/5.0 (compatible; SemrushBot/7~bl; +http://www.semrush.com/bot.html)" 567 **0/567488**
103.219.169.195 - - [14/Apr/2026:05:16:56 -0700] "GET /uncategorized/syndicate-casino-review-allege-invited-bonus-as-bejeweled-cascades-slot-for-real-money-much-as-a125-200fs/ HTTP/1.1" 200 160993 "-" "Mozilla/5.0 (Windows NT 10.0; Win64; x64; rv:125.0) Gecko/20100101 Firefox/125.0" 475 **0/475390**
85.208.96.199 - - [14/Apr/2026:05:16:57 -0700] "GET /gambling/energizing-your-game-real-slots-and-victorious-gambling-strategies/ HTTP/1.1" 200 30074 "-" "Mozilla/5.0 (compatible; SemrushBot/7~bl; +http://www.semrush.com/bot.html)" 379 **0/379059**
85.208.96.196 - - [14/Apr/2026:05:16:59 -0700] "GET /tag/luva-bet-entrar-login/ HTTP/1.1" 200 36859 "-" "Mozilla/5.0 (compatible; SemrushBot/7~bl; +http://www.semrush.com/bot.html)" 373 **0/373051**
66.249.73.4 - - [14/Apr/2026:05:17:09 -0700] "GET /?m=3110899472 HTTP/1.1" 404 11349 "-" "Mozilla/5.0 (Linux; Android 6.0.1; Nexus 5X Build/MMB29P) AppleWebKit/537.36 (KHTML, like Gecko) Chrome/146.0.7680.177 Mobile Safari/537.36 (compatible; Googlebot/2.1; +http://www.google.com/bot.html)" 390 **0/390714**
142.44.228.25 - - [14/Apr/2026:05:17:32 -0700] "GET /uncategorized/varken-badkuip-wolf-gokkas-vanuit-quickspin-spelen/feed/ HTTP/1.1" 200 452 "-" "Mozilla/5.0 (compatible; AhrefsBot/7.0; +http://ahrefs.com/robot/)" 453 **0/453576**
85.208.96.199 - - [14/Apr/2026:05:17:34 -0700] "GET /uncategorized/an-informed-lower-chance-tips-for-playing-black-jack-within-the-united-slot-88-lucky-states-casinos-on-the-internet-casino-player-mag-strictly-slots-magazine-casino-gaming-tips/ HTTP/1.1" 200 31538 "-" "Mozilla/5.0 (compatible; SemrushBot/7~bl; +http://www.semrush.com/bot.html)" 457 **0/457649**
103.219.169.195 - - [14/Apr/2026:05:17:34 -0700] "POST /xmlrpc.php HTTP/1.1" 200 180 "-" "Mozilla/5.0 (Windows NT 10.0; Win64; x64) AppleWebKit/537.36 (KHTML, like Gecko) Chrome/114.0.0.0 Safari/537.36" 549 **0/549396**
208.109.41.231 - - [14/Apr/2026:05:17:37 -0700] "POST /wp-cron.php?doing_wp_cron=1776169057.4913470745086669921875 HTTP/1.1" 200 - "-" "WordPress/6.3.8; http://fuentesanza.es" 20 **0/20497**
66.249.73.4 - - [14/Apr/2026:05:17:37 -0700] "GET /?s=10106270102 HTTP/1.1" 200 24410 "-" "Mozilla/5.0 (Linux; Android 6.0.1; Nexus 5X Build/MMB29P) AppleWebKit/537.36 (KHTML, like Gecko) Chrome/146.0.7680.177 Mobile Safari/537.36 (compatible; Googlebot/2.1; +http://www.google.com/bot.html)" 3313 **3/3313989**
103.219.169.195 - - [14/Apr/2026:05:17:40 -0700] "POST /xmlrpc.php HTTP/1.1" 200 10125 "-" "Mozilla/5.0 (Windows NT 10.0; Win64; x64) AppleWebKit/537.36 (KHTML, like Gecko) Chrome/114.0.0.0 Safari/537.36" 459 **0/459957**
103.219.169.195 - - [14/Apr/2026:05:17:41 -0700] "GET /uncategorized/syndicate-gambling-enterprise-no-deposit-casino-jackpotjoy-incentive-rules-2026/ HTTP/1.1" 200 156795 "-" "Mozilla/5.0 (Windows NT 10.0; rv:125.0) Gecko/20100101 Firefox/125.0" 268 **0/268283**
185.191.171.14 - - [14/Apr/2026:05:17:50 -0700] "GET /1win-onlain-516/1vin-390/ HTTP/1.1" 200 36024 "-" "Mozilla/5.0 (compatible; SemrushBot/7~bl; +http://www.semrush.com/bot.html)" 280 **0/280979**
85.208.96.212 - - [14/Apr/2026:05:17:51 -0700] "GET /uncategorized/myluck-online-casino-een-diepgaande-analyse/ HTTP/1.1" 200 30060 "-" "Mozilla/5.0 (compatible; SemrushBot/7~bl; +http://www.semrush.com/bot.html)" 262 **0/262803**
66.249.73.4 - - [14/Apr/2026:05:17:52 -0700] "GET /?m=31108142592 HTTP/1.1" 404 11349 "-" "Mozilla/5.0 (Linux; Android 6.0.1; Nexus 5X Build/MMB29P) AppleWebKit/537.36 (KHTML, like Gecko) Chrome/146.0.7680.177 Mobile Safari/537.36 (compatible; Googlebot/2.1; +http://www.google.com/bot.html)" 219 **0/219004**
185.191.171.14 - - [14/Apr/2026:05:18:00 -0700] "GET /uncategorized/erreichbar-spielbank-lastschrift-bezuge-500-casino-einzahlungsbonus-betriebsanleitung-and-tagesordnungspunkt-10-2023/ HTTP/1.1" 200 31015 "-" "Mozilla/5.0 (compatible; SemrushBot/7~bl; +http://www.semrush.com/bot.html)" 298 **0/298494**
85.208.96.198 - - [14/Apr/2026:05:18:04 -0700] "GET /1win-register-294/1win-app-839/ HTTP/1.1" 200 34585 "-" "Mozilla/5.0 (compatible; SemrushBot/7~bl; +http://www.semrush.com/bot.html)" 383 **0/383430**
185.191.171.7 - - [14/Apr/2026:05:18:06 -0700] "GET /uncategorized/best-gambling-establishment-extra-which-have-100-free-revolves-otherwise-100-no-deposit-bonuses/ HTTP/1.1" 200 29272 "-" "Mozilla/5.0 (compatible; SemrushBot/7~bl; +http://www.semrush.com/bot.html)" 454 **0/454176**
103.219.169.195 - - [14/Apr/2026:05:18:11 -0700] "POST /xmlrpc.php HTTP/1.1" 200 180 "-" "Mozilla/5.0 (Windows NT 10.0; Win64; x64) AppleWebKit/537.36 (KHTML, like Gecko) Chrome/114.0.0.0 Safari/537.36" 438 **0/438078**
208.109.41.231 - - [14/Apr/2026:05:18:12 -0700] "POST /wp-cron.php?doing_wp_cron=1776169092.4683020114898681640625 HTTP/1.1" 200 - "-" "WordPress/6.3.8; http://fuentesanza.es" 25 **0/25188**
85.208.96.198 - - [14/Apr/2026:05:18:12 -0700] "GET /uncategorized/wild-panda/ HTTP/1.1" 200 30787 "-" "Mozilla/5.0 (compatible; SemrushBot/7~bl; +http://www.semrush.com/bot.html)" 378 **0/378597**
66.249.73.5 - - [14/Apr/2026:05:18:21 -0700] "GET /?m=31108158952 HTTP/1.1" 404 11349 "-" "Mozilla/5.0 (Linux; Android 6.0.1; Nexus 5X Build/MMB29P) AppleWebKit/537.36 (KHTML, like Gecko) Chrome/146.0.7680.177 Mobile Safari/537.36 (compatible; Googlebot/2.1; +http://www.google.com/bot.html)" 232 **0/232797**
66.249.73.5 - - [14/Apr/2026:05:18:21 -0700] "GET /?m=31108247344 HTTP/1.1" 404 11349 "-" "Mozilla/5.0 (Linux; Android 6.0.1; Nexus 5X Build/MMB29P) AppleWebKit/537.36 (KHTML, like Gecko) Chrome/146.0.7680.177 Mobile Safari/537.36 (compatible; Googlebot/2.1; +http://www.google.com/bot.html)" 517 **0/517066**
66.249.73.4 - - [14/Apr/2026:05:18:21 -0700] "GET /?y=45290140500 HTTP/1.1" 200 30875 "-" "Mozilla/5.0 (Linux; Android 6.0.1; Nexus 5X Build/MMB29P) AppleWebKit/537.36 (KHTML, like Gecko) Chrome/146.0.7680.177 Mobile Safari/537.36 (compatible; Googlebot/2.1; +http://www.google.com/bot.html)" 794 **0/794592**
66.249.73.4 - - [14/Apr/2026:05:18:21 -0700] "GET /?x=32835199865 HTTP/1.1" 200 30876 "-" "Mozilla/5.0 (Linux; Android 6.0.1; Nexus 5X Build/MMB29P) AppleWebKit/537.36 (KHTML, like Gecko) Chrome/146.0.7680.177 Mobile Safari/537.36 (compatible; Googlebot/2.1; +http://www.google.com/bot.html)" 743 **0/743150**
66.249.73.4 - - [14/Apr/2026:05:18:22 -0700] "GET /?p=20659117388 HTTP/1.1" 404 11349 "-" "Mozilla/5.0 (Linux; Android 6.0.1; Nexus 5X Build/MMB29P) AppleWebKit/537.36 (KHTML, like Gecko) Chrome/146.0.7680.177 Mobile Safari/537.36 (compatible; Googlebot/2.1; +http://www.google.com/bot.html)" 189 **0/189319**
103.219.169.195 - - [14/Apr/2026:05:18:24 -0700] "POST /xmlrpc.php HTTP/1.1" 200 13513 "-" "Mozilla/5.0 (Windows NT 10.0; Win64; x64) AppleWebKit/537.36 (KHTML, like Gecko) Chrome/114.0.0.0 Safari/537.36" 465 **0/465614**
66.249.73.5 - - [14/Apr/2026:05:18:21 -0700] "GET /?s=10106136682 HTTP/1.1" 200 24425 "-" "Mozilla/5.0 (Linux; Android 6.0.1; Nexus 5X Build/MMB29P) AppleWebKit/537.36 (KHTML, like Gecko) Chrome/146.0.7680.177 Mobile Safari/537.36 (compatible; Googlebot/2.1; +http://www.google.com/bot.html)" 3364 **3/3364917**
103.219.169.195 - - [14/Apr/2026:05:18:25 -0700] "GET /uncategorized/could-there-be-book-of-inactive-step-1-put-golden-ticket-slot-to-play-in-the-branson-costa-rica/ HTTP/1.1" 200 159907 "-" "Mozilla/5.0 (Windows NT 10.0; Win64; x64) AppleWebKit/537.36 (KHTML, like Gecko) Chrome/124.0.0.0 Safari/537.36 Edg/124.0.0.0" 288 **0/288151**
54.39.89.194 - - [14/Apr/2026:05:18:46 -0700] "GET /uncategorized/estrategias-savaspin-casino-vip-con-el-fin-de-casinos-en-internet/feed/ HTTP/1.1" 200 457 "-" "Mozilla/5.0 (compatible; AhrefsBot/7.0; +http://ahrefs.com/robot/)" 392 **0/392451**
103.219.169.195 - - [14/Apr/2026:05:18:54 -0700] "POST /xmlrpc.php HTTP/1.1" 200 180 "-" "Mozilla/5.0 (Windows NT 10.0; Win64; x64) AppleWebKit/537.36 (KHTML, like Gecko) Chrome/114.0.0.0 Safari/537.36" 390 **0/390279**
208.109.41.231 - - [14/Apr/2026:05:19:01 -0700] "POST /wp-cron.php?doing_wp_cron=1776169141.4952380657196044921875 HTTP/1.1" 200 - "-" "WordPress/6.3.8; http://fuentesanza.es" 31 **0/31968**
103.219.169.195 - - [14/Apr/2026:05:19:01 -0700] "POST /xmlrpc.php HTTP/1.1" 200 11082 "-" "Mozilla/5.0 (Windows NT 10.0; Win64; x64) AppleWebKit/537.36 (KHTML, like Gecko) Chrome/114.0.0.0 Safari/537.36" 583 **0/583231**
103.219.169.195 - - [14/Apr/2026:05:19:02 -0700] "GET /uncategorized/n1-local-casino-the-fresh-zealand-gambling-enterprise-n1-gold-club-mobile-casino-app-certified-website/ HTTP/1.1" 200 158004 "-" "Mozilla/5.0 (Windows NT 10.0; rv:109.0) Gecko/20100101 Firefox/115.0" 782 **0/782893**
35.187.134.3 - - [14/Apr/2026:05:19:15 -0700] "GET /uncategorized/%D0%B8%D0%B4%D0%B5%D0%B0%D0%BB%D1%8C%D0%BD%D1%8B%D0%B5-%D0%B8%D0%B3%D1%80%D0%BE%D0%B2%D1%8B%D0%B5-%D0%B7%D0%B0%D0%B2%D0%B5%D0%B4%D0%B5%D0%BD%D0%B8%D1%8F-%D0%BA%D0%BE%D1%82%D0%BE%D1%80%D1%8B%D0%B5/ HTTP/1.1" 200 28980 "-" "Mozilla/5.0 (compatible; Google-Apps-Script; beanserver; +https://script.google.com; id: UAEmdDd9xsnqR0U8PwCmAzNN8LImSykEA2g)" 349 **0/349419**
185.191.171.6 - - [14/Apr/2026:05:19:22 -0700] "GET /uncategorized/pl-nadprogram-stu-do-odwiedzenia-2250-zl-dwie-stowki-ds/ HTTP/1.1" 200 31872 "-" "Mozilla/5.0 (compatible; SemrushBot/7~bl; +http://www.semrush.com/bot.html)" 282 **0/282193**
85.208.96.210 - - [14/Apr/2026:05:19:32 -0700] "GET /uncategorized/sweet-bonanza-dieser-inhalt-free-play-01-2026-reprasentabel-as-part-of-spielern-gesamtschau/ HTTP/1.1" 200 31679 "-" "Mozilla/5.0 (compatible; SemrushBot/7~bl; +http://www.semrush.com/bot.html)" 328 **0/328656**
66.249.73.6 - - [14/Apr/2026:05:19:34 -0700] "GET /?x=32835203206 HTTP/1.1" 200 30487 "-" "Mozilla/5.0 (Linux; Android 6.0.1; Nexus 5X Build/MMB29P) AppleWebKit/537.36 (KHTML, like Gecko) Chrome/146.0.7680.177 Mobile Safari/537.36 (compatible; Googlebot/2.1; +http://www.google.com/bot.html)" 279 **0/279576**
103.219.169.195 - - [14/Apr/2026:05:19:38 -0700] "POST /xmlrpc.php HTTP/1.1" 200 180 "-" "Mozilla/5.0 (Windows NT 10.0; Win64; x64) AppleWebKit/537.36 (KHTML, like Gecko) Chrome/114.0.0.0 Safari/537.36" 423 **0/423862**
208.109.41.231 - - [14/Apr/2026:05:19:44 -0700] "POST /wp-cron.php?doing_wp_cron=1776169184.6933560371398925781250 HTTP/1.1" 200 - "-" "WordPress/6.3.8; http://fuentesanza.es" 25 **0/25859**
103.219.169.195 - - [14/Apr/2026:05:19:44 -0700] "POST /xmlrpc.php HTTP/1.1" 200 13694 "-" "Mozilla/5.0 (Windows NT 10.0; Win64; x64) AppleWebKit/537.36 (KHTML, like Gecko) Chrome/114.0.0.0 Safari/537.36" 596 **0/596575**
103.219.169.195 - - [14/Apr/2026:05:19:45 -0700] "GET /uncategorized/5-put-casino-websites-deposit-5-rating-totally-free-revolves-and-you-can-incentive-casino-betser-100-free-spins-money/ HTTP/1.1" 200 160138 "-" "Mozilla/5.0 (Windows NT 10.0; Win64; x64) AppleWebKit/537.36 (KHTML, like Gecko) Chrome/124.0.0.0 Safari/537.36" 525 **0/525870**
148.113.130.205 - - [14/Apr/2026:05:19:56 -0700] "GET /uncategorized/ecopayz-on-line-casino-fee-info-charge-payment-due-dates-and-you-can-limits/feed/ HTTP/1.1" 200 484 "-" "Mozilla/5.0 (compatible; AhrefsBot/7.0; +http://ahrefs.com/robot/)" 370 **0/370344**
185.191.171.4 - - [14/Apr/2026:05:20:05 -0700] "GET /tag/gullybet-download-app/ HTTP/1.1" 200 37922 "-" "Mozilla/5.0 (compatible; SemrushBot/7~bl; +http://www.semrush.com/bot.html)" 805 **0/805086**
66.249.73.6 - - [14/Apr/2026:05:20:04 -0700] "GET /?s=1010687189 HTTP/1.1" 200 24317 "-" "Mozilla/5.0 (Linux; Android 6.0.1; Nexus 5X Build/MMB29P) AppleWebKit/537.36 (KHTML, like Gecko) Chrome/146.0.7680.177 Mobile Safari/537.36 (compatible; Googlebot/2.1; +http://www.google.com/bot.html)" 4730 **4/4730896**
103.219.169.195 - - [14/Apr/2026:05:20:16 -0700] "POST /xmlrpc.php HTTP/1.1" 200 180 "-" "Mozilla/5.0 (Windows NT 10.0; Win64; x64) AppleWebKit/537.36 (KHTML, like Gecko) Chrome/114.0.0.0 Safari/537.36" 583 **0/583033**
208.109.41.231 - - [14/Apr/2026:05:20:20 -0700] "POST /wp-cron.php?doing_wp_cron=1776169220.4043591022491455078125 HTTP/1.1" 200 - "-" "WordPress/6.3.8; http://fuentesanza.es" 55 **0/55354**
85.208.96.209 - - [14/Apr/2026:05:20:20 -0700] "GET /uncategorized/pirate-steri-deluxe-slot-review-pragmatic-hvad-er-verde-casino-app-play/ HTTP/1.1" 200 31299 "-" "Mozilla/5.0 (compatible; SemrushBot/7~bl; +http://www.semrush.com/bot.html)" 1002 **1/1002625**
103.219.169.195 - - [14/Apr/2026:05:20:22 -0700] "POST /xmlrpc.php HTTP/1.1" 200 12412 "-" "Mozilla/5.0 (Windows NT 10.0; Win64; x64) AppleWebKit/537.36 (KHTML, like Gecko) Chrome/114.0.0.0 Safari/537.36" 563 **0/563533**
66.249.73.4 - - [14/Apr/2026:05:20:23 -0700] "GET /?i=2091217724 HTTP/1.1" 200 30869 "-" "Mozilla/5.0 (Linux; Android 6.0.1; Nexus 5X Build/MMB29P) AppleWebKit/537.36 (KHTML, like Gecko) Chrome/146.0.7680.177 Mobile Safari/537.36 (compatible; Googlebot/2.1; +http://www.google.com/bot.html)" 764 **0/764187**
66.249.73.4 - - [14/Apr/2026:05:20:23 -0700] "GET /?i=20912158086 HTTP/1.1" 200 30869 "-" "Mozilla/5.0 (Linux; Android 6.0.1; Nexus 5X Build/MMB29P) AppleWebKit/537.36 (KHTML, like Gecko) Chrome/146.0.7680.177 Mobile Safari/537.36 (compatible; Googlebot/2.1; +http://www.google.com/bot.html)" 917 **0/917149**
103.219.169.195 - - [14/Apr/2026:05:20:23 -0700] "GET /uncategorized/lowest-minimal-jack-hammer-slot-online-put-casinos-united-kingdom-list-of-small-deposit-gambling-enterprises/ HTTP/1.1" 200 158972 "-" "Mozilla/5.0 (Windows NT 10.0; Win64; x64) AppleWebKit/537.36 (KHTML, like Gecko) Chrome/109.0.0.0 Safari/537.36" 1007 **1/1007214**
66.249.73.5 - - [14/Apr/2026:05:20:41 -0700] "GET /?w=3637079501 HTTP/1.1" 404 11349 "-" "Mozilla/5.0 (Linux; Android 6.0.1; Nexus 5X Build/MMB29P) AppleWebKit/537.36 (KHTML, like Gecko) Chrome/146.0.7680.177 Mobile Safari/537.36 (compatible; Googlebot/2.1; +http://www.google.com/bot.html)" 413 **0/413844**
103.219.169.195 - - [14/Apr/2026:05:20:54 -0700] "POST /xmlrpc.php HTTP/1.1" 200 180 "-" "Mozilla/5.0 (Windows NT 10.0; Win64; x64) AppleWebKit/537.36 (KHTML, like Gecko) Chrome/114.0.0.0 Safari/537.36" 431 **0/431701**
208.109.41.231 - - [14/Apr/2026:05:20:55 -0700] "POST /wp-cron.php?doing_wp_cron=1776169255.4965140819549560546875 HTTP/1.1" 200 - "-" "WordPress/6.3.8; http://fuentesanza.es" 54 **0/54032**
51.222.168.151 - - [14/Apr/2026:05:20:55 -0700] "GET /uncategorized/cnp-betrug-im-visier-wie-kriminelle-gestohlene-kreditkarten-in-online-casinos-missbrauchen/feed/ HTTP/1.1" 200 493 "-" "Mozilla/5.0 (compatible; AhrefsBot/7.0; +http://ahrefs.com/robot/)" 548 **0/548661**
85.208.96.210 - - [14/Apr/2026:05:20:55 -0700] "GET /luva-bet-login-um-589/luva-bet-entrar-login-41/ HTTP/1.1" 200 34092 "-" "Mozilla/5.0 (compatible; SemrushBot/7~bl; +http://www.semrush.com/bot.html)" 826 **0/826574**
85.208.96.197 - - [14/Apr/2026:05:20:58 -0700] "GET /uncategorized/thunderstruck-slot-machine-mega-moolah-slot-free-spins-remark-and-totally-free-no-obtain-games/ HTTP/1.1" 200 30749 "-" "Mozilla/5.0 (compatible; SemrushBot/7~bl; +http://www.semrush.com/bot.html)" 382 **0/382637**
103.219.169.195 - - [14/Apr/2026:05:21:00 -0700] "POST /xmlrpc.php HTTP/1.1" 200 9196 "-" "Mozilla/5.0 (Windows NT 10.0; Win64; x64) AppleWebKit/537.36 (KHTML, like Gecko) Chrome/114.0.0.0 Safari/537.36" 545 **0/545698**
85.208.96.198 - - [14/Apr/2026:05:21:00 -0700] "GET /tag/pin-up-uz-kirish/ HTTP/1.1" 200 36228 "-" "Mozilla/5.0 (compatible; SemrushBot/7~bl; +http://www.semrush.com/bot.html)" 665 **0/665961**
103.219.169.195 - - [14/Apr/2026:05:21:01 -0700] "GET /uncategorized/5-havana-casino-put-casinos/ HTTP/1.1" 200 155492 "-" "Mozilla/5.0 (Windows NT 10.0; Win64; x64; rv:125.0) Gecko/20100101 Firefox/125.0" 635 **0/635987**
185.191.171.12 - - [14/Apr/2026:05:21:05 -0700] "GET /uncategorized/play-ramses-publication-castle-blood-jackpot-slot-from-the-australianfreepokies-com-gamomat-free-from-charge-for-the-casino-pearls-costa-rica/ HTTP/1.1" 200 30855 "-" "Mozilla/5.0 (compatible; SemrushBot/7~bl; +http://www.semrush.com/bot.html)" 469 **0/469640**
85.208.96.210 - - [14/Apr/2026:05:21:22 -0700] "GET /uncategorized/slots-gratuito-online-tratar-bananas-bahamas-1-deposito-por-entretenimiento-carente-liberar/ HTTP/1.1" 200 31708 "-" "Mozilla/5.0 (compatible; SemrushBot/7~bl; +http://www.semrush.com/bot.html)" 274 **0/274696**
66.249.73.4 - - [14/Apr/2026:05:21:27 -0700] "GET /?s=10106195359 HTTP/1.1" 200 24320 "-" "Mozilla/5.0 (Linux; Android 6.0.1; Nexus 5X Build/MMB29P) AppleWebKit/537.36 (KHTML, like Gecko) Chrome/146.0.7680.177 Mobile Safari/537.36 (compatible; Googlebot/2.1; +http://www.google.com/bot.html)" 3353 **3/3353127**
47.128.25.218 - - [14/Apr/2026:05:21:30 -0700] "GET /uncategorized/die-besten-17-verbunden-royal-cash-slot-casinos-im-abmachung/ HTTP/1.1" 403 158931 "-" "Mozilla/5.0 (Linux; Android 5.0) AppleWebKit/537.36 (KHTML, like Gecko) Mobile Safari/537.36 (compatible; Bytespider; spider-feedback@bytedance.com)" 409 **0/409425**
207.180.201.99 - - [14/Apr/2026:05:21:31 -0700] "GET /public/understanding-gambling-addiction-signs-symptoms/ HTTP/1.1" 200 29958 "-" "Mozilla/5.0 (Macintosh; Intel Mac OS X 10_15_7) AppleWebKit/537.36 (KHTML, like Gecko) Chrome/120.0.0.0 Safari/537.36" 299 **0/299926**
207.180.201.99 - - [14/Apr/2026:05:21:32 -0700] "GET /wp-includes/css/dist/block-library/style.min.css?ver=6.3.8 HTTP/1.1" 200 13841 "http://fuentesanza.es/public/understanding-gambling-addiction-signs-symptoms/" "Mozilla/5.0 (Macintosh; Intel Mac OS X 10_15_7) AppleWebKit/537.36 (KHTML, like Gecko) Chrome/120.0.0.0 Safari/537.36" 12 **0/12815**
207.180.201.99 - - [14/Apr/2026:05:21:32 -0700] "GET /wp-content/themes/twentytwelve/fonts/font-open-sans.css?ver=20230328 HTTP/1.1" 200 930 "http://fuentesanza.es/public/understanding-gambling-addiction-signs-symptoms/" "Mozilla/5.0 (Macintosh; Intel Mac OS X 10_15_7) AppleWebKit/537.36 (KHTML, like Gecko) Chrome/120.0.0.0 Safari/537.36" 24 **0/24787**
207.180.201.99 - - [14/Apr/2026:05:21:32 -0700] "GET /wp-content/themes/twentytwelve/style.css?ver=20230808 HTTP/1.1" 200 8255 "http://fuentesanza.es/public/understanding-gambling-addiction-signs-symptoms/" "Mozilla/5.0 (Macintosh; Intel Mac OS X 10_15_7) AppleWebKit/537.36 (KHTML, like Gecko) Chrome/120.0.0.0 Safari/537.36" 9 **0/9394**
207.180.201.99 - - [14/Apr/2026:05:21:32 -0700] "GET /wp-content/themes/twentytwelve/css/blocks.css?ver=20230213 HTTP/1.1" 200 1872 "http://fuentesanza.es/public/understanding-gambling-addiction-signs-symptoms/" "Mozilla/5.0 (Macintosh; Intel Mac OS X 10_15_7) AppleWebKit/537.36 (KHTML, like Gecko) Chrome/120.0.0.0 Safari/537.36" 12 **0/12699**
207.180.201.99 - - [14/Apr/2026:05:21:32 -0700] "GET /wp-includes/js/jquery/jquery.min.js?ver=3.7.0 HTTP/1.1" 200 30343 "http://fuentesanza.es/public/understanding-gambling-addiction-signs-symptoms/" "Mozilla/5.0 (Macintosh; Intel Mac OS X 10_15_7) AppleWebKit/537.36 (KHTML, like Gecko) Chrome/120.0.0.0 Safari/537.36" 10 **0/10936**
207.180.201.99 - - [14/Apr/2026:05:21:32 -0700] "GET /wp-includes/js/comment-reply.min.js?ver=6.3.8 HTTP/1.1" 200 1351 "http://fuentesanza.es/public/understanding-gambling-addiction-signs-symptoms/" "Mozilla/5.0 (Macintosh; Intel Mac OS X 10_15_7) AppleWebKit/537.36 (KHTML, like Gecko) Chrome/120.0.0.0 Safari/537.36" 18 **0/18571**
207.180.201.99 - - [14/Apr/2026:05:21:32 -0700] "GET /wp-includes/js/jquery/jquery-migrate.min.js?ver=3.4.1 HTTP/1.1" 200 4872 "http://fuentesanza.es/public/understanding-gambling-addiction-signs-symptoms/" "Mozilla/5.0 (Macintosh; Intel Mac OS X 10_15_7) AppleWebKit/537.36 (KHTML, like Gecko) Chrome/120.0.0.0 Safari/537.36" 15 **0/15679**
47.128.25.218 - - [14/Apr/2026:05:21:32 -0700] "GET /wp-content/themes/twentytwelve/style.css?ver=20230808 HTTP/1.1" 404 50331 "http://fuentesanza.es/uncategorized/die-besten-17-verbunden-royal-cash-slot-casinos-im-abmachung/" "Mozilla/5.0 (Linux; Android 5.0) AppleWebKit/537.36 (KHTML, like Gecko) Mobile Safari/537.36 (compatible; Bytespider; spider-feedback@bytedance.com)" 179 **0/179403**
207.180.201.99 - - [14/Apr/2026:05:21:32 -0700] "GET /wp-content/themes/twentytwelve/js/navigation.js?ver=20141205 HTTP/1.1" 200 656 "http://fuentesanza.es/public/understanding-gambling-addiction-signs-symptoms/" "Mozilla/5.0 (Macintosh; Intel Mac OS X 10_15_7) AppleWebKit/537.36 (KHTML, like Gecko) Chrome/120.0.0.0 Safari/537.36" 9 **0/9980**
207.180.201.99 - - [14/Apr/2026:05:21:33 -0700] "GET /wp-content/themes/twentytwelve/fonts/open-sans/open-sans-greek-400-normal.woff2?ver=34 HTTP/1.1" 200 8952 "http://fuentesanza.es/wp-content/themes/twentytwelve/fonts/font-open-sans.css?ver=20230328" "Mozilla/5.0 (Macintosh; Intel Mac OS X 10_15_7) AppleWebKit/537.36 (KHTML, like Gecko) Chrome/120.0.0.0 Safari/537.36" 13 **0/13208**
207.180.201.99 - - [14/Apr/2026:05:21:33 -0700] "GET /wp-content/themes/twentytwelve/fonts/open-sans/open-sans-latin-400-normal.woff2?ver=34 HTTP/1.1" 200 16740 "http://fuentesanza.es/wp-content/themes/twentytwelve/fonts/font-open-sans.css?ver=20230328" "Mozilla/5.0 (Macintosh; Intel Mac OS X 10_15_7) AppleWebKit/537.36 (KHTML, like Gecko) Chrome/120.0.0.0 Safari/537.36" 14 **0/14073**
207.180.201.99 - - [14/Apr/2026:05:21:33 -0700] "GET /wp-content/themes/twentytwelve/fonts/open-sans/open-sans-latin-ext-400-normal.woff2?ver=34 HTTP/1.1" 200 12972 "http://fuentesanza.es/wp-content/themes/twentytwelve/fonts/font-open-sans.css?ver=20230328" "Mozilla/5.0 (Macintosh; Intel Mac OS X 10_15_7) AppleWebKit/537.36 (KHTML, like Gecko) Chrome/120.0.0.0 Safari/537.36" 20 **0/20596**
207.180.201.99 - - [14/Apr/2026:05:21:33 -0700] "GET /wp-content/themes/twentytwelve/fonts/open-sans/open-sans-cyrillic-400-normal.woff2?ver=34 HTTP/1.1" 200 10652 "http://fuentesanza.es/wp-content/themes/twentytwelve/fonts/font-open-sans.css?ver=20230328" "Mozilla/5.0 (Macintosh; Intel Mac OS X 10_15_7) AppleWebKit/537.36 (KHTML, like Gecko) Chrome/120.0.0.0 Safari/537.36" 12 **0/12994**
207.180.201.99 - - [14/Apr/2026:05:21:33 -0700] "GET /wp-content/themes/twentytwelve/fonts/open-sans/open-sans-latin-700-normal.woff2?ver=34 HTTP/1.1" 200 16372 "http://fuentesanza.es/wp-content/themes/twentytwelve/fonts/font-open-sans.css?ver=20230328" "Mozilla/5.0 (Macintosh; Intel Mac OS X 10_15_7) AppleWebKit/537.36 (KHTML, like Gecko) Chrome/120.0.0.0 Safari/537.36" 12 **0/12757**
47.128.25.218 - - [14/Apr/2026:05:21:32 -0700] "GET /wp-content/themes/twentytwelve/fonts/font-open-sans.css?ver=20230328 HTTP/1.1" 404 50331 "http://fuentesanza.es/uncategorized/die-besten-17-verbunden-royal-cash-slot-casinos-im-abmachung/" "Mozilla/5.0 (Linux; Android 5.0) AppleWebKit/537.36 (KHTML, like Gecko) Mobile Safari/537.36 (compatible; Bytespider; spider-feedback@bytedance.com)" 271 **0/271992**
47.128.25.218 - - [14/Apr/2026:05:21:32 -0700] "GET /wp-includes/css/dist/block-library/style.min.css?ver=6.3.8 HTTP/1.1" 404 50331 "http://fuentesanza.es/uncategorized/die-besten-17-verbunden-royal-cash-slot-casinos-im-abmachung/" "Mozilla/5.0 (Linux; Android 5.0) AppleWebKit/537.36 (KHTML, like Gecko) Mobile Safari/537.36 (compatible; Bytespider; spider-feedback@bytedance.com)" 279 **0/279960**
207.180.201.99 - - [14/Apr/2026:05:21:33 -0700] "GET /wp-includes/js/wp-emoji-release.min.js?ver=6.3.8 HTTP/1.1" 200 5039 "http://fuentesanza.es/public/understanding-gambling-addiction-signs-symptoms/" "Mozilla/5.0 (Macintosh; Intel Mac OS X 10_15_7) AppleWebKit/537.36 (KHTML, like Gecko) Chrome/120.0.0.0 Safari/537.36" 9 **0/9568**
47.128.25.218 - - [14/Apr/2026:05:21:32 -0700] "GET /wp-content/themes/twentytwelve/css/blocks.css?ver=20230213 HTTP/1.1" 404 50331 "http://fuentesanza.es/uncategorized/die-besten-17-verbunden-royal-cash-slot-casinos-im-abmachung/" "Mozilla/5.0 (Linux; Android 5.0) AppleWebKit/537.36 (KHTML, like Gecko) Mobile Safari/537.36 (compatible; Bytespider; spider-feedback@bytedance.com)" 378 **0/378463**
85.208.96.193 - - [14/Apr/2026:05:21:33 -0700] "GET /news/top-10-des-roulettes-en-ligne-pour-de-largent-reel-3/ HTTP/1.1" 200 31470 "-" "Mozilla/5.0 (compatible; SemrushBot/7~bl; +http://www.semrush.com/bot.html)" 349 **0/349462**
103.219.169.195 - - [14/Apr/2026:05:21:34 -0700] "POST /xmlrpc.php HTTP/1.1" 200 180 "-" "Mozilla/5.0 (Windows NT 10.0; Win64; x64) AppleWebKit/537.36 (KHTML, like Gecko) Chrome/114.0.0.0 Safari/537.36" 427 **0/427703**
208.109.41.231 - - [14/Apr/2026:05:21:35 -0700] "POST /wp-cron.php?doing_wp_cron=1776169295.6339480876922607421875 HTTP/1.1" 200 - "-" "WordPress/6.3.8; http://fuentesanza.es" 18 **0/18625**
185.191.171.11 - - [14/Apr/2026:05:21:35 -0700] "GET /tag/%D0%BC%D0%BE%D1%81%D1%82%D0%B1%D0%B5%D1%82-%D0%BF%D0%BE%D0%BB%D1%8C%D1%88%D0%B0/ HTTP/1.1" 200 36797 "-" "Mozilla/5.0 (compatible; SemrushBot/7~bl; +http://www.semrush.com/bot.html)" 393 **0/393522**
85.208.96.205 - - [14/Apr/2026:05:21:38 -0700] "GET /uncategorized/drip-local-casino-29-100-percent-pharaohs-fortune-bonus-free-spins/ HTTP/1.1" 200 30811 "-" "Mozilla/5.0 (compatible; SemrushBot/7~bl; +http://www.semrush.com/bot.html)" 289 **0/289915**
103.219.169.195 - - [14/Apr/2026:05:21:40 -0700] "POST /xmlrpc.php HTTP/1.1" 200 11642 "-" "Mozilla/5.0 (Windows NT 10.0; Win64; x64) AppleWebKit/537.36 (KHTML, like Gecko) Chrome/114.0.0.0 Safari/537.36" 463 **0/463357**
103.219.169.195 - - [14/Apr/2026:05:21:42 -0700] "GET /uncategorized/better-step-9-masks-of-fire-rtp-casino-slot-1-minimum-put-gambling-establishment-websites-in-the-united-kingdom-2026/ HTTP/1.1" 200 158074 "-" "Mozilla/5.0 (Windows NT 10.0; Win64; x64) AppleWebKit/537.36 (KHTML, like Gecko) Chrome/122.0.0.0 Safari/537.36" 444 **0/444681**
114.119.136.150 - - [14/Apr/2026:05:21:42 -0700] "GET /uncategorized/wunderino-gewinnchancen-power-stars-bonus-code-erfahrungen-and-testbericht-feb-2026-%E6%B7%A8%E7%BE%8E%E7%9A%AE%E8%86%9A%E7%A7%91%E8%A8%BA%E6%89%80/ HTTP/1.1" 200 31061 "http://fuentesanza.es/uncategorized/super-moolah-position-gamble-super-moolah-on-the-web-today/" "Mozilla/5.0 (Linux; Android 7.0;) AppleWebKit/537.36 (KHTML, like Gecko) Mobile Safari/537.36 (compatible; PetalBot;+https://webmaster.petalsearch.com/site/petalbot)" 557 **0/557598**
66.249.73.4 - - [14/Apr/2026:05:21:44 -0700] "GET /?c=8416476956 HTTP/1.1" 200 30457 "-" "Mozilla/5.0 (Linux; Android 6.0.1; Nexus 5X Build/MMB29P) AppleWebKit/537.36 (KHTML, like Gecko) Chrome/146.0.7680.177 Mobile Safari/537.36 (compatible; Googlebot/2.1; +http://www.google.com/bot.html)" 330 **0/330760**
185.191.171.16 - - [14/Apr/2026:05:21:52 -0700] "GET /robots.txt HTTP/1.1" 200 105 "-" "Mozilla/5.0 (compatible; SemrushBot/7~bl; +http://www.semrush.com/bot.html)" 8 **0/8731**
85.208.96.193 - - [14/Apr/2026:05:21:52 -0700] "GET /category/vulkan-vegas-bonus-85/ HTTP/1.1" 200 38773 "-" "Mozilla/5.0 (compatible; SemrushBot/7~bl; +http://www.semrush.com/bot.html)" 387 **0/387841**
85.208.96.205 - - [14/Apr/2026:05:22:01 -0700] "GET /uncategorized/how-to-stack99-bonus-100-casino-deposit-and-you-may-withdraw-which-have-skrill-a-step-by-step-guide/ HTTP/1.1" 200 32076 "-" "Mozilla/5.0 (compatible; SemrushBot/7~bl; +http://www.semrush.com/bot.html)" 345 **0/345720**
66.249.73.6 - - [14/Apr/2026:05:22:01 -0700] "GET /?x=3283568493 HTTP/1.1" 200 30458 "-" "Mozilla/5.0 (Linux; Android 6.0.1; Nexus 5X Build/MMB29P) AppleWebKit/537.36 (KHTML, like Gecko) Chrome/146.0.7680.177 Mobile Safari/537.36 (compatible; Googlebot/2.1; +http://www.google.com/bot.html)" 438 **0/438910**
85.208.96.196 - - [14/Apr/2026:05:22:02 -0700] "GET /uncategorized/deposit-5-get-80-free-revolves-at-the-canadian-gambling-enterprises-within-the-casino-exclusive-no-deposit-bonus-2026/ HTTP/1.1" 200 31625 "-" "Mozilla/5.0 (compatible; SemrushBot/7~bl; +http://www.semrush.com/bot.html)" 407 **0/407269**
54.39.6.201 - - [14/Apr/2026:05:22:03 -0700] "GET /bez-rubriki/pregabalin-extended-release-tablets-2-2/feed/ HTTP/1.1" 200 440 "-" "Mozilla/5.0 (compatible; AhrefsBot/7.0; +http://ahrefs.com/robot/)" 391 **0/391905**
85.208.96.205 - - [14/Apr/2026:05:22:05 -0700] "GET /uncategorized/pretty-kitty-demo-enjoy-free-position-casino-lightning-link-online-game/ HTTP/1.1" 200 32178 "-" "Mozilla/5.0 (compatible; SemrushBot/7~bl; +http://www.semrush.com/bot.html)" 391 **0/391598**
85.208.96.195 - - [14/Apr/2026:05:22:08 -0700] "GET /wanabet-promociones-341/wanabet-bono-bienvenida-739/ HTTP/1.1" 200 33478 "-" "Mozilla/5.0 (compatible; SemrushBot/7~bl; +http://www.semrush.com/bot.html)" 349 **0/349355**
66.249.73.5 - - [14/Apr/2026:05:22:12 -0700] "GET /?x=32835156857 HTTP/1.1" 200 30458 "-" "Mozilla/5.0 (Linux; Android 6.0.1; Nexus 5X Build/MMB29P) AppleWebKit/537.36 (KHTML, like Gecko) Chrome/146.0.7680.177 Mobile Safari/537.36 (compatible; Googlebot/2.1; +http://www.google.com/bot.html)" 330 **0/330100**
103.219.169.195 - - [14/Apr/2026:05:22:13 -0700] "POST /xmlrpc.php HTTP/1.1" 200 180 "-" "Mozilla/5.0 (Windows NT 10.0; Win64; x64) AppleWebKit/537.36 (KHTML, like Gecko) Chrome/114.0.0.0 Safari/537.36" 430 **0/430725**
208.109.41.231 - - [14/Apr/2026:05:22:19 -0700] "POST /wp-cron.php?doing_wp_cron=1776169339.4193079471588134765625 HTTP/1.1" 200 - "-" "WordPress/6.3.8; http://fuentesanza.es" 24 **0/24883**
103.219.169.195 - - [14/Apr/2026:05:22:19 -0700] "POST /xmlrpc.php HTTP/1.1" 200 10242 "-" "Mozilla/5.0 (Windows NT 10.0; Win64; x64) AppleWebKit/537.36 (KHTML, like Gecko) Chrome/114.0.0.0 Safari/537.36" 666 **0/666627**
