84.133.110.164 - - [14/Apr/2026:06:58:48 -0700] "GET /?p=48898 HTTP/1.1" 301 - "-" "Mozilla/5.0 (Windows NT 10.0; Win64; x64) AppleWebKit/537.36 (KHTML, like Gecko) Chrome/120.0.0.0 Safari/537.36" 226 **0/226060**
146.70.83.218 - - [14/Apr/2026:06:58:48 -0700] "GET /favicon.ico HTTP/1.1" 302 1 "http://fuentesanza.es/uncategorized/comprehending-i-casinos-provably-fair-an-understanding-verso-il-video-gaming-universo-trasparente/" "Mozilla/5.0 (Windows NT 10.0; Win64; x64) AppleWebKit/537.36 (KHTML, like Gecko) Chrome/142.0.0.0 Safari/537.36" 276 **0/276977**
146.70.83.218 - - [14/Apr/2026:06:58:49 -0700] "GET /wp-includes/images/w-logo-blue-white-bg.png HTTP/1.1" 200 4119 "http://fuentesanza.es/uncategorized/comprehending-i-casinos-provably-fair-an-understanding-verso-il-video-gaming-universo-trasparente/" "Mozilla/5.0 (Windows NT 10.0; Win64; x64) AppleWebKit/537.36 (KHTML, like Gecko) Chrome/142.0.0.0 Safari/537.36" 10 **0/10534**
84.133.110.164 - - [14/Apr/2026:06:58:49 -0700] "GET /uncategorized/pinco-casino-apk-yuklm-baslayanlar-ucun-ipucu-20/ HTTP/1.1" 200 31288 "-" "Mozilla/5.0 (Windows NT 10.0; Win64; x64) AppleWebKit/537.36 (KHTML, like Gecko) Chrome/120.0.0.0 Safari/537.36" 399 **0/399787**
185.153.197.91 - - [14/Apr/2026:06:58:54 -0700] "POST /xmlrpc.php HTTP/1.1" 200 180 "-" "Mozilla/5.0 (Windows NT 10.0; Win64; x64) AppleWebKit/537.36 (KHTML, like Gecko) Chrome/114.0.0.0 Safari/537.36" 906 **0/906195**
208.109.41.231 - - [14/Apr/2026:06:59:00 -0700] "POST /wp-cron.php?doing_wp_cron=1776175140.6560540199279785156250 HTTP/1.1" 200 - "-" "WordPress/6.3.8; http://fuentesanza.es" 38 **0/38355**
85.208.96.200 - - [14/Apr/2026:06:59:00 -0700] "GET /uncategorized/vegastars-australia-quick-crypto-payouts-under-10-minutes/ HTTP/1.1" 200 32210 "-" "Mozilla/5.0 (compatible; SemrushBot/7~bl; +http://www.semrush.com/bot.html)" 935 **0/935818**
185.153.197.91 - - [14/Apr/2026:06:59:01 -0700] "POST /xmlrpc.php HTTP/1.1" 200 12341 "-" "Mozilla/5.0 (Windows NT 10.0; Win64; x64) AppleWebKit/537.36 (KHTML, like Gecko) Chrome/114.0.0.0 Safari/537.36" 798 **0/798542**
85.208.96.203 - - [14/Apr/2026:06:59:02 -0700] "GET /site-novibet-673/novibet-entrar-651/ HTTP/1.1" 200 33406 "-" "Mozilla/5.0 (compatible; SemrushBot/7~bl; +http://www.semrush.com/bot.html)" 734 **0/734845**
185.191.171.3 - - [14/Apr/2026:06:59:04 -0700] "GET /1win-login-india-568/1win-website-110/ HTTP/1.1" 200 31127 "-" "Mozilla/5.0 (compatible; SemrushBot/7~bl; +http://www.semrush.com/bot.html)" 1084 **1/1084465**
185.153.197.91 - - [14/Apr/2026:06:59:06 -0700] "GET /uncategorized/rocketplay-spielsaal-echtes-piepen-poker-erfahrungen-and-also-bewertung-casino-adept/ HTTP/1.1" 200 158813 "-" "Mozilla/5.0 (Windows NT 10.0; Win64; x64) AppleWebKit/537.36 (KHTML, like Gecko) Chrome/124.0.0.0 Safari/537.36" 678 **0/678110**
185.191.171.1 - - [14/Apr/2026:06:59:07 -0700] "GET /1win-app-537/1win-online-902/ HTTP/1.1" 200 33328 "-" "Mozilla/5.0 (compatible; SemrushBot/7~bl; +http://www.semrush.com/bot.html)" 586 **0/586857**
85.208.96.197 - - [14/Apr/2026:06:59:24 -0700] "GET /uncategorized/totally-free-pokies-australian-continent-play-online-pokies-enjoyment-with-no-download/ HTTP/1.1" 200 31740 "-" "Mozilla/5.0 (compatible; SemrushBot/7~bl; +http://www.semrush.com/bot.html)" 683 **0/683377**
85.208.96.203 - - [14/Apr/2026:06:59:32 -0700] "GET /uncategorized/internet-casino-a-real-income-book-finest-software-and-you-will-legal-aces-and-faces-hd-5-deposit-states-in-the-2025/ HTTP/1.1" 200 30784 "-" "Mozilla/5.0 (compatible; SemrushBot/7~bl; +http://www.semrush.com/bot.html)" 716 **0/716445**
35.183.34.190 - - [14/Apr/2026:06:59:33 -0700] "POST /xmlrpc.php HTTP/1.1" 200 180 "-" "Mozilla/5.0 (Windows NT 10.0; Win64; x64) AppleWebKit/537.36 (KHTML, like Gecko) Chrome/114.0.0.0 Safari/537.36" 1201 **1/1201353**
85.208.96.203 - - [14/Apr/2026:06:59:34 -0700] "GET /1win-login-44/1win-apk-882/ HTTP/1.1" 200 32353 "-" "Mozilla/5.0 (compatible; SemrushBot/7~bl; +http://www.semrush.com/bot.html)" 1101 **1/1101486**
208.109.41.231 - - [14/Apr/2026:06:59:38 -0700] "POST /wp-cron.php?doing_wp_cron=1776175178.1934220790863037109375 HTTP/1.1" 200 - "-" "WordPress/6.3.8; http://fuentesanza.es" 47 **0/47758**
185.191.171.19 - - [14/Apr/2026:06:59:38 -0700] "GET /1win-ofitsialnii-sait-12/1win-kz-413/ HTTP/1.1" 200 33562 "-" "Mozilla/5.0 (compatible; SemrushBot/7~bl; +http://www.semrush.com/bot.html)" 718 **0/718331**
35.183.34.190 - - [14/Apr/2026:06:59:40 -0700] "POST /xmlrpc.php HTTP/1.1" 200 19778 "-" "Mozilla/5.0 (Windows NT 10.0; Win64; x64) AppleWebKit/537.36 (KHTML, like Gecko) Chrome/114.0.0.0 Safari/537.36" 511 **0/511111**
35.183.34.190 - - [14/Apr/2026:06:59:40 -0700] "GET /uncategorized/promokody-bk-na-2026-god-bonusnye-kody-bukmekerov/ HTTP/1.1" 200 165931 "-" "Mozilla/5.0 (Windows NT 10.0; rv:109.0) Gecko/20100101 Firefox/115.0" 730 **0/730674**
142.44.220.237 - - [14/Apr/2026:06:59:56 -0700] "GET /tag/%D0%BC%D0%BE%D1%81%D1%82%D0%B1%D0%B5%D1%82-%D1%83%D0%B7/ HTTP/1.1" 200 36772 "-" "Mozilla/5.0 (compatible; AhrefsBot/7.0; +http://ahrefs.com/robot/)" 839 **0/839308**
185.156.47.9 - - [14/Apr/2026:06:59:56 -0700] "POST /xmlrpc.php HTTP/1.1" 200 180 "-" "Mozilla/5.0 (Windows NT 10.0; Win64; x64) AppleWebKit/537.36 (KHTML, like Gecko) Chrome/114.0.0.0 Safari/537.36" 1091 **1/1091444**
208.109.41.231 - - [14/Apr/2026:06:59:58 -0700] "POST /wp-cron.php?doing_wp_cron=1776175198.1044609546661376953125 HTTP/1.1" 200 - "-" "WordPress/6.3.8; http://fuentesanza.es" 51 **0/51501**
185.191.171.17 - - [14/Apr/2026:06:59:57 -0700] "GET /uncategorized/guide-of-ra-luxury-10-position-2025-play-on-online-casino-minimum-deposit-5-line-free-of-charge/ HTTP/1.1" 200 30895 "-" "Mozilla/5.0 (compatible; SemrushBot/7~bl; +http://www.semrush.com/bot.html)" 868 **0/868526**
185.156.47.9 - - [14/Apr/2026:07:00:03 -0700] "POST /xmlrpc.php HTTP/1.1" 200 15882 "-" "Mozilla/5.0 (Windows NT 10.0; Win64; x64) AppleWebKit/537.36 (KHTML, like Gecko) Chrome/114.0.0.0 Safari/537.36" 979 **0/979194**
185.156.47.9 - - [14/Apr/2026:07:00:04 -0700] "GET /uncategorized/obzor-casino-2026-vkhod-i-registratsiya-na-point-loto/ HTTP/1.1" 200 162308 "-" "Mozilla/5.0 (Windows NT 10.0; Win64; x64) AppleWebKit/537.36 (KHTML, like Gecko) Chrome/124.0.0.0 Safari/537.36" 1011 **1/1011080**
185.191.171.11 - - [14/Apr/2026:07:00:05 -0700] "GET /uncategorized/las-vegas-gambling-enterprises-have-also-handled-equivalent-risks-prior-to/ HTTP/1.1" 200 29408 "-" "Mozilla/5.0 (compatible; SemrushBot/7~bl; +http://www.semrush.com/bot.html)" 1355 **1/1355114**
85.208.96.209 - - [14/Apr/2026:07:00:08 -0700] "GET /uncategorized/kingbit-local-casino-no-deposit-bonuses-%C6%802-casino-red-dog-100-free-spins-deposit-extra/ HTTP/1.1" 200 30868 "-" "Mozilla/5.0 (compatible; SemrushBot/7~bl; +http://www.semrush.com/bot.html)" 678 **0/678374**
185.191.171.17 - - [14/Apr/2026:07:00:20 -0700] "GET /uncategorized/1win-casino-app-565/ HTTP/1.1" 200 32571 "-" "Mozilla/5.0 (compatible; SemrushBot/7~bl; +http://www.semrush.com/bot.html)" 852 **0/852882**
85.208.96.198 - - [14/Apr/2026:07:00:27 -0700] "GET /category/1win-registratsiya-659/ HTTP/1.1" 200 43054 "-" "Mozilla/5.0 (compatible; SemrushBot/7~bl; +http://www.semrush.com/bot.html)" 788 **0/788046**
185.153.197.91 - - [14/Apr/2026:07:00:27 -0700] "POST /xmlrpc.php HTTP/1.1" 200 180 "-" "Mozilla/5.0 (Windows NT 10.0; Win64; x64) AppleWebKit/537.36 (KHTML, like Gecko) Chrome/114.0.0.0 Safari/537.36" 1271 **1/1271722**
208.109.41.231 - - [14/Apr/2026:07:00:35 -0700] "POST /wp-cron.php?doing_wp_cron=1776175235.1894340515136718750000 HTTP/1.1" 200 - "-" "WordPress/6.3.8; http://fuentesanza.es" 25 **0/25789**
185.153.197.91 - - [14/Apr/2026:07:00:34 -0700] "POST /xmlrpc.php HTTP/1.1" 200 9024 "-" "Mozilla/5.0 (Windows NT 10.0; Win64; x64) AppleWebKit/537.36 (KHTML, like Gecko) Chrome/114.0.0.0 Safari/537.36" 598 **0/598277**
185.153.197.91 - - [14/Apr/2026:07:00:39 -0700] "GET /uncategorized/meine-ersten-vernehmen-hatte-ich-intensiv-unter-einsatz-von-eulersche-konstante-mail-an-angewandten-kundenbetreuung-gesendet/ HTTP/1.1" 200 155829 "-" "Mozilla/5.0 (Windows NT 10.0; rv:125.0) Gecko/20100101 Firefox/125.0" 694 **0/694817**
114.119.156.60 - - [14/Apr/2026:07:00:46 -0700] "GET /uncategorized/spinata-enorme-slot-review-netent-game-of-ranura-ultra-hot-deluxe-the-year-2015/ HTTP/1.1" 200 31451 "http://fuentesanza.es/uncategorized/queen-of-your-own-nile-ii-pokies-remark-better-aristocrat-game/" "Mozilla/5.0 (Linux; Android 7.0;) AppleWebKit/537.36 (KHTML, like Gecko) Mobile Safari/537.36 (compatible; PetalBot;+https://webmaster.petalsearch.com/site/petalbot)" 819 **0/819021**
54.39.0.239 - - [14/Apr/2026:07:01:21 -0700] "GET /1win-casino-526/1win-login-35/ HTTP/1.1" 200 30282 "-" "Mozilla/5.0 (compatible; AhrefsBot/7.0; +http://ahrefs.com/robot/)" 1034 **1/1034793**
185.191.171.10 - - [14/Apr/2026:07:01:26 -0700] "GET /uncategorized/dual-definition-on-the-cambridge-english-dictionary/ HTTP/1.1" 200 31583 "-" "Mozilla/5.0 (compatible; SemrushBot/7~bl; +http://www.semrush.com/bot.html)" 678 **0/678270**
85.208.96.212 - - [14/Apr/2026:07:01:35 -0700] "GET /uncategorized/flirtbees-review-the-surprising-fact-about-this-live-video-chat-site-learn-earlier-than-you-join-random-video-chat/ HTTP/1.1" 200 74173 "-" "Mozilla/5.0 (compatible; SemrushBot/7~bl; +http://www.semrush.com/bot.html)" 1033 **1/1033938**
85.208.96.210 - - [14/Apr/2026:07:01:45 -0700] "GET /uncategorized/slots-online-sin-cargo-tratar-a-beetle-frenzy-ofertas-mayormente-sobre-treinta-000-tragaperras-gratuito/ HTTP/1.1" 200 31820 "-" "Mozilla/5.0 (compatible; SemrushBot/7~bl; +http://www.semrush.com/bot.html)" 611 **0/611335**
2.58.56.197 - - [14/Apr/2026:07:01:58 -0700] "GET /txets.php HTTP/1.1" 200 29 "-" "Mozilla/5.0 (Windows NT 10.0; Win64; x64) AppleWebKit/537.36 (KHTML, like Gecko) Chrome/91.0.4472.124 Safari/537.36" 72 **0/72637**
185.153.197.91 - - [14/Apr/2026:07:01:59 -0700] "POST /xmlrpc.php HTTP/1.1" 200 180 "-" "Mozilla/5.0 (Windows NT 10.0; Win64; x64) AppleWebKit/537.36 (KHTML, like Gecko) Chrome/114.0.0.0 Safari/537.36" 852 **0/852889**
208.109.41.231 - - [14/Apr/2026:07:02:07 -0700] "POST /wp-cron.php?doing_wp_cron=1776175327.0167469978332519531250 HTTP/1.1" 200 - "-" "WordPress/6.3.8; http://fuentesanza.es" 81 **0/81999**
185.153.197.91 - - [14/Apr/2026:07:02:06 -0700] "POST /xmlrpc.php HTTP/1.1" 200 9368 "-" "Mozilla/5.0 (Windows NT 10.0; Win64; x64) AppleWebKit/537.36 (KHTML, like Gecko) Chrome/114.0.0.0 Safari/537.36" 826 **0/826545**
185.191.171.7 - - [14/Apr/2026:07:02:07 -0700] "GET /uncategorized/best-20-deposit-bonus-also-offers-within-the-british-gambling-enterprises-2026/ HTTP/1.1" 200 30155 "-" "Mozilla/5.0 (compatible; SemrushBot/7~bl; +http://www.semrush.com/bot.html)" 722 **0/722682**
185.153.197.91 - - [14/Apr/2026:07:02:08 -0700] "GET /uncategorized/unser-besten-gemein-casinos-within-land-der-dichter-und-denker-man-sagt-sie-seien-staatlich-lizenziert-offerte-ein-sicheres-spielerlebnis/ HTTP/1.1" 200 156613 "-" "Mozilla/5.0 (Windows NT 10.0; Win64; x64) AppleWebKit/537.36 (KHTML, like Gecko) Chrome/124.0.0.0 Safari/537.36 Edg/124.0.0.0" 520 **0/520925**
185.191.171.16 - - [14/Apr/2026:07:02:10 -0700] "GET /uncategorized/blackjack-strategien-casino-casumo-casino-fur-jedes-alle-spielstarken/ HTTP/1.1" 200 29930 "-" "Mozilla/5.0 (compatible; SemrushBot/7~bl; +http://www.semrush.com/bot.html)" 505 **0/505469**
142.44.225.19 - - [14/Apr/2026:07:02:32 -0700] "GET /1win-online-37/1win-registratsiya-424/ HTTP/1.1" 200 30778 "-" "Mozilla/5.0 (compatible; AhrefsBot/7.0; +http://ahrefs.com/robot/)" 386 **0/386202**
185.156.47.9 - - [14/Apr/2026:07:02:55 -0700] "POST /xmlrpc.php HTTP/1.1" 200 180 "-" "Mozilla/5.0 (Windows NT 10.0; Win64; x64) AppleWebKit/537.36 (KHTML, like Gecko) Chrome/114.0.0.0 Safari/537.36" 1092 **1/1092289**
208.109.41.231 - - [14/Apr/2026:07:03:01 -0700] "POST /wp-cron.php?doing_wp_cron=1776175381.9810490608215332031250 HTTP/1.1" 200 - "-" "WordPress/6.3.8; http://fuentesanza.es" 89 **0/89905**
185.156.47.9 - - [14/Apr/2026:07:03:01 -0700] "POST /xmlrpc.php HTTP/1.1" 200 12390 "-" "Mozilla/5.0 (Windows NT 10.0; Win64; x64) AppleWebKit/537.36 (KHTML, like Gecko) Chrome/114.0.0.0 Safari/537.36" 678 **0/678384**
35.183.34.190 - - [14/Apr/2026:07:03:01 -0700] "POST /xmlrpc.php HTTP/1.1" 200 180 "-" "Mozilla/5.0 (Windows NT 10.0; Win64; x64) AppleWebKit/537.36 (KHTML, like Gecko) Chrome/114.0.0.0 Safari/537.36" 985 **0/985380**
185.156.47.9 - - [14/Apr/2026:07:03:02 -0700] "GET /uncategorized/na-org-mozhno-posmotret-anime-na-russkom-yazyke-onlayn/ HTTP/1.1" 200 159147 "-" "Mozilla/5.0 (Windows NT 10.0; Win64; x64) AppleWebKit/537.36 (KHTML, like Gecko) Chrome/124.0.0.0 Safari/537.36" 733 **0/733701**
208.109.41.231 - - [14/Apr/2026:07:03:08 -0700] "POST /wp-cron.php?doing_wp_cron=1776175388.8408629894256591796875 HTTP/1.1" 200 - "-" "WordPress/6.3.8; http://fuentesanza.es" 23 **0/23366**
35.183.34.190 - - [14/Apr/2026:07:03:08 -0700] "POST /xmlrpc.php HTTP/1.1" 200 13447 "-" "Mozilla/5.0 (Windows NT 10.0; Win64; x64) AppleWebKit/537.36 (KHTML, like Gecko) Chrome/114.0.0.0 Safari/537.36" 481 **0/481098**
35.183.34.190 - - [14/Apr/2026:07:03:09 -0700] "GET /uncategorized/skachat-1xbet-na-android-i-ios-aktualnaya-versiya/ HTTP/1.1" 200 160128 "-" "Mozilla/5.0 (Windows NT 10.0; rv:125.0) Gecko/20100101 Firefox/125.0" 555 **0/555397**
85.208.96.206 - - [14/Apr/2026:07:03:16 -0700] "GET /uncategorized/ramses-publication-parklane-gambling-establishment-for-the-money-ten-100-percent-free-revolves-no-deposit-costa-rica/ HTTP/1.1" 200 30673 "-" "Mozilla/5.0 (compatible; SemrushBot/7~bl; +http://www.semrush.com/bot.html)" 367 **0/367737**
85.208.96.197 - - [14/Apr/2026:07:03:18 -0700] "GET /uncategorized/finest-maine-web-based-casinos-to-own-es-most-significant-bonuses-and-more/ HTTP/1.1" 200 29729 "-" "Mozilla/5.0 (compatible; SemrushBot/7~bl; +http://www.semrush.com/bot.html)" 418 **0/418359**
185.153.197.91 - - [14/Apr/2026:07:03:19 -0700] "POST /xmlrpc.php HTTP/1.1" 200 180 "-" "Mozilla/5.0 (Windows NT 10.0; Win64; x64) AppleWebKit/537.36 (KHTML, like Gecko) Chrome/114.0.0.0 Safari/537.36" 676 **0/676092**
208.109.41.231 - - [14/Apr/2026:07:03:21 -0700] "POST /wp-cron.php?doing_wp_cron=1776175401.8126409053802490234375 HTTP/1.1" 200 - "-" "WordPress/6.3.8; http://fuentesanza.es" 34 **0/34299**
85.208.96.202 - - [14/Apr/2026:07:03:21 -0700] "GET /uncategorized/blackjack-qua-drogenhandler-wahrlich-geld-obsiegen-within-ihr-schweiz-2026-dfi-kommerzialisierung-pforte/ HTTP/1.1" 200 32720 "-" "Mozilla/5.0 (compatible; SemrushBot/7~bl; +http://www.semrush.com/bot.html)" 787 **0/787642**
34.34.229.4 - - [14/Apr/2026:07:03:21 -0700] "GET /10-641286-links-mix-casino-au-5-done/xpt-regional-trains-124/ HTTP/1.1" 200 322445 "-" "Mozilla/5.0 (Macintosh; Intel Mac OS X 10_15_7) AppleWebKit/537.36 (KHTML, like Gecko) Chrome/145.0.0.0 Safari/537.36" 734 **0/734803**
185.191.171.15 - - [14/Apr/2026:07:03:24 -0700] "GET /tag/lemon-kasyno/ HTTP/1.1" 200 31616 "-" "Mozilla/5.0 (compatible; SemrushBot/7~bl; +http://www.semrush.com/bot.html)" 395 **0/395049**
185.191.171.9 - - [14/Apr/2026:07:03:26 -0700] "GET /casino-mania-67/casinomania-app-482/ HTTP/1.1" 200 34556 "-" "Mozilla/5.0 (compatible; SemrushBot/7~bl; +http://www.semrush.com/bot.html)" 455 **0/455230**
185.153.197.91 - - [14/Apr/2026:07:03:26 -0700] "POST /xmlrpc.php HTTP/1.1" 200 10233 "-" "Mozilla/5.0 (Windows NT 10.0; Win64; x64) AppleWebKit/537.36 (KHTML, like Gecko) Chrome/114.0.0.0 Safari/537.36" 485 **0/485966**
185.191.171.15 - - [14/Apr/2026:07:03:27 -0700] "GET /1win-kazino-627/1win-login-680/ HTTP/1.1" 200 35332 "-" "Mozilla/5.0 (compatible; SemrushBot/7~bl; +http://www.semrush.com/bot.html)" 460 **0/460510**
185.153.197.91 - - [14/Apr/2026:07:03:29 -0700] "GET /uncategorized/wie-gleichfalls-eroffne-selbst-welches-konto-inoffizieller-arbeitskollege-izzi-casino/ HTTP/1.1" 200 156698 "-" "Mozilla/5.0 (Windows NT 10.0; Win64; x64; rv:125.0) Gecko/20100101 Firefox/125.0" 379 **0/379396**
185.191.171.1 - - [14/Apr/2026:07:03:30 -0700] "GET /mostbet-app-185/mostbet-skachat-972/ HTTP/1.1" 200 35357 "-" "Mozilla/5.0 (compatible; SemrushBot/7~bl; +http://www.semrush.com/bot.html)" 349 **0/349752**
34.34.229.4 - - [14/Apr/2026:07:03:40 -0700] "GET /10-641286-links-mix-casino-au-5-done/australian-online-casinos-best-real-money-casinos-238/ HTTP/1.1" 200 197734 "-" "Mozilla/5.0 (X11; Linux x86_64) AppleWebKit/537.36 (KHTML, like Gecko; compatible; pageburst) Chrome/144.0.7559.132 Safari/537.36" 442 **0/442294**
185.191.171.6 - - [14/Apr/2026:07:03:41 -0700] "GET /10-641286-links-mix-casino-1-uk-done/betmac-casino-welcome-offer-2026-uk-best-signup-37/ HTTP/1.1" 200 146124 "-" "Mozilla/5.0 (compatible; SemrushBot/7~bl; +http://www.semrush.com/bot.html)" 520 **0/520809**
85.208.96.209 - - [14/Apr/2026:07:03:50 -0700] "GET /uncategorized/online-casinos-unter-einsatz-sehen-sie-sich-auf-dieser-seite-um-von-erstplatzierter-auszahlungsquote-within-alpenrepublik-2026/ HTTP/1.1" 200 31967 "-" "Mozilla/5.0 (compatible; SemrushBot/7~bl; +http://www.semrush.com/bot.html)" 676 **0/676709**
188.163.22.117 - - [14/Apr/2026:07:03:51 -0700] "GET /1win-betting-92/1-win-game-396/ HTTP/1.1" 200 31241 "-" "Mozilla/5.0 (Windows NT 10.0; Win64; x64) AppleWebKit/537.36 (KHTML, like Gecko) Chrome/146.0.0.0 Safari/537.36" 775 **0/775204**
188.163.22.117 - - [14/Apr/2026:07:03:54 -0700] "GET /1win-betting-92/1-win-app-803/ HTTP/1.1" 200 31361 "-" "Mozilla/5.0 (Windows NT 10.0; Win64; x64) AppleWebKit/537.36 (KHTML, like Gecko) Chrome/146.0.0.0 Safari/537.36" 436 **0/436246**
148.113.128.26 - - [14/Apr/2026:07:03:54 -0700] "GET /uncategorized/mobila-casinon-inte-me-svensk-perso-koncession-hur-sa-online-casino-bonusar-utan-insattning-svenska-sprake-lirare-borde-veta/ HTTP/1.1" 200 27938 "-" "Mozilla/5.0 (compatible; AhrefsBot/7.0; +http://ahrefs.com/robot/)" 430 **0/430796**
85.208.96.208 - - [14/Apr/2026:07:03:59 -0700] "GET /uncategorized/better-modern-jackpot-harbors-casino-bandits-bounty-hd-jackpot-tracker-february-2026/ HTTP/1.1" 200 31150 "-" "Mozilla/5.0 (compatible; SemrushBot/7~bl; +http://www.semrush.com/bot.html)" 367 **0/367445**
85.208.96.196 - - [14/Apr/2026:07:04:14 -0700] "GET /uncategorized/nuestro-hogar-para-deposito-1-obtenga-1xslot-giros-gratis-juegos-sobre-casino-en-internet-referente-a-espana/ HTTP/1.1" 200 33370 "-" "Mozilla/5.0 (compatible; SemrushBot/7~bl; +http://www.semrush.com/bot.html)" 553 **0/553226**
66.249.73.5 - - [14/Apr/2026:07:04:15 -0700] "GET /?i=20912253126 HTTP/1.1" 200 40516 "-" "Mozilla/5.0 (Linux; Android 6.0.1; Nexus 5X Build/MMB29P) AppleWebKit/537.36 (KHTML, like Gecko) Chrome/146.0.7680.177 Mobile Safari/537.36 (compatible; Googlebot/2.1; +http://www.google.com/bot.html)" 415 **0/415056**
66.249.73.5 - - [14/Apr/2026:07:04:16 -0700] "GET /?w=3637050282 HTTP/1.1" 404 11349 "-" "Mozilla/5.0 (Linux; Android 6.0.1; Nexus 5X Build/MMB29P) AppleWebKit/537.36 (KHTML, like Gecko) Chrome/146.0.7680.177 Mobile Safari/537.36 (compatible; Googlebot/2.1; +http://www.google.com/bot.html)" 280 **0/280307**
185.191.171.13 - - [14/Apr/2026:07:04:18 -0700] "GET /uncategorized/king-of-the-nile-profile-information-2026-take-pleasure-in-on-the-web-%E9%81%A0%E8%A6%8B%E4%B8%8D%E5%8B%95%E7%94%A2%E4%BC%B0%E5%83%B9%E5%B8%AB%E4%BA%8B%E5%8B%99%E6%89%80/ HTTP/1.1" 200 30868 "-" "Mozilla/5.0 (compatible; SemrushBot/7~bl; +http://www.semrush.com/bot.html)" 490 **0/490388**
66.249.73.5 - - [14/Apr/2026:07:04:20 -0700] "GET /?c=84164138364 HTTP/1.1" 200 40516 "-" "Mozilla/5.0 (Linux; Android 6.0.1; Nexus 5X Build/MMB29P) AppleWebKit/537.36 (KHTML, like Gecko) Chrome/146.0.7680.177 Mobile Safari/537.36 (compatible; Googlebot/2.1; +http://www.google.com/bot.html)" 430 **0/430183**
85.208.96.209 - - [14/Apr/2026:07:04:20 -0700] "GET /uncategorized/de-magie-van-online-gokken-een-gids-voor-beginners-in-nederland/ HTTP/1.1" 200 30452 "-" "Mozilla/5.0 (compatible; SemrushBot/7~bl; +http://www.semrush.com/bot.html)" 674 **0/674672**
185.156.47.9 - - [14/Apr/2026:07:04:22 -0700] "POST /xmlrpc.php HTTP/1.1" 200 180 "-" "Mozilla/5.0 (Windows NT 10.0; Win64; x64) AppleWebKit/537.36 (KHTML, like Gecko) Chrome/114.0.0.0 Safari/537.36" 1080 **1/1080473**
185.191.171.15 - - [14/Apr/2026:07:04:23 -0700] "GET /tag/bet365-poker-app/ HTTP/1.1" 200 40201 "-" "Mozilla/5.0 (compatible; SemrushBot/7~bl; +http://www.semrush.com/bot.html)" 650 **0/650322**
208.109.41.231 - - [14/Apr/2026:07:04:29 -0700] "POST /wp-cron.php?doing_wp_cron=1776175469.1268670558929443359375 HTTP/1.1" 200 - "-" "WordPress/6.3.8; http://fuentesanza.es" 24 **0/24288**
185.156.47.9 - - [14/Apr/2026:07:04:28 -0700] "POST /xmlrpc.php HTTP/1.1" 200 13035 "-" "Mozilla/5.0 (Windows NT 10.0; Win64; x64) AppleWebKit/537.36 (KHTML, like Gecko) Chrome/114.0.0.0 Safari/537.36" 483 **0/483513**
185.156.47.9 - - [14/Apr/2026:07:04:29 -0700] "GET /uncategorized/ofitsialnyy-sayt-stoloto-predlagaet-gosudarstvennuyu-lotereyu-vse-ili-nichego/ HTTP/1.1" 200 159937 "-" "Mozilla/5.0 (Windows NT 10.0; Win64; x64) AppleWebKit/537.36 (KHTML, like Gecko) Chrome/123.0.0.0 Safari/537.36" 402 **0/402634**
66.249.73.4 - - [14/Apr/2026:07:04:37 -0700] "GET /?i=20912152661 HTTP/1.1" 200 40516 "-" "Mozilla/5.0 (Linux; Android 6.0.1; Nexus 5X Build/MMB29P) AppleWebKit/537.36 (KHTML, like Gecko) Chrome/146.0.7680.177 Mobile Safari/537.36 (compatible; Googlebot/2.1; +http://www.google.com/bot.html)" 488 **0/488428**
66.249.73.4 - - [14/Apr/2026:07:04:37 -0700] "GET /?f=7114116693 HTTP/1.1" 200 40516 "-" "Mozilla/5.0 (Linux; Android 6.0.1; Nexus 5X Build/MMB29P) AppleWebKit/537.36 (KHTML, like Gecko) Chrome/146.0.7680.177 Mobile Safari/537.36 (compatible; Googlebot/2.1; +http://www.google.com/bot.html)" 527 **0/527186**
66.249.73.4 - - [14/Apr/2026:07:04:37 -0700] "GET /?s=10106301771 HTTP/1.1" 200 24391 "-" "Mozilla/5.0 (Linux; Android 6.0.1; Nexus 5X Build/MMB29P) AppleWebKit/537.36 (KHTML, like Gecko) Chrome/146.0.7680.177 Mobile Safari/537.36 (compatible; Googlebot/2.1; +http://www.google.com/bot.html)" 3644 **3/3644120**
66.249.73.4 - - [14/Apr/2026:07:04:47 -0700] "GET /?i=51696218020 HTTP/1.1" 200 40516 "-" "Mozilla/5.0 (Linux; Android 6.0.1; Nexus 5X Build/MMB29P) AppleWebKit/537.36 (KHTML, like Gecko) Chrome/146.0.7680.177 Mobile Safari/537.36 (compatible; Googlebot/2.1; +http://www.google.com/bot.html)" 350 **0/350404**
185.153.197.91 - - [14/Apr/2026:07:04:49 -0700] "POST /xmlrpc.php HTTP/1.1" 200 180 "-" "Mozilla/5.0 (Windows NT 10.0; Win64; x64) AppleWebKit/537.36 (KHTML, like Gecko) Chrome/114.0.0.0 Safari/537.36" 481 **0/481237**
208.109.41.231 - - [14/Apr/2026:07:04:56 -0700] "POST /wp-cron.php?doing_wp_cron=1776175496.0347599983215332031250 HTTP/1.1" 200 - "-" "WordPress/6.3.8; http://fuentesanza.es" 23 **0/23736**
185.153.197.91 - - [14/Apr/2026:07:04:55 -0700] "POST /xmlrpc.php HTTP/1.1" 200 9146 "-" "Mozilla/5.0 (Windows NT 10.0; Win64; x64) AppleWebKit/537.36 (KHTML, like Gecko) Chrome/114.0.0.0 Safari/537.36" 435 **0/435023**
185.153.197.91 - - [14/Apr/2026:07:04:57 -0700] "GET /uncategorized/die-ersten-wundern-habe-ich-intensiv-unter-einsatz-von-e-e-mail-nachricht-aktiv-einen-kundendienst-gesendet/ HTTP/1.1" 200 156091 "-" "Mozilla/5.0 (Windows NT 10.0; Win64; x64) AppleWebKit/537.36 (KHTML, like Gecko) Chrome/123.0.0.0 Safari/537.36" 408 **0/408483**
66.249.73.4 - - [14/Apr/2026:07:04:58 -0700] "GET /?f=71141158138 HTTP/1.1" 200 42067 "-" "Mozilla/5.0 (Linux; Android 6.0.1; Nexus 5X Build/MMB29P) AppleWebKit/537.36 (KHTML, like Gecko) Chrome/146.0.7680.177 Mobile Safari/537.36 (compatible; Googlebot/2.1; +http://www.google.com/bot.html)" 405 **0/405418**
66.249.73.6 - - [14/Apr/2026:07:05:06 -0700] "GET /?m=31108215111 HTTP/1.1" 404 11349 "-" "Mozilla/5.0 (Linux; Android 6.0.1; Nexus 5X Build/MMB29P) AppleWebKit/537.36 (KHTML, like Gecko) Chrome/146.0.7680.177 Mobile Safari/537.36 (compatible; Googlebot/2.1; +http://www.google.com/bot.html)" 597 **0/597824**
185.191.171.17 - - [14/Apr/2026:07:05:08 -0700] "GET /category/1win-in-164/ HTTP/1.1" 200 33215 "-" "Mozilla/5.0 (compatible; SemrushBot/7~bl; +http://www.semrush.com/bot.html)" 806 **0/806704**
114.119.130.109 - - [14/Apr/2026:07:05:14 -0700] "GET /uncategorized/spielen-exorbitant-das-rennen-machen-ferner-98-percent-rtp-geniesen/ HTTP/1.1" 200 31870 "http://fuentesanza.es/uncategorized/spielen-exorbitant-das-rennen-machen-ferner-98-percent-rtp-geniesen/" "Mozilla/5.0 (Linux; Android 7.0;) AppleWebKit/537.36 (KHTML, like Gecko) Mobile Safari/537.36 (compatible; PetalBot;+https://webmaster.petalsearch.com/site/petalbot)" 883 **0/883208**
54.39.136.203 - - [14/Apr/2026:07:05:14 -0700] "GET /pin-up-bet-login-329/pin-up-app-362/ HTTP/1.1" 200 30923 "-" "Mozilla/5.0 (compatible; AhrefsBot/7.0; +http://ahrefs.com/robot/)" 1638 **1/1638944**
85.208.96.208 - - [14/Apr/2026:07:05:31 -0700] "GET /2026/02/page/5/ HTTP/1.1" 200 132783 "-" "Mozilla/5.0 (compatible; SemrushBot/7~bl; +http://www.semrush.com/bot.html)" 603 **0/603562**
85.208.96.202 - - [14/Apr/2026:07:05:33 -0700] "GET /tag/vulkan-vegas-bonus/page/2/ HTTP/1.1" 200 47137 "-" "Mozilla/5.0 (compatible; SemrushBot/7~bl; +http://www.semrush.com/bot.html)" 455 **0/455426**
85.208.96.208 - - [14/Apr/2026:07:05:35 -0700] "GET /uncategorized/play-free-online-harbors-600-slot-games-zero-obtain/ HTTP/1.1" 200 30168 "-" "Mozilla/5.0 (compatible; SemrushBot/7~bl; +http://www.semrush.com/bot.html)" 514 **0/514057**
185.191.171.17 - - [14/Apr/2026:07:05:52 -0700] "GET /uncategorized/home-out-of-enjoyable-free-coins-spins-each-day-the-new-links/ HTTP/1.1" 200 32271 "-" "Mozilla/5.0 (compatible; SemrushBot/7~bl; +http://www.semrush.com/bot.html)" 376 **0/376759**
185.153.197.91 - - [14/Apr/2026:07:06:02 -0700] "POST /xmlrpc.php HTTP/1.1" 200 180 "-" "Mozilla/5.0 (Windows NT 10.0; Win64; x64) AppleWebKit/537.36 (KHTML, like Gecko) Chrome/114.0.0.0 Safari/537.36" 1531 **1/1531442**
35.183.34.190 - - [14/Apr/2026:07:06:03 -0700] "POST /xmlrpc.php HTTP/1.1" 200 180 "-" "Mozilla/5.0 (Windows NT 10.0; Win64; x64) AppleWebKit/537.36 (KHTML, like Gecko) Chrome/114.0.0.0 Safari/537.36" 1503 **1/1503603**
208.109.41.231 - - [14/Apr/2026:07:06:05 -0700] "POST /wp-cron.php?doing_wp_cron=1776175565.1108720302581787109375 HTTP/1.1" 200 - "-" "WordPress/6.3.8; http://fuentesanza.es" 53 **0/53560**
114.119.148.10 - - [14/Apr/2026:07:06:04 -0700] "GET /uncategorized/spielbank-freispiele-heutig-ohne-einzahlung/ HTTP/1.1" 200 29673 "http://fuentesanza.es/uncategorized/spielbank-freispiele-heutig-ohne-einzahlung/" "Mozilla/5.0 (Linux; Android 7.0;) AppleWebKit/537.36 (KHTML, like Gecko) Mobile Safari/537.36 (compatible; PetalBot;+https://webmaster.petalsearch.com/site/petalbot)" 1003 **1/1003917**
185.153.197.91 - - [14/Apr/2026:07:06:10 -0700] "POST /xmlrpc.php HTTP/1.1" 200 9038 "-" "Mozilla/5.0 (Windows NT 10.0; Win64; x64) AppleWebKit/537.36 (KHTML, like Gecko) Chrome/114.0.0.0 Safari/537.36" 670 **0/670723**
35.183.34.190 - - [14/Apr/2026:07:06:10 -0700] "POST /xmlrpc.php HTTP/1.1" 200 19096 "-" "Mozilla/5.0 (Windows NT 10.0; Win64; x64) AppleWebKit/537.36 (KHTML, like Gecko) Chrome/114.0.0.0 Safari/537.36" 788 **0/788464**
35.183.34.190 - - [14/Apr/2026:07:06:11 -0700] "GET /uncategorized/skachat-prilozhenie-1xbet-dlya-android-apk-i-ios-dlya-iphone/ HTTP/1.1" 200 165413 "-" "Mozilla/5.0 (Windows NT 10.0; rv:109.0) Gecko/20100101 Firefox/115.0" 644 **0/644240**
185.153.197.91 - - [14/Apr/2026:07:06:13 -0700] "GET /uncategorized/das-betamo-casinohat-folgende-lizenz-das-malta-gaming-authority/ HTTP/1.1" 200 155410 "-" "Mozilla/5.0 (Windows NT 10.0; Win64; x64; rv:124.0) Gecko/20100101 Firefox/124.0" 496 **0/496871**
185.191.171.17 - - [14/Apr/2026:07:06:23 -0700] "GET /mostbet-casino-503/mostbet-no-deposit-bonus-48/ HTTP/1.1" 200 32597 "-" "Mozilla/5.0 (compatible; SemrushBot/7~bl; +http://www.semrush.com/bot.html)" 523 **0/523360**
51.161.65.18 - - [14/Apr/2026:07:06:30 -0700] "GET /uncategorized/10-ultimat-casinon-inte-med-carat-kasinorecensioner-spela-online-spelpaus/ HTTP/1.1" 200 27861 "-" "Mozilla/5.0 (compatible; AhrefsBot/7.0; +http://ahrefs.com/robot/)" 694 **0/694955**
185.191.171.19 - - [14/Apr/2026:07:07:02 -0700] "GET /uncategorized/9-coins-explore-o-jogo-como-entenda-briga-ademane-hold-the-jackpot-apostas/ HTTP/1.1" 200 30461 "-" "Mozilla/5.0 (compatible; SemrushBot/7~bl; +http://www.semrush.com/bot.html)" 879 **0/879940**
185.191.171.13 - - [14/Apr/2026:07:07:11 -0700] "GET /uncategorized/raging-rhino-position-advice-2026-secure-in-order-to-250100-restrict-put-ten-harbors-davinci-diamonds-online-game-added-play-starlight-kiss-bonus-%E6%A0%AA%E5%BC%8F%E4%BC%9A%E7%A4%BE%E5%8D%83/ HTTP/1.1" 200 31159 "-" "Mozilla/5.0 (compatible; SemrushBot/7~bl; +http://www.semrush.com/bot.html)" 475 **0/475710**
185.191.171.8 - - [14/Apr/2026:07:07:20 -0700] "GET /uncategorized/better-no-deposit-incentive-now-offers-and-you-may-100-percent-free-spins-inside-the-southern-area-africa/ HTTP/1.1" 200 30560 "-" "Mozilla/5.0 (compatible; SemrushBot/7~bl; +http://www.semrush.com/bot.html)" 538 **0/538920**
85.208.96.194 - - [14/Apr/2026:07:07:23 -0700] "GET /slotsuk-casino-in-united-kingdom-understanding-dosage-and-instructions/ HTTP/1.1" 200 33442 "-" "Mozilla/5.0 (compatible; SemrushBot/7~bl; +http://www.semrush.com/bot.html)" 476 **0/476364**
114.119.141.83 - - [14/Apr/2026:07:07:27 -0700] "GET /uncategorized/zombie-aristocrat-juegos-de-ipad-carnival/ HTTP/1.1" 200 32245 "http://fuentesanza.es/uncategorized/sizzling-hot-deluxe-slot-apps-acerca-de-google-play/" "Mozilla/5.0 (Linux; Android 7.0;) AppleWebKit/537.36 (KHTML, like Gecko) Mobile Safari/537.36 (compatible; PetalBot;+https://webmaster.petalsearch.com/site/petalbot)" 323 **0/323750**
43.135.145.73 - - [14/Apr/2026:07:07:30 -0700] "GET / HTTP/1.1" 200 45982 "-" "Mozilla/5.0 (iPhone; CPU iPhone OS 13_2_3 like Mac OS X) AppleWebKit/605.1.15 (KHTML, like Gecko) Version/13.0.3 Mobile/15E148 Safari/604.1" 615 **0/615117**
185.153.197.91 - - [14/Apr/2026:07:07:40 -0700] "POST /xmlrpc.php HTTP/1.1" 200 180 "-" "Mozilla/5.0 (Windows NT 10.0; Win64; x64) AppleWebKit/537.36 (KHTML, like Gecko) Chrome/114.0.0.0 Safari/537.36" 644 **0/644926**
208.109.41.231 - - [14/Apr/2026:07:07:41 -0700] "POST /wp-cron.php?doing_wp_cron=1776175661.9852409362792968750000 HTTP/1.1" 200 - "-" "WordPress/6.3.8; http://fuentesanza.es" 30 **0/30343**
85.208.96.194 - - [14/Apr/2026:07:07:41 -0700] "GET /pinup-casino-608/pinup-casino-549/ HTTP/1.1" 200 31970 "-" "Mozilla/5.0 (compatible; SemrushBot/7~bl; +http://www.semrush.com/bot.html)" 604 **0/604693**
185.153.197.91 - - [14/Apr/2026:07:07:47 -0700] "POST /xmlrpc.php HTTP/1.1" 200 12454 "-" "Mozilla/5.0 (Windows NT 10.0; Win64; x64) AppleWebKit/537.36 (KHTML, like Gecko) Chrome/114.0.0.0 Safari/537.36" 437 **0/437094**
94.130.139.84 - - [14/Apr/2026:07:07:47 -0700] "GET /uncategorized/mostbet-com-%D1%81%D0%BA%D0%B0%D1%87%D0%B0%D1%82%D1%8C-%D0%BA%D0%B0%D0%BA-%D0%BE%D1%82%D0%BA%D1%80%D1%8B%D1%82%D1%8C-%D0%B4%D0%B2%D0%B5%D1%80%D0%B8-%D0%BA-%D0%B0%D0%B7%D0%B0%D1%80%D1%82%D1%83-%D0%B2/ HTTP/1.1" 200 31093 "-" "Mozilla/5.0 (Macintosh; Intel Mac OS X 10_15_7) AppleWebKit/537.36 (KHTML, like Gecko) Chrome/140.0.0.0 Safari/537.36" 508 **0/508792**
94.130.139.84 - - [14/Apr/2026:07:07:48 -0700] "GET /uncategorized/mostbet-com-\xd1\x81\xd0\xba\xd0\xb0\xd1\x87\xd0\xb0\xd1\x82\xd1\x8c-\xd0\xba\xd0\xb0\xd0\xba-\xd0\xbe\xd1\x82\xd0\xba\xd1\x80\xd1\x8b\xd1\x82\xd1\x8c-\xd0\xb4\xd0\xb2\xd0\xb5\xd1\x80\xd0\xb8-\xd0\xba-\xd0\xb0\xd0\xb7\xd0\xb0\xd1\x80\xd1\x82\xd1\x83-\xd0\xb2/ HTTP/1.1" 200 160564 "-" "-" 727 **0/727113**
185.153.197.91 - - [14/Apr/2026:07:07:48 -0700] "GET /uncategorized/rocketplay-spielsalon-echtes-piepen-poker-erfahrungen-abschatzung-kasino-adept/ HTTP/1.1" 200 158962 "-" "Mozilla/5.0 (Windows NT 10.0; Win64; x64) AppleWebKit/537.36 (KHTML, like Gecko) Chrome/124.0.0.0 Safari/537.36" 823 **0/823297**
66.249.73.6 - - [14/Apr/2026:07:07:49 -0700] "GET /?x=32835219174 HTTP/1.1" 200 42544 "-" "Mozilla/5.0 (Linux; Android 6.0.1; Nexus 5X Build/MMB29P) AppleWebKit/537.36 (KHTML, like Gecko) Chrome/146.0.7680.177 Mobile Safari/537.36 (compatible; Googlebot/2.1; +http://www.google.com/bot.html)" 644 **0/644670**
185.191.171.14 - - [14/Apr/2026:07:07:58 -0700] "GET /betnacional-aviator-baixar-263/betnacional-aviator-baixar-780/ HTTP/1.1" 200 32364 "-" "Mozilla/5.0 (compatible; SemrushBot/7~bl; +http://www.semrush.com/bot.html)" 631 **0/631083**
15.235.98.131 - - [14/Apr/2026:07:07:58 -0700] "GET /pin-up-262/pin-up-casino-957/ HTTP/1.1" 200 30047 "-" "Mozilla/5.0 (compatible; AhrefsBot/7.0; +http://ahrefs.com/robot/)" 643 **0/643270**
185.191.171.6 - - [14/Apr/2026:07:08:01 -0700] "GET /news/top-15-bonus-casino-belgique-2026-les-meilleures-106/ HTTP/1.1" 200 132293 "-" "Mozilla/5.0 (compatible; SemrushBot/7~bl; +http://www.semrush.com/bot.html)" 699 **0/699238**
185.191.171.7 - - [14/Apr/2026:07:08:04 -0700] "GET /uncategorized/usasexguide-28-escort-sites-within-the-usa-like-usasexguide-nl-2/ HTTP/1.1" 200 31851 "-" "Mozilla/5.0 (compatible; SemrushBot/7~bl; +http://www.semrush.com/bot.html)" 580 **0/580627**
85.208.96.194 - - [14/Apr/2026:07:08:05 -0700] "GET /uncategorized/soluciona-scientific-games-juegos-de-ranura-para-pc-gratuito-a-7-sins-acerca-de-manera-demo/ HTTP/1.1" 200 31504 "-" "Mozilla/5.0 (compatible; SemrushBot/7~bl; +http://www.semrush.com/bot.html)" 678 **0/678502**
37.187.27.125 - - [14/Apr/2026:07:08:20 -0700] "GET /robots.txt HTTP/1.1" 200 257 "-" "Mozilla/5.0 (compatible; MJ12bot/v1.4.8; http://mj12bot.com/)" 9 **0/9215**
37.187.27.125 - - [14/Apr/2026:07:08:23 -0700] "GET /1win-azerbaycan-786/1win-qeydiyyat-290/feed/ HTTP/1.1" 200 479 "-" "Mozilla/5.0 (compatible; MJ12bot/v1.4.8; http://mj12bot.com/)" 611 **0/611490**
85.208.96.208 - - [14/Apr/2026:07:08:28 -0700] "GET /uncategorized/rather-kitty-slot-opinion-gamble-totally-free-trial-2026/ HTTP/1.1" 200 31343 "-" "Mozilla/5.0 (compatible; SemrushBot/7~bl; +http://www.semrush.com/bot.html)" 886 **0/886426**
37.187.27.125 - - [14/Apr/2026:07:08:29 -0700] "GET /1win-bet-451/1-win-259/feed/ HTTP/1.1" 200 442 "-" "Mozilla/5.0 (compatible; MJ12bot/v1.4.8; http://mj12bot.com/)" 250 **0/250815**
37.187.27.125 - - [14/Apr/2026:07:08:32 -0700] "GET /1win-bet-451/1-win-922/feed/ HTTP/1.1" 200 446 "-" "Mozilla/5.0 (compatible; MJ12bot/v1.4.8; http://mj12bot.com/)" 249 **0/249118**
37.187.27.125 - - [14/Apr/2026:07:08:36 -0700] "GET /1win-bet-480/1win-online-963/feed/ HTTP/1.1" 200 504 "-" "Mozilla/5.0 (compatible; MJ12bot/v1.4.8; http://mj12bot.com/)" 328 **0/328685**
185.191.171.7 - - [14/Apr/2026:07:08:39 -0700] "GET /computers-games/casino-game-apps-that-pay-real-money-a-comprehensive-study/ HTTP/1.1" 200 30542 "-" "Mozilla/5.0 (compatible; SemrushBot/7~bl; +http://www.semrush.com/bot.html)" 486 **0/486069**
37.187.27.125 - - [14/Apr/2026:07:08:39 -0700] "GET /1win-bet-480/1win-skachat-201/feed/ HTTP/1.1" 200 490 "-" "Mozilla/5.0 (compatible; MJ12bot/v1.4.8; http://mj12bot.com/)" 504 **0/504826**
185.191.171.6 - - [14/Apr/2026:07:08:41 -0700] "GET /uncategorized/onlayn-idman-m%C9%99rcl%C9%99ri-v%C9%99-kazinolarinin-r%C9%99smi-veb-sayti/ HTTP/1.1" 200 31119 "-" "Mozilla/5.0 (compatible; SemrushBot/7~bl; +http://www.semrush.com/bot.html)" 480 **0/480045**
37.187.27.125 - - [14/Apr/2026:07:08:42 -0700] "GET /1win-bet-480/1win-vhod-646/feed/ HTTP/1.1" 200 477 "-" "Mozilla/5.0 (compatible; MJ12bot/v1.4.8; http://mj12bot.com/)" 251 **0/251673**
185.191.171.14 - - [14/Apr/2026:07:08:43 -0700] "GET /pin-up-online-casino-927/pin-up-az-92/ HTTP/1.1" 200 29274 "-" "Mozilla/5.0 (compatible; SemrushBot/7~bl; +http://www.semrush.com/bot.html)" 513 **0/513526**
37.187.27.125 - - [14/Apr/2026:07:08:45 -0700] "GET /1win-login-india-568/1win-website-110/feed/ HTTP/1.1" 200 457 "-" "Mozilla/5.0 (compatible; MJ12bot/v1.4.8; http://mj12bot.com/)" 236 **0/236665**
37.187.27.125 - - [14/Apr/2026:07:08:48 -0700] "GET /1win-official-951/1win-online-92/feed/ HTTP/1.1" 200 452 "-" "Mozilla/5.0 (compatible; MJ12bot/v1.4.8; http://mj12bot.com/)" 303 **0/303219**
151.244.111.202 - - [14/Apr/2026:07:08:49 -0700] "POST /xmlrpc.php HTTP/1.1" 200 602938 "-" "Mozilla/5.0 (Windows NT 10.0; Win64; x64) AppleWebKit/537.36 (KHTML, like Gecko) Chrome/143.0.0.0 Safari/537.36" 899 **0/899767**
114.119.141.83 - - [14/Apr/2026:07:08:50 -0700] "GET /uncategorized/wunderino-spielbank-test-400percent-bestes-online-casino-visa-bis-zu-40-provision/ HTTP/1.1" 200 30474 "http://fuentesanza.es/uncategorized/wunderino-spielbank-test-400percent-bestes-online-casino-visa-bis-zu-40-provision/" "Mozilla/5.0 (Linux; Android 7.0;) AppleWebKit/537.36 (KHTML, like Gecko) Mobile Safari/537.36 (compatible; PetalBot;+https://webmaster.petalsearch.com/site/petalbot)" 507 **0/507590**
151.244.111.202 - - [14/Apr/2026:07:08:51 -0700] "POST /xmlrpc.php HTTP/1.1" 200 180 "-" "Mozilla/5.0 (Windows NT 10.0; Win64; x64) AppleWebKit/537.36 (KHTML, like Gecko) Chrome/143.0.0.0 Safari/537.36" 412 **0/412783**
37.187.27.125 - - [14/Apr/2026:07:08:51 -0700] "GET /baixar-aplicativo-betnacional-195/baixar-aplicativo-betnacional-821/feed/ HTTP/1.1" 200 455 "-" "Mozilla/5.0 (compatible; MJ12bot/v1.4.8; http://mj12bot.com/)" 536 **0/536729**
208.109.41.231 - - [14/Apr/2026:07:08:52 -0700] "POST /wp-cron.php?doing_wp_cron=1776175732.5386080741882324218750 HTTP/1.1" 200 - "-" "WordPress/6.3.8; http://fuentesanza.es" 26 **0/26351**
151.244.111.202 - - [14/Apr/2026:07:08:52 -0700] "POST /xmlrpc.php HTTP/1.1" 200 12794 "-" "Mozilla/5.0 (Windows NT 10.0; Win64; x64) AppleWebKit/537.36 (KHTML, like Gecko) Chrome/143.0.0.0 Safari/537.36" 350 **0/350149**
37.187.27.125 - - [14/Apr/2026:07:08:54 -0700] "GET /dutch/klassieke-slots-en-gokkasten-gratis-spelen-2026-25/ HTTP/1.1" 200 207338 "-" "Mozilla/5.0 (compatible; MJ12bot/v1.4.8; http://mj12bot.com/)" 707 **0/707378**
185.153.197.91 - - [14/Apr/2026:07:08:57 -0700] "POST /xmlrpc.php HTTP/1.1" 200 180 "-" "Mozilla/5.0 (Windows NT 10.0; Win64; x64) AppleWebKit/537.36 (KHTML, like Gecko) Chrome/114.0.0.0 Safari/537.36" 741 **0/741683**
37.187.27.125 - - [14/Apr/2026:07:08:58 -0700] "GET /dutch/mobiel-casino-legale-casino-s-voor-telefoon-en-37/feed/ HTTP/1.1" 200 449 "-" "Mozilla/5.0 (compatible; MJ12bot/v1.4.8; http://mj12bot.com/)" 633 **0/633672**
208.109.41.231 - - [14/Apr/2026:07:09:02 -0700] "POST /wp-cron.php?doing_wp_cron=1776175742.4616069793701171875000 HTTP/1.1" 200 - "-" "WordPress/6.3.8; http://fuentesanza.es" 118 **0/118048**
37.187.27.125 - - [14/Apr/2026:07:09:01 -0700] "GET /dutch/nederlandse-casino-games-gratis-spelen-2026-52/feed/ HTTP/1.1" 200 432 "-" "Mozilla/5.0 (compatible; MJ12bot/v1.4.8; http://mj12bot.com/)" 911 **0/911362**
185.153.197.91 - - [14/Apr/2026:07:09:04 -0700] "POST /xmlrpc.php HTTP/1.1" 200 8673 "-" "Mozilla/5.0 (Windows NT 10.0; Win64; x64) AppleWebKit/537.36 (KHTML, like Gecko) Chrome/114.0.0.0 Safari/537.36" 745 **0/745160**
37.187.27.125 - - [14/Apr/2026:07:09:05 -0700] "GET /energy-casino-kod-promocyjny-bez-depozytu-633/energy-casino-aplikacja-129/feed/ HTTP/1.1" 200 460 "-" "Mozilla/5.0 (compatible; MJ12bot/v1.4.8; http://mj12bot.com/)" 441 **0/441016**
185.153.197.91 - - [14/Apr/2026:07:09:06 -0700] "GET /uncategorized/top-8-die-erfolgreichsten-new-iphone-4-kasino-his-her-goonies-slot-z-hd-echtes-geld-echtgeld-software-2025/ HTTP/1.1" 200 155423 "-" "Mozilla/5.0 (Windows NT 10.0; Win64; x64) AppleWebKit/537.36 (KHTML, like Gecko) Chrome/124.0.0.0 Safari/537.36 Edg/124.0.0.0" 1084 **1/1084905**
37.187.27.125 - - [14/Apr/2026:07:09:08 -0700] "GET /gambling/commandez-votre-experience-de-casino-la-maniere-intelligente-de-jouer-et-de-gagner/ HTTP/1.1" 200 27265 "-" "Mozilla/5.0 (compatible; MJ12bot/v1.4.8; http://mj12bot.com/)" 1317 **1/1317119**
37.187.27.125 - - [14/Apr/2026:07:09:11 -0700] "GET /gambling/die-karten-geheimnisse-der-profis-bei-vincispin-casino-verstehen/ HTTP/1.1" 200 27333 "-" "Mozilla/5.0 (compatible; MJ12bot/v1.4.8; http://mj12bot.com/)" 675 **0/675256**
37.187.27.125 - - [14/Apr/2026:07:09:15 -0700] "GET /gambling/earn-big-with-advanced-bankroll-strategies-for-the-discerning-gambler/ HTTP/1.1" 200 27400 "-" "Mozilla/5.0 (compatible; MJ12bot/v1.4.8; http://mj12bot.com/)" 703 **0/703842**
37.187.27.125 - - [14/Apr/2026:07:09:18 -0700] "GET /gambling/echte-freude-erleben-mit-den-glucksspiel-essentials-von-spinrollz-casino/ HTTP/1.1" 200 27477 "-" "Mozilla/5.0 (compatible; MJ12bot/v1.4.8; http://mj12bot.com/)" 900 **0/900740**
37.187.27.125 - - [14/Apr/2026:07:09:22 -0700] "GET /gambling/entdecken-sie-koningbet-casino-ihr-tor-zu-phanomenalem-zuverlassigem-glucksspielspas/ HTTP/1.1" 200 26980 "-" "Mozilla/5.0 (compatible; MJ12bot/v1.4.8; http://mj12bot.com/)" 686 **0/686024**
54.39.6.190 - - [14/Apr/2026:07:09:22 -0700] "GET /uncategorized/2026-gvenilir-casino-siteleri-en-yi-kazandran-slot-siteleri794/feed/ HTTP/1.1" 200 467 "-" "Mozilla/5.0 (compatible; AhrefsBot/7.0; +http://ahrefs.com/robot/)" 632 **0/632759**
37.187.27.125 - - [14/Apr/2026:07:09:26 -0700] "GET /mostbet-registration-510/mostbet-hungary-284/feed/ HTTP/1.1" 200 448 "-" "Mozilla/5.0 (compatible; MJ12bot/v1.4.8; http://mj12bot.com/)" 487 **0/487006**
185.191.171.14 - - [14/Apr/2026:07:09:29 -0700] "GET /uncategorized/ometv-video-chat-omegle-random-cam-chat-different-2025-python-information-code-higher-ship-faster/ HTTP/1.1" 200 32732 "-" "Mozilla/5.0 (compatible; SemrushBot/7~bl; +http://www.semrush.com/bot.html)" 961 **0/961251**
37.187.27.125 - - [14/Apr/2026:07:09:30 -0700] "GET /mostbet-skachat-378/mostbet-registratsiya-441/feed/ HTTP/1.1" 200 446 "-" "Mozilla/5.0 (compatible; MJ12bot/v1.4.8; http://mj12bot.com/)" 557 **0/557960**
85.208.96.204 - - [14/Apr/2026:07:09:32 -0700] "GET /blog/melbet-melbet-s-zerkalom-fribet-do-38-000-rublej-33/ HTTP/1.1" 200 378123 "-" "Mozilla/5.0 (compatible; SemrushBot/7~bl; +http://www.semrush.com/bot.html)" 723 **0/723759**
37.187.27.125 - - [14/Apr/2026:07:09:33 -0700] "GET /mostbet-ua-441/mostbet-app-689/feed/ HTTP/1.1" 200 482 "-" "Mozilla/5.0 (compatible; MJ12bot/v1.4.8; http://mj12bot.com/)" 258 **0/258723**
37.187.27.125 - - [14/Apr/2026:07:09:35 -0700] "GET /mostbet-vhod-763/mostbet-vhod-187/feed/ HTTP/1.1" 200 513 "-" "Mozilla/5.0 (compatible; MJ12bot/v1.4.8; http://mj12bot.com/)" 254 **0/254234**
37.187.27.125 - - [14/Apr/2026:07:09:38 -0700] "GET /mostbet-yukle-154/mostbet-az-yukle-312/feed/ HTTP/1.1" 200 462 "-" "Mozilla/5.0 (compatible; MJ12bot/v1.4.8; http://mj12bot.com/)" 272 **0/272914**
35.187.134.1 - - [14/Apr/2026:07:09:38 -0700] "GET /uncategorized/%D0%B8%D0%B4%D0%B5%D0%B0%D0%BB%D1%8C%D0%BD%D1%8B%D0%B5-%D0%B8%D0%B3%D1%80%D0%BE%D0%B2%D1%8B%D0%B5-%D0%B7%D0%B0%D0%B2%D0%B5%D0%B4%D0%B5%D0%BD%D0%B8%D1%8F-%D0%BA%D0%BE%D1%82%D0%BE%D1%80%D1%8B%D0%B5/ HTTP/1.1" 200 28849 "-" "Mozilla/5.0 (compatible; Google-Apps-Script; beanserver; +https://script.google.com; id: UAEmdDd9xsnqR0U8PwCmAzNN8LImSykEA2g)" 563 **0/563054**
37.187.27.125 - - [14/Apr/2026:07:09:41 -0700] "GET /rhino-bet-review-25/rhino-bet-contact-661/feed/ HTTP/1.1" 200 453 "-" "Mozilla/5.0 (compatible; MJ12bot/v1.4.8; http://mj12bot.com/)" 315 **0/315402**
185.191.171.4 - - [14/Apr/2026:07:09:49 -0700] "GET /uncategorized/casino-en-ligne-sans-depot-decouvrez-lucky-treasure/ HTTP/1.1" 200 29502 "-" "Mozilla/5.0 (compatible; SemrushBot/7~bl; +http://www.semrush.com/bot.html)" 518 **0/518450**
185.191.171.7 - - [14/Apr/2026:07:09:52 -0700] "GET /uncategorized/greatest-5-deposit-casinos-united-kingdom-2026-gamble-ports-no-deposit-minimum-casino-of-just-5/ HTTP/1.1" 200 30868 "-" "Mozilla/5.0 (compatible; SemrushBot/7~bl; +http://www.semrush.com/bot.html)" 548 **0/548717**
185.153.197.91 - - [14/Apr/2026:07:10:18 -0700] "POST /xmlrpc.php HTTP/1.1" 200 180 "-" "Mozilla/5.0 (Windows NT 10.0; Win64; x64) AppleWebKit/537.36 (KHTML, like Gecko) Chrome/114.0.0.0 Safari/537.36" 1317 **1/1317045**
208.109.41.231 - - [14/Apr/2026:07:10:26 -0700] "POST /wp-cron.php?doing_wp_cron=1776175826.3823208808898925781250 HTTP/1.1" 200 - "-" "WordPress/6.3.8; http://fuentesanza.es" 84 **0/84179**
185.153.197.91 - - [14/Apr/2026:07:10:25 -0700] "POST /xmlrpc.php HTTP/1.1" 200 10462 "-" "Mozilla/5.0 (Windows NT 10.0; Win64; x64) AppleWebKit/537.36 (KHTML, like Gecko) Chrome/114.0.0.0 Safari/537.36" 693 **0/693349**
185.153.197.91 - - [14/Apr/2026:07:10:27 -0700] "GET /uncategorized/vorgeschoben-sei-line-roulette-pro-tag-nebst-weiters-chronometer-ein-mindesteinsatz-liegt-hinein-beiden-funf-eur/ HTTP/1.1" 200 157043 "-" "Mozilla/5.0 (Windows NT 10.0; Win64; x64) AppleWebKit/537.36 (KHTML, like Gecko) Chrome/124.0.0.0 Safari/537.36" 742 **0/742464**
114.119.148.10 - - [14/Apr/2026:07:10:31 -0700] "GET /uncategorized/writeup-on-absolute-precious-casino-hot-seven-metal-ports-2026-is-on-the-internet-free-of-charge/ HTTP/1.1" 200 30526 "http://fuentesanza.es/uncategorized/king-of-your-own-nile-2-slot-understand-the-slot-machine-game-novomatic-pokie-software-remark/" "Mozilla/5.0 (Linux; Android 7.0;) AppleWebKit/537.36 (KHTML, like Gecko) Mobile Safari/537.36 (compatible; PetalBot;+https://webmaster.petalsearch.com/site/petalbot)" 500 **0/500793**
167.114.139.10 - - [14/Apr/2026:07:10:36 -0700] "GET /uncategorized/best-harbors-to-play-on-the-internet-lady-of-fortune-slot-machine-for-real-currency-feb-2026-best-rtp-casinos-games-recently/ HTTP/1.1" 200 28496 "-" "Mozilla/5.0 (compatible; AhrefsBot/7.0; +http://ahrefs.com/robot/)" 596 **0/596851**
208.109.41.231 - - [14/Apr/2026:07:11:07 -0700] "POST /wp-cron.php?doing_wp_cron=1776175867.0840370655059814453125 HTTP/1.1" 200 - "-" "WordPress/6.3.8; http://fuentesanza.es" 34 **0/34666**
185.191.171.4 - - [14/Apr/2026:07:11:06 -0700] "GET /uncategorized/introducing-the-new-betphoenix-casino-befunky/ HTTP/1.1" 200 32852 "-" "Mozilla/5.0 (compatible; SemrushBot/7~bl; +http://www.semrush.com/bot.html)" 884 **0/884373**
66.249.73.5 - - [14/Apr/2026:07:11:09 -0700] "GET /?f=71141213868 HTTP/1.1" 200 43828 "-" "Mozilla/5.0 (Linux; Android 6.0.1; Nexus 5X Build/MMB29P) AppleWebKit/537.36 (KHTML, like Gecko) Chrome/146.0.7680.177 Mobile Safari/537.36 (compatible; Googlebot/2.1; +http://www.google.com/bot.html)" 756 **0/756063**
94.130.139.84 - - [14/Apr/2026:07:11:11 -0700] "GET /uncategorized/mostbet-com-%D1%81%D0%BA%D0%B0%D1%87%D0%B0%D1%82%D1%8C-%D0%BA%D0%B0%D0%BA-%D0%BE%D1%82%D0%BA%D1%80%D1%8B%D1%82%D1%8C-%D0%B4%D0%B2%D0%B5%D1%80%D0%B8-%D0%BA-%D0%B0%D0%B7%D0%B0%D1%80%D1%82%D1%83-%D0%B2/ HTTP/1.1" 200 31135 "-" "Mozilla/5.0 (Macintosh; Intel Mac OS X 10_15_7) AppleWebKit/537.36 (KHTML, like Gecko) Chrome/140.0.0.0 Safari/537.36" 576 **0/576024**
94.130.139.84 - - [14/Apr/2026:07:11:12 -0700] "GET /uncategorized/mostbet-com-\xd1\x81\xd0\xba\xd0\xb0\xd1\x87\xd0\xb0\xd1\x82\xd1\x8c-\xd0\xba\xd0\xb0\xd0\xba-\xd0\xbe\xd1\x82\xd0\xba\xd1\x80\xd1\x8b\xd1\x82\xd1\x8c-\xd0\xb4\xd0\xb2\xd0\xb5\xd1\x80\xd0\xb8-\xd0\xba-\xd0\xb0\xd0\xb7\xd0\xb0\xd1\x80\xd1\x82\xd1\x83-\xd0\xb2/ HTTP/1.1" 200 160626 "-" "-" 541 **0/541854**
85.208.96.203 - - [14/Apr/2026:07:11:15 -0700] "GET /uncategorized/funky-fruit-because-of-the-playtech-demo-gamble-100-bitcoin-casino-welcome-bonus-percent-free-position-online-game/ HTTP/1.1" 200 31367 "-" "Mozilla/5.0 (compatible; SemrushBot/7~bl; +http://www.semrush.com/bot.html)" 617 **0/617479**
85.208.96.208 - - [14/Apr/2026:07:11:22 -0700] "GET /1win-online-430/1win-download-76/ HTTP/1.1" 200 33178 "-" "Mozilla/5.0 (compatible; SemrushBot/7~bl; +http://www.semrush.com/bot.html)" 660 **0/660264**
185.153.197.91 - - [14/Apr/2026:07:11:23 -0700] "POST /xmlrpc.php HTTP/1.1" 200 180 "-" "Mozilla/5.0 (Windows NT 10.0; Win64; x64) AppleWebKit/537.36 (KHTML, like Gecko) Chrome/114.0.0.0 Safari/537.36" 882 **0/882615**
208.109.41.231 - - [14/Apr/2026:07:11:26 -0700] "POST /wp-cron.php?doing_wp_cron=1776175886.0799410343170166015625 HTTP/1.1" 200 - "-" "WordPress/6.3.8; http://fuentesanza.es" 22 **0/22396**
185.191.171.18 - - [14/Apr/2026:07:11:25 -0700] "GET /uncategorized/trusted-casino-gambling-guide-for-30-years/ HTTP/1.1" 200 30736 "-" "Mozilla/5.0 (compatible; SemrushBot/7~bl; +http://www.semrush.com/bot.html)" 931 **0/931143**
66.249.73.6 - - [14/Apr/2026:07:11:29 -0700] "GET /?i=2091248902 HTTP/1.1" 200 46047 "-" "Mozilla/5.0 (Linux; Android 6.0.1; Nexus 5X Build/MMB29P) AppleWebKit/537.36 (KHTML, like Gecko) Chrome/146.0.7680.177 Mobile Safari/537.36 (compatible; Googlebot/2.1; +http://www.google.com/bot.html)" 699 **0/699932**
85.208.96.209 - - [14/Apr/2026:07:11:30 -0700] "GET /everything-about-miami-jackpots-casino-review-bonuses-features-and-promotions-for-players-in-the-uk/ HTTP/1.1" 200 33274 "-" "Mozilla/5.0 (compatible; SemrushBot/7~bl; +http://www.semrush.com/bot.html)" 727 **0/727055**
185.153.197.91 - - [14/Apr/2026:07:11:30 -0700] "POST /xmlrpc.php HTTP/1.1" 200 14117 "-" "Mozilla/5.0 (Windows NT 10.0; Win64; x64) AppleWebKit/537.36 (KHTML, like Gecko) Chrome/114.0.0.0 Safari/537.36" 772 **0/772338**
185.153.197.91 - - [14/Apr/2026:07:11:32 -0700] "GET /uncategorized/spinfest-spielsaal-humanoid-software-package-ios-androide-zocker-akzeptiert/ HTTP/1.1" 200 160682 "-" "Mozilla/5.0 (Windows NT 10.0; Win64; x64; rv:125.0) Gecko/20100101 Firefox/125.0" 723 **0/723950**
185.191.171.6 - - [14/Apr/2026:07:11:43 -0700] "GET /tag/royal-win-app-download/ HTTP/1.1" 200 36736 "-" "Mozilla/5.0 (compatible; SemrushBot/7~bl; +http://www.semrush.com/bot.html)" 582 **0/582718**
66.249.73.4 - - [14/Apr/2026:07:11:50 -0700] "GET /?f=71141336093 HTTP/1.1" 200 46045 "-" "Mozilla/5.0 (Linux; Android 6.0.1; Nexus 5X Build/MMB29P) AppleWebKit/537.36 (KHTML, like Gecko) Chrome/146.0.7680.177 Mobile Safari/537.36 (compatible; Googlebot/2.1; +http://www.google.com/bot.html)" 802 **0/802279**
185.191.171.4 - - [14/Apr/2026:07:11:54 -0700] "GET /tag/1win-casino/ HTTP/1.1" 200 74613 "-" "Mozilla/5.0 (compatible; SemrushBot/7~bl; +http://www.semrush.com/bot.html)" 654 **0/654239**
