143.0.229.54 - - [14/Apr/2026:08:15:38 -0700] "POST http://fuentesanza.es/wp-includes/theme-compat/wp-cache.php HTTP/1.1" 301 - "-" "Mozilla/5.0 (Windows NT 10.0; Win64; x64) AppleWebKit/537.36 (KHTML, like Gecko) Chrome/120.0.0.0 Safari/537.36" 454 **0/454977**
143.0.229.54 - - [14/Apr/2026:08:15:39 -0700] "POST http://fuentesanza.es/wp-admin/admin-ajax.php?action=sm_ping HTTP/1.1" 400 1 "-" "Mozilla/5.0 (Windows NT 10.0; Win64; x64) AppleWebKit/537.36 (KHTML, like Gecko) Chrome/120.0.0.0 Safari/537.36" 816 **0/816666**
85.208.96.199 - - [14/Apr/2026:08:16:08 -0700] "GET /uncategorized/play-wolf-work-on-free-inside-demo-and-read-review/ HTTP/1.1" 200 30438 "-" "Mozilla/5.0 (compatible; SemrushBot/7~bl; +http://www.semrush.com/bot.html)" 7541 **7/7541338**
143.0.229.54 - - [14/Apr/2026:08:16:08 -0700] "POST http://fuentesanza.es/wp-admin/admin-ajax.php?action=hnpt_ping HTTP/1.1" 400 1 "-" "Mozilla/5.0 (Windows NT 10.0; Win64; x64) AppleWebKit/537.36 (KHTML, like Gecko) Chrome/120.0.0.0 Safari/537.36" 8492 **8/8492658**
138.204.64.148 - - [14/Apr/2026:08:16:11 -0700] "GET http://fuentesanza.es/ HTTP/1.1" 301 - "-" "Mozilla/5.0 (Windows NT 10.0; Win64; x64) AppleWebKit/537.36 (KHTML, like Gecko) Chrome/120.0.0.0 Safari/537.36" 5981 **5/5981844**
185.153.197.91 - - [14/Apr/2026:08:16:08 -0700] "POST /xmlrpc.php HTTP/1.1" 200 180 "-" "Mozilla/5.0 (Windows NT 10.0; Win64; x64) AppleWebKit/537.36 (KHTML, like Gecko) Chrome/114.0.0.0 Safari/537.36" 10928 **10/10928455**
66.249.73.6 - - [14/Apr/2026:08:16:08 -0700] "GET /?x=32835183040 HTTP/1.1" 200 42785 "-" "Mozilla/5.0 (Linux; Android 6.0.1; Nexus 5X Build/MMB29P) AppleWebKit/537.36 (KHTML, like Gecko) Chrome/146.0.7680.177 Mobile Safari/537.36 (compatible; Googlebot/2.1; +http://www.google.com/bot.html)" 11148 **11/11148933**
54.39.0.56 - - [14/Apr/2026:08:16:16 -0700] "GET /category/thedoughhook-co-uk-2/feed/ HTTP/1.1" 200 2306 "-" "Mozilla/5.0 (compatible; AhrefsBot/7.0; +http://ahrefs.com/robot/)" 2758 **2/2758457**
66.249.73.6 - - [14/Apr/2026:08:16:09 -0700] "GET /?s=10106308619 HTTP/1.1" 200 24374 "-" "Mozilla/5.0 (Linux; Android 6.0.1; Nexus 5X Build/MMB29P) AppleWebKit/537.36 (KHTML, like Gecko) Chrome/146.0.7680.177 Mobile Safari/537.36 (compatible; Googlebot/2.1; +http://www.google.com/bot.html)" 10789 **10/10789027**
208.109.41.231 - - [14/Apr/2026:08:16:20 -0700] "POST /wp-cron.php?doing_wp_cron=1776179777.6358129978179931640625 HTTP/1.1" 200 - "-" "WordPress/6.3.8; http://fuentesanza.es" 758 **0/758826**
185.191.171.2 - - [14/Apr/2026:08:16:21 -0700] "GET /1win-login-718/1win-connexion-578/ HTTP/1.1" 200 32892 "-" "Mozilla/5.0 (compatible; SemrushBot/7~bl; +http://www.semrush.com/bot.html)" 1102 **1/1102302**
185.153.197.91 - - [14/Apr/2026:08:16:31 -0700] "POST /xmlrpc.php HTTP/1.1" 200 9219 "-" "Mozilla/5.0 (Windows NT 10.0; Win64; x64) AppleWebKit/537.36 (KHTML, like Gecko) Chrome/114.0.0.0 Safari/537.36" 2125 **2/2125412**
5.78.159.87 - - [14/Apr/2026:08:16:31 -0700] "POST /xmlrpc.php HTTP/1.1" 200 101 "-" "Mozilla/5.0 (Windows NT 10.0; Win64; x64) AppleWebKit/537.36 (KHTML, like Gecko) Chrome/108.0.0.0 Safari/537.36" 2342 **2/2342845**
208.109.41.231 - - [14/Apr/2026:08:16:34 -0700] "POST /wp-cron.php?doing_wp_cron=1776179794.8353528976440429687500 HTTP/1.1" 200 - "-" "WordPress/6.3.8; http://fuentesanza.es" 885 **0/885231**
5.78.159.87 - - [14/Apr/2026:08:16:34 -0700] "POST /xmlrpc.php HTTP/1.1" 200 2884 "-" "Mozilla/5.0 (Windows NT 10.0; Win64; x64) AppleWebKit/537.36 (KHTML, like Gecko) Chrome/108.0.0.0 Safari/537.36" 1631 **1/1631297**
185.153.197.91 - - [14/Apr/2026:08:16:38 -0700] "GET /uncategorized/uberlegen-ebendiese-bittgesuch-darauf-weiters-verhuten-eltern-unser-casinos-nachfolgende-bonusangebote/ HTTP/1.1" 200 156315 "-" "Mozilla/5.0 (Windows NT 10.0; rv:109.0) Gecko/20100101 Firefox/115.0" 1219 **1/1219678**
5.78.159.87 - - [14/Apr/2026:08:16:38 -0700] "GET /uncategorized/vaikai-neapsaugoti-nuo-prasilosimo-internete/ HTTP/1.1" 200 27020 "-" "Mozilla/5.0 (Windows NT 10.0; Win64; x64) AppleWebKit/537.36 (KHTML, like Gecko) Chrome/108.0.0.0 Safari/537.36" 1282 **1/1282588**
138.204.64.148 - - [14/Apr/2026:08:16:21 -0700] "POST http://fuentesanza.es/ HTTP/1.1" 301 - "-" "Mozilla/5.0 (Windows NT 10.0; Win64; x64) AppleWebKit/537.36 (KHTML, like Gecko) Chrome/120.0.0.0 Safari/537.36" 27216 **27/27216456**
13.154.16.99 - - [14/Apr/2026:08:16:56 -0700] "POST /xmlrpc.php HTTP/1.1" 200 180 "-" "Mozilla/5.0 (Windows NT 10.0; Win64; x64) AppleWebKit/537.36 (KHTML, like Gecko) Chrome/114.0.0.0 Safari/537.36" 1159 **1/1159663**
208.109.41.231 - - [14/Apr/2026:08:17:01 -0700] "POST /wp-cron.php?doing_wp_cron=1776179821.3866019248962402343750 HTTP/1.1" 200 - "-" "WordPress/6.3.8; http://fuentesanza.es" 116 **0/116327**
185.153.197.91 - - [14/Apr/2026:08:17:01 -0700] "POST /xmlrpc.php HTTP/1.1" 200 180 "-" "Mozilla/5.0 (Windows NT 10.0; Win64; x64) AppleWebKit/537.36 (KHTML, like Gecko) Chrome/114.0.0.0 Safari/537.36" 971 **0/971689**
13.154.16.99 - - [14/Apr/2026:08:17:03 -0700] "POST /xmlrpc.php HTTP/1.1" 200 18187 "-" "Mozilla/5.0 (Windows NT 10.0; Win64; x64) AppleWebKit/537.36 (KHTML, like Gecko) Chrome/114.0.0.0 Safari/537.36" 814 **0/814405**
13.154.16.99 - - [14/Apr/2026:08:17:04 -0700] "GET /uncategorized/1xbet-ten-a%D2%9Bshany-%D2%9Balay-alu%D2%93a-bolady-1xbet-ten-%D2%9Barazhatty-zhyldam-alu-e%D2%A3-k%D3%A9p-soma/ HTTP/1.1" 200 165065 "-" "Mozilla/5.0 (Windows NT 10.0; Win64; x64) AppleWebKit/537.36 (KHTML, like Gecko) Chrome/123.0.0.0 Safari/537.36 OPR/109.0.0.0" 767 **0/767037**
85.208.96.194 - - [14/Apr/2026:08:17:05 -0700] "GET /tag/mostbet-online/page/2/ HTTP/1.1" 200 68838 "-" "Mozilla/5.0 (compatible; SemrushBot/7~bl; +http://www.semrush.com/bot.html)" 631 **0/631700**
185.153.197.91 - - [14/Apr/2026:08:17:08 -0700] "POST /xmlrpc.php HTTP/1.1" 200 9625 "-" "Mozilla/5.0 (Windows NT 10.0; Win64; x64) AppleWebKit/537.36 (KHTML, like Gecko) Chrome/114.0.0.0 Safari/537.36" 636 **0/636408**
185.153.197.91 - - [14/Apr/2026:08:17:11 -0700] "GET /uncategorized/guy-soll-zu-anfang-zu-seiner-bitcoin-geldbeutel-umziehen-ferner-eine-separat-schreiben-kopieren/ HTTP/1.1" 200 156406 "-" "Mozilla/5.0 (Windows NT 10.0; rv:125.0) Gecko/20100101 Firefox/125.0" 620 **0/620587**
85.208.96.203 - - [14/Apr/2026:08:17:13 -0700] "GET /uncategorized/forest-jim-el-dorado-status-love-this-particular-games-for-free-to-your-the-online/ HTTP/1.1" 200 31754 "-" "Mozilla/5.0 (compatible; SemrushBot/7~bl; +http://www.semrush.com/bot.html)" 591 **0/591852**
185.191.171.12 - - [14/Apr/2026:08:17:16 -0700] "GET /tag/casino-mania-login/ HTTP/1.1" 200 42367 "-" "Mozilla/5.0 (compatible; SemrushBot/7~bl; +http://www.semrush.com/bot.html)" 671 **0/671017**
138.204.64.148 - - [14/Apr/2026:08:16:48 -0700] "POST http://fuentesanza.es/wp-content/index.php HTTP/1.1" 301 - "-" "Mozilla/5.0 (Windows NT 10.0; Win64; x64) AppleWebKit/537.36 (KHTML, like Gecko) Chrome/120.0.0.0 Safari/537.36" 30368 **30/30368069**
138.204.64.148 - - [14/Apr/2026:08:17:18 -0700] "POST http://fuentesanza.es/wp-cache.php HTTP/1.1" 301 - "-" "Mozilla/5.0 (Windows NT 10.0; Win64; x64) AppleWebKit/537.36 (KHTML, like Gecko) Chrome/120.0.0.0 Safari/537.36" 388 **0/388423**
138.204.64.148 - - [14/Apr/2026:08:17:19 -0700] "POST http://fuentesanza.es/wp-includes/css/wp-cache.php HTTP/1.1" 301 - "-" "Mozilla/5.0 (Windows NT 10.0; Win64; x64) AppleWebKit/537.36 (KHTML, like Gecko) Chrome/120.0.0.0 Safari/537.36" 309 **0/309995**
185.191.171.17 - - [14/Apr/2026:08:17:19 -0700] "GET /uncategorized/explorando-briga-fascinante-abundancia-infantilidade-book-os-sites-of-riches-deluxe/ HTTP/1.1" 200 32083 "-" "Mozilla/5.0 (compatible; SemrushBot/7~bl; +http://www.semrush.com/bot.html)" 727 **0/727295**
138.204.64.148 - - [14/Apr/2026:08:17:21 -0700] "POST http://fuentesanza.es/wp-includes/theme-compat/wp-cache.php HTTP/1.1" 301 - "-" "Mozilla/5.0 (Windows NT 10.0; Win64; x64) AppleWebKit/537.36 (KHTML, like Gecko) Chrome/120.0.0.0 Safari/537.36" 247 **0/247057**
212.34.148.156 - - [14/Apr/2026:08:17:21 -0700] "GET /1win-registratsiya-168/1win-bet-496/ HTTP/1.1" 200 30822 "-" "Mozilla/5.0 (compatible; Googlebot/2.1; +http://www.google.com/bot.html)" 1369 **1/1369058**
138.204.64.148 - - [14/Apr/2026:08:17:22 -0700] "POST http://fuentesanza.es/wp-admin/admin-ajax.php?action=sm_ping HTTP/1.1" 400 1 "-" "Mozilla/5.0 (Windows NT 10.0; Win64; x64) AppleWebKit/537.36 (KHTML, like Gecko) Chrome/120.0.0.0 Safari/537.36" 593 **0/593265**
138.204.64.148 - - [14/Apr/2026:08:17:23 -0700] "POST http://fuentesanza.es/wp-admin/admin-ajax.php?action=hnpt_ping HTTP/1.1" 400 1 "-" "Mozilla/5.0 (Windows NT 10.0; Win64; x64) AppleWebKit/537.36 (KHTML, like Gecko) Chrome/120.0.0.0 Safari/537.36" 249 **0/249490**
47.128.25.36 - - [14/Apr/2026:08:17:26 -0700] "GET /category/jak-wyplacic-pieniadze-z-ice-casino-310/ HTTP/1.1" 403 183820 "-" "Mozilla/5.0 (Linux; Android 5.0) AppleWebKit/537.36 (KHTML, like Gecko) Mobile Safari/537.36 (compatible; Bytespider; spider-feedback@bytedance.com)" 1260 **1/1260497**
47.128.25.36 - - [14/Apr/2026:08:17:28 -0700] "GET /wp-content/themes/twentytwelve/fonts/font-open-sans.css?ver=20230328 HTTP/1.1" 404 50331 "http://fuentesanza.es/category/jak-wyplacic-pieniadze-z-ice-casino-310/" "Mozilla/5.0 (Linux; Android 5.0) AppleWebKit/537.36 (KHTML, like Gecko) Mobile Safari/537.36 (compatible; Bytespider; spider-feedback@bytedance.com)" 650 **0/650469**
47.128.25.36 - - [14/Apr/2026:08:17:28 -0700] "GET /wp-includes/css/dist/block-library/style.min.css?ver=6.3.8 HTTP/1.1" 404 50331 "http://fuentesanza.es/category/jak-wyplacic-pieniadze-z-ice-casino-310/" "Mozilla/5.0 (Linux; Android 5.0) AppleWebKit/537.36 (KHTML, like Gecko) Mobile Safari/537.36 (compatible; Bytespider; spider-feedback@bytedance.com)" 660 **0/660219**
47.128.25.36 - - [14/Apr/2026:08:17:28 -0700] "GET /wp-content/themes/twentytwelve/css/blocks.css?ver=20230213 HTTP/1.1" 404 50331 "http://fuentesanza.es/category/jak-wyplacic-pieniadze-z-ice-casino-310/" "Mozilla/5.0 (Linux; Android 5.0) AppleWebKit/537.36 (KHTML, like Gecko) Mobile Safari/537.36 (compatible; Bytespider; spider-feedback@bytedance.com)" 680 **0/680673**
47.128.25.36 - - [14/Apr/2026:08:17:28 -0700] "GET /wp-content/themes/twentytwelve/style.css?ver=20230808 HTTP/1.1" 404 50331 "http://fuentesanza.es/category/jak-wyplacic-pieniadze-z-ice-casino-310/" "Mozilla/5.0 (Linux; Android 5.0) AppleWebKit/537.36 (KHTML, like Gecko) Mobile Safari/537.36 (compatible; Bytespider; spider-feedback@bytedance.com)" 783 **0/783138**
142.44.228.77 - - [14/Apr/2026:08:17:30 -0700] "GET /codice-bonus-admiralbet-671/codici-bonus-casino-gia-registrato-admiralbet-752/ HTTP/1.1" 200 30886 "-" "Mozilla/5.0 (compatible; AhrefsBot/7.0; +http://ahrefs.com/robot/)" 1485 **1/1485378**
85.208.96.194 - - [14/Apr/2026:08:17:42 -0700] "GET /uncategorized/lil-sphinx-slot-playtech-gamble-100-percent-free-trial/ HTTP/1.1" 200 30312 "-" "Mozilla/5.0 (compatible; SemrushBot/7~bl; +http://www.semrush.com/bot.html)" 647 **0/647918**
85.208.96.194 - - [14/Apr/2026:08:17:44 -0700] "GET /tag/vavada-bonus-bez-depozytu/ HTTP/1.1" 200 33376 "-" "Mozilla/5.0 (compatible; SemrushBot/7~bl; +http://www.semrush.com/bot.html)" 614 **0/614178**
185.191.171.2 - - [14/Apr/2026:08:17:55 -0700] "GET /uncategorized/greatest-pokies-casinos-2026/ HTTP/1.1" 200 30267 "-" "Mozilla/5.0 (compatible; SemrushBot/7~bl; +http://www.semrush.com/bot.html)" 826 **0/826743**
85.208.96.203 - - [14/Apr/2026:08:17:59 -0700] "GET /uncategorized/decoding-the-digital-dice-navigating-the-nuances-of-modern-online-gambling-in-australia/ HTTP/1.1" 200 30694 "-" "Mozilla/5.0 (compatible; SemrushBot/7~bl; +http://www.semrush.com/bot.html)" 634 **0/634886**
85.208.96.205 - - [14/Apr/2026:08:18:08 -0700] "GET /gambling/decouvrez-comment-les-jeux-dargent-peuvent-faire-fructifier-votre-patrimoine/ HTTP/1.1" 200 29404 "-" "Mozilla/5.0 (compatible; SemrushBot/7~bl; +http://www.semrush.com/bot.html)" 758 **0/758672**
185.191.171.16 - - [14/Apr/2026:08:18:13 -0700] "GET /mostbet-casino-845/mostbet-pk-533/ HTTP/1.1" 200 32043 "-" "Mozilla/5.0 (compatible; SemrushBot/7~bl; +http://www.semrush.com/bot.html)" 718 **0/718337**
193.194.106.44 - - [14/Apr/2026:08:18:20 -0700] "GET /robots.txt HTTP/1.1" 200 105 "-" "Mozilla/5.0 (Linux; Android 6.0.1; Nexus 5X Build/MMB29P) AppleWebKit/537.36 (KHTML, like Gecko) Chrome/139.0.7258.156 Mobile Safari/537.36 (compatible; Googlebot/2.1; +http://www.google.com/bot.html)" 22 **0/22690**
193.194.106.44 - - [14/Apr/2026:08:18:21 -0700] "GET /uncategorized/machines-a-sous-gratuites-jeux-sans-telechargement/ HTTP/1.1" 200 30461 "-" "Mozilla/5.0 (Linux; Android 6.0.1; Nexus 5X Build/MMB29P) AppleWebKit/537.36 (KHTML, like Gecko) Chrome/139.0.7258.156 Mobile Safari/537.36 (compatible; Googlebot/2.1; +http://www.google.com/bot.html)" 515 **0/515774**
89.167.59.5 - - [14/Apr/2026:08:18:24 -0700] "POST /xmlrpc.php HTTP/1.1" 200 102 "-" "Mozilla/5.0 (Windows NT 10.0; Win64; x64) AppleWebKit/537.36 (KHTML, like Gecko) Chrome/108.0.0.0 Safari/537.36" 1021 **1/1021253**
208.109.41.231 - - [14/Apr/2026:08:18:27 -0700] "POST /wp-cron.php?doing_wp_cron=1776179907.0182619094848632812500 HTTP/1.1" 200 - "-" "WordPress/6.3.8; http://fuentesanza.es" 31 **0/31877**
89.167.59.5 - - [14/Apr/2026:08:18:26 -0700] "POST /xmlrpc.php HTTP/1.1" 200 3198 "-" "Mozilla/5.0 (Windows NT 10.0; Win64; x64) AppleWebKit/537.36 (KHTML, like Gecko) Chrome/108.0.0.0 Safari/537.36" 356 **0/356715**
89.167.59.5 - - [14/Apr/2026:08:18:30 -0700] "GET /uncategorized/lietuvisku-internetiniu-kazino-atsiliepimai-ir-vadovas-geriausios-losimo-svetaines-2026-metais/ HTTP/1.1" 200 27358 "-" "Mozilla/5.0 (Windows NT 10.0; Win64; x64) AppleWebKit/537.36 (KHTML, like Gecko) Chrome/108.0.0.0 Safari/537.36" 977 **0/977522**
185.153.197.91 - - [14/Apr/2026:08:18:30 -0700] "POST /xmlrpc.php HTTP/1.1" 200 180 "-" "Mozilla/5.0 (Windows NT 10.0; Win64; x64) AppleWebKit/537.36 (KHTML, like Gecko) Chrome/114.0.0.0 Safari/537.36" 1296 **1/1296137**
208.109.41.231 - - [14/Apr/2026:08:18:38 -0700] "POST /wp-cron.php?doing_wp_cron=1776179918.8519849777221679687500 HTTP/1.1" 200 - "-" "WordPress/6.3.8; http://fuentesanza.es" 37 **0/37732**
185.153.197.91 - - [14/Apr/2026:08:18:38 -0700] "POST /xmlrpc.php HTTP/1.1" 200 11634 "-" "Mozilla/5.0 (Windows NT 10.0; Win64; x64) AppleWebKit/537.36 (KHTML, like Gecko) Chrome/114.0.0.0 Safari/537.36" 1024 **1/1024823**
185.153.197.91 - - [14/Apr/2026:08:18:40 -0700] "GET /uncategorized/spinfest-spielbank-anlass-das-dichter-weiters-denker-verlangt-unter-einsatz-von-four-000-spielautomaten/ HTTP/1.1" 200 158270 "-" "Mozilla/5.0 (Windows NT 10.0; Win64; x64; rv:125.0) Gecko/20100101 Firefox/125.0" 997 **0/997694**
142.44.233.14 - - [14/Apr/2026:08:18:46 -0700] "GET /codice-bonus-admiralbet-671/admiralbet-login-947/ HTTP/1.1" 200 30206 "-" "Mozilla/5.0 (compatible; AhrefsBot/7.0; +http://ahrefs.com/robot/)" 718 **0/718096**
185.191.171.11 - - [14/Apr/2026:08:18:58 -0700] "GET /sky247-apk-156/sky247-app-431/ HTTP/1.1" 200 33431 "-" "Mozilla/5.0 (compatible; SemrushBot/7~bl; +http://www.semrush.com/bot.html)" 817 **0/817052**
85.208.96.205 - - [14/Apr/2026:08:19:07 -0700] "GET /tag/party-casino-online/ HTTP/1.1" 200 39691 "-" "Mozilla/5.0 (compatible; SemrushBot/7~bl; +http://www.semrush.com/bot.html)" 877 **0/877908**
85.208.96.197 - - [14/Apr/2026:08:19:11 -0700] "GET /uncategorized/nameless-chat-service-omegle-shuts-down-after-youngster-security-lawsuit/ HTTP/1.1" 200 89121 "-" "Mozilla/5.0 (compatible; SemrushBot/7~bl; +http://www.semrush.com/bot.html)" 746 **0/746981**
66.249.73.6 - - [14/Apr/2026:08:19:26 -0700] "GET /uncategorized/casambi-online-kopen/ HTTP/1.1" 200 26756 "-" "Mozilla/5.0 (Linux; Android 6.0.1; Nexus 5X Build/MMB29P) AppleWebKit/537.36 (KHTML, like Gecko) Chrome/146.0.7680.177 Mobile Safari/537.36 (compatible; Googlebot/2.1; +http://www.google.com/bot.html)" 1378 **1/1378839**
66.249.73.6 - - [14/Apr/2026:08:19:26 -0700] "GET /uncategorized/galactic-bets-casino-rezension/ HTTP/1.1" 200 26855 "-" "Mozilla/5.0 (Linux; Android 6.0.1; Nexus 5X Build/MMB29P) AppleWebKit/537.36 (KHTML, like Gecko) Chrome/146.0.7680.177 Mobile Safari/537.36 (compatible; Googlebot/2.1; +http://www.google.com/bot.html)" 1566 **1/1566253**
66.249.73.5 - - [14/Apr/2026:08:19:27 -0700] "GET /uncategorized/magic-the-gathering-teenage-mutant-ninja-turtles-prerelease/ HTTP/1.1" 200 26567 "-" "Mozilla/5.0 (Linux; Android 6.0.1; Nexus 5X Build/MMB29P) AppleWebKit/537.36 (KHTML, like Gecko) Chrome/146.0.7680.177 Mobile Safari/537.36 (compatible; Googlebot/2.1; +http://www.google.com/bot.html)" 1499 **1/1499855**
66.249.73.5 - - [14/Apr/2026:08:19:28 -0700] "GET /uncategorized/vavada-kazino-spelu-un-bonusu-pievilciba-jaunajiem-speletajiem/ HTTP/1.1" 200 28385 "-" "Mozilla/5.0 (Linux; Android 6.0.1; Nexus 5X Build/MMB29P) AppleWebKit/537.36 (KHTML, like Gecko) Chrome/146.0.7680.177 Mobile Safari/537.36 (compatible; Googlebot/2.1; +http://www.google.com/bot.html)" 1264 **1/1264032**
185.191.171.17 - - [14/Apr/2026:08:19:36 -0700] "GET /category/pin-up-kazino-126/ HTTP/1.1" 200 39109 "-" "Mozilla/5.0 (compatible; SemrushBot/7~bl; +http://www.semrush.com/bot.html)" 710 **0/710165**
161.97.176.255 - - [14/Apr/2026:08:19:38 -0700] "GET /public/mastering-the-strategies-an-advanced-guide-to/ HTTP/1.1" 200 30092 "-" "Mozilla/5.0 (Macintosh; Intel Mac OS X 10_15_7) AppleWebKit/605.1.15 (KHTML, like Gecko) Version/17.2 Safari/605.1.15" 703 **0/703480**
161.97.176.255 - - [14/Apr/2026:08:19:39 -0700] "GET /wp-includes/css/dist/block-library/style.min.css?ver=6.3.8 HTTP/1.1" 200 13841 "http://fuentesanza.es/public/mastering-the-strategies-an-advanced-guide-to/" "Mozilla/5.0 (Macintosh; Intel Mac OS X 10_15_7) AppleWebKit/605.1.15 (KHTML, like Gecko) Version/17.2 Safari/605.1.15" 20 **0/20572**
161.97.176.255 - - [14/Apr/2026:08:19:39 -0700] "GET /wp-content/themes/twentytwelve/fonts/font-open-sans.css?ver=20230328 HTTP/1.1" 200 930 "http://fuentesanza.es/public/mastering-the-strategies-an-advanced-guide-to/" "Mozilla/5.0 (Macintosh; Intel Mac OS X 10_15_7) AppleWebKit/605.1.15 (KHTML, like Gecko) Version/17.2 Safari/605.1.15" 13 **0/13395**
161.97.176.255 - - [14/Apr/2026:08:19:39 -0700] "GET /wp-includes/js/jquery/jquery.min.js?ver=3.7.0 HTTP/1.1" 200 30343 "http://fuentesanza.es/public/mastering-the-strategies-an-advanced-guide-to/" "Mozilla/5.0 (Macintosh; Intel Mac OS X 10_15_7) AppleWebKit/605.1.15 (KHTML, like Gecko) Version/17.2 Safari/605.1.15" 18 **0/18221**
161.97.176.255 - - [14/Apr/2026:08:19:39 -0700] "GET /wp-includes/js/jquery/jquery-migrate.min.js?ver=3.4.1 HTTP/1.1" 200 4872 "http://fuentesanza.es/public/mastering-the-strategies-an-advanced-guide-to/" "Mozilla/5.0 (Macintosh; Intel Mac OS X 10_15_7) AppleWebKit/605.1.15 (KHTML, like Gecko) Version/17.2 Safari/605.1.15" 14 **0/14352**
161.97.176.255 - - [14/Apr/2026:08:19:39 -0700] "GET /wp-content/themes/twentytwelve/css/blocks.css?ver=20230213 HTTP/1.1" 200 1872 "http://fuentesanza.es/public/mastering-the-strategies-an-advanced-guide-to/" "Mozilla/5.0 (Macintosh; Intel Mac OS X 10_15_7) AppleWebKit/605.1.15 (KHTML, like Gecko) Version/17.2 Safari/605.1.15" 13 **0/13367**
161.97.176.255 - - [14/Apr/2026:08:19:39 -0700] "GET /wp-content/themes/twentytwelve/style.css?ver=20230808 HTTP/1.1" 200 8255 "http://fuentesanza.es/public/mastering-the-strategies-an-advanced-guide-to/" "Mozilla/5.0 (Macintosh; Intel Mac OS X 10_15_7) AppleWebKit/605.1.15 (KHTML, like Gecko) Version/17.2 Safari/605.1.15" 31 **0/31580**
161.97.176.255 - - [14/Apr/2026:08:19:39 -0700] "GET /wp-includes/js/comment-reply.min.js?ver=6.3.8 HTTP/1.1" 200 1351 "http://fuentesanza.es/public/mastering-the-strategies-an-advanced-guide-to/" "Mozilla/5.0 (Macintosh; Intel Mac OS X 10_15_7) AppleWebKit/605.1.15 (KHTML, like Gecko) Version/17.2 Safari/605.1.15" 13 **0/13344**
161.97.176.255 - - [14/Apr/2026:08:19:39 -0700] "GET /wp-content/themes/twentytwelve/js/navigation.js?ver=20141205 HTTP/1.1" 200 656 "http://fuentesanza.es/public/mastering-the-strategies-an-advanced-guide-to/" "Mozilla/5.0 (Macintosh; Intel Mac OS X 10_15_7) AppleWebKit/605.1.15 (KHTML, like Gecko) Version/17.2 Safari/605.1.15" 13 **0/13199**
161.97.176.255 - - [14/Apr/2026:08:19:39 -0700] "GET /public/mastering-the-strategies-an-advanced-guide-to/%3Cdiv%20class=%22video-container%22%3E%3Ciframe%20src=%22https://cdn.pixabay.com/video/2022/10/22/136058-764371355_medium.mp4%22%20frameborder=%220%22%20allowfullscreen%3E%3C/iframe%3E%3C/div%3E HTTP/1.1" 301 - "http://fuentesanza.es/public/mastering-the-strategies-an-advanced-guide-to/" "Mozilla/5.0 (Macintosh; Intel Mac OS X 10_15_7) AppleWebKit/605.1.15 (KHTML, like Gecko) Version/17.2 Safari/605.1.15" 267 **0/267409**
161.97.176.255 - - [14/Apr/2026:08:19:40 -0700] "GET /wp-content/themes/twentytwelve/fonts/open-sans/open-sans-latin-700-normal.woff2?ver=34 HTTP/1.1" 200 16372 "http://fuentesanza.es/wp-content/themes/twentytwelve/fonts/font-open-sans.css?ver=20230328" "Mozilla/5.0 (Macintosh; Intel Mac OS X 10_15_7) AppleWebKit/605.1.15 (KHTML, like Gecko) Version/17.2 Safari/605.1.15" 13 **0/13139**
161.97.176.255 - - [14/Apr/2026:08:19:40 -0700] "GET /wp-content/themes/twentytwelve/fonts/open-sans/open-sans-latin-ext-400-normal.woff2?ver=34 HTTP/1.1" 200 12972 "http://fuentesanza.es/wp-content/themes/twentytwelve/fonts/font-open-sans.css?ver=20230328" "Mozilla/5.0 (Macintosh; Intel Mac OS X 10_15_7) AppleWebKit/605.1.15 (KHTML, like Gecko) Version/17.2 Safari/605.1.15" 11 **0/11640**
161.97.176.255 - - [14/Apr/2026:08:19:40 -0700] "GET /wp-content/themes/twentytwelve/fonts/open-sans/open-sans-latin-400-normal.woff2?ver=34 HTTP/1.1" 200 16740 "http://fuentesanza.es/wp-content/themes/twentytwelve/fonts/font-open-sans.css?ver=20230328" "Mozilla/5.0 (Macintosh; Intel Mac OS X 10_15_7) AppleWebKit/605.1.15 (KHTML, like Gecko) Version/17.2 Safari/605.1.15" 10 **0/10689**
161.97.176.255 - - [14/Apr/2026:08:19:40 -0700] "GET /wp-content/themes/twentytwelve/fonts/open-sans/open-sans-cyrillic-400-normal.woff2?ver=34 HTTP/1.1" 200 10652 "http://fuentesanza.es/wp-content/themes/twentytwelve/fonts/font-open-sans.css?ver=20230328" "Mozilla/5.0 (Macintosh; Intel Mac OS X 10_15_7) AppleWebKit/605.1.15 (KHTML, like Gecko) Version/17.2 Safari/605.1.15" 11 **0/11666**
161.97.176.255 - - [14/Apr/2026:08:19:40 -0700] "GET /wp-content/themes/twentytwelve/fonts/open-sans/open-sans-greek-400-normal.woff2?ver=34 HTTP/1.1" 200 8952 "http://fuentesanza.es/wp-content/themes/twentytwelve/fonts/font-open-sans.css?ver=20230328" "Mozilla/5.0 (Macintosh; Intel Mac OS X 10_15_7) AppleWebKit/605.1.15 (KHTML, like Gecko) Version/17.2 Safari/605.1.15" 21 **0/21825**
161.97.176.255 - - [14/Apr/2026:08:19:40 -0700] "GET /wp-includes/js/wp-emoji-release.min.js?ver=6.3.8 HTTP/1.1" 200 5039 "http://fuentesanza.es/public/mastering-the-strategies-an-advanced-guide-to/" "Mozilla/5.0 (Macintosh; Intel Mac OS X 10_15_7) AppleWebKit/605.1.15 (KHTML, like Gecko) Version/17.2 Safari/605.1.15" 10 **0/10944**
161.97.176.255 - - [14/Apr/2026:08:19:40 -0700] "GET /public/mastering-the-strategies-an-advanced-guide-to/%3Cdiv%20class=%22video-container%22%3E%3Ciframe%20src=%22https:/cdn.pixabay.com/video/2022/10/22/136058-764371355_medium.mp4%22%20frameborder=%220%22%20allowfullscreen%3E%3C/iframe%3E%3C/div%3E HTTP/1.1" 404 50331 "http://fuentesanza.es/public/mastering-the-strategies-an-advanced-guide-to/" "Mozilla/5.0 (Macintosh; Intel Mac OS X 10_15_7) AppleWebKit/605.1.15 (KHTML, like Gecko) Version/17.2 Safari/605.1.15" 421 **0/421581**
85.208.96.205 - - [14/Apr/2026:08:19:46 -0700] "GET /tag/1win-apk-download/ HTTP/1.1" 200 34037 "-" "Mozilla/5.0 (compatible; SemrushBot/7~bl; +http://www.semrush.com/bot.html)" 478 **0/478909**
185.191.171.11 - - [14/Apr/2026:08:19:48 -0700] "GET /uncategorized/have-fun-with-the-better-free-pokies-on-the-web-for-fun/ HTTP/1.1" 200 31929 "-" "Mozilla/5.0 (compatible; SemrushBot/7~bl; +http://www.semrush.com/bot.html)" 455 **0/455958**
85.208.96.205 - - [14/Apr/2026:08:19:54 -0700] "GET /jeetbuzz-net-55/jeetbuzz-365-login-171/ HTTP/1.1" 200 33684 "-" "Mozilla/5.0 (compatible; SemrushBot/7~bl; +http://www.semrush.com/bot.html)" 834 **0/834970**
51.161.65.20 - - [14/Apr/2026:08:19:54 -0700] "GET /uncategorized/melhores-slots-para-apostar-slots-online-obter-dinheiro-acimade-box-of-ra-anuviado-entreposto-portugal-acercade-2024/feed/ HTTP/1.1" 200 512 "-" "Mozilla/5.0 (compatible; AhrefsBot/7.0; +http://ahrefs.com/robot/)" 811 **0/811192**
185.153.197.91 - - [14/Apr/2026:08:20:09 -0700] "POST /xmlrpc.php HTTP/1.1" 200 180 "-" "Mozilla/5.0 (Windows NT 10.0; Win64; x64) AppleWebKit/537.36 (KHTML, like Gecko) Chrome/114.0.0.0 Safari/537.36" 670 **0/670665**
208.109.41.231 - - [14/Apr/2026:08:20:15 -0700] "POST /wp-cron.php?doing_wp_cron=1776180015.7662770748138427734375 HTTP/1.1" 200 - "-" "WordPress/6.3.8; http://fuentesanza.es" 33 **0/33192**
66.249.73.6 - - [14/Apr/2026:08:20:15 -0700] "GET /?c=84164103310 HTTP/1.1" 200 49199 "-" "Mozilla/5.0 (Linux; Android 6.0.1; Nexus 5X Build/MMB29P) AppleWebKit/537.36 (KHTML, like Gecko) Chrome/146.0.7680.177 Mobile Safari/537.36 (compatible; GoogleOther)" 883 **0/883688**
185.153.197.91 - - [14/Apr/2026:08:20:16 -0700] "POST /xmlrpc.php HTTP/1.1" 200 10035 "-" "Mozilla/5.0 (Windows NT 10.0; Win64; x64) AppleWebKit/537.36 (KHTML, like Gecko) Chrome/114.0.0.0 Safari/537.36" 537 **0/537243**
185.153.197.91 - - [14/Apr/2026:08:20:17 -0700] "GET /uncategorized/betibet-kasino-ein-spieler-geht-davon-nicht-mehr-da-auf-diese-weise-umherwandern-die-auszahlung-zu-spat/ HTTP/1.1" 200 156775 "-" "Mozilla/5.0 (Windows NT 10.0; Win64; x64) AppleWebKit/537.36 (KHTML, like Gecko) Chrome/123.0.0.0 Safari/537.36" 418 **0/418685**
185.191.171.18 - - [14/Apr/2026:08:20:22 -0700] "GET /uncategorized/888-casino-commentaire-immortal-romance-casino-2026-100-jusqua-1000-ut-75-periodes-gratis/ HTTP/1.1" 200 32599 "-" "Mozilla/5.0 (compatible; SemrushBot/7~bl; +http://www.semrush.com/bot.html)" 615 **0/615516**
185.191.171.19 - - [14/Apr/2026:08:21:05 -0700] "GET /mostbet-casino-845/mostbet-online-894/ HTTP/1.1" 200 32790 "-" "Mozilla/5.0 (compatible; SemrushBot/7~bl; +http://www.semrush.com/bot.html)" 661 **0/661880**
142.44.228.30 - - [14/Apr/2026:08:21:07 -0700] "GET /tag/%D0%BC%D0%BE%D1%81%D1%82%D0%B1%D0%B5%D1%82-%D0%BA%D0%B7/ HTTP/1.1" 200 45262 "-" "Mozilla/5.0 (compatible; AhrefsBot/7.0; +http://ahrefs.com/robot/)" 480 **0/480463**
85.208.96.202 - - [14/Apr/2026:08:21:13 -0700] "GET /news/page-192/ HTTP/1.1" 200 266486 "-" "Mozilla/5.0 (compatible; SemrushBot/7~bl; +http://www.semrush.com/bot.html)" 779 **0/779377**
85.208.96.209 - - [14/Apr/2026:08:21:20 -0700] "GET /uncategorized/legale-offlin-speel-indian-dreaming-slots-casinos-wegens-holland-actueel-computerprogramma/ HTTP/1.1" 200 29605 "-" "Mozilla/5.0 (compatible; SemrushBot/7~bl; +http://www.semrush.com/bot.html)" 616 **0/616089**
66.249.73.4 - - [14/Apr/2026:08:21:32 -0700] "GET /6/aviator-game-available-on-tablets-in-singapore-a-review/ HTTP/1.1" 200 27643 "-" "Mozilla/5.0 (Linux; Android 6.0.1; Nexus 5X Build/MMB29P) AppleWebKit/537.36 (KHTML, like Gecko) Chrome/146.0.7680.177 Mobile Safari/537.36 (compatible; Googlebot/2.1; +http://www.google.com/bot.html)" 882 **0/882600**
35.187.134.2 - - [14/Apr/2026:08:21:34 -0700] "GET /uncategorized/%D0%B8%D0%B4%D0%B5%D0%B0%D0%BB%D1%8C%D0%BD%D1%8B%D0%B5-%D0%B8%D0%B3%D1%80%D0%BE%D0%B2%D1%8B%D0%B5-%D0%B7%D0%B0%D0%B2%D0%B5%D0%B4%D0%B5%D0%BD%D0%B8%D1%8F-%D0%BA%D0%BE%D1%82%D0%BE%D1%80%D1%8B%D0%B5/ HTTP/1.1" 200 28839 "-" "Mozilla/5.0 (compatible; Google-Apps-Script; beanserver; +https://script.google.com; id: UAEmdDd9xsnqR0U8PwCmAzNN8LImSykEA2g)" 622 **0/622571**
185.191.171.8 - - [14/Apr/2026:08:21:42 -0700] "GET /uncategorized/finest-100-percent-free-spins-gambling-establishment-sales-feb-2026-no-deposit-harbors/ HTTP/1.1" 200 30601 "-" "Mozilla/5.0 (compatible; SemrushBot/7~bl; +http://www.semrush.com/bot.html)" 820 **0/820731**
185.153.197.91 - - [14/Apr/2026:08:21:43 -0700] "POST /xmlrpc.php HTTP/1.1" 200 180 "-" "Mozilla/5.0 (Windows NT 10.0; Win64; x64) AppleWebKit/537.36 (KHTML, like Gecko) Chrome/114.0.0.0 Safari/537.36" 1217 **1/1217882**
208.109.41.231 - - [14/Apr/2026:08:21:51 -0700] "POST /wp-cron.php?doing_wp_cron=1776180111.4343259334564208984375 HTTP/1.1" 200 - "-" "WordPress/6.3.8; http://fuentesanza.es" 28 **0/28249**
185.153.197.91 - - [14/Apr/2026:08:21:51 -0700] "POST /xmlrpc.php HTTP/1.1" 200 8675 "-" "Mozilla/5.0 (Windows NT 10.0; Win64; x64) AppleWebKit/537.36 (KHTML, like Gecko) Chrome/114.0.0.0 Safari/537.36" 525 **0/525373**
185.153.197.91 - - [14/Apr/2026:08:21:53 -0700] "GET /uncategorized/unsereiner-empfehlen-nur-casinos-unser-unsre-strengen-bewertungsrichtlinien-erfullen/ HTTP/1.1" 200 155527 "-" "Mozilla/5.0 (Windows NT 10.0; Win64; x64) AppleWebKit/537.36 (KHTML, like Gecko) Chrome/109.0.0.0 Safari/537.36" 1397 **1/1397446**
85.208.96.208 - - [14/Apr/2026:08:22:03 -0700] "GET /tag/royal-vegas-casino-nz/ HTTP/1.1" 200 33729 "-" "Mozilla/5.0 (compatible; SemrushBot/7~bl; +http://www.semrush.com/bot.html)" 1315 **1/1315754**
185.191.171.18 - - [14/Apr/2026:08:22:23 -0700] "GET /uncategorized/thunderstruck-online-roulette-real-money-ii-slot-machine-game-play-for-totally-free-and-no-install/ HTTP/1.1" 200 30576 "-" "Mozilla/5.0 (compatible; SemrushBot/7~bl; +http://www.semrush.com/bot.html)" 961 **0/961352**
51.222.95.36 - - [14/Apr/2026:08:22:25 -0700] "GET /uncategorized/%D8%B1%D9%87%D8%A7%D9%86-%D9%85%D8%AC%D8%A7%D9%86%D9%8A-%D9%85%D9%86-avabet%D8%8C-%D8%B1%D8%A7%D9%87%D9%86-%D8%A8%D8%B9%D8%B4%D8%B1%D8%A9-%D8%AC%D9%86%D9%8A%D9%87%D8%A7%D8%AA-%D8%A5%D8%B3%D8%AA%D8%B1/ HTTP/1.1" 200 30335 "-" "Mozilla/5.0 (compatible; AhrefsBot/7.0; +http://ahrefs.com/robot/)" 1061 **1/1061978**
85.208.96.204 - - [14/Apr/2026:08:22:49 -0700] "GET /uncategorized/prueba-la-tragaperras-garage-de-manera-gratuita-en-hipervinculo-fuente-linea-acerca-de-pin-up/ HTTP/1.1" 200 32040 "-" "Mozilla/5.0 (compatible; SemrushBot/7~bl; +http://www.semrush.com/bot.html)" 719 **0/719627**
114.119.148.10 - - [14/Apr/2026:08:22:55 -0700] "GET /uncategorized/talk-to-strangers-omegle-various/ HTTP/1.1" 200 32524 "http://fuentesanza.es/uncategorized/tinychat-various-higher-sites-to-attempt/" "Mozilla/5.0 (Linux; Android 7.0;) AppleWebKit/537.36 (KHTML, like Gecko) Mobile Safari/537.36 (compatible; PetalBot;+https://webmaster.petalsearch.com/site/petalbot)" 703 **0/703221**
66.249.73.6 - - [14/Apr/2026:08:23:07 -0700] "GET /uncategorized/v-ok-odnoklassniki-vy-mozhete-igrat-v-loto-onlayn-sovershenno-besplatno/ HTTP/1.1" 200 27529 "-" "Mozilla/5.0 (Linux; Android 6.0.1; Nexus 5X Build/MMB29P) AppleWebKit/537.36 (KHTML, like Gecko) Chrome/146.0.7680.177 Mobile Safari/537.36 (compatible; Googlebot/2.1; +http://www.google.com/bot.html)" 726 **0/726607**
185.153.197.91 - - [14/Apr/2026:08:23:18 -0700] "POST /xmlrpc.php HTTP/1.1" 200 180 "-" "Mozilla/5.0 (Windows NT 10.0; Win64; x64) AppleWebKit/537.36 (KHTML, like Gecko) Chrome/114.0.0.0 Safari/537.36" 871 **0/871578**
208.109.41.231 - - [14/Apr/2026:08:23:25 -0700] "POST /wp-cron.php?doing_wp_cron=1776180205.7404799461364746093750 HTTP/1.1" 200 - "-" "WordPress/6.3.8; http://fuentesanza.es" 49 **0/49407**
185.153.197.91 - - [14/Apr/2026:08:23:26 -0700] "POST /xmlrpc.php HTTP/1.1" 200 9418 "-" "Mozilla/5.0 (Windows NT 10.0; Win64; x64) AppleWebKit/537.36 (KHTML, like Gecko) Chrome/114.0.0.0 Safari/537.36" 824 **0/824518**
66.249.73.4 - - [14/Apr/2026:08:23:25 -0700] "GET /uncategorized/ofitsialnyy-sayt-kazakhstan-predstavlyaet-loto-klub-v-internete/ HTTP/1.1" 200 29252 "-" "Mozilla/5.0 (Linux; Android 6.0.1; Nexus 5X Build/MMB29P) AppleWebKit/537.36 (KHTML, like Gecko) Chrome/146.0.7680.177 Mobile Safari/537.36 (compatible; Googlebot/2.1; +http://www.google.com/bot.html)" 2006 **2/2006763**
185.153.197.91 - - [14/Apr/2026:08:23:28 -0700] "GET /uncategorized/vorteile-und-unzuli%EF%BF%BDnglichkeiten-des-ten-euro-spielbank-maklercourtage-exklusive-einzahlung/ HTTP/1.1" 200 156068 "-" "Mozilla/5.0 (Windows NT 10.0; Win64; x64) AppleWebKit/537.36 (KHTML, like Gecko) Chrome/123.0.0.0 Safari/537.36 OPR/109.0.0.0" 684 **0/684327**
193.194.106.44 - - [14/Apr/2026:08:23:36 -0700] "GET /robots.txt HTTP/1.1" 200 105 "-" "Mozilla/5.0 (Linux; Android 6.0.1; Nexus 5X Build/MMB29P) AppleWebKit/537.36 (KHTML, like Gecko) Chrome/139.0.7258.156 Mobile Safari/537.36 (compatible; Googlebot/2.1; +http://www.google.com/bot.html)" 24 **0/24382**
193.194.106.44 - - [14/Apr/2026:08:23:37 -0700] "GET /uncategorized/top-online-casinos-france-2026-49-reviewed/ HTTP/1.1" 200 29881 "-" "Mozilla/5.0 (Linux; Android 6.0.1; Nexus 5X Build/MMB29P) AppleWebKit/537.36 (KHTML, like Gecko) Chrome/139.0.7258.156 Mobile Safari/537.36 (compatible; Googlebot/2.1; +http://www.google.com/bot.html)" 659 **0/659637**
185.191.171.8 - - [14/Apr/2026:08:23:38 -0700] "GET /uncategorized/100-extra-big-bang-slot-play-for-money-100-zero-put-free-spins/ HTTP/1.1" 200 30846 "-" "Mozilla/5.0 (compatible; SemrushBot/7~bl; +http://www.semrush.com/bot.html)" 750 **0/750879**
142.44.233.74 - - [14/Apr/2026:08:23:44 -0700] "GET /tag/pinup-kz/ HTTP/1.1" 200 35899 "-" "Mozilla/5.0 (compatible; AhrefsBot/7.0; +http://ahrefs.com/robot/)" 1086 **1/1086680**
185.191.171.4 - - [14/Apr/2026:08:23:46 -0700] "GET /uncategorized/elevate-your-play-the-bizzo-casino-download-app-delivers/ HTTP/1.1" 200 31075 "-" "Mozilla/5.0 (compatible; SemrushBot/7~bl; +http://www.semrush.com/bot.html)" 872 **0/872642**
185.191.171.1 - - [14/Apr/2026:08:23:56 -0700] "GET /uncategorized/game-worldwide-and-stormcraft-studios-expand-the-brand-new-immortal-romance-slot-let-you-know-that-have-immortal-dating-sarahs-secret-power-fifty-no-deposit-revolves-5-knights-combination/ HTTP/1.1" 200 30844 "-" "Mozilla/5.0 (compatible; SemrushBot/7~bl; +http://www.semrush.com/bot.html)" 624 **0/624196**
185.191.171.2 - - [14/Apr/2026:08:24:06 -0700] "GET /gambling/reveal-the-celebrated-secrets-of-casino-adventure/ HTTP/1.1" 200 29388 "-" "Mozilla/5.0 (compatible; SemrushBot/7~bl; +http://www.semrush.com/bot.html)" 909 **0/909443**
89.167.59.5 - - [14/Apr/2026:08:24:23 -0700] "POST /xmlrpc.php HTTP/1.1" 200 102 "-" "Mozilla/5.0 (Windows NT 10.0; Win64; x64) AppleWebKit/537.36 (KHTML, like Gecko) Chrome/108.0.0.0 Safari/537.36" 1328 **1/1328518**
208.109.41.231 - - [14/Apr/2026:08:24:25 -0700] "POST /wp-cron.php?doing_wp_cron=1776180265.5323228836059570312500 HTTP/1.1" 200 - "-" "WordPress/6.3.8; http://fuentesanza.es" 114 **0/114571**
89.167.59.5 - - [14/Apr/2026:08:24:25 -0700] "POST /xmlrpc.php HTTP/1.1" 200 4836 "-" "Mozilla/5.0 (Windows NT 10.0; Win64; x64) AppleWebKit/537.36 (KHTML, like Gecko) Chrome/108.0.0.0 Safari/537.36" 594 **0/594767**
89.167.59.5 - - [14/Apr/2026:08:24:28 -0700] "GET /uncategorized/geriausi-kazino-internetu-2026-atraskite-zaidimu-pasauli-be-ribu/ HTTP/1.1" 200 28990 "-" "Mozilla/5.0 (Windows NT 10.0; Win64; x64) AppleWebKit/537.36 (KHTML, like Gecko) Chrome/108.0.0.0 Safari/537.36" 1091 **1/1091120**
85.208.96.197 - - [14/Apr/2026:08:24:44 -0700] "GET /category/1win-kazino-741/ HTTP/1.1" 200 43765 "-" "Mozilla/5.0 (compatible; SemrushBot/7~bl; +http://www.semrush.com/bot.html)" 814 **0/814010**
185.153.197.91 - - [14/Apr/2026:08:24:46 -0700] "POST /xmlrpc.php HTTP/1.1" 200 180 "-" "Mozilla/5.0 (Windows NT 10.0; Win64; x64) AppleWebKit/537.36 (KHTML, like Gecko) Chrome/114.0.0.0 Safari/537.36" 1307 **1/1307558**
208.109.41.231 - - [14/Apr/2026:08:24:54 -0700] "POST /wp-cron.php?doing_wp_cron=1776180294.1869320869445800781250 HTTP/1.1" 200 - "-" "WordPress/6.3.8; http://fuentesanza.es" 31 **0/31840**
185.153.197.91 - - [14/Apr/2026:08:24:53 -0700] "POST /xmlrpc.php HTTP/1.1" 200 9100 "-" "Mozilla/5.0 (Windows NT 10.0; Win64; x64) AppleWebKit/537.36 (KHTML, like Gecko) Chrome/114.0.0.0 Safari/537.36" 799 **0/799436**
185.153.197.91 - - [14/Apr/2026:08:24:55 -0700] "GET /uncategorized/diese-gewinnspanne-wa-eulersche-zahl-wallet-anbieters-finden-zigeunern-im-endeffekt-hinein-einen-zahlungen-ebendiese-die-kunden-von-fremden-erhalten/ HTTP/1.1" 200 156186 "-" "Mozilla/5.0 (Windows NT 10.0; Win64; x64) AppleWebKit/537.36 (KHTML, like Gecko) Chrome/123.0.0.0 Safari/537.36 OPR/109.0.0.0" 1153 **1/1153794**
54.39.0.225 - - [14/Apr/2026:08:24:58 -0700] "GET /1win-online-417/1win-casino-201/ HTTP/1.1" 200 31815 "-" "Mozilla/5.0 (compatible; AhrefsBot/7.0; +http://ahrefs.com/robot/)" 1240 **1/1240140**
66.249.73.5 - - [14/Apr/2026:08:25:03 -0700] "GET /uncategorized/the-exciting-world-of-online-casino-site-gamings/ HTTP/1.1" 200 27780 "-" "Mozilla/5.0 (Linux; Android 6.0.1; Nexus 5X Build/MMB29P) AppleWebKit/537.36 (KHTML, like Gecko) Chrome/146.0.7680.177 Mobile Safari/537.36 (compatible; Googlebot/2.1; +http://www.google.com/bot.html)" 1369 **1/1369719**
85.208.96.211 - - [14/Apr/2026:08:25:09 -0700] "GET /tag/betmexico-registro/ HTTP/1.1" 200 29205 "-" "Mozilla/5.0 (compatible; SemrushBot/7~bl; +http://www.semrush.com/bot.html)" 1779 **1/1779395**
85.208.96.204 - - [14/Apr/2026:08:25:15 -0700] "GET /2026/02/page/4/ HTTP/1.1" 200 54354 "-" "Mozilla/5.0 (compatible; SemrushBot/7~bl; +http://www.semrush.com/bot.html)" 1214 **1/1214615**
185.191.171.2 - - [14/Apr/2026:08:25:21 -0700] "GET /1win-online-450/1win-vhod-378/ HTTP/1.1" 200 33877 "-" "Mozilla/5.0 (compatible; SemrushBot/7~bl; +http://www.semrush.com/bot.html)" 964 **0/964015**
85.208.96.206 - - [14/Apr/2026:08:25:29 -0700] "GET /1win-aviator-169/1win-bonus-304/ HTTP/1.1" 200 35196 "-" "Mozilla/5.0 (compatible; SemrushBot/7~bl; +http://www.semrush.com/bot.html)" 624 **0/624818**
85.208.96.205 - - [14/Apr/2026:08:25:44 -0700] "GET /uncategorized/roulette-neu-spiel-expertenreview-fur-casino-spieler/ HTTP/1.1" 200 29221 "-" "Mozilla/5.0 (compatible; SemrushBot/7~bl; +http://www.semrush.com/bot.html)" 831 **0/831702**
84.200.80.218 - - [14/Apr/2026:08:25:46 -0700] "GET /news/experience-redracer-casino-premium-online-gaming-20/ HTTP/1.1" 200 253849 "-" "Screaming Frog SEO Spider/18.1" 1023 **1/1023655**
185.153.197.91 - - [14/Apr/2026:08:25:59 -0700] "POST /xmlrpc.php HTTP/1.1" 200 180 "-" "Mozilla/5.0 (Windows NT 10.0; Win64; x64) AppleWebKit/537.36 (KHTML, like Gecko) Chrome/114.0.0.0 Safari/537.36" 992 **0/992006**
208.109.41.231 - - [14/Apr/2026:08:26:06 -0700] "POST /wp-cron.php?doing_wp_cron=1776180366.8398098945617675781250 HTTP/1.1" 200 - "-" "WordPress/6.3.8; http://fuentesanza.es" 32 **0/32222**
185.153.197.91 - - [14/Apr/2026:08:26:06 -0700] "POST /xmlrpc.php HTTP/1.1" 200 9478 "-" "Mozilla/5.0 (Windows NT 10.0; Win64; x64) AppleWebKit/537.36 (KHTML, like Gecko) Chrome/114.0.0.0 Safari/537.36" 776 **0/776886**
185.153.197.91 - - [14/Apr/2026:08:26:08 -0700] "GET /uncategorized/pro-noch-mehr-die-leser-spielen-umso-hoher-eignen-unser-chancen-so-sehr-die-kunden-in-das-applikation-eingeladen-sie-sind/ HTTP/1.1" 200 156458 "-" "Mozilla/5.0 (Windows NT 10.0; Win64; x64; rv:124.0) Gecko/20100101 Firefox/124.0" 1381 **1/1381607**
51.222.168.119 - - [14/Apr/2026:08:26:16 -0700] "GET /uncategorized/the-newest-fifty-totally-free-spins-no-grim-muerto-online-slot-deposit-2026-%EF%B8%8F-complete-listing/feed/ HTTP/1.1" 200 509 "-" "Mozilla/5.0 (compatible; AhrefsBot/7.0; +http://ahrefs.com/robot/)" 726 **0/726262**
185.191.171.7 - - [14/Apr/2026:08:26:16 -0700] "GET /uncategorized/100-no-join/ HTTP/1.1" 200 30671 "-" "Mozilla/5.0 (compatible; SemrushBot/7~bl; +http://www.semrush.com/bot.html)" 672 **0/672507**
85.208.96.203 - - [14/Apr/2026:08:26:36 -0700] "GET /tag/mostbet-%E0%A6%85%E0%A7%8D%E0%A6%AF%E0%A6%BE%E0%A6%AA/ HTTP/1.1" 200 46056 "-" "Mozilla/5.0 (compatible; SemrushBot/7~bl; +http://www.semrush.com/bot.html)" 756 **0/756874**
85.208.96.206 - - [14/Apr/2026:08:26:44 -0700] "GET /pinup-casino-608/pin-up-india-699/ HTTP/1.1" 200 32128 "-" "Mozilla/5.0 (compatible; SemrushBot/7~bl; +http://www.semrush.com/bot.html)" 923 **0/923036**
85.208.96.199 - - [14/Apr/2026:08:26:47 -0700] "GET /uncategorized/ninja-kasino-01-spielen-sie-cash-clams-spielautomaten-2026-allemal-vortragen-via-schnellen-auszahlungen/ HTTP/1.1" 200 31745 "-" "Mozilla/5.0 (compatible; SemrushBot/7~bl; +http://www.semrush.com/bot.html)" 790 **0/790501**
66.249.73.6 - - [14/Apr/2026:08:26:48 -0700] "GET /uncategorized/43604/ HTTP/1.1" 200 26917 "-" "Mozilla/5.0 (Linux; Android 6.0.1; Nexus 5X Build/MMB29P) AppleWebKit/537.36 (KHTML, like Gecko) Chrome/146.0.7680.177 Mobile Safari/537.36 (compatible; Googlebot/2.1; +http://www.google.com/bot.html)" 938 **0/938596**
85.208.96.193 - - [14/Apr/2026:08:27:17 -0700] "GET /1win-app-952/1win-app-459/ HTTP/1.1" 200 34385 "-" "Mozilla/5.0 (compatible; SemrushBot/7~bl; +http://www.semrush.com/bot.html)" 701 **0/701962**
185.153.197.91 - - [14/Apr/2026:08:27:24 -0700] "POST /xmlrpc.php HTTP/1.1" 200 180 "-" "Mozilla/5.0 (Windows NT 10.0; Win64; x64) AppleWebKit/537.36 (KHTML, like Gecko) Chrome/114.0.0.0 Safari/537.36" 970 **0/970216**
208.109.41.231 - - [14/Apr/2026:08:27:30 -0700] "POST /wp-cron.php?doing_wp_cron=1776180450.9021229743957519531250 HTTP/1.1" 200 - "-" "WordPress/6.3.8; http://fuentesanza.es" 49 **0/49270**
185.191.171.14 - - [14/Apr/2026:08:27:30 -0700] "GET /uncategorized/position-spotlights-massachusetts-professionals-was-clicking-on-at-this-time/ HTTP/1.1" 200 30001 "-" "Mozilla/5.0 (compatible; SemrushBot/7~bl; +http://www.semrush.com/bot.html)" 856 **0/856750**
185.153.197.91 - - [14/Apr/2026:08:27:31 -0700] "POST /xmlrpc.php HTTP/1.1" 200 9100 "-" "Mozilla/5.0 (Windows NT 10.0; Win64; x64) AppleWebKit/537.36 (KHTML, like Gecko) Chrome/114.0.0.0 Safari/537.36" 488 **0/488150**
185.153.197.91 - - [14/Apr/2026:08:27:33 -0700] "GET /uncategorized/selbige-vergehen-an-angewandten-tischen-erfolgt-perfekt-elektronisch-das-trichter-ist-zwar-bei-mark-groupier-bedient/ HTTP/1.1" 200 156141 "-" "Mozilla/5.0 (Windows NT 10.0; Win64; x64) AppleWebKit/537.36 (KHTML, like Gecko) Chrome/123.0.0.0 Safari/537.36" 610 **0/610291**
142.44.228.83 - - [14/Apr/2026:08:27:45 -0700] "GET /tag/mostbet-kz-%D0%B2%D0%BE%D0%B9%D1%82%D0%B8/ HTTP/1.1" 200 33021 "-" "Mozilla/5.0 (compatible; AhrefsBot/7.0; +http://ahrefs.com/robot/)" 629 **0/629834**
185.191.171.5 - - [14/Apr/2026:08:27:48 -0700] "GET /uncategorized/the-brand-new-australian-web-based-casinos-2025/ HTTP/1.1" 200 31408 "-" "Mozilla/5.0 (compatible; SemrushBot/7~bl; +http://www.semrush.com/bot.html)" 496 **0/496830**
66.249.73.4 - - [14/Apr/2026:08:28:14 -0700] "GET /public/adopter-des-strategies-de-jeu-responsable-pour/ HTTP/1.1" 200 28663 "-" "Mozilla/5.0 (Linux; Android 6.0.1; Nexus 5X Build/MMB29P) AppleWebKit/537.36 (KHTML, like Gecko) Chrome/146.0.7680.177 Mobile Safari/537.36 (compatible; Googlebot/2.1; +http://www.google.com/bot.html)" 851 **0/851000**
85.208.96.197 - - [14/Apr/2026:08:28:17 -0700] "GET /category/unsere-partner/ HTTP/1.1" 200 29100 "-" "Mozilla/5.0 (compatible; SemrushBot/7~bl; +http://www.semrush.com/bot.html)" 974 **0/974471**
85.208.96.201 - - [14/Apr/2026:08:28:19 -0700] "GET /uncategorized/mobiles-slot-spiel-court-of-hearts-spielerlebnis/ HTTP/1.1" 200 31278 "-" "Mozilla/5.0 (compatible; SemrushBot/7~bl; +http://www.semrush.com/bot.html)" 833 **0/833342**
66.249.73.5 - - [14/Apr/2026:08:28:28 -0700] "GET /public/einsteiger-im-glucksspiel-tipps-fur-den-8/ HTTP/1.1" 200 27892 "-" "Mozilla/5.0 (Linux; Android 6.0.1; Nexus 5X Build/MMB29P) AppleWebKit/537.36 (KHTML, like Gecko) Chrome/146.0.7680.177 Mobile Safari/537.36 (compatible; Googlebot/2.1; +http://www.google.com/bot.html)" 1025 **1/1025752**
185.153.197.91 - - [14/Apr/2026:08:28:37 -0700] "POST /xmlrpc.php HTTP/1.1" 200 180 "-" "Mozilla/5.0 (Windows NT 10.0; Win64; x64) AppleWebKit/537.36 (KHTML, like Gecko) Chrome/114.0.0.0 Safari/537.36" 1028 **1/1028782**
208.109.41.231 - - [14/Apr/2026:08:28:45 -0700] "POST /wp-cron.php?doing_wp_cron=1776180525.6029961109161376953125 HTTP/1.1" 200 - "-" "WordPress/6.3.8; http://fuentesanza.es" 57 **0/57508**
185.153.197.91 - - [14/Apr/2026:08:28:45 -0700] "POST /xmlrpc.php HTTP/1.1" 200 11738 "-" "Mozilla/5.0 (Windows NT 10.0; Win64; x64) AppleWebKit/537.36 (KHTML, like Gecko) Chrome/114.0.0.0 Safari/537.36" 981 **0/981793**
185.153.197.91 - - [14/Apr/2026:08:28:50 -0700] "GET /uncategorized/betsson-spielbank-erster-one-hundred-thousand-spielbonus-so-weit-wie-%EF%BF%BD-250/ HTTP/1.1" 200 158365 "-" "Mozilla/5.0 (Windows NT 10.0; Win64; x64) AppleWebKit/537.36 (KHTML, like Gecko) Chrome/123.0.0.0 Safari/537.36 OPR/109.0.0.0" 855 **0/855159**
85.208.96.196 - - [14/Apr/2026:08:29:05 -0700] "GET /uncategorized/safari-sam-dos-gambling-establishment-position-rtp-96-29-slot-break-away-better-sites-to-experience-from-the/ HTTP/1.1" 200 31359 "-" "Mozilla/5.0 (compatible; SemrushBot/7~bl; +http://www.semrush.com/bot.html)" 824 **0/824565**
148.113.128.51 - - [14/Apr/2026:08:29:05 -0700] "GET /mostbet-uz-406/mostbet-uz-170/ HTTP/1.1" 200 30755 "-" "Mozilla/5.0 (compatible; AhrefsBot/7.0; +http://ahrefs.com/robot/)" 857 **0/857654**
85.208.96.200 - - [14/Apr/2026:08:29:09 -0700] "GET /uncategorized/wolf-fang-winter-storm-recensione-slot-2026-gioca-gratis-ora/ HTTP/1.1" 200 30992 "-" "Mozilla/5.0 (compatible; SemrushBot/7~bl; +http://www.semrush.com/bot.html)" 1130 **1/1130951**
13.154.16.99 - - [14/Apr/2026:08:29:16 -0700] "POST /xmlrpc.php HTTP/1.1" 200 180 "-" "Mozilla/5.0 (Windows NT 10.0; Win64; x64) AppleWebKit/537.36 (KHTML, like Gecko) Chrome/114.0.0.0 Safari/537.36" 1491 **1/1491162**
208.109.41.231 - - [14/Apr/2026:08:29:24 -0700] "POST /wp-cron.php?doing_wp_cron=1776180564.4685590267181396484375 HTTP/1.1" 200 - "-" "WordPress/6.3.8; http://fuentesanza.es" 40 **0/40603**
13.154.16.99 - - [14/Apr/2026:08:29:23 -0700] "POST /xmlrpc.php HTTP/1.1" 200 19681 "-" "Mozilla/5.0 (Windows NT 10.0; Win64; x64) AppleWebKit/537.36 (KHTML, like Gecko) Chrome/114.0.0.0 Safari/537.36" 740 **0/740204**
13.154.16.99 - - [14/Apr/2026:08:29:25 -0700] "GET /uncategorized/1xbet-zerkalo-rabochee-na-segodnya-dostup-k-1khbet-zerkalo/ HTTP/1.1" 200 166417 "-" "Mozilla/5.0 (Windows NT 10.0; Win64; x64) AppleWebKit/537.36 (KHTML, like Gecko) Chrome/124.0.0.0 Safari/537.36 Edg/124.0.0.0" 957 **0/957609**
47.128.25.35 - - [14/Apr/2026:08:29:27 -0700] "GET /uncategorized/wunderino-spielbank-erprobung-400percent-bis-zu-40-bonus/ HTTP/1.1" 403 160427 "-" "Mozilla/5.0 (Linux; Android 5.0) AppleWebKit/537.36 (KHTML, like Gecko) Mobile Safari/537.36 (compatible; Bytespider; spider-feedback@bytedance.com)" 836 **0/836269**
47.128.25.35 - - [14/Apr/2026:08:29:28 -0700] "GET /wp-content/themes/twentytwelve/style.css?ver=20230808 HTTP/1.1" 404 50331 "http://fuentesanza.es/uncategorized/wunderino-spielbank-erprobung-400percent-bis-zu-40-bonus/" "Mozilla/5.0 (Linux; Android 5.0) AppleWebKit/537.36 (KHTML, like Gecko) Mobile Safari/537.36 (compatible; Bytespider; spider-feedback@bytedance.com)" 931 **0/931916**
47.128.25.35 - - [14/Apr/2026:08:29:28 -0700] "GET /wp-content/themes/twentytwelve/fonts/font-open-sans.css?ver=20230328 HTTP/1.1" 404 50331 "http://fuentesanza.es/uncategorized/wunderino-spielbank-erprobung-400percent-bis-zu-40-bonus/" "Mozilla/5.0 (Linux; Android 5.0) AppleWebKit/537.36 (KHTML, like Gecko) Mobile Safari/537.36 (compatible; Bytespider; spider-feedback@bytedance.com)" 1143 **1/1143017**
47.128.25.35 - - [14/Apr/2026:08:29:28 -0700] "GET /wp-includes/css/dist/block-library/style.min.css?ver=6.3.8 HTTP/1.1" 404 50331 "http://fuentesanza.es/uncategorized/wunderino-spielbank-erprobung-400percent-bis-zu-40-bonus/" "Mozilla/5.0 (Linux; Android 5.0) AppleWebKit/537.36 (KHTML, like Gecko) Mobile Safari/537.36 (compatible; Bytespider; spider-feedback@bytedance.com)" 1274 **1/1274866**
47.128.25.35 - - [14/Apr/2026:08:29:28 -0700] "GET /wp-content/themes/twentytwelve/css/blocks.css?ver=20230213 HTTP/1.1" 404 50331 "http://fuentesanza.es/uncategorized/wunderino-spielbank-erprobung-400percent-bis-zu-40-bonus/" "Mozilla/5.0 (Linux; Android 5.0) AppleWebKit/537.36 (KHTML, like Gecko) Mobile Safari/537.36 (compatible; Bytespider; spider-feedback@bytedance.com)" 1131 **1/1131871**
185.191.171.8 - - [14/Apr/2026:08:29:28 -0700] "GET /uncategorized/that-it-total-huge-mondial-gambling-enterprise-comment-was-created-to-respond-to-you-to-definitely-matter-and-much-more/ HTTP/1.1" 200 29699 "-" "Mozilla/5.0 (compatible; SemrushBot/7~bl; +http://www.semrush.com/bot.html)" 1336 **1/1336653**
185.191.171.10 - - [14/Apr/2026:08:29:34 -0700] "GET /uncategorized/sblocca-un-mondo-di-divertimento-e-fortuna-lesperienza-di-gioco/ HTTP/1.1" 200 30903 "-" "Mozilla/5.0 (compatible; SemrushBot/7~bl; +http://www.semrush.com/bot.html)" 774 **0/774886**
114.119.136.150 - - [14/Apr/2026:08:29:53 -0700] "GET /uncategorized/step-1-free-online-personal-gambling-enterprise-sense/ HTTP/1.1" 200 30718 "http://fuentesanza.es/uncategorized/step-1-free-online-personal-gambling-enterprise-sense/" "Mozilla/5.0 (Linux; Android 7.0;) AppleWebKit/537.36 (KHTML, like Gecko) Mobile Safari/537.36 (compatible; PetalBot;+https://webmaster.petalsearch.com/site/petalbot)" 952 **0/952303**
185.153.197.91 - - [14/Apr/2026:08:29:57 -0700] "POST /xmlrpc.php HTTP/1.1" 200 180 "-" "Mozilla/5.0 (Windows NT 10.0; Win64; x64) AppleWebKit/537.36 (KHTML, like Gecko) Chrome/114.0.0.0 Safari/537.36" 1210 **1/1210586**
208.109.41.231 - - [14/Apr/2026:08:30:05 -0700] "POST /wp-cron.php?doing_wp_cron=1776180605.8128108978271484375000 HTTP/1.1" 200 - "-" "WordPress/6.3.8; http://fuentesanza.es" 95 **0/95042**
185.153.197.91 - - [14/Apr/2026:08:30:05 -0700] "POST /xmlrpc.php HTTP/1.1" 200 12836 "-" "Mozilla/5.0 (Windows NT 10.0; Win64; x64) AppleWebKit/537.36 (KHTML, like Gecko) Chrome/114.0.0.0 Safari/537.36" 1154 **1/1154049**
85.208.96.206 - - [14/Apr/2026:08:30:05 -0700] "GET /uncategorized/slots-free-casino-games-for-android/ HTTP/1.1" 200 32011 "-" "Mozilla/5.0 (compatible; SemrushBot/7~bl; +http://www.semrush.com/bot.html)" 1479 **1/1479213**
