37.225.17.145 - - [14/Apr/2026:11:06:12 -0700] "POST /xmlrpc.php HTTP/1.1" 200 131 "-" "Mozilla/5.0 (Windows NT 10.0; Win64; x64) AppleWebKit/537.36 (KHTML, like Gecko) Chrome/120.0.0.0 Safari/537.36" 519 **0/519283**
208.109.41.231 - - [14/Apr/2026:11:06:14 -0700] "POST /wp-cron.php?doing_wp_cron=1776189974.7525610923767089843750 HTTP/1.1" 200 - "-" "WordPress/6.3.8; http://fuentesanza.es" 22 **0/22750**
38.25.80.195 - - [14/Apr/2026:11:06:14 -0700] "GET /?p=49495 HTTP/1.1" 301 - "-" "Mozilla/5.0 (Windows NT 10.0; Win64; x64) AppleWebKit/537.36 (KHTML, like Gecko) Chrome/120.0.0.0 Safari/537.36" 158 **0/158240**
38.25.80.195 - - [14/Apr/2026:11:06:15 -0700] "GET /casino/riski-i-realnye-riski-na-platforme-pin-up-chto-nuzhno-znat-5/ HTTP/1.1" 200 31861 "-" "Mozilla/5.0 (Windows NT 10.0; Win64; x64) AppleWebKit/537.36 (KHTML, like Gecko) Chrome/120.0.0.0 Safari/537.36" 392 **0/392221**
38.25.80.195 - - [14/Apr/2026:11:06:18 -0700] "GET /?p=49495 HTTP/1.1" 301 - "-" "Mozilla/5.0 (Windows NT 10.0; Win64; x64) AppleWebKit/537.36 (KHTML, like Gecko) Chrome/120.0.0.0 Safari/537.36" 178 **0/178262**
38.25.80.195 - - [14/Apr/2026:11:06:18 -0700] "GET /casino/riski-i-realnye-riski-na-platforme-pin-up-chto-nuzhno-znat-5/ HTTP/1.1" 200 31861 "-" "Mozilla/5.0 (Windows NT 10.0; Win64; x64) AppleWebKit/537.36 (KHTML, like Gecko) Chrome/120.0.0.0 Safari/537.36" 323 **0/323479**
38.25.80.195 - - [14/Apr/2026:11:06:21 -0700] "GET /?p=49495 HTTP/1.1" 301 - "-" "Mozilla/5.0 (Windows NT 10.0; Win64; x64) AppleWebKit/537.36 (KHTML, like Gecko) Chrome/120.0.0.0 Safari/537.36" 122 **0/122297**
38.25.80.195 - - [14/Apr/2026:11:06:22 -0700] "GET /casino/riski-i-realnye-riski-na-platforme-pin-up-chto-nuzhno-znat-5/ HTTP/1.1" 200 31861 "-" "Mozilla/5.0 (Windows NT 10.0; Win64; x64) AppleWebKit/537.36 (KHTML, like Gecko) Chrome/120.0.0.0 Safari/537.36" 286 **0/286879**
38.25.80.195 - - [14/Apr/2026:11:06:23 -0700] "GET /wp-json/wp/v2/categories?search=casino HTTP/1.1" 200 6787 "-" "Mozilla/5.0 (Windows NT 10.0; Win64; x64) AppleWebKit/537.36 (KHTML, like Gecko) Chrome/120.0.0.0 Safari/537.36" 143 **0/143474**
38.25.80.195 - - [14/Apr/2026:11:06:24 -0700] "POST /wp-json/wp/v2/categories HTTP/1.1" 400 152 "-" "Mozilla/5.0 (Windows NT 10.0; Win64; x64) AppleWebKit/537.36 (KHTML, like Gecko) Chrome/120.0.0.0 Safari/537.36" 200 **0/200725**
93.35.128.205 - - [14/Apr/2026:11:06:31 -0700] "GET /wp-json/wp/v2/categories?search=casino HTTP/1.1" 200 6787 "-" "Mozilla/5.0 (Windows NT 10.0; Win64; x64) AppleWebKit/537.36 (KHTML, like Gecko) Chrome/120.0.0.0 Safari/537.36" 167 **0/167592**
93.35.128.205 - - [14/Apr/2026:11:06:32 -0700] "POST /wp-json/wp/v2/categories HTTP/1.1" 400 152 "-" "Mozilla/5.0 (Windows NT 10.0; Win64; x64) AppleWebKit/537.36 (KHTML, like Gecko) Chrome/120.0.0.0 Safari/537.36" 160 **0/160794**
85.208.96.200 - - [14/Apr/2026:11:06:34 -0700] "GET /uncategorized/best-position-programs-2026-greatest-mobile-video-slot-applications/ HTTP/1.1" 200 30034 "-" "Mozilla/5.0 (compatible; SemrushBot/7~bl; +http://www.semrush.com/bot.html)" 340 **0/340158**
200.50.232.74 - - [14/Apr/2026:11:06:34 -0700] "POST /wp-json/wp/v2/posts HTTP/1.1" 201 41633 "-" "Mozilla/5.0 (Windows NT 10.0; Win64; x64) AppleWebKit/537.36 (KHTML, like Gecko) Chrome/120.0.0.0 Safari/537.36" 730 **0/730378**
208.109.41.231 - - [14/Apr/2026:11:06:36 -0700] "POST /wp-cron.php?doing_wp_cron=1776189996.0486650466918945312500 HTTP/1.1" 200 - "-" "WordPress/6.3.8; http://fuentesanza.es" 24 **0/24419**
200.50.232.74 - - [14/Apr/2026:11:06:35 -0700] "GET /uncategorized/riski-i-realnye-riski-na-platforme-pin-up-chto-nuzhno-znat-6/ HTTP/1.1" 200 32522 "-" "Mozilla/5.0 (Windows NT 10.0; Win64; x64) AppleWebKit/537.36 (KHTML, like Gecko) Chrome/120.0.0.0 Safari/537.36" 739 **0/739163**
200.50.232.74 - - [14/Apr/2026:11:06:39 -0700] "GET /uncategorized/riski-i-realnye-riski-na-platforme-pin-up-chto-nuzhno-znat-6/ HTTP/1.1" 200 32522 "-" "Mozilla/5.0 (Windows NT 10.0; Win64; x64) AppleWebKit/537.36 (KHTML, like Gecko) Chrome/120.0.0.0 Safari/537.36" 469 **0/469283**
200.50.232.74 - - [14/Apr/2026:11:06:42 -0700] "GET /uncategorized/riski-i-realnye-riski-na-platforme-pin-up-chto-nuzhno-znat-6/ HTTP/1.1" 200 32522 "-" "Mozilla/5.0 (Windows NT 10.0; Win64; x64) AppleWebKit/537.36 (KHTML, like Gecko) Chrome/120.0.0.0 Safari/537.36" 371 **0/371944**
200.50.232.74 - - [14/Apr/2026:11:06:43 -0700] "GET /wp-admin/post-new.php HTTP/1.1" 200 102177 "-" "Mozilla/5.0 (Windows NT 10.0; Win64; x64) AppleWebKit/537.36 (KHTML, like Gecko) Chrome/120.0.0.0 Safari/537.36" 463 **0/463719**
200.50.232.74 - - [14/Apr/2026:11:06:44 -0700] "POST /wp-json/wp/v2/categories?_locale=user HTTP/1.1" 400 152 "-" "Mozilla/5.0 (Windows NT 10.0; Win64; x64) AppleWebKit/537.36 (KHTML, like Gecko) Chrome/120.0.0.0 Safari/537.36" 214 **0/214348**
186.158.170.146 - - [14/Apr/2026:11:06:47 -0700] "POST /wp-admin/post.php HTTP/1.1" 302 - "-" "Mozilla/5.0 (Windows NT 10.0; Win64; x64) AppleWebKit/537.36 (KHTML, like Gecko) Chrome/120.0.0.0 Safari/537.36" 1022 **1/1022524**
208.109.41.231 - - [14/Apr/2026:11:06:49 -0700] "POST /wp-cron.php?doing_wp_cron=1776190009.0442581176757812500000 HTTP/1.1" 200 - "-" "WordPress/6.3.8; http://fuentesanza.es" 49 **0/49544**
186.158.170.146 - - [14/Apr/2026:11:06:48 -0700] "GET /wp-admin/post.php?post=49498&action=edit&message=1 HTTP/1.1" 200 106469 "-" "Mozilla/5.0 (Windows NT 10.0; Win64; x64) AppleWebKit/537.36 (KHTML, like Gecko) Chrome/120.0.0.0 Safari/537.36" 602 **0/602383**
18.97.14.88 - - [14/Apr/2026:11:06:49 -0700] "GET /category/1win-kz-skachat-941/ HTTP/1.1" 200 37264 "-" "CCBot/2.0 (https://commoncrawl.org/faq/)" 599 **0/599706**
81.97.148.59 - - [14/Apr/2026:11:06:50 -0700] "GET /?p=49498 HTTP/1.1" 301 - "-" "Mozilla/5.0 (Windows NT 10.0; Win64; x64) AppleWebKit/537.36 (KHTML, like Gecko) Chrome/120.0.0.0 Safari/537.36" 156 **0/156276**
81.97.148.59 - - [14/Apr/2026:11:06:51 -0700] "GET /uncategorized/riski-i-realnye-riski-na-platforme-pin-up-chto-nuzhno-znat-7/ HTTP/1.1" 200 32061 "-" "Mozilla/5.0 (Windows NT 10.0; Win64; x64) AppleWebKit/537.36 (KHTML, like Gecko) Chrome/120.0.0.0 Safari/537.36" 463 **0/463422**
148.113.130.108 - - [14/Apr/2026:11:06:54 -0700] "GET /pinupcasino-515/pin-up-casino-311/ HTTP/1.1" 200 30678 "-" "Mozilla/5.0 (compatible; AhrefsBot/7.0; +http://ahrefs.com/robot/)" 372 **0/372901**
81.97.148.59 - - [14/Apr/2026:11:06:54 -0700] "GET /?p=49498 HTTP/1.1" 301 - "-" "Mozilla/5.0 (Windows NT 10.0; Win64; x64) AppleWebKit/537.36 (KHTML, like Gecko) Chrome/120.0.0.0 Safari/537.36" 169 **0/169195**
81.97.148.59 - - [14/Apr/2026:11:06:55 -0700] "GET /uncategorized/riski-i-realnye-riski-na-platforme-pin-up-chto-nuzhno-znat-7/ HTTP/1.1" 200 32061 "-" "Mozilla/5.0 (Windows NT 10.0; Win64; x64) AppleWebKit/537.36 (KHTML, like Gecko) Chrome/120.0.0.0 Safari/537.36" 414 **0/414084**
81.97.148.59 - - [14/Apr/2026:11:06:58 -0700] "GET /?p=49498 HTTP/1.1" 301 - "-" "Mozilla/5.0 (Windows NT 10.0; Win64; x64) AppleWebKit/537.36 (KHTML, like Gecko) Chrome/120.0.0.0 Safari/537.36" 146 **0/146024**
81.97.148.59 - - [14/Apr/2026:11:06:59 -0700] "GET /uncategorized/riski-i-realnye-riski-na-platforme-pin-up-chto-nuzhno-znat-7/ HTTP/1.1" 200 32061 "-" "Mozilla/5.0 (Windows NT 10.0; Win64; x64) AppleWebKit/537.36 (KHTML, like Gecko) Chrome/120.0.0.0 Safari/537.36" 357 **0/357470**
84.61.186.223 - - [14/Apr/2026:11:07:00 -0700] "GET / HTTP/1.1" 200 47026 "-" "Mozilla/5.0 (Windows NT 10.0; Win64; x64) AppleWebKit/537.36 (KHTML, like Gecko) Chrome/120.0.0.0 Safari/537.36" 790 **0/790734**
200.125.191.214 - - [14/Apr/2026:11:07:03 -0700] "GET /wp-login.php HTTP/1.1" 200 2856 "-" "Mozilla/5.0 (Windows NT 10.0; Win64; x64) AppleWebKit/537.36 (KHTML, like Gecko) Chrome/120.0.0.0 Safari/537.36" 587 **0/587381**
200.125.191.214 - - [14/Apr/2026:11:07:05 -0700] "POST /wp-login.php HTTP/1.1" 302 - "http://fuentesanza.es/wp-login.php" "Mozilla/5.0 (Windows NT 10.0; Win64; x64) AppleWebKit/537.36 (KHTML, like Gecko) Chrome/120.0.0.0 Safari/537.36" 211 **0/211562**
200.125.191.214 - - [14/Apr/2026:11:07:06 -0700] "GET /wp-admin/ HTTP/1.1" 200 24278 "http://fuentesanza.es/wp-login.php" "Mozilla/5.0 (Windows NT 10.0; Win64; x64) AppleWebKit/537.36 (KHTML, like Gecko) Chrome/120.0.0.0 Safari/537.36" 576 **0/576921**
85.85.135.129 - - [14/Apr/2026:11:07:10 -0700] "GET /wp-admin/ HTTP/1.1" 200 24278 "-" "Mozilla/5.0 (Windows NT 10.0; Win64; x64) AppleWebKit/537.36 (KHTML, like Gecko) Chrome/120.0.0.0 Safari/537.36" 221 **0/221517**
85.85.135.129 - - [14/Apr/2026:11:07:11 -0700] "POST /xmlrpc.php HTTP/1.1" 200 256 "-" "WordPress/5.0; http://fuentesanza.es" 205 **0/205408**
103.171.251.234 - - [14/Apr/2026:11:07:13 -0700] "GET /wp-admin/admin-ajax.php?action=rest-nonce HTTP/1.1" 200 10 "-" "Mozilla/5.0 (Windows NT 10.0; Win64; x64) AppleWebKit/537.36 (KHTML, like Gecko) Chrome/120.0.0.0 Safari/537.36" 161 **0/161822**
103.171.251.234 - - [14/Apr/2026:11:07:14 -0700] "POST /xmlrpc.php HTTP/1.1" 200 131 "-" "Mozilla/5.0 (Windows NT 10.0; Win64; x64) AppleWebKit/537.36 (KHTML, like Gecko) Chrome/120.0.0.0 Safari/537.36" 785 **0/785456**
208.109.41.231 - - [14/Apr/2026:11:07:17 -0700] "POST /wp-cron.php?doing_wp_cron=1776190037.2219340801239013671875 HTTP/1.1" 200 - "-" "WordPress/6.3.8; http://fuentesanza.es" 39 **0/39652**
80.31.172.242 - - [14/Apr/2026:11:07:17 -0700] "GET /?p=49500 HTTP/1.1" 301 - "-" "Mozilla/5.0 (Windows NT 10.0; Win64; x64) AppleWebKit/537.36 (KHTML, like Gecko) Chrome/120.0.0.0 Safari/537.36" 289 **0/289097**
80.31.172.242 - - [14/Apr/2026:11:07:17 -0700] "GET /casino/riski-i-realnye-riski-na-platforme-pin-up-chto-nuzhno-znat-8/ HTTP/1.1" 200 31738 "-" "Mozilla/5.0 (Windows NT 10.0; Win64; x64) AppleWebKit/537.36 (KHTML, like Gecko) Chrome/120.0.0.0 Safari/537.36" 805 **0/805749**
185.191.171.1 - - [14/Apr/2026:11:07:19 -0700] "GET /lemon-casino-50-free-spins-448/lemon-casino-bonus-552/ HTTP/1.1" 200 32436 "-" "Mozilla/5.0 (compatible; SemrushBot/7~bl; +http://www.semrush.com/bot.html)" 523 **0/523224**
80.31.172.242 - - [14/Apr/2026:11:07:21 -0700] "GET /?p=49500 HTTP/1.1" 301 - "-" "Mozilla/5.0 (Windows NT 10.0; Win64; x64) AppleWebKit/537.36 (KHTML, like Gecko) Chrome/120.0.0.0 Safari/537.36" 166 **0/166141**
80.31.172.242 - - [14/Apr/2026:11:07:22 -0700] "GET /casino/riski-i-realnye-riski-na-platforme-pin-up-chto-nuzhno-znat-8/ HTTP/1.1" 200 31738 "-" "Mozilla/5.0 (Windows NT 10.0; Win64; x64) AppleWebKit/537.36 (KHTML, like Gecko) Chrome/120.0.0.0 Safari/537.36" 447 **0/447316**
80.31.172.242 - - [14/Apr/2026:11:07:25 -0700] "GET /?p=49500 HTTP/1.1" 301 - "-" "Mozilla/5.0 (Windows NT 10.0; Win64; x64) AppleWebKit/537.36 (KHTML, like Gecko) Chrome/120.0.0.0 Safari/537.36" 208 **0/208982**
80.31.172.242 - - [14/Apr/2026:11:07:26 -0700] "GET /casino/riski-i-realnye-riski-na-platforme-pin-up-chto-nuzhno-znat-8/ HTTP/1.1" 200 31738 "-" "Mozilla/5.0 (Windows NT 10.0; Win64; x64) AppleWebKit/537.36 (KHTML, like Gecko) Chrome/120.0.0.0 Safari/537.36" 565 **0/565223**
80.31.172.242 - - [14/Apr/2026:11:07:27 -0700] "GET /wp-json/wp/v2/categories?search=casino HTTP/1.1" 200 6787 "-" "Mozilla/5.0 (Windows NT 10.0; Win64; x64) AppleWebKit/537.36 (KHTML, like Gecko) Chrome/120.0.0.0 Safari/537.36" 258 **0/258245**
80.31.172.242 - - [14/Apr/2026:11:07:28 -0700] "POST /wp-json/wp/v2/categories HTTP/1.1" 400 152 "-" "Mozilla/5.0 (Windows NT 10.0; Win64; x64) AppleWebKit/537.36 (KHTML, like Gecko) Chrome/120.0.0.0 Safari/537.36" 237 **0/237766**
47.150.70.184 - - [14/Apr/2026:11:07:29 -0700] "POST /wp-json/wp/v2/posts HTTP/1.1" 201 41633 "-" "Mozilla/5.0 (Windows NT 10.0; Win64; x64) AppleWebKit/537.36 (KHTML, like Gecko) Chrome/120.0.0.0 Safari/537.36" 944 **0/944346**
208.109.41.231 - - [14/Apr/2026:11:07:31 -0700] "POST /wp-cron.php?doing_wp_cron=1776190051.6659090518951416015625 HTTP/1.1" 200 - "-" "WordPress/6.3.8; http://fuentesanza.es" 31 **0/31464**
18.97.14.88 - - [14/Apr/2026:11:07:31 -0700] "GET /category/kasyno-gry/ HTTP/1.1" 200 28345 "-" "CCBot/2.0 (https://commoncrawl.org/faq/)" 897 **0/897294**
47.150.70.184 - - [14/Apr/2026:11:07:31 -0700] "GET /uncategorized/riski-i-realnye-riski-na-platforme-pin-up-chto-nuzhno-znat-9/ HTTP/1.1" 200 32397 "-" "Mozilla/5.0 (Windows NT 10.0; Win64; x64) AppleWebKit/537.36 (KHTML, like Gecko) Chrome/120.0.0.0 Safari/537.36" 689 **0/689271**
47.150.70.184 - - [14/Apr/2026:11:07:35 -0700] "GET /uncategorized/riski-i-realnye-riski-na-platforme-pin-up-chto-nuzhno-znat-9/ HTTP/1.1" 200 32397 "-" "Mozilla/5.0 (Windows NT 10.0; Win64; x64) AppleWebKit/537.36 (KHTML, like Gecko) Chrome/120.0.0.0 Safari/537.36" 324 **0/324186**
47.150.70.184 - - [14/Apr/2026:11:07:39 -0700] "GET /uncategorized/riski-i-realnye-riski-na-platforme-pin-up-chto-nuzhno-znat-9/ HTTP/1.1" 200 32397 "-" "Mozilla/5.0 (Windows NT 10.0; Win64; x64) AppleWebKit/537.36 (KHTML, like Gecko) Chrome/120.0.0.0 Safari/537.36" 447 **0/447223**
47.150.70.184 - - [14/Apr/2026:11:07:41 -0700] "GET /wp-json/wp/v2/categories?search=casino HTTP/1.1" 200 6787 "-" "Mozilla/5.0 (Windows NT 10.0; Win64; x64) AppleWebKit/537.36 (KHTML, like Gecko) Chrome/120.0.0.0 Safari/537.36" 152 **0/152438**
47.150.70.184 - - [14/Apr/2026:11:07:42 -0700] "POST /wp-json/wp/v2/categories HTTP/1.1" 400 152 "-" "Mozilla/5.0 (Windows NT 10.0; Win64; x64) AppleWebKit/537.36 (KHTML, like Gecko) Chrome/120.0.0.0 Safari/537.36" 198 **0/198511**
86.193.247.117 - - [14/Apr/2026:11:07:44 -0700] "POST /wp-json/wp/v2/posts HTTP/1.1" 201 41637 "-" "Mozilla/5.0 (Windows NT 10.0; Win64; x64) AppleWebKit/537.36 (KHTML, like Gecko) Chrome/120.0.0.0 Safari/537.36" 750 **0/750302**
208.109.41.231 - - [14/Apr/2026:11:07:47 -0700] "POST /wp-cron.php?doing_wp_cron=1776190067.0638639926910400390625 HTTP/1.1" 200 - "-" "WordPress/6.3.8; http://fuentesanza.es" 18 **0/18699**
86.193.247.117 - - [14/Apr/2026:11:07:46 -0700] "GET /uncategorized/riski-i-realnye-riski-na-platforme-pin-up-chto-nuzhno-znat-10/ HTTP/1.1" 200 32399 "-" "Mozilla/5.0 (Windows NT 10.0; Win64; x64) AppleWebKit/537.36 (KHTML, like Gecko) Chrome/120.0.0.0 Safari/537.36" 744 **0/744751**
86.193.247.117 - - [14/Apr/2026:11:07:51 -0700] "GET /uncategorized/riski-i-realnye-riski-na-platforme-pin-up-chto-nuzhno-znat-10/ HTTP/1.1" 200 32399 "-" "Mozilla/5.0 (Windows NT 10.0; Win64; x64) AppleWebKit/537.36 (KHTML, like Gecko) Chrome/120.0.0.0 Safari/537.36" 366 **0/366666**
86.193.247.117 - - [14/Apr/2026:11:07:54 -0700] "GET /uncategorized/riski-i-realnye-riski-na-platforme-pin-up-chto-nuzhno-znat-10/ HTTP/1.1" 200 32399 "-" "Mozilla/5.0 (Windows NT 10.0; Win64; x64) AppleWebKit/537.36 (KHTML, like Gecko) Chrome/120.0.0.0 Safari/537.36" 320 **0/320365**
86.193.247.117 - - [14/Apr/2026:11:07:57 -0700] "GET /wp-admin/post-new.php HTTP/1.1" 200 102172 "-" "Mozilla/5.0 (Windows NT 10.0; Win64; x64) AppleWebKit/537.36 (KHTML, like Gecko) Chrome/120.0.0.0 Safari/537.36" 366 **0/366007**
18.97.14.88 - - [14/Apr/2026:11:08:03 -0700] "GET /comprensione-del-glucophage-generico-una-panoramica-2/ HTTP/1.1" 200 28447 "-" "CCBot/2.0 (https://commoncrawl.org/faq/)" 647 **0/647596**
142.44.220.5 - - [14/Apr/2026:11:08:09 -0700] "GET /uncategorized/roulette-mobil-erfahrung-tipps-und-tricks-fur-mobiles-roulette-spielen/ HTTP/1.1" 200 26668 "-" "Mozilla/5.0 (compatible; AhrefsBot/7.0; +http://ahrefs.com/robot/)" 625 **0/625653**
102.31.156.136 - - [14/Apr/2026:11:08:09 -0700] "POST /wp-admin/post.php HTTP/1.1" 302 - "-" "Mozilla/5.0 (Windows NT 10.0; Win64; x64) AppleWebKit/537.36 (KHTML, like Gecko) Chrome/120.0.0.0 Safari/537.36" 1454 **1/1454356**
208.109.41.231 - - [14/Apr/2026:11:08:12 -0700] "POST /wp-cron.php?doing_wp_cron=1776190092.0961909294128417968750 HTTP/1.1" 200 - "-" "WordPress/6.3.8; http://fuentesanza.es" 40 **0/40755**
102.31.156.136 - - [14/Apr/2026:11:08:11 -0700] "GET /wp-admin/post.php?post=49504&action=edit&message=1 HTTP/1.1" 200 106467 "-" "Mozilla/5.0 (Windows NT 10.0; Win64; x64) AppleWebKit/537.36 (KHTML, like Gecko) Chrome/120.0.0.0 Safari/537.36" 1070 **1/1070673**
24.141.96.177 - - [14/Apr/2026:11:08:13 -0700] "GET /?p=49504 HTTP/1.1" 301 - "-" "Mozilla/5.0 (Windows NT 10.0; Win64; x64) AppleWebKit/537.36 (KHTML, like Gecko) Chrome/120.0.0.0 Safari/537.36" 193 **0/193425**
24.141.96.177 - - [14/Apr/2026:11:08:14 -0700] "GET /uncategorized/riski-i-realnye-riski-na-platforme-pin-up-chto-nuzhno-znat-11/ HTTP/1.1" 200 31991 "-" "Mozilla/5.0 (Windows NT 10.0; Win64; x64) AppleWebKit/537.36 (KHTML, like Gecko) Chrome/120.0.0.0 Safari/537.36" 818 **0/818737**
185.191.171.2 - - [14/Apr/2026:11:08:14 -0700] "GET /1win-sign-in-717/1win-sign-up-727/ HTTP/1.1" 200 34015 "-" "Mozilla/5.0 (compatible; SemrushBot/7~bl; +http://www.semrush.com/bot.html)" 608 **0/608724**
24.141.96.177 - - [14/Apr/2026:11:08:18 -0700] "GET /?p=49504 HTTP/1.1" 301 - "-" "Mozilla/5.0 (Windows NT 10.0; Win64; x64) AppleWebKit/537.36 (KHTML, like Gecko) Chrome/120.0.0.0 Safari/537.36" 160 **0/160175**
24.141.96.177 - - [14/Apr/2026:11:08:19 -0700] "GET /uncategorized/riski-i-realnye-riski-na-platforme-pin-up-chto-nuzhno-znat-11/ HTTP/1.1" 200 31991 "-" "Mozilla/5.0 (Windows NT 10.0; Win64; x64) AppleWebKit/537.36 (KHTML, like Gecko) Chrome/120.0.0.0 Safari/537.36" 411 **0/411428**
43.164.197.177 - - [14/Apr/2026:11:08:20 -0700] "GET /hur-maltider-paverkar-effekten-av-apcalis-sx-oral-jelly/ HTTP/1.1" 200 30985 "-" "Mozilla/5.0 (iPhone; CPU iPhone OS 13_2_3 like Mac OS X) AppleWebKit/605.1.15 (KHTML, like Gecko) Version/13.0.3 Mobile/15E148 Safari/604.1" 714 **0/714312**
24.141.96.177 - - [14/Apr/2026:11:08:22 -0700] "GET /?p=49504 HTTP/1.1" 301 - "-" "Mozilla/5.0 (Windows NT 10.0; Win64; x64) AppleWebKit/537.36 (KHTML, like Gecko) Chrome/120.0.0.0 Safari/537.36" 202 **0/202647**
24.141.96.177 - - [14/Apr/2026:11:08:22 -0700] "GET /uncategorized/riski-i-realnye-riski-na-platforme-pin-up-chto-nuzhno-znat-11/ HTTP/1.1" 200 31991 "-" "Mozilla/5.0 (Windows NT 10.0; Win64; x64) AppleWebKit/537.36 (KHTML, like Gecko) Chrome/120.0.0.0 Safari/537.36" 580 **0/580140**
185.191.171.17 - - [14/Apr/2026:11:08:28 -0700] "GET /uncategorized/triple-flaming-7s-tragamonedas-opiniones-resenas-de-tragamonedas-online/ HTTP/1.1" 200 31555 "-" "Mozilla/5.0 (compatible; SemrushBot/7~bl; +http://www.semrush.com/bot.html)" 642 **0/642503**
18.97.14.88 - - [14/Apr/2026:11:08:32 -0700] "GET /category/casino-starvegas-320/ HTTP/1.1" 200 38155 "-" "CCBot/2.0 (https://commoncrawl.org/faq/)" 742 **0/742980**
216.73.216.141 - - [14/Apr/2026:11:08:42 -0700] "GET /sitemap11.xml HTTP/1.1" 404 11349 "-" "Mozilla/5.0 AppleWebKit/537.36 (KHTML, like Gecko; compatible; ClaudeBot/1.0; +claudebot@anthropic.com)" 373 **0/373846**
185.191.171.11 - - [14/Apr/2026:11:08:50 -0700] "GET /pin-up-casino-599/pin-up-863/ HTTP/1.1" 200 29207 "-" "Mozilla/5.0 (compatible; SemrushBot/7~bl; +http://www.semrush.com/bot.html)" 361 **0/361142**
85.208.96.204 - - [14/Apr/2026:11:08:52 -0700] "GET /uncategorized/scompiglio-online-a-scrocco-scarica-lapplicazione-ybets-in-italia-i-migliori-a-gareggiare-per-scelta-dallitalia/ HTTP/1.1" 200 31749 "-" "Mozilla/5.0 (compatible; SemrushBot/7~bl; +http://www.semrush.com/bot.html)" 505 **0/505403**
66.249.73.5 - - [14/Apr/2026:11:08:57 -0700] "GET /?p=2065910560 HTTP/1.1" 404 11349 "-" "Mozilla/5.0 (Linux; Android 6.0.1; Nexus 5X Build/MMB29P) AppleWebKit/537.36 (KHTML, like Gecko) Chrome/146.0.7680.177 Mobile Safari/537.36 (compatible; Googlebot/2.1; +http://www.google.com/bot.html)" 317 **0/317369**
18.97.14.88 - - [14/Apr/2026:11:09:01 -0700] "GET /vad-du-kan-forvanta-dig-efter-prostatakirurgi/ HTTP/1.1" 200 28818 "-" "CCBot/2.0 (https://commoncrawl.org/faq/)" 693 **0/693974**
85.208.96.203 - - [14/Apr/2026:11:09:22 -0700] "GET /uncategorized/onlain-kazino-i-poker-rum-2026815/ HTTP/1.1" 200 29691 "-" "Mozilla/5.0 (compatible; SemrushBot/7~bl; +http://www.semrush.com/bot.html)" 489 **0/489367**
51.161.65.165 - - [14/Apr/2026:11:09:23 -0700] "GET /uncategorized/mr-green-kasino-erfahrungen-testbericht-auswertung-2026-remau-office-spielen-sie-fort-brave-echtes-geld-furniture-durban/ HTTP/1.1" 200 28937 "-" "Mozilla/5.0 (compatible; AhrefsBot/7.0; +http://ahrefs.com/robot/)" 501 **0/501242**
18.97.14.88 - - [14/Apr/2026:11:09:30 -0700] "GET /katanohsh-toy-kamagra-kai-twn-xrhsewn-toy/ HTTP/1.1" 200 30028 "-" "CCBot/2.0 (https://commoncrawl.org/faq/)" 522 **0/522773**
66.249.73.4 - - [14/Apr/2026:11:09:33 -0700] "GET /?c=84164297435 HTTP/1.1" 200 41569 "-" "Mozilla/5.0 (Linux; Android 6.0.1; Nexus 5X Build/MMB29P) AppleWebKit/537.36 (KHTML, like Gecko) Chrome/146.0.7680.177 Mobile Safari/537.36 (compatible; Googlebot/2.1; +http://www.google.com/bot.html)" 457 **0/457886**
66.249.73.4 - - [14/Apr/2026:11:09:41 -0700] "GET /?c=8416455826 HTTP/1.1" 200 41568 "-" "Mozilla/5.0 (Linux; Android 6.0.1; Nexus 5X Build/MMB29P) AppleWebKit/537.36 (KHTML, like Gecko) Chrome/146.0.7680.177 Mobile Safari/537.36 (compatible; Googlebot/2.1; +http://www.google.com/bot.html)" 676 **0/676870**
216.244.66.241 - - [14/Apr/2026:11:09:45 -0700] "GET /robots.txt HTTP/1.1" 200 257 "-" "Mozilla/5.0 (compatible; DotBot/1.2; +https://opensiteexplorer.org/dotbot; help@moz.com)" 7 **0/7038**
47.128.25.247 - - [14/Apr/2026:11:09:45 -0700] "GET /mostbet-india-199/mostbet-casino-522/ HTTP/1.1" 403 161749 "-" "Mozilla/5.0 (Linux; Android 5.0) AppleWebKit/537.36 (KHTML, like Gecko) Mobile Safari/537.36 (compatible; Bytespider; spider-feedback@bytedance.com)" 503 **0/503617**
47.128.25.247 - - [14/Apr/2026:11:09:47 -0700] "GET /wp-content/themes/twentytwelve/fonts/font-open-sans.css?ver=20230328 HTTP/1.1" 404 50331 "http://fuentesanza.es/mostbet-india-199/mostbet-casino-522/" "Mozilla/5.0 (Linux; Android 5.0) AppleWebKit/537.36 (KHTML, like Gecko) Mobile Safari/537.36 (compatible; Bytespider; spider-feedback@bytedance.com)" 252 **0/252028**
47.128.25.247 - - [14/Apr/2026:11:09:47 -0700] "GET /wp-includes/css/dist/block-library/style.min.css?ver=6.3.8 HTTP/1.1" 404 50331 "http://fuentesanza.es/mostbet-india-199/mostbet-casino-522/" "Mozilla/5.0 (Linux; Android 5.0) AppleWebKit/537.36 (KHTML, like Gecko) Mobile Safari/537.36 (compatible; Bytespider; spider-feedback@bytedance.com)" 203 **0/203290**
47.128.25.247 - - [14/Apr/2026:11:09:48 -0700] "GET /wp-content/themes/twentytwelve/style.css?ver=20230808 HTTP/1.1" 404 50331 "http://fuentesanza.es/mostbet-india-199/mostbet-casino-522/" "Mozilla/5.0 (Linux; Android 5.0) AppleWebKit/537.36 (KHTML, like Gecko) Mobile Safari/537.36 (compatible; Bytespider; spider-feedback@bytedance.com)" 207 **0/207409**
47.128.25.247 - - [14/Apr/2026:11:09:48 -0700] "GET /wp-content/themes/twentytwelve/css/blocks.css?ver=20230213 HTTP/1.1" 404 50331 "http://fuentesanza.es/mostbet-india-199/mostbet-casino-522/" "Mozilla/5.0 (Linux; Android 5.0) AppleWebKit/537.36 (KHTML, like Gecko) Mobile Safari/537.36 (compatible; Bytespider; spider-feedback@bytedance.com)" 331 **0/331453**
18.97.14.88 - - [14/Apr/2026:11:10:01 -0700] "GET /category/mostbet-giris-304/ HTTP/1.1" 200 34563 "-" "CCBot/2.0 (https://commoncrawl.org/faq/)" 1514 **1/1514883**
114.119.129.24 - - [14/Apr/2026:11:10:28 -0700] "GET /uncategorized/ruleta-aleatoria-ruleta-de-decisiones/ HTTP/1.1" 200 31211 "http://fuentesanza.es/uncategorized/great-bluish-wager-100-casino-with-no-verification-percent-free-today-zero-down-load-required/" "Mozilla/5.0 (Linux; Android 7.0;) AppleWebKit/537.36 (KHTML, like Gecko) Mobile Safari/537.36 (compatible; PetalBot;+https://webmaster.petalsearch.com/site/petalbot)" 313 **0/313355**
198.244.183.150 - - [14/Apr/2026:11:10:29 -0700] "GET /robots.txt HTTP/1.1" 200 92 "-" "Mozilla/5.0 (compatible; AhrefsBot/7.0; +http://ahrefs.com/robot/)" 10 **0/10570**
51.222.168.210 - - [14/Apr/2026:11:10:30 -0700] "GET /1win-casino-964/1win-online-201/ HTTP/1.1" 200 31760 "-" "Mozilla/5.0 (compatible; AhrefsBot/7.0; +http://ahrefs.com/robot/)" 710 **0/710623**
18.97.14.88 - - [14/Apr/2026:11:10:34 -0700] "GET /category/partnery/ HTTP/1.1" 200 27885 "-" "CCBot/2.0 (https://commoncrawl.org/faq/)" 423 **0/423667**
208.109.41.231 - - [14/Apr/2026:11:10:45 -0700] "POST /wp-cron.php?doing_wp_cron=1776190245.1237759590148925781250 HTTP/1.1" 200 - "-" "WordPress/6.3.8; http://fuentesanza.es" 33 **0/33674**
185.191.171.18 - - [14/Apr/2026:11:10:44 -0700] "GET /uncategorized/better-real-cash-harbors-inside-the-2026-best-rated-live-cruise-casino-online-slots-games-and-you-may-internet-sites/ HTTP/1.1" 200 31018 "-" "Mozilla/5.0 (compatible; SemrushBot/7~bl; +http://www.semrush.com/bot.html)" 598 **0/598605**
18.97.14.88 - - [14/Apr/2026:11:11:03 -0700] "GET /category/1-win-667/ HTTP/1.1" 200 36634 "-" "CCBot/2.0 (https://commoncrawl.org/faq/)" 871 **0/871442**
185.191.171.14 - - [14/Apr/2026:11:11:06 -0700] "GET /uncategorized/hazard-high-voltage-gambling-enterprise-online-game-remark-betmgm/ HTTP/1.1" 200 30577 "-" "Mozilla/5.0 (compatible; SemrushBot/7~bl; +http://www.semrush.com/bot.html)" 686 **0/686840**
66.249.73.5 - - [14/Apr/2026:11:11:30 -0700] "GET /?s=10106108199 HTTP/1.1" 200 24262 "-" "Mozilla/5.0 (Linux; Android 6.0.1; Nexus 5X Build/MMB29P) AppleWebKit/537.36 (KHTML, like Gecko) Chrome/146.0.7680.177 Mobile Safari/537.36 (compatible; Googlebot/2.1; +http://www.google.com/bot.html)" 3563 **3/3563611**
18.97.14.88 - - [14/Apr/2026:11:11:34 -0700] "GET /category/1win-online-282/ HTTP/1.1" 200 40120 "-" "CCBot/2.0 (https://commoncrawl.org/faq/)" 582 **0/582900**
114.119.151.155 - - [14/Apr/2026:11:11:37 -0700] "GET /uncategorized/roulette-low-stakes-usa-vip-a-comprehensive-guide/ HTTP/1.1" 200 29219 "http://fuentesanza.es/uncategorized/roulette-low-stakes-usa-vip-a-comprehensive-guide/" "Mozilla/5.0 (Linux; Android 7.0;) AppleWebKit/537.36 (KHTML, like Gecko) Mobile Safari/537.36 (compatible; PetalBot;+https://webmaster.petalsearch.com/site/petalbot)" 544 **0/544407**
54.39.203.217 - - [14/Apr/2026:11:11:37 -0700] "GET /22bet-casino-espana-524/22bet-casino-341/ HTTP/1.1" 200 31019 "-" "Mozilla/5.0 (compatible; AhrefsBot/7.0; +http://ahrefs.com/robot/)" 625 **0/625063**
216.73.216.141 - - [14/Apr/2026:11:12:01 -0700] "GET /sitemap329.xml HTTP/1.1" 404 11349 "-" "Mozilla/5.0 AppleWebKit/537.36 (KHTML, like Gecko; compatible; ClaudeBot/1.0; +claudebot@anthropic.com)" 402 **0/402479**
18.97.14.88 - - [14/Apr/2026:11:12:01 -0700] "GET /category/pin-up-casino-giris-612/ HTTP/1.1" 200 33108 "-" "CCBot/2.0 (https://commoncrawl.org/faq/)" 863 **0/863090**
66.249.73.4 - - [14/Apr/2026:11:12:19 -0700] "GET /?s=101066124 HTTP/1.1" 200 24261 "-" "Mozilla/5.0 (Linux; Android 6.0.1; Nexus 5X Build/MMB29P) AppleWebKit/537.36 (KHTML, like Gecko) Chrome/146.0.7680.177 Mobile Safari/537.36 (compatible; Googlebot/2.1; +http://www.google.com/bot.html)" 3580 **3/3580272**
85.208.96.202 - - [14/Apr/2026:11:12:24 -0700] "GET /mar-pb-common/paribahis-yeni-eriim-klavuzu-kesintisiz-oyun-1098/ HTTP/1.1" 200 40460 "-" "Mozilla/5.0 (compatible; SemrushBot/7~bl; +http://www.semrush.com/bot.html)" 723 **0/723292**
18.97.14.88 - - [14/Apr/2026:11:12:30 -0700] "GET /category/mostbet-30-free-spins-145/ HTTP/1.1" 200 38972 "-" "CCBot/2.0 (https://commoncrawl.org/faq/)" 939 **0/939596**
66.249.73.4 - - [14/Apr/2026:11:12:40 -0700] "GET /?y=45290253306 HTTP/1.1" 200 41569 "-" "Mozilla/5.0 (Linux; Android 6.0.1; Nexus 5X Build/MMB29P) AppleWebKit/537.36 (KHTML, like Gecko) Chrome/146.0.7680.177 Mobile Safari/537.36 (compatible; Googlebot/2.1; +http://www.google.com/bot.html)" 627 **0/627358**
185.153.197.91 - - [14/Apr/2026:11:12:47 -0700] "POST /xmlrpc.php HTTP/1.1" 200 180 "-" "Mozilla/5.0 (Windows NT 10.0; Win64; x64) AppleWebKit/537.36 (KHTML, like Gecko) Chrome/114.0.0.0 Safari/537.36" 777 **0/777180**
208.109.41.231 - - [14/Apr/2026:11:12:53 -0700] "POST /wp-cron.php?doing_wp_cron=1776190373.5168950557708740234375 HTTP/1.1" 200 - "-" "WordPress/6.3.8; http://fuentesanza.es" 25 **0/25112**
185.153.197.91 - - [14/Apr/2026:11:12:53 -0700] "POST /xmlrpc.php HTTP/1.1" 200 8564 "-" "Mozilla/5.0 (Windows NT 10.0; Win64; x64) AppleWebKit/537.36 (KHTML, like Gecko) Chrome/114.0.0.0 Safari/537.36" 640 **0/640378**
85.208.96.199 - - [14/Apr/2026:11:12:53 -0700] "GET /uncategorized/courez-a-release-la-perle-connexion-a-lapplication-ice-casino-rare-kraken-accessoire-a-dessous-pour-pragmatic-play/ HTTP/1.1" 200 31271 "-" "Mozilla/5.0 (compatible; SemrushBot/7~bl; +http://www.semrush.com/bot.html)" 1394 **1/1394538**
54.39.203.253 - - [14/Apr/2026:11:12:54 -0700] "GET /mostbet-bono-sin-deposito-352/mostbet-casino-499/ HTTP/1.1" 200 31237 "-" "Mozilla/5.0 (compatible; AhrefsBot/7.0; +http://ahrefs.com/robot/)" 853 **0/853918**
185.153.197.91 - - [14/Apr/2026:11:12:54 -0700] "GET /uncategorized/completion-%EF%BF%BD-hence-crypto-gambling-establishment-is-the-best-for-you/ HTTP/1.1" 200 155283 "-" "Mozilla/5.0 (Windows NT 10.0; Win64; x64) AppleWebKit/537.36 (KHTML, like Gecko) Chrome/123.0.0.0 Safari/537.36" 616 **0/616201**
18.97.14.88 - - [14/Apr/2026:11:12:58 -0700] "GET /category/1win-app-download-630/ HTTP/1.1" 200 38336 "-" "CCBot/2.0 (https://commoncrawl.org/faq/)" 885 **0/885692**
66.249.79.197 - - [14/Apr/2026:11:13:18 -0700] "GET /?m=31108327157 HTTP/1.1" 404 11349 "-" "Mozilla/5.0 (Linux; Android 6.0.1; Nexus 5X Build/MMB29P) AppleWebKit/537.36 (KHTML, like Gecko) Chrome/146.0.7680.177 Mobile Safari/537.36 (compatible; Googlebot/2.1; +http://www.google.com/bot.html)" 272 **0/272769**
216.244.66.241 - - [14/Apr/2026:11:13:24 -0700] "GET /category/gry-hazardowe/ HTTP/1.1" 200 156724 "-" "Mozilla/5.0 (compatible; DotBot/1.2; +https://opensiteexplorer.org/dotbot; help@moz.com)" 656 **0/656672**
18.97.14.88 - - [14/Apr/2026:11:13:26 -0700] "GET /erektiohairion-ja-sen-haasteiden-ymmartaminen/ HTTP/1.1" 200 28698 "-" "CCBot/2.0 (https://commoncrawl.org/faq/)" 814 **0/814734**
66.249.73.4 - - [14/Apr/2026:11:13:26 -0700] "GET /?i=51696143442 HTTP/1.1" 200 41765 "-" "Mozilla/5.0 (Linux; Android 6.0.1; Nexus 5X Build/MMB29P) AppleWebKit/537.36 (KHTML, like Gecko) Chrome/146.0.7680.177 Mobile Safari/537.36 (compatible; Googlebot/2.1; +http://www.google.com/bot.html)" 916 **0/916198**
51.68.236.71 - - [14/Apr/2026:11:13:45 -0700] "GET /robots.txt HTTP/1.1" 200 92 "-" "Mozilla/5.0 (compatible; MJ12bot/v2.0.5; http://mj12bot.com/)" 7 **0/7952**
51.68.236.71 - - [14/Apr/2026:11:13:45 -0700] "GET / HTTP/1.1" 200 41753 "-" "Mozilla/5.0 (compatible; MJ12bot/v2.0.5; http://mj12bot.com/)" 536 **0/536856**
114.119.129.24 - - [14/Apr/2026:11:13:46 -0700] "GET /uncategorized/queen-of-your-own-nile-2-status-see-the-casino-lord-lucky-casino-slot-games-video-game-review-flow/ HTTP/1.1" 200 31552 "http://fuentesanza.es/uncategorized/queen-of-your-own-nile-2-status-see-the-casino-lord-lucky-casino-slot-games-video-game-review-flow/" "Mozilla/5.0 (Linux; Android 7.0;) AppleWebKit/537.36 (KHTML, like Gecko) Mobile Safari/537.36 (compatible; PetalBot;+https://webmaster.petalsearch.com/site/petalbot)" 1162 **1/1162947**
185.191.171.10 - - [14/Apr/2026:11:13:49 -0700] "GET /uncategorized/play-aristocrat-ainsworth-igt-konami-free-pokies-online-game/ HTTP/1.1" 200 30297 "-" "Mozilla/5.0 (compatible; SemrushBot/7~bl; +http://www.semrush.com/bot.html)" 293 **0/293603**
18.97.14.88 - - [14/Apr/2026:11:13:56 -0700] "GET /category/mostbet-casino-503/ HTTP/1.1" 200 28848 "-" "CCBot/2.0 (https://commoncrawl.org/faq/)" 352 **0/352626**
84.200.80.218 - - [14/Apr/2026:11:14:00 -0700] "GET /news/vodite-li-se-prema-najboljim-ponudama-vrhunski/ HTTP/1.1" 200 195751 "-" "Screaming Frog SEO Spider/18.1" 599 **0/599390**
185.153.197.91 - - [14/Apr/2026:11:14:05 -0700] "POST /xmlrpc.php HTTP/1.1" 200 180 "-" "Mozilla/5.0 (Windows NT 10.0; Win64; x64) AppleWebKit/537.36 (KHTML, like Gecko) Chrome/114.0.0.0 Safari/537.36" 840 **0/840915**
208.109.41.231 - - [14/Apr/2026:11:14:12 -0700] "POST /wp-cron.php?doing_wp_cron=1776190452.1878418922424316406250 HTTP/1.1" 200 - "-" "WordPress/6.3.8; http://fuentesanza.es" 20 **0/20117**
54.39.0.3 - - [14/Apr/2026:11:14:12 -0700] "GET /uncategorized/can-casino-spin-palace-login-there-be-gaming-in-the-branson/ HTTP/1.1" 200 28089 "-" "Mozilla/5.0 (compatible; AhrefsBot/7.0; +http://ahrefs.com/robot/)" 608 **0/608024**
185.153.197.91 - - [14/Apr/2026:11:14:12 -0700] "POST /xmlrpc.php HTTP/1.1" 200 9220 "-" "Mozilla/5.0 (Windows NT 10.0; Win64; x64) AppleWebKit/537.36 (KHTML, like Gecko) Chrome/114.0.0.0 Safari/537.36" 457 **0/457430**
185.153.197.91 - - [14/Apr/2026:11:14:13 -0700] "GET /uncategorized/each-hour-every-day-super-jackpots-jackpots-24-seven-1-every-hour-1-every-single-day-and-you-may-one-up-until-the-container-attacks-250k/ HTTP/1.1" 200 156234 "-" "Mozilla/5.0 (Windows NT 10.0; Win64; x64) AppleWebKit/537.36 (KHTML, like Gecko) Chrome/123.0.0.0 Safari/537.36 OPR/109.0.0.0" 277 **0/277294**
18.97.14.88 - - [14/Apr/2026:11:14:24 -0700] "GET /category/pin-up-262/ HTTP/1.1" 200 37707 "-" "CCBot/2.0 (https://commoncrawl.org/faq/)" 313 **0/313547**
85.208.96.206 - - [14/Apr/2026:11:14:26 -0700] "GET /mostbet-login-695/mostbet-com-220/ HTTP/1.1" 200 34098 "-" "Mozilla/5.0 (compatible; SemrushBot/7~bl; +http://www.semrush.com/bot.html)" 239 **0/239811**
85.208.96.194 - - [14/Apr/2026:11:14:45 -0700] "GET /vulkan-vegas-bonus-85/vulkan-vegas-kod-promocyjny-bez-depozytu-384/ HTTP/1.1" 200 32110 "-" "Mozilla/5.0 (compatible; SemrushBot/7~bl; +http://www.semrush.com/bot.html)" 285 **0/285578**
18.97.14.88 - - [14/Apr/2026:11:14:51 -0700] "GET /category/mostbet-promo-code-754/ HTTP/1.1" 200 37954 "-" "CCBot/2.0 (https://commoncrawl.org/faq/)" 369 **0/369673**
66.249.73.6 - - [14/Apr/2026:11:14:53 -0700] "GET /?p=20659123234 HTTP/1.1" 404 11349 "-" "Mozilla/5.0 (Linux; Android 6.0.1; Nexus 5X Build/MMB29P) AppleWebKit/537.36 (KHTML, like Gecko) Chrome/146.0.7680.177 Mobile Safari/537.36 (compatible; Googlebot/2.1; +http://www.google.com/bot.html)" 322 **0/322343**
216.244.66.241 - - [14/Apr/2026:11:14:59 -0700] "GET /category/chicken-road-demo-365/ HTTP/1.1" 200 198912 "-" "Mozilla/5.0 (compatible; DotBot/1.2; +https://opensiteexplorer.org/dotbot; help@moz.com)" 260 **0/260183**
185.191.171.17 - - [14/Apr/2026:11:15:04 -0700] "GET /uncategorized/nj-online-casinos-2025-finest-nj-playing-apps-carson-s-journey/ HTTP/1.1" 200 30076 "-" "Mozilla/5.0 (compatible; SemrushBot/7~bl; +http://www.semrush.com/bot.html)" 632 **0/632207**
86.182.34.26 - - [14/Apr/2026:11:15:08 -0700] "POST /xmlrpc.php HTTP/1.1" 200 131 "-" "Python-xmlrpc/3.11" 948 **0/948774**
208.109.41.231 - - [14/Apr/2026:11:15:21 -0700] "POST /wp-cron.php?doing_wp_cron=1776190521.1779549121856689453125 HTTP/1.1" 200 - "-" "WordPress/6.3.8; http://fuentesanza.es" 24 **0/24472**
18.97.14.88 - - [14/Apr/2026:11:15:20 -0700] "GET /category/online-kasyno/ HTTP/1.1" 200 29619 "-" "CCBot/2.0 (https://commoncrawl.org/faq/)" 845 **0/845510**
185.153.197.91 - - [14/Apr/2026:11:15:27 -0700] "POST /xmlrpc.php HTTP/1.1" 200 180 "-" "Mozilla/5.0 (Windows NT 10.0; Win64; x64) AppleWebKit/537.36 (KHTML, like Gecko) Chrome/114.0.0.0 Safari/537.36" 613 **0/613603**
208.109.41.231 - - [14/Apr/2026:11:15:33 -0700] "POST /wp-cron.php?doing_wp_cron=1776190533.7104499340057373046875 HTTP/1.1" 200 - "-" "WordPress/6.3.8; http://fuentesanza.es" 128 **0/128033**
54.39.0.11 - - [14/Apr/2026:11:15:33 -0700] "GET /uncategorized/best-casino-for-roulette-usa-instant/ HTTP/1.1" 200 25802 "-" "Mozilla/5.0 (compatible; AhrefsBot/7.0; +http://ahrefs.com/robot/)" 673 **0/673014**
185.153.197.91 - - [14/Apr/2026:11:15:33 -0700] "POST /xmlrpc.php HTTP/1.1" 200 12099 "-" "Mozilla/5.0 (Windows NT 10.0; Win64; x64) AppleWebKit/537.36 (KHTML, like Gecko) Chrome/114.0.0.0 Safari/537.36" 535 **0/535800**
185.153.197.91 - - [14/Apr/2026:11:15:34 -0700] "GET /uncategorized/better-crypto-bitcoin-casino-sites-2026the-unfiltered-details/ HTTP/1.1" 200 158905 "-" "Mozilla/5.0 (Windows NT 10.0; Win64; x64) AppleWebKit/537.36 (KHTML, like Gecko) Chrome/124.0.0.0 Safari/537.36 Edg/124.0.0.0" 450 **0/450928**
18.97.14.88 - - [14/Apr/2026:11:15:47 -0700] "GET /category/1win-ofitsialnii-sait-12/ HTTP/1.1" 200 39021 "-" "CCBot/2.0 (https://commoncrawl.org/faq/)" 375 **0/375101**
85.208.96.207 - - [14/Apr/2026:11:16:11 -0700] "GET /uncategorized/play-twelve089-free-slot-game-ariana-online-inside-canada/ HTTP/1.1" 200 32197 "-" "Mozilla/5.0 (compatible; SemrushBot/7~bl; +http://www.semrush.com/bot.html)" 333 **0/333026**
66.249.73.5 - - [14/Apr/2026:11:16:13 -0700] "GET /?m=31108303766 HTTP/1.1" 404 11349 "-" "Mozilla/5.0 (Linux; Android 6.0.1; Nexus 5X Build/MMB29P) AppleWebKit/537.36 (KHTML, like Gecko) Chrome/146.0.7680.177 Mobile Safari/537.36 (compatible; Googlebot/2.1; +http://www.google.com/bot.html)" 162 **0/162958**
66.249.73.6 - - [14/Apr/2026:11:16:13 -0700] "GET /?p=2065913093 HTTP/1.1" 404 11349 "-" "Mozilla/5.0 (Linux; Android 6.0.1; Nexus 5X Build/MMB29P) AppleWebKit/537.36 (KHTML, like Gecko) Chrome/146.0.7680.177 Mobile Safari/537.36 (compatible; Googlebot/2.1; +http://www.google.com/bot.html)" 157 **0/157566**
18.97.14.88 - - [14/Apr/2026:11:16:15 -0700] "GET /category/1win-registratsiya-288/ HTTP/1.1" 200 39418 "-" "CCBot/2.0 (https://commoncrawl.org/faq/)" 338 **0/338814**
213.134.160.113 - - [14/Apr/2026:11:16:18 -0700] "POST /xmlrpc.php HTTP/1.1" 200 131 "-" "Python-xmlrpc/3.11" 554 **0/554577**
208.109.41.231 - - [14/Apr/2026:11:16:39 -0700] "POST /wp-cron.php?doing_wp_cron=1776190599.9285290241241455078125 HTTP/1.1" 200 - "-" "WordPress/6.3.8; http://fuentesanza.es" 17 **0/17037**
18.97.14.88 - - [14/Apr/2026:11:16:39 -0700] "GET /category/pin-up-casino-424/ HTTP/1.1" 200 27693 "-" "CCBot/2.0 (https://commoncrawl.org/faq/)" 372 **0/372129**
185.153.197.91 - - [14/Apr/2026:11:16:49 -0700] "POST /xmlrpc.php HTTP/1.1" 200 180 "-" "Mozilla/5.0 (Windows NT 10.0; Win64; x64) AppleWebKit/537.36 (KHTML, like Gecko) Chrome/114.0.0.0 Safari/537.36" 402 **0/402231**
208.109.41.231 - - [14/Apr/2026:11:16:53 -0700] "POST /wp-cron.php?doing_wp_cron=1776190613.7299110889434814453125 HTTP/1.1" 200 - "-" "WordPress/6.3.8; http://fuentesanza.es" 20 **0/20786**
54.39.0.122 - - [14/Apr/2026:11:16:53 -0700] "GET /1win-kazino-135/1win-onlain-718/ HTTP/1.1" 200 32879 "-" "Mozilla/5.0 (compatible; AhrefsBot/7.0; +http://ahrefs.com/robot/)" 451 **0/451929**
185.153.197.91 - - [14/Apr/2026:11:16:55 -0700] "POST /xmlrpc.php HTTP/1.1" 200 8493 "-" "Mozilla/5.0 (Windows NT 10.0; Win64; x64) AppleWebKit/537.36 (KHTML, like Gecko) Chrome/114.0.0.0 Safari/537.36" 383 **0/383440**
185.153.197.91 - - [14/Apr/2026:11:16:57 -0700] "GET /uncategorized/an-educated-ct-web-based-casinos-also-provide-constant-%EF%BF%BDonline-game-of-your-week%EF%BF%BD-incentives/ HTTP/1.1" 200 155333 "-" "Mozilla/5.0 (Windows NT 10.0; Win64; x64) AppleWebKit/537.36 (KHTML, like Gecko) Chrome/123.0.0.0 Safari/537.36" 277 **0/277481**
185.191.171.6 - - [14/Apr/2026:11:17:05 -0700] "GET /uncategorized/vederlagsfri-idraetsgren-idraet-ma-nyeste-onlinespil-online-spilo-dk/ HTTP/1.1" 200 30961 "-" "Mozilla/5.0 (compatible; SemrushBot/7~bl; +http://www.semrush.com/bot.html)" 269 **0/269110**
18.97.14.88 - - [14/Apr/2026:11:17:06 -0700] "GET /category/1win-apk-590/ HTTP/1.1" 200 34375 "-" "CCBot/2.0 (https://commoncrawl.org/faq/)" 307 **0/307746**
18.97.14.88 - - [14/Apr/2026:11:17:34 -0700] "GET /category/1-win-710/ HTTP/1.1" 200 36447 "-" "CCBot/2.0 (https://commoncrawl.org/faq/)" 292 **0/292815**
185.153.197.91 - - [14/Apr/2026:11:17:55 -0700] "POST /xmlrpc.php HTTP/1.1" 200 180 "-" "Mozilla/5.0 (Windows NT 10.0; Win64; x64) AppleWebKit/537.36 (KHTML, like Gecko) Chrome/114.0.0.0 Safari/537.36" 566 **0/566977**
208.109.41.231 - - [14/Apr/2026:11:17:56 -0700] "POST /wp-cron.php?doing_wp_cron=1776190676.3426311016082763671875 HTTP/1.1" 200 - "-" "WordPress/6.3.8; http://fuentesanza.es" 24 **0/24506**
85.208.96.205 - - [14/Apr/2026:11:17:56 -0700] "GET /tag/mostbet-kz-%D1%81%D0%BA%D0%B0%D1%87%D0%B0%D1%82%D1%8C/ HTTP/1.1" 200 38691 "-" "Mozilla/5.0 (compatible; SemrushBot/7~bl; +http://www.semrush.com/bot.html)" 342 **0/342740**
18.97.14.88 - - [14/Apr/2026:11:18:02 -0700] "GET /category/pinup-334/ HTTP/1.1" 200 37387 "-" "CCBot/2.0 (https://commoncrawl.org/faq/)" 663 **0/663205**
185.153.197.91 - - [14/Apr/2026:11:18:06 -0700] "POST /xmlrpc.php HTTP/1.1" 200 8565 "-" "Mozilla/5.0 (Windows NT 10.0; Win64; x64) AppleWebKit/537.36 (KHTML, like Gecko) Chrome/114.0.0.0 Safari/537.36" 377 **0/377744**
185.153.197.91 - - [14/Apr/2026:11:18:07 -0700] "GET /uncategorized/another-great-extra-really-worth-these-are-is-the-cs2-instances-incentive/ HTTP/1.1" 200 155190 "-" "Mozilla/5.0 (Windows NT 10.0; rv:109.0) Gecko/20100101 Firefox/115.0" 301 **0/301361**
54.39.210.143 - - [14/Apr/2026:11:18:11 -0700] "GET /vavada-casino-promo-code-320/vavada-casino-712/ HTTP/1.1" 200 32038 "-" "Mozilla/5.0 (compatible; AhrefsBot/7.0; +http://ahrefs.com/robot/)" 242 **0/242033**
43.130.110.130 - - [14/Apr/2026:11:18:14 -0700] "GET /intelegerea-kamagra-gold-si-utilizarile-sale-2/ HTTP/1.1" 200 31528 "-" "Mozilla/5.0 (iPhone; CPU iPhone OS 13_2_3 like Mac OS X) AppleWebKit/605.1.15 (KHTML, like Gecko) Version/13.0.3 Mobile/15E148 Safari/604.1" 260 **0/260402**
85.208.96.210 - - [14/Apr/2026:11:18:18 -0700] "GET /uncategorized/%CE%BA%CE%BF%CF%85%CE%BB%CE%BF%CF%87%CE%AD%CF%81%CE%B7%CF%82-rodeo-drive-%CF%83%CF%84%CE%BF%CE%B9%CF%87%CE%AE%CE%BC%CE%B1%CF%84%CE%B1-%CF%80%CE%B1%CE%B9%CE%B4%CE%B9%CE%BA%CF%8C%CF%84%CE%B7%CF%84/ HTTP/1.1" 200 33558 "-" "Mozilla/5.0 (compatible; SemrushBot/7~bl; +http://www.semrush.com/bot.html)" 304 **0/304425**
18.97.14.88 - - [14/Apr/2026:11:18:28 -0700] "GET /category/1win-cote-divoire-telecharger-417/ HTTP/1.1" 200 30745 "-" "CCBot/2.0 (https://commoncrawl.org/faq/)" 347 **0/347632**
66.249.73.5 - - [14/Apr/2026:11:18:29 -0700] "GET /?p=2065988766 HTTP/1.1" 404 11349 "-" "Mozilla/5.0 (Linux; Android 6.0.1; Nexus 5X Build/MMB29P) AppleWebKit/537.36 (KHTML, like Gecko) Chrome/146.0.7680.177 Mobile Safari/537.36 (compatible; Googlebot/2.1; +http://www.google.com/bot.html)" 189 **0/189899**
114.119.148.10 - - [14/Apr/2026:11:18:30 -0700] "GET /uncategorized/trolls-bridge-dos-slot-revision-de-tragamonedas-island-review-2026-free-play-demo/ HTTP/1.1" 200 31732 "http://fuentesanza.es/uncategorized/the-newest-grandwild-gambling-establishment-bonus-requirements-real-money-bonus-password/" "Mozilla/5.0 (Linux; Android 7.0;) AppleWebKit/537.36 (KHTML, like Gecko) Mobile Safari/537.36 (compatible; PetalBot;+https://webmaster.petalsearch.com/site/petalbot)" 258 **0/258260**
18.97.14.88 - - [14/Apr/2026:11:18:55 -0700] "GET /forsta-cialis-generic-en-oversigt/ HTTP/1.1" 200 24384 "-" "CCBot/2.0 (https://commoncrawl.org/faq/)" 271 **0/271036**
185.153.197.91 - - [14/Apr/2026:11:18:58 -0700] "POST /xmlrpc.php HTTP/1.1" 200 180 "-" "Mozilla/5.0 (Windows NT 10.0; Win64; x64) AppleWebKit/537.36 (KHTML, like Gecko) Chrome/114.0.0.0 Safari/537.36" 313 **0/313881**
208.109.41.231 - - [14/Apr/2026:11:19:05 -0700] "POST /wp-cron.php?doing_wp_cron=1776190745.4878969192504882812500 HTTP/1.1" 200 - "-" "WordPress/6.3.8; http://fuentesanza.es" 16 **0/16539**
185.153.197.91 - - [14/Apr/2026:11:19:04 -0700] "POST /xmlrpc.php HTTP/1.1" 200 8893 "-" "Mozilla/5.0 (Windows NT 10.0; Win64; x64) AppleWebKit/537.36 (KHTML, like Gecko) Chrome/114.0.0.0 Safari/537.36" 699 **0/699470**
185.153.197.91 - - [14/Apr/2026:11:19:07 -0700] "GET /uncategorized/a-varied-gang-of-online-game-out-of-legitimate-business-assures-a-far-more-entertaining-and-you-can-fun-gaming-feel/ HTTP/1.1" 200 155869 "-" "Mozilla/5.0 (Windows NT 10.0; Win64; x64; rv:125.0) Gecko/20100101 Firefox/125.0" 405 **0/405911**
18.97.14.88 - - [14/Apr/2026:11:19:22 -0700] "GET /category/1win-online-507/ HTTP/1.1" 200 40889 "-" "CCBot/2.0 (https://commoncrawl.org/faq/)" 376 **0/376939**
167.114.139.167 - - [14/Apr/2026:11:19:26 -0700] "GET /tag/becric-app-download-apk/ HTTP/1.1" 200 32865 "-" "Mozilla/5.0 (compatible; AhrefsBot/7.0; +http://ahrefs.com/robot/)" 263 **0/263449**
66.249.73.6 - - [14/Apr/2026:11:19:28 -0700] "GET /?f=71141262082 HTTP/1.1" 200 44859 "-" "Mozilla/5.0 (Linux; Android 6.0.1; Nexus 5X Build/MMB29P) AppleWebKit/537.36 (KHTML, like Gecko) Chrome/146.0.7680.177 Mobile Safari/537.36 (compatible; Googlebot/2.1; +http://www.google.com/bot.html)" 272 **0/272223**
66.249.73.4 - - [14/Apr/2026:11:19:48 -0700] "GET /?x=32835220831 HTTP/1.1" 200 44859 "-" "Mozilla/5.0 (Linux; Android 6.0.1; Nexus 5X Build/MMB29P) AppleWebKit/537.36 (KHTML, like Gecko) Chrome/146.0.7680.177 Mobile Safari/537.36 (compatible; Googlebot/2.1; +http://www.google.com/bot.html)" 432 **0/432303**
18.97.14.88 - - [14/Apr/2026:11:19:51 -0700] "GET /forsta-farmaceutiska-doseringsetiketter/ HTTP/1.1" 200 27914 "-" "CCBot/2.0 (https://commoncrawl.org/faq/)" 377 **0/377155**
185.153.197.91 - - [14/Apr/2026:11:19:59 -0700] "POST /xmlrpc.php HTTP/1.1" 200 180 "-" "Mozilla/5.0 (Windows NT 10.0; Win64; x64) AppleWebKit/537.36 (KHTML, like Gecko) Chrome/114.0.0.0 Safari/537.36" 355 **0/355734**
208.109.41.231 - - [14/Apr/2026:11:20:03 -0700] "POST /wp-cron.php?doing_wp_cron=1776190803.5115010738372802734375 HTTP/1.1" 200 - "-" "WordPress/6.3.8; http://fuentesanza.es" 30 **0/30830**
185.191.171.14 - - [14/Apr/2026:11:20:03 -0700] "GET /category/1win-casino-126/ HTTP/1.1" 200 43613 "-" "Mozilla/5.0 (compatible; SemrushBot/7~bl; +http://www.semrush.com/bot.html)" 1125 **1/1125243**
185.153.197.91 - - [14/Apr/2026:11:20:05 -0700] "POST /xmlrpc.php HTTP/1.1" 200 10068 "-" "Mozilla/5.0 (Windows NT 10.0; Win64; x64) AppleWebKit/537.36 (KHTML, like Gecko) Chrome/114.0.0.0 Safari/537.36" 587 **0/587990**
185.153.197.91 - - [14/Apr/2026:11:20:06 -0700] "GET /uncategorized/pdbx-pdbx-pdbx-matua-najugaq-ataqatigiissaartarpoq-pdbxip-gaming-ilaatigut-ingerlanneqartarluni-kulturikkut-vibratoq-singaannaq-immikkuullariliortorlu-ataatsimoorlutik/ HTTP/1.1" 200 157691 "-" "Mozilla/5.0 (Windows NT 10.0; Win64; x64) AppleWebKit/537.36 (KHTML, like Gecko) Chrome/123.0.0.0 Safari/537.36 OPR/109.0.0.0" 632 **0/632771**
18.97.14.88 - - [14/Apr/2026:11:20:21 -0700] "GET /category/26/ HTTP/1.1" 200 26601 "-" "CCBot/2.0 (https://commoncrawl.org/faq/)" 482 **0/482238**
85.208.96.197 - - [14/Apr/2026:11:20:30 -0700] "GET /1win-register-70/1-win-app-699/ HTTP/1.1" 200 32144 "-" "Mozilla/5.0 (compatible; SemrushBot/7~bl; +http://www.semrush.com/bot.html)" 403 **0/403386**
54.39.0.17 - - [14/Apr/2026:11:20:38 -0700] "GET /uncategorized/roulette-casino-canada-premium-a-comprehensive-guide/ HTTP/1.1" 200 26503 "-" "Mozilla/5.0 (compatible; AhrefsBot/7.0; +http://ahrefs.com/robot/)" 560 **0/560375**
18.97.14.88 - - [14/Apr/2026:11:20:49 -0700] "GET /category/1win-%D8%AA%D8%AD%D9%85%D9%8A%D9%84-322/ HTTP/1.1" 200 39332 "-" "CCBot/2.0 (https://commoncrawl.org/faq/)" 461 **0/461637**
185.153.197.91 - - [14/Apr/2026:11:20:55 -0700] "POST /xmlrpc.php HTTP/1.1" 200 180 "-" "Mozilla/5.0 (Windows NT 10.0; Win64; x64) AppleWebKit/537.36 (KHTML, like Gecko) Chrome/114.0.0.0 Safari/537.36" 635 **0/635417**
208.109.41.231 - - [14/Apr/2026:11:21:03 -0700] "POST /wp-cron.php?doing_wp_cron=1776190863.5685920715332031250000 HTTP/1.1" 200 - "-" "WordPress/6.3.8; http://fuentesanza.es" 44 **0/44090**
185.153.197.91 - - [14/Apr/2026:11:21:03 -0700] "POST /xmlrpc.php HTTP/1.1" 200 8964 "-" "Mozilla/5.0 (Windows NT 10.0; Win64; x64) AppleWebKit/537.36 (KHTML, like Gecko) Chrome/114.0.0.0 Safari/537.36" 576 **0/576758**
66.249.73.5 - - [14/Apr/2026:11:21:06 -0700] "GET /?w=36370260102 HTTP/1.1" 404 11349 "-" "Mozilla/5.0 (Linux; Android 6.0.1; Nexus 5X Build/MMB29P) AppleWebKit/537.36 (KHTML, like Gecko) Chrome/146.0.7680.177 Mobile Safari/537.36 (compatible; Googlebot/2.1; +http://www.google.com/bot.html)" 353 **0/353612**
185.153.197.91 - - [14/Apr/2026:11:21:08 -0700] "GET /uncategorized/harrahs-metropolis-local-casino-and-resort-falls-under-caesars-entertainment-providing-the-full-size-local-casino-and-you-may-accommodations-choices/ HTTP/1.1" 200 156596 "-" "Mozilla/5.0 (Windows NT 10.0; Win64; x64) AppleWebKit/537.36 (KHTML, like Gecko) Chrome/124.0.0.0 Safari/537.36 Edg/124.0.0.0" 571 **0/571617**
18.97.14.88 - - [14/Apr/2026:11:21:16 -0700] "GET /livsstilsaendringer-for-bedre-seksuel-sundhed/ HTTP/1.1" 200 28993 "-" "CCBot/2.0 (https://commoncrawl.org/faq/)" 313 **0/313850**
85.208.96.201 - - [14/Apr/2026:11:21:22 -0700] "GET /uncategorized/grodjakten-mr-toad-utprova-avgiftsfri-demo-valkomstbonus-kasinobonusar-palats-online-2026/ HTTP/1.1" 200 30579 "-" "Mozilla/5.0 (compatible; SemrushBot/7~bl; +http://www.semrush.com/bot.html)" 398 **0/398685**
114.119.135.207 - - [14/Apr/2026:11:21:28 -0700] "GET /uncategorized/slot-highway-kings-expertos-sobre-wild-wolf-giros-sin-ranura-ameba-en-one-casino/ HTTP/1.1" 200 34713 "http://fuentesanza.es/uncategorized/tragamonedas-panther-moon-revision-completa-the-wild-casino-en-linea-coyote-moon-in-wilderness/" "Mozilla/5.0 (Linux; Android 7.0;) AppleWebKit/537.36 (KHTML, like Gecko) Mobile Safari/537.36 (compatible; PetalBot;+https://webmaster.petalsearch.com/site/petalbot)" 400 **0/400992**
51.161.65.217 - - [14/Apr/2026:11:21:41 -0700] "GET /tag/casinomania-app/ HTTP/1.1" 200 42387 "-" "Mozilla/5.0 (compatible; AhrefsBot/7.0; +http://ahrefs.com/robot/)" 287 **0/287693**
18.97.14.88 - - [14/Apr/2026:11:21:43 -0700] "GET /co-je-kamagra-a-jak-funguje/ HTTP/1.1" 200 28898 "-" "CCBot/2.0 (https://commoncrawl.org/faq/)" 241 **0/241423**
185.191.171.6 - - [14/Apr/2026:11:21:50 -0700] "GET /1win-login-452/1win-argentina-659/ HTTP/1.1" 200 33559 "-" "Mozilla/5.0 (compatible; SemrushBot/7~bl; +http://www.semrush.com/bot.html)" 282 **0/282788**
185.153.197.91 - - [14/Apr/2026:11:21:55 -0700] "POST /xmlrpc.php HTTP/1.1" 200 180 "-" "Mozilla/5.0 (Windows NT 10.0; Win64; x64) AppleWebKit/537.36 (KHTML, like Gecko) Chrome/114.0.0.0 Safari/537.36" 469 **0/469812**
208.109.41.231 - - [14/Apr/2026:11:22:05 -0700] "POST /wp-cron.php?doing_wp_cron=1776190925.1580390930175781250000 HTTP/1.1" 200 - "-" "WordPress/6.3.8; http://fuentesanza.es" 24 **0/24407**
