216.73.216.104 - - [15/Apr/2026:08:20:38 -0700] "GET /m/insti60929829.htm HTTP/1.1" 200 1 "-" "Mozilla/5.0 AppleWebKit/537.36 (KHTML, like Gecko; compatible; ClaudeBot/1.0; +claudebot@anthropic.com)" 102 **0/102249**
74.7.242.48 - - [15/Apr/2026:08:20:39 -0700] "GET /m/hen82736927.htm HTTP/1.1" 200 1 "http://biotekpanama.com/sitemap-4.xml" "Mozilla/5.0 AppleWebKit/537.36 (KHTML, like Gecko; compatible; GPTBot/1.3; +https://openai.com/gptbot)" 112 **0/112372**
216.73.216.104 - - [15/Apr/2026:08:20:41 -0700] "GET /m/maze30971858.htm HTTP/1.1" 200 1 "-" "Mozilla/5.0 AppleWebKit/537.36 (KHTML, like Gecko; compatible; ClaudeBot/1.0; +claudebot@anthropic.com)" 143 **0/143823**
74.7.242.48 - - [15/Apr/2026:08:20:42 -0700] "GET /m/few22180625.htm HTTP/1.1" 200 1 "http://biotekpanama.com/sitemap-8.xml" "Mozilla/5.0 AppleWebKit/537.36 (KHTML, like Gecko; compatible; GPTBot/1.3; +https://openai.com/gptbot)" 337 **0/337858**
216.73.216.104 - - [15/Apr/2026:08:20:44 -0700] "GET /m/myste20877321.htm HTTP/1.1" 200 1 "-" "Mozilla/5.0 AppleWebKit/537.36 (KHTML, like Gecko; compatible; ClaudeBot/1.0; +claudebot@anthropic.com)" 594 **0/594965**
74.7.242.48 - - [15/Apr/2026:08:20:45 -0700] "GET /m/sin40823787.htm HTTP/1.1" 200 1 "http://biotekpanama.com/sitemap-8.xml" "Mozilla/5.0 AppleWebKit/537.36 (KHTML, like Gecko; compatible; GPTBot/1.3; +https://openai.com/gptbot)" 279 **0/279057**
216.73.216.104 - - [15/Apr/2026:08:20:47 -0700] "GET /m/up21700889.htm HTTP/1.1" 200 1 "-" "Mozilla/5.0 AppleWebKit/537.36 (KHTML, like Gecko; compatible; ClaudeBot/1.0; +claudebot@anthropic.com)" 726 **0/726787**
74.7.242.48 - - [15/Apr/2026:08:20:49 -0700] "GET /m/ray81139615.htm HTTP/1.1" 200 1 "http://biotekpanama.com/sitemap-6.xml" "Mozilla/5.0 AppleWebKit/537.36 (KHTML, like Gecko; compatible; GPTBot/1.3; +https://openai.com/gptbot)" 313 **0/313203**
216.73.216.104 - - [15/Apr/2026:08:20:50 -0700] "GET /m/man11677480.htm HTTP/1.1" 200 1 "-" "Mozilla/5.0 AppleWebKit/537.36 (KHTML, like Gecko; compatible; ClaudeBot/1.0; +claudebot@anthropic.com)" 97 **0/97280**
74.7.242.48 - - [15/Apr/2026:08:20:52 -0700] "GET /m/box82712175.htm HTTP/1.1" 200 1 "http://biotekpanama.com/sitemap-6.xml" "Mozilla/5.0 AppleWebKit/537.36 (KHTML, like Gecko; compatible; GPTBot/1.3; +https://openai.com/gptbot)" 329 **0/329873**
43.130.60.195 - - [15/Apr/2026:08:20:53 -0700] "GET / HTTP/1.1" 200 - "-" "Mozilla/5.0 (iPhone; CPU iPhone OS 13_2_3 like Mac OS X) AppleWebKit/605.1.15 (KHTML, like Gecko) Version/13.0.3 Mobile/15E148 Safari/604.1" 99 **0/99070**
216.73.216.104 - - [15/Apr/2026:08:20:53 -0700] "GET /m/clap23000337.htm HTTP/1.1" 200 1 "-" "Mozilla/5.0 AppleWebKit/537.36 (KHTML, like Gecko; compatible; ClaudeBot/1.0; +claudebot@anthropic.com)" 314 **0/314355**
74.7.242.48 - - [15/Apr/2026:08:20:55 -0700] "GET /m/tea20389113.htm HTTP/1.1" 200 1 "http://biotekpanama.com/sitemap-4.xml" "Mozilla/5.0 AppleWebKit/537.36 (KHTML, like Gecko; compatible; GPTBot/1.3; +https://openai.com/gptbot)" 394 **0/394522**
216.73.216.104 - - [15/Apr/2026:08:20:56 -0700] "GET /m/monit72880030.htm HTTP/1.1" 200 1 "-" "Mozilla/5.0 AppleWebKit/537.36 (KHTML, like Gecko; compatible; ClaudeBot/1.0; +claudebot@anthropic.com)" 397 **0/397514**
74.7.242.48 - - [15/Apr/2026:08:20:58 -0700] "GET /m/fix61008309.htm HTTP/1.1" 200 1 "http://biotekpanama.com/sitemap-6.xml" "Mozilla/5.0 AppleWebKit/537.36 (KHTML, like Gecko; compatible; GPTBot/1.3; +https://openai.com/gptbot)" 132 **0/132968**
216.73.216.104 - - [15/Apr/2026:08:20:59 -0700] "GET /m/relat42392755.htm HTTP/1.1" 200 1 "-" "Mozilla/5.0 AppleWebKit/537.36 (KHTML, like Gecko; compatible; ClaudeBot/1.0; +claudebot@anthropic.com)" 816 **0/816855**
74.7.242.48 - - [15/Apr/2026:08:21:01 -0700] "GET /m/new30292018.htm HTTP/1.1" 200 1 "http://biotekpanama.com/sitemap-7.xml" "Mozilla/5.0 AppleWebKit/537.36 (KHTML, like Gecko; compatible; GPTBot/1.3; +https://openai.com/gptbot)" 441 **0/441851**
216.73.216.104 - - [15/Apr/2026:08:21:02 -0700] "GET /m/sunsh32815722.htm HTTP/1.1" 200 1 "-" "Mozilla/5.0 AppleWebKit/537.36 (KHTML, like Gecko; compatible; ClaudeBot/1.0; +claudebot@anthropic.com)" 402 **0/402479**
74.7.242.48 - - [15/Apr/2026:08:21:04 -0700] "GET /m/dug72031942.htm HTTP/1.1" 200 1 "http://biotekpanama.com/sitemap-6.xml" "Mozilla/5.0 AppleWebKit/537.36 (KHTML, like Gecko; compatible; GPTBot/1.3; +https://openai.com/gptbot)" 504 **0/504663**
216.73.216.104 - - [15/Apr/2026:08:21:05 -0700] "GET /m/adapt51685988.htm HTTP/1.1" 200 1 "-" "Mozilla/5.0 AppleWebKit/537.36 (KHTML, like Gecko; compatible; ClaudeBot/1.0; +claudebot@anthropic.com)" 382 **0/382708**
74.7.242.48 - - [15/Apr/2026:08:21:07 -0700] "GET /m/pit80983511.htm HTTP/1.1" 200 1 "http://biotekpanama.com/sitemap-8.xml" "Mozilla/5.0 AppleWebKit/537.36 (KHTML, like Gecko; compatible; GPTBot/1.3; +https://openai.com/gptbot)" 391 **0/391568**
216.73.216.104 - - [15/Apr/2026:08:21:08 -0700] "GET /m/inste31460946.htm HTTP/1.1" 200 1 "-" "Mozilla/5.0 AppleWebKit/537.36 (KHTML, like Gecko; compatible; ClaudeBot/1.0; +claudebot@anthropic.com)" 298 **0/298312**
74.7.242.48 - - [15/Apr/2026:08:21:10 -0700] "GET /m/fly70497038.htm HTTP/1.1" 200 1 "http://biotekpanama.com/sitemap-7.xml" "Mozilla/5.0 AppleWebKit/537.36 (KHTML, like Gecko; compatible; GPTBot/1.3; +https://openai.com/gptbot)" 851 **0/851381**
216.73.216.104 - - [15/Apr/2026:08:21:11 -0700] "GET /m/fish11313008.htm HTTP/1.1" 200 1 "-" "Mozilla/5.0 AppleWebKit/537.36 (KHTML, like Gecko; compatible; ClaudeBot/1.0; +claudebot@anthropic.com)" 1096 **1/1096825**
74.7.242.48 - - [15/Apr/2026:08:21:13 -0700] "GET /m/wax20430537.htm HTTP/1.1" 200 1 "http://biotekpanama.com/sitemap-6.xml" "Mozilla/5.0 AppleWebKit/537.36 (KHTML, like Gecko; compatible; GPTBot/1.3; +https://openai.com/gptbot)" 934 **0/934270**
216.73.216.104 - - [15/Apr/2026:08:21:14 -0700] "GET /m/fray72219974.htm HTTP/1.1" 200 1 "-" "Mozilla/5.0 AppleWebKit/537.36 (KHTML, like Gecko; compatible; ClaudeBot/1.0; +claudebot@anthropic.com)" 326 **0/326034**
74.7.242.48 - - [15/Apr/2026:08:21:17 -0700] "GET /m/loan41414267.htm HTTP/1.1" 200 1 "http://biotekpanama.com/sitemap-7.xml" "Mozilla/5.0 AppleWebKit/537.36 (KHTML, like Gecko; compatible; GPTBot/1.3; +https://openai.com/gptbot)" 550 **0/550587**
216.73.216.104 - - [15/Apr/2026:08:21:17 -0700] "GET /m/rapid41964795.htm HTTP/1.1" 200 1 "-" "Mozilla/5.0 AppleWebKit/537.36 (KHTML, like Gecko; compatible; ClaudeBot/1.0; +claudebot@anthropic.com)" 214 **0/214287**
74.7.242.48 - - [15/Apr/2026:08:21:20 -0700] "GET /m/plus50415044.htm HTTP/1.1" 200 1 "http://biotekpanama.com/sitemap-6.xml" "Mozilla/5.0 AppleWebKit/537.36 (KHTML, like Gecko; compatible; GPTBot/1.3; +https://openai.com/gptbot)" 1074 **1/1074182**
216.73.216.104 - - [15/Apr/2026:08:21:20 -0700] "GET /m/newly21490841.htm HTTP/1.1" 200 1 "-" "Mozilla/5.0 AppleWebKit/537.36 (KHTML, like Gecko; compatible; ClaudeBot/1.0; +claudebot@anthropic.com)" 886 **0/886865**
74.7.242.48 - - [15/Apr/2026:08:21:23 -0700] "GET /m/fist80391039.htm HTTP/1.1" 200 1 "http://biotekpanama.com/sitemap-8.xml" "Mozilla/5.0 AppleWebKit/537.36 (KHTML, like Gecko; compatible; GPTBot/1.3; +https://openai.com/gptbot)" 173 **0/173179**
216.73.216.104 - - [15/Apr/2026:08:21:23 -0700] "GET /m/lush51603852.htm HTTP/1.1" 200 1 "-" "Mozilla/5.0 AppleWebKit/537.36 (KHTML, like Gecko; compatible; ClaudeBot/1.0; +claudebot@anthropic.com)" 586 **0/586674**
74.7.242.48 - - [15/Apr/2026:08:21:26 -0700] "GET /m/rack31419314.htm HTTP/1.1" 200 1 "http://biotekpanama.com/sitemap-9.xml" "Mozilla/5.0 AppleWebKit/537.36 (KHTML, like Gecko; compatible; GPTBot/1.3; +https://openai.com/gptbot)" 291 **0/291347**
216.73.216.104 - - [15/Apr/2026:08:21:26 -0700] "GET /m/is60337717.htm HTTP/1.1" 200 1 "-" "Mozilla/5.0 AppleWebKit/537.36 (KHTML, like Gecko; compatible; ClaudeBot/1.0; +claudebot@anthropic.com)" 95 **0/95943**
74.7.242.48 - - [15/Apr/2026:08:21:29 -0700] "GET /m/disk42159595.htm HTTP/1.1" 200 1 "http://biotekpanama.com/sitemap-4.xml" "Mozilla/5.0 AppleWebKit/537.36 (KHTML, like Gecko; compatible; GPTBot/1.3; +https://openai.com/gptbot)" 530 **0/530184**
216.73.216.104 - - [15/Apr/2026:08:21:29 -0700] "GET /m/mall12901512.htm HTTP/1.1" 200 1 "-" "Mozilla/5.0 AppleWebKit/537.36 (KHTML, like Gecko; compatible; ClaudeBot/1.0; +claudebot@anthropic.com)" 619 **0/619983**
216.73.216.104 - - [15/Apr/2026:08:21:32 -0700] "GET /m/three10297120.htm HTTP/1.1" 200 1 "-" "Mozilla/5.0 AppleWebKit/537.36 (KHTML, like Gecko; compatible; ClaudeBot/1.0; +claudebot@anthropic.com)" 797 **0/797098**
74.7.242.48 - - [15/Apr/2026:08:21:33 -0700] "GET /m/four61836189.htm HTTP/1.1" 200 1 "http://biotekpanama.com/sitemap-3.xml" "Mozilla/5.0 AppleWebKit/537.36 (KHTML, like Gecko; compatible; GPTBot/1.3; +https://openai.com/gptbot)" 858 **0/858718**
216.73.216.104 - - [15/Apr/2026:08:21:35 -0700] "GET /m/equat61559213.htm HTTP/1.1" 200 1 "-" "Mozilla/5.0 AppleWebKit/537.36 (KHTML, like Gecko; compatible; ClaudeBot/1.0; +claudebot@anthropic.com)" 299 **0/299772**
74.7.242.48 - - [15/Apr/2026:08:21:36 -0700] "GET /m/ahead81111351.htm HTTP/1.1" 200 1 "http://biotekpanama.com/sitemap-8.xml" "Mozilla/5.0 AppleWebKit/537.36 (KHTML, like Gecko; compatible; GPTBot/1.3; +https://openai.com/gptbot)" 594 **0/594751**
216.73.216.104 - - [15/Apr/2026:08:21:38 -0700] "GET /m/craft52507220.htm HTTP/1.1" 200 1 "-" "Mozilla/5.0 AppleWebKit/537.36 (KHTML, like Gecko; compatible; ClaudeBot/1.0; +claudebot@anthropic.com)" 1209 **1/1209992**
74.7.242.48 - - [15/Apr/2026:08:21:39 -0700] "GET /m/besid41144443.htm HTTP/1.1" 200 1 "http://biotekpanama.com/sitemap-8.xml" "Mozilla/5.0 AppleWebKit/537.36 (KHTML, like Gecko; compatible; GPTBot/1.3; +https://openai.com/gptbot)" 865 **0/865061**
216.73.216.104 - - [15/Apr/2026:08:21:41 -0700] "GET /m/parti20113433.htm HTTP/1.1" 200 1 "-" "Mozilla/5.0 AppleWebKit/537.36 (KHTML, like Gecko; compatible; ClaudeBot/1.0; +claudebot@anthropic.com)" 376 **0/376307**
74.7.242.48 - - [15/Apr/2026:08:21:42 -0700] "GET /m/carro41165555.htm HTTP/1.1" 200 1 "http://biotekpanama.com/sitemap-4.xml" "Mozilla/5.0 AppleWebKit/537.36 (KHTML, like Gecko; compatible; GPTBot/1.3; +https://openai.com/gptbot)" 181 **0/181846**
216.73.216.104 - - [15/Apr/2026:08:21:44 -0700] "GET /m/casse60423445.htm HTTP/1.1" 403 1 "-" "Mozilla/5.0 AppleWebKit/537.36 (KHTML, like Gecko; compatible; ClaudeBot/1.0; +claudebot@anthropic.com)" 438 **0/438252**
74.7.242.48 - - [15/Apr/2026:08:21:45 -0700] "GET /m/someh22227617.htm HTTP/1.1" 200 1 "http://biotekpanama.com/sitemap-7.xml" "Mozilla/5.0 AppleWebKit/537.36 (KHTML, like Gecko; compatible; GPTBot/1.3; +https://openai.com/gptbot)" 721 **0/721479**
74.7.242.48 - - [15/Apr/2026:08:21:48 -0700] "GET /m/throu11116168.htm HTTP/1.1" 200 1 "http://biotekpanama.com/sitemap-4.xml" "Mozilla/5.0 AppleWebKit/537.36 (KHTML, like Gecko; compatible; GPTBot/1.3; +https://openai.com/gptbot)" 655 **0/655044**
216.73.216.104 - - [15/Apr/2026:08:21:51 -0700] "GET /m/brute82334951.htm HTTP/1.1" 403 1 "-" "Mozilla/5.0 AppleWebKit/537.36 (KHTML, like Gecko; compatible; ClaudeBot/1.0; +claudebot@anthropic.com)" 104 **0/104552**
74.7.242.48 - - [15/Apr/2026:08:21:51 -0700] "GET /m/crazy30036666.htm HTTP/1.1" 200 1 "http://biotekpanama.com/sitemap-6.xml" "Mozilla/5.0 AppleWebKit/537.36 (KHTML, like Gecko; compatible; GPTBot/1.3; +https://openai.com/gptbot)" 226 **0/226219**
216.73.216.104 - - [15/Apr/2026:08:21:54 -0700] "GET /m/aural41626563.htm HTTP/1.1" 403 1 "-" "Mozilla/5.0 AppleWebKit/537.36 (KHTML, like Gecko; compatible; ClaudeBot/1.0; +claudebot@anthropic.com)" 443 **0/443473**
74.7.242.48 - - [15/Apr/2026:08:21:55 -0700] "GET /m/domes62922229.htm HTTP/1.1" 200 1 "http://biotekpanama.com/sitemap-8.xml" "Mozilla/5.0 AppleWebKit/537.36 (KHTML, like Gecko; compatible; GPTBot/1.3; +https://openai.com/gptbot)" 265 **0/265363**
74.7.242.48 - - [15/Apr/2026:08:21:58 -0700] "GET /m/atomi12222992.htm HTTP/1.1" 200 1 "http://biotekpanama.com/sitemap-7.xml" "Mozilla/5.0 AppleWebKit/537.36 (KHTML, like Gecko; compatible; GPTBot/1.3; +https://openai.com/gptbot)" 416 **0/416066**
216.73.216.104 - - [15/Apr/2026:08:22:00 -0700] "GET /m/inten61593285.htm HTTP/1.1" 403 1 "-" "Mozilla/5.0 AppleWebKit/537.36 (KHTML, like Gecko; compatible; ClaudeBot/1.0; +claudebot@anthropic.com)" 790 **0/790593**
74.7.242.48 - - [15/Apr/2026:08:22:01 -0700] "GET /m/ghost71111558.htm HTTP/1.1" 200 1 "http://biotekpanama.com/sitemap-4.xml" "Mozilla/5.0 AppleWebKit/537.36 (KHTML, like Gecko; compatible; GPTBot/1.3; +https://openai.com/gptbot)" 193 **0/193282**
74.7.242.48 - - [15/Apr/2026:08:22:04 -0700] "GET /m/yeste50000916.htm HTTP/1.1" 200 1 "http://biotekpanama.com/sitemap-6.xml" "Mozilla/5.0 AppleWebKit/537.36 (KHTML, like Gecko; compatible; GPTBot/1.3; +https://openai.com/gptbot)" 159 **0/159663**
216.73.216.104 - - [15/Apr/2026:08:22:04 -0700] "GET /m/warmt80746959.htm HTTP/1.1" 403 1 "-" "Mozilla/5.0 AppleWebKit/537.36 (KHTML, like Gecko; compatible; ClaudeBot/1.0; +claudebot@anthropic.com)" 478 **0/478336**
74.7.242.48 - - [15/Apr/2026:08:22:07 -0700] "GET /m/shamp22221777.htm HTTP/1.1" 200 1 "http://biotekpanama.com/sitemap-9.xml" "Mozilla/5.0 AppleWebKit/537.36 (KHTML, like Gecko; compatible; GPTBot/1.3; +https://openai.com/gptbot)" 480 **0/480416**
74.7.242.48 - - [15/Apr/2026:08:22:10 -0700] "GET /m/slope52222924.htm HTTP/1.1" 200 1 "http://biotekpanama.com/sitemap-4.xml" "Mozilla/5.0 AppleWebKit/537.36 (KHTML, like Gecko; compatible; GPTBot/1.3; +https://openai.com/gptbot)" 585 **0/585630**
216.73.216.104 - - [15/Apr/2026:08:22:11 -0700] "GET /m/dark70784038.htm HTTP/1.1" 403 1 "-" "Mozilla/5.0 AppleWebKit/537.36 (KHTML, like Gecko; compatible; ClaudeBot/1.0; +claudebot@anthropic.com)" 414 **0/414238**
74.7.242.48 - - [15/Apr/2026:08:22:13 -0700] "GET /m/carel10005000.htm HTTP/1.1" 200 1 "http://biotekpanama.com/sitemap-8.xml" "Mozilla/5.0 AppleWebKit/537.36 (KHTML, like Gecko; compatible; GPTBot/1.3; +https://openai.com/gptbot)" 1441 **1/1441858**
74.7.242.48 - - [15/Apr/2026:08:22:16 -0700] "GET /m/autho42533331.htm HTTP/1.1" 200 1 "http://biotekpanama.com/sitemap-9.xml" "Mozilla/5.0 AppleWebKit/537.36 (KHTML, like Gecko; compatible; GPTBot/1.3; +https://openai.com/gptbot)" 944 **0/944030**
216.73.216.104 - - [15/Apr/2026:08:22:18 -0700] "GET /m/brass81263223.htm HTTP/1.1" 403 1 "-" "Mozilla/5.0 AppleWebKit/537.36 (KHTML, like Gecko; compatible; ClaudeBot/1.0; +claudebot@anthropic.com)" 1799 **1/1799694**
74.7.242.48 - - [15/Apr/2026:08:22:20 -0700] "GET /m/range22202201.htm HTTP/1.1" 200 1 "http://biotekpanama.com/sitemap-6.xml" "Mozilla/5.0 AppleWebKit/537.36 (KHTML, like Gecko; compatible; GPTBot/1.3; +https://openai.com/gptbot)" 2219 **2/2219477**
74.7.242.48 - - [15/Apr/2026:08:22:23 -0700] "GET /m/endle11358888.htm HTTP/1.1" 200 1 "http://biotekpanama.com/sitemap-8.xml" "Mozilla/5.0 AppleWebKit/537.36 (KHTML, like Gecko; compatible; GPTBot/1.3; +https://openai.com/gptbot)" 944 **0/944117**
216.73.216.104 - - [15/Apr/2026:08:22:25 -0700] "GET /m/wide10853024.htm HTTP/1.1" 200 1 "-" "Mozilla/5.0 AppleWebKit/537.36 (KHTML, like Gecko; compatible; ClaudeBot/1.0; +claudebot@anthropic.com)" 86 **0/86830**
74.7.242.48 - - [15/Apr/2026:08:22:26 -0700] "GET /m/liter70222022.htm HTTP/1.1" 200 1 "http://biotekpanama.com/sitemap-8.xml" "Mozilla/5.0 AppleWebKit/537.36 (KHTML, like Gecko; compatible; GPTBot/1.3; +https://openai.com/gptbot)" 1051 **1/1051596**
216.73.216.104 - - [15/Apr/2026:08:22:27 -0700] "GET /m/lava31995922.htm HTTP/1.1" 200 1 "-" "Mozilla/5.0 AppleWebKit/537.36 (KHTML, like Gecko; compatible; ClaudeBot/1.0; +claudebot@anthropic.com)" 928 **0/928040**
74.7.242.48 - - [15/Apr/2026:08:22:29 -0700] "GET /m/impri42975555.htm HTTP/1.1" 200 1 "http://biotekpanama.com/sitemap-9.xml" "Mozilla/5.0 AppleWebKit/537.36 (KHTML, like Gecko; compatible; GPTBot/1.3; +https://openai.com/gptbot)" 2169 **2/2169985**
216.73.216.104 - - [15/Apr/2026:08:22:30 -0700] "GET /m/oppor12693440.htm HTTP/1.1" 200 1 "-" "Mozilla/5.0 AppleWebKit/537.36 (KHTML, like Gecko; compatible; ClaudeBot/1.0; +claudebot@anthropic.com)" 1873 **1/1873108**
74.7.242.48 - - [15/Apr/2026:08:22:32 -0700] "GET /m/run62913629.htm HTTP/1.1" 200 1 "http://biotekpanama.com/sitemap-8.xml" "Mozilla/5.0 AppleWebKit/537.36 (KHTML, like Gecko; compatible; GPTBot/1.3; +https://openai.com/gptbot)" 230 **0/230453**
216.73.216.104 - - [15/Apr/2026:08:22:34 -0700] "GET /m/helpl41582971.htm HTTP/1.1" 200 1 "-" "Mozilla/5.0 AppleWebKit/537.36 (KHTML, like Gecko; compatible; ClaudeBot/1.0; +claudebot@anthropic.com)" 865 **0/865323**
74.7.242.48 - - [15/Apr/2026:08:22:35 -0700] "GET /m/mere51646516.htm HTTP/1.1" 200 1 "http://biotekpanama.com/sitemap-6.xml" "Mozilla/5.0 AppleWebKit/537.36 (KHTML, like Gecko; compatible; GPTBot/1.3; +https://openai.com/gptbot)" 945 **0/945262**
74.7.242.48 - - [15/Apr/2026:08:22:38 -0700] "GET /m/doll52101012.htm HTTP/1.1" 200 1 "http://biotekpanama.com/sitemap-8.xml" "Mozilla/5.0 AppleWebKit/537.36 (KHTML, like Gecko; compatible; GPTBot/1.3; +https://openai.com/gptbot)" 494 **0/494501**
216.73.216.104 - - [15/Apr/2026:08:22:39 -0700] "GET /m/heave71660966.htm HTTP/1.1" 200 1 "-" "Mozilla/5.0 AppleWebKit/537.36 (KHTML, like Gecko; compatible; ClaudeBot/1.0; +claudebot@anthropic.com)" 1554 **1/1554165**
74.7.242.48 - - [15/Apr/2026:08:22:41 -0700] "GET /m/hurt40969691.htm HTTP/1.1" 200 1 "http://biotekpanama.com/sitemap-9.xml" "Mozilla/5.0 AppleWebKit/537.36 (KHTML, like Gecko; compatible; GPTBot/1.3; +https://openai.com/gptbot)" 1084 **1/1084704**
216.73.216.104 - - [15/Apr/2026:08:22:44 -0700] "GET /m/inqui61201885.htm HTTP/1.1" 200 1 "-" "Mozilla/5.0 AppleWebKit/537.36 (KHTML, like Gecko; compatible; ClaudeBot/1.0; +claudebot@anthropic.com)" 574 **0/574072**
74.7.242.48 - - [15/Apr/2026:08:22:45 -0700] "GET /m/text62952629.htm HTTP/1.1" 200 1 "http://biotekpanama.com/sitemap-8.xml" "Mozilla/5.0 AppleWebKit/537.36 (KHTML, like Gecko; compatible; GPTBot/1.3; +https://openai.com/gptbot)" 854 **0/854762**
74.7.242.48 - - [15/Apr/2026:08:22:48 -0700] "GET /m/pull81828183.htm HTTP/1.1" 200 1 "http://biotekpanama.com/sitemap-6.xml" "Mozilla/5.0 AppleWebKit/537.36 (KHTML, like Gecko; compatible; GPTBot/1.3; +https://openai.com/gptbot)" 1408 **1/1408827**
216.73.216.104 - - [15/Apr/2026:08:22:49 -0700] "GET /m/bundl22846497.htm HTTP/1.1" 200 1 "-" "Mozilla/5.0 AppleWebKit/537.36 (KHTML, like Gecko; compatible; ClaudeBot/1.0; +claudebot@anthropic.com)" 443 **0/443297**
74.7.242.48 - - [15/Apr/2026:08:22:51 -0700] "GET /m/plea72187878.htm HTTP/1.1" 200 1 "http://biotekpanama.com/sitemap-7.xml" "Mozilla/5.0 AppleWebKit/537.36 (KHTML, like Gecko; compatible; GPTBot/1.3; +https://openai.com/gptbot)" 1413 **1/1413066**
74.7.242.48 - - [15/Apr/2026:08:22:54 -0700] "GET /m/post40404403.htm HTTP/1.1" 200 1 "http://biotekpanama.com/sitemap-7.xml" "Mozilla/5.0 AppleWebKit/537.36 (KHTML, like Gecko; compatible; GPTBot/1.3; +https://openai.com/gptbot)" 37 **0/37724**
216.73.216.104 - - [15/Apr/2026:08:22:54 -0700] "GET /m/craft50151220.htm HTTP/1.1" 200 1 "-" "Mozilla/5.0 AppleWebKit/537.36 (KHTML, like Gecko; compatible; ClaudeBot/1.0; +claudebot@anthropic.com)" 32 **0/32932**
74.7.242.48 - - [15/Apr/2026:08:22:57 -0700] "GET /m/mass30303122.htm HTTP/1.1" 200 1 "http://biotekpanama.com/sitemap-8.xml" "Mozilla/5.0 AppleWebKit/537.36 (KHTML, like Gecko; compatible; GPTBot/1.3; +https://openai.com/gptbot)" 172 **0/172584**
216.73.216.104 - - [15/Apr/2026:08:22:59 -0700] "GET /m/fund41225995.htm HTTP/1.1" 200 1 "-" "Mozilla/5.0 AppleWebKit/537.36 (KHTML, like Gecko; compatible; ClaudeBot/1.0; +claudebot@anthropic.com)" 38 **0/38096**
74.7.242.48 - - [15/Apr/2026:08:23:00 -0700] "GET /m/some81757175.htm HTTP/1.1" 200 1 "http://biotekpanama.com/sitemap-3.xml" "Mozilla/5.0 AppleWebKit/537.36 (KHTML, like Gecko; compatible; GPTBot/1.3; +https://openai.com/gptbot)" 714 **0/714306**
74.7.242.48 - - [15/Apr/2026:08:23:04 -0700] "GET /m/love51988988.htm HTTP/1.1" 200 1 "http://biotekpanama.com/sitemap-7.xml" "Mozilla/5.0 AppleWebKit/537.36 (KHTML, like Gecko; compatible; GPTBot/1.3; +https://openai.com/gptbot)" 384 **0/384186**
216.73.216.104 - - [15/Apr/2026:08:23:05 -0700] "GET /m/are82593623.htm HTTP/1.1" 200 1 "-" "Mozilla/5.0 AppleWebKit/537.36 (KHTML, like Gecko; compatible; ClaudeBot/1.0; +claudebot@anthropic.com)" 234 **0/234891**
74.7.242.48 - - [15/Apr/2026:08:23:07 -0700] "GET /m/crazy31556666.htm HTTP/1.1" 200 1 "http://biotekpanama.com/sitemap-8.xml" "Mozilla/5.0 AppleWebKit/537.36 (KHTML, like Gecko; compatible; GPTBot/1.3; +https://openai.com/gptbot)" 433 **0/433002**
216.73.216.104 - - [15/Apr/2026:08:23:08 -0700] "GET /m/holy22662969.htm HTTP/1.1" 200 1 "-" "Mozilla/5.0 AppleWebKit/537.36 (KHTML, like Gecko; compatible; ClaudeBot/1.0; +claudebot@anthropic.com)" 446 **0/446504**
74.7.242.48 - - [15/Apr/2026:08:23:10 -0700] "GET /m/voyag71111086.htm HTTP/1.1" 200 1 "http://biotekpanama.com/sitemap-9.xml" "Mozilla/5.0 AppleWebKit/537.36 (KHTML, like Gecko; compatible; GPTBot/1.3; +https://openai.com/gptbot)" 359 **0/359944**
216.73.216.104 - - [15/Apr/2026:08:23:13 -0700] "GET /m/acqui51426412.htm HTTP/1.1" 200 1 "-" "Mozilla/5.0 AppleWebKit/537.36 (KHTML, like Gecko; compatible; ClaudeBot/1.0; +claudebot@anthropic.com)" 170 **0/170219**
74.7.242.48 - - [15/Apr/2026:08:23:13 -0700] "GET /m/strai60333325.htm HTTP/1.1" 200 1 "http://biotekpanama.com/sitemap-8.xml" "Mozilla/5.0 AppleWebKit/537.36 (KHTML, like Gecko; compatible; GPTBot/1.3; +https://openai.com/gptbot)" 228 **0/228201**
74.7.242.48 - - [15/Apr/2026:08:23:16 -0700] "GET /m/miner52894444.htm HTTP/1.1" 200 1 "http://biotekpanama.com/sitemap-3.xml" "Mozilla/5.0 AppleWebKit/537.36 (KHTML, like Gecko; compatible; GPTBot/1.3; +https://openai.com/gptbot)" 97 **0/97336**
216.73.216.104 - - [15/Apr/2026:08:23:18 -0700] "GET /m/whisp20222873.htm HTTP/1.1" 200 1 "-" "Mozilla/5.0 AppleWebKit/537.36 (KHTML, like Gecko; compatible; ClaudeBot/1.0; +claudebot@anthropic.com)" 52 **0/52995**
74.7.242.48 - - [15/Apr/2026:08:23:19 -0700] "GET /m/induc11622224.htm HTTP/1.1" 200 1 "http://biotekpanama.com/sitemap-4.xml" "Mozilla/5.0 AppleWebKit/537.36 (KHTML, like Gecko; compatible; GPTBot/1.3; +https://openai.com/gptbot)" 128 **0/128111**
74.7.242.48 - - [15/Apr/2026:08:23:23 -0700] "GET /m/yogur31677778.htm HTTP/1.1" 200 1 "http://biotekpanama.com/sitemap-3.xml" "Mozilla/5.0 AppleWebKit/537.36 (KHTML, like Gecko; compatible; GPTBot/1.3; +https://openai.com/gptbot)" 187 **0/187031**
74.7.242.48 - - [15/Apr/2026:08:23:26 -0700] "GET /m/figur61422221.htm HTTP/1.1" 200 1 "http://biotekpanama.com/sitemap-9.xml" "Mozilla/5.0 AppleWebKit/537.36 (KHTML, like Gecko; compatible; GPTBot/1.3; +https://openai.com/gptbot)" 93 **0/93590**
74.7.242.48 - - [15/Apr/2026:08:23:29 -0700] "GET /m/unlik82222783.htm HTTP/1.1" 200 1 "http://biotekpanama.com/sitemap-9.xml" "Mozilla/5.0 AppleWebKit/537.36 (KHTML, like Gecko; compatible; GPTBot/1.3; +https://openai.com/gptbot)" 100 **0/100799**
216.73.216.104 - - [15/Apr/2026:08:23:30 -0700] "GET /m/ten52660036.htm HTTP/1.1" 200 1 "-" "Mozilla/5.0 AppleWebKit/537.36 (KHTML, like Gecko; compatible; ClaudeBot/1.0; +claudebot@anthropic.com)" 30 **0/30821**
216.73.216.104 - - [15/Apr/2026:08:23:32 -0700] "GET /m/every42148283.htm HTTP/1.1" 200 1 "-" "Mozilla/5.0 AppleWebKit/537.36 (KHTML, like Gecko; compatible; ClaudeBot/1.0; +claudebot@anthropic.com)" 93 **0/93673**
74.7.242.48 - - [15/Apr/2026:08:23:32 -0700] "GET /m/parli22227601.htm HTTP/1.1" 200 1 "http://biotekpanama.com/sitemap-7.xml" "Mozilla/5.0 AppleWebKit/537.36 (KHTML, like Gecko; compatible; GPTBot/1.3; +https://openai.com/gptbot)" 200 **0/200964**
74.7.242.48 - - [15/Apr/2026:08:23:36 -0700] "GET /m/it10281112.htm HTTP/1.1" 200 1 "http://biotekpanama.com/sitemap-9.xml" "Mozilla/5.0 AppleWebKit/537.36 (KHTML, like Gecko; compatible; GPTBot/1.3; +https://openai.com/gptbot)" 351 **0/351295**
74.7.242.48 - - [15/Apr/2026:08:23:39 -0700] "GET /m/it12761112.htm HTTP/1.1" 200 1 "http://biotekpanama.com/sitemap-7.xml" "Mozilla/5.0 AppleWebKit/537.36 (KHTML, like Gecko; compatible; GPTBot/1.3; +https://openai.com/gptbot)" 91 **0/91490**
216.73.216.104 - - [15/Apr/2026:08:23:39 -0700] "GET /m/floor51272380.htm HTTP/1.1" 200 1 "-" "Mozilla/5.0 AppleWebKit/537.36 (KHTML, like Gecko; compatible; ClaudeBot/1.0; +claudebot@anthropic.com)" 180 **0/180085**
216.73.216.104 - - [15/Apr/2026:08:23:42 -0700] "GET /m/barbe80497479.htm HTTP/1.1" 200 1 "-" "Mozilla/5.0 AppleWebKit/537.36 (KHTML, like Gecko; compatible; ClaudeBot/1.0; +claudebot@anthropic.com)" 238 **0/238599**
74.7.242.48 - - [15/Apr/2026:08:23:42 -0700] "GET /m/us20001153.htm HTTP/1.1" 200 1 "http://biotekpanama.com/sitemap-7.xml" "Mozilla/5.0 AppleWebKit/537.36 (KHTML, like Gecko; compatible; GPTBot/1.3; +https://openai.com/gptbot)" 377 **0/377899**
74.7.242.48 - - [15/Apr/2026:08:23:45 -0700] "GET /m/it11641112.htm HTTP/1.1" 200 1 "http://biotekpanama.com/sitemap-9.xml" "Mozilla/5.0 AppleWebKit/537.36 (KHTML, like Gecko; compatible; GPTBot/1.3; +https://openai.com/gptbot)" 657 **0/657934**
216.73.216.104 - - [15/Apr/2026:08:23:47 -0700] "GET /m/helpl41374971.htm HTTP/1.1" 200 1 "-" "Mozilla/5.0 AppleWebKit/537.36 (KHTML, like Gecko; compatible; ClaudeBot/1.0; +claudebot@anthropic.com)" 422 **0/422844**
74.7.242.48 - - [15/Apr/2026:08:23:48 -0700] "GET /m/works22222897.htm HTTP/1.1" 200 1 "http://biotekpanama.com/sitemap-6.xml" "Mozilla/5.0 AppleWebKit/537.36 (KHTML, like Gecko; compatible; GPTBot/1.3; +https://openai.com/gptbot)" 191 **0/191687**
74.7.242.48 - - [15/Apr/2026:08:23:51 -0700] "GET /m/scrum22271985.htm HTTP/1.1" 200 1 "http://biotekpanama.com/sitemap-3.xml" "Mozilla/5.0 AppleWebKit/537.36 (KHTML, like Gecko; compatible; GPTBot/1.3; +https://openai.com/gptbot)" 383 **0/383311**
216.73.216.104 - - [15/Apr/2026:08:23:52 -0700] "GET /m/equiv61597813.htm HTTP/1.1" 200 1 "-" "Mozilla/5.0 AppleWebKit/537.36 (KHTML, like Gecko; compatible; ClaudeBot/1.0; +claudebot@anthropic.com)" 795 **0/795901**
74.7.242.48 - - [15/Apr/2026:08:23:55 -0700] "GET /m/scrap20263337.htm HTTP/1.1" 200 1 "http://biotekpanama.com/sitemap-9.xml" "Mozilla/5.0 AppleWebKit/537.36 (KHTML, like Gecko; compatible; GPTBot/1.3; +https://openai.com/gptbot)" 697 **0/697835**
74.7.242.48 - - [15/Apr/2026:08:23:58 -0700] "GET /m/groan71766694.htm HTTP/1.1" 200 1 "http://biotekpanama.com/sitemap-7.xml" "Mozilla/5.0 AppleWebKit/537.36 (KHTML, like Gecko; compatible; GPTBot/1.3; +https://openai.com/gptbot)" 754 **0/754650**
74.7.242.48 - - [15/Apr/2026:08:24:01 -0700] "GET /m/figur61862221.htm HTTP/1.1" 200 1 "http://biotekpanama.com/sitemap-3.xml" "Mozilla/5.0 AppleWebKit/537.36 (KHTML, like Gecko; compatible; GPTBot/1.3; +https://openai.com/gptbot)" 589 **0/589474**
74.7.242.48 - - [15/Apr/2026:08:24:04 -0700] "GET /m/onese62688845.htm HTTP/1.1" 200 1 "http://biotekpanama.com/sitemap-3.xml" "Mozilla/5.0 AppleWebKit/537.36 (KHTML, like Gecko; compatible; GPTBot/1.3; +https://openai.com/gptbot)" 499 **0/499754**
74.7.242.48 - - [15/Apr/2026:08:24:07 -0700] "GET /m/block61633341.htm HTTP/1.1" 200 1 "http://biotekpanama.com/sitemap-3.xml" "Mozilla/5.0 AppleWebKit/537.36 (KHTML, like Gecko; compatible; GPTBot/1.3; +https://openai.com/gptbot)" 322 **0/322654**
74.7.242.48 - - [15/Apr/2026:08:24:11 -0700] "GET /m/aural41118563.htm HTTP/1.1" 200 1 "http://biotekpanama.com/sitemap-8.xml" "Mozilla/5.0 AppleWebKit/537.36 (KHTML, like Gecko; compatible; GPTBot/1.3; +https://openai.com/gptbot)" 579 **0/579238**
216.73.216.104 - - [15/Apr/2026:08:24:11 -0700] "GET /m/divis62454021.htm HTTP/1.1" 200 1 "-" "Mozilla/5.0 AppleWebKit/537.36 (KHTML, like Gecko; compatible; ClaudeBot/1.0; +claudebot@anthropic.com)" 605 **0/605587**
216.73.216.104 - - [15/Apr/2026:08:24:12 -0700] "GET /m/couns21165945.htm HTTP/1.1" 200 1 "-" "Mozilla/5.0 AppleWebKit/537.36 (KHTML, like Gecko; compatible; ClaudeBot/1.0; +claudebot@anthropic.com)" 307 **0/307618**
74.7.242.48 - - [15/Apr/2026:08:24:14 -0700] "GET /m/canad22588777.htm HTTP/1.1" 200 1 "http://biotekpanama.com/sitemap-9.xml" "Mozilla/5.0 AppleWebKit/537.36 (KHTML, like Gecko; compatible; GPTBot/1.3; +https://openai.com/gptbot)" 742 **0/742806**
74.7.242.48 - - [15/Apr/2026:08:24:17 -0700] "GET /m/enqui40647779.htm HTTP/1.1" 200 1 "http://biotekpanama.com/sitemap-3.xml" "Mozilla/5.0 AppleWebKit/537.36 (KHTML, like Gecko; compatible; GPTBot/1.3; +https://openai.com/gptbot)" 100 **0/100924**
216.73.216.104 - - [15/Apr/2026:08:24:17 -0700] "GET /m/faste51675620.htm HTTP/1.1" 200 1 "-" "Mozilla/5.0 AppleWebKit/537.36 (KHTML, like Gecko; compatible; ClaudeBot/1.0; +claudebot@anthropic.com)" 690 **0/690029**
74.7.242.48 - - [15/Apr/2026:08:24:20 -0700] "GET /m/heave71444966.htm HTTP/1.1" 200 1 "http://biotekpanama.com/sitemap-9.xml" "Mozilla/5.0 AppleWebKit/537.36 (KHTML, like Gecko; compatible; GPTBot/1.3; +https://openai.com/gptbot)" 184 **0/184137**
216.73.216.104 - - [15/Apr/2026:08:24:22 -0700] "GET /m/every42080283.htm HTTP/1.1" 200 1 "-" "Mozilla/5.0 AppleWebKit/537.36 (KHTML, like Gecko; compatible; ClaudeBot/1.0; +claudebot@anthropic.com)" 794 **0/794079**
74.7.242.48 - - [15/Apr/2026:08:24:23 -0700] "GET /m/railr31218666.htm HTTP/1.1" 200 1 "http://biotekpanama.com/sitemap-4.xml" "Mozilla/5.0 AppleWebKit/537.36 (KHTML, like Gecko; compatible; GPTBot/1.3; +https://openai.com/gptbot)" 443 **0/443495**
74.7.242.48 - - [15/Apr/2026:08:24:26 -0700] "GET /m/lumbe81366639.htm HTTP/1.1" 200 1 "http://biotekpanama.com/sitemap-8.xml" "Mozilla/5.0 AppleWebKit/537.36 (KHTML, like Gecko; compatible; GPTBot/1.3; +https://openai.com/gptbot)" 72 **0/72276**
216.73.216.104 - - [15/Apr/2026:08:24:27 -0700] "GET /m/salt62245301.htm HTTP/1.1" 200 1 "-" "Mozilla/5.0 AppleWebKit/537.36 (KHTML, like Gecko; compatible; ClaudeBot/1.0; +claudebot@anthropic.com)" 806 **0/806411**
74.7.242.48 - - [15/Apr/2026:08:24:30 -0700] "GET /m/reade60286661.htm HTTP/1.1" 200 1 "http://biotekpanama.com/sitemap-3.xml" "Mozilla/5.0 AppleWebKit/537.36 (KHTML, like Gecko; compatible; GPTBot/1.3; +https://openai.com/gptbot)" 2543 **2/2543462**
216.73.216.104 - - [15/Apr/2026:08:24:32 -0700] "GET /m/wheth41652739.htm HTTP/1.1" 200 1 "-" "Mozilla/5.0 AppleWebKit/537.36 (KHTML, like Gecko; compatible; ClaudeBot/1.0; +claudebot@anthropic.com)" 1335 **1/1335655**
74.7.242.48 - - [15/Apr/2026:08:24:33 -0700] "GET /m/upset22249473.htm HTTP/1.1" 200 1 "http://biotekpanama.com/sitemap-4.xml" "Mozilla/5.0 AppleWebKit/537.36 (KHTML, like Gecko; compatible; GPTBot/1.3; +https://openai.com/gptbot)" 1517 **1/1517255**
216.73.216.104 - - [15/Apr/2026:08:24:37 -0700] "GET /m/suppl32272914.htm HTTP/1.1" 200 1 "-" "Mozilla/5.0 AppleWebKit/537.36 (KHTML, like Gecko; compatible; ClaudeBot/1.0; +claudebot@anthropic.com)" 668 **0/668752**
74.7.242.48 - - [15/Apr/2026:08:24:36 -0700] "GET /m/argue81257775.htm HTTP/1.1" 200 1 "http://biotekpanama.com/sitemap-3.xml" "Mozilla/5.0 AppleWebKit/537.36 (KHTML, like Gecko; compatible; GPTBot/1.3; +https://openai.com/gptbot)" 2608 **2/2608616**
74.7.242.48 - - [15/Apr/2026:08:24:39 -0700] "GET /m/carro42517555.htm HTTP/1.1" 200 1 "http://biotekpanama.com/sitemap-7.xml" "Mozilla/5.0 AppleWebKit/537.36 (KHTML, like Gecko; compatible; GPTBot/1.3; +https://openai.com/gptbot)" 1683 **1/1683827**
216.73.216.104 - - [15/Apr/2026:08:24:42 -0700] "GET /m/weak50664996.htm HTTP/1.1" 200 1 "-" "Mozilla/5.0 AppleWebKit/537.36 (KHTML, like Gecko; compatible; ClaudeBot/1.0; +claudebot@anthropic.com)" 250 **0/250015**
74.7.242.48 - - [15/Apr/2026:08:24:42 -0700] "GET /m/outli40402227.htm HTTP/1.1" 200 1 "http://biotekpanama.com/sitemap-8.xml" "Mozilla/5.0 AppleWebKit/537.36 (KHTML, like Gecko; compatible; GPTBot/1.3; +https://openai.com/gptbot)" 565 **0/565343**
74.7.242.48 - - [15/Apr/2026:08:24:46 -0700] "GET /m/educa42280555.htm HTTP/1.1" 200 1 "http://biotekpanama.com/sitemap-3.xml" "Mozilla/5.0 AppleWebKit/537.36 (KHTML, like Gecko; compatible; GPTBot/1.3; +https://openai.com/gptbot)" 832 **0/832804**
216.73.216.104 - - [15/Apr/2026:08:24:47 -0700] "GET /m/brush61052989.htm HTTP/1.1" 200 1 "-" "Mozilla/5.0 AppleWebKit/537.36 (KHTML, like Gecko; compatible; ClaudeBot/1.0; +claudebot@anthropic.com)" 489 **0/489305**
74.7.242.48 - - [15/Apr/2026:08:24:49 -0700] "GET /m/looko20333457.htm HTTP/1.1" 200 1 "http://biotekpanama.com/sitemap-8.xml" "Mozilla/5.0 AppleWebKit/537.36 (KHTML, like Gecko; compatible; GPTBot/1.3; +https://openai.com/gptbot)" 956 **0/956167**
74.7.242.48 - - [15/Apr/2026:08:24:52 -0700] "GET /m/gavin40279995.htm HTTP/1.1" 200 1 "http://biotekpanama.com/sitemap-3.xml" "Mozilla/5.0 AppleWebKit/537.36 (KHTML, like Gecko; compatible; GPTBot/1.3; +https://openai.com/gptbot)" 285 **0/285161**
216.73.216.104 - - [15/Apr/2026:08:24:52 -0700] "GET /m/austr81981271.htm HTTP/1.1" 200 1 "-" "Mozilla/5.0 AppleWebKit/537.36 (KHTML, like Gecko; compatible; ClaudeBot/1.0; +claudebot@anthropic.com)" 330 **0/330152**
74.7.242.48 - - [15/Apr/2026:08:24:55 -0700] "GET /m/harbo82446663.htm HTTP/1.1" 200 1 "http://biotekpanama.com/sitemap-8.xml" "Mozilla/5.0 AppleWebKit/537.36 (KHTML, like Gecko; compatible; GPTBot/1.3; +https://openai.com/gptbot)" 258 **0/258589**
216.73.216.104 - - [15/Apr/2026:08:24:57 -0700] "GET /m/pessi80483471.htm HTTP/1.1" 200 1 "-" "Mozilla/5.0 AppleWebKit/537.36 (KHTML, like Gecko; compatible; ClaudeBot/1.0; +claudebot@anthropic.com)" 636 **0/636057**
74.7.242.48 - - [15/Apr/2026:08:24:58 -0700] "GET /m/searc22888097.htm HTTP/1.1" 200 1 "http://biotekpanama.com/sitemap-3.xml" "Mozilla/5.0 AppleWebKit/537.36 (KHTML, like Gecko; compatible; GPTBot/1.3; +https://openai.com/gptbot)" 817 **0/817271**
74.7.242.48 - - [15/Apr/2026:08:25:01 -0700] "GET /m/until41444259.htm HTTP/1.1" 200 1 "http://biotekpanama.com/sitemap-8.xml" "Mozilla/5.0 AppleWebKit/537.36 (KHTML, like Gecko; compatible; GPTBot/1.3; +https://openai.com/gptbot)" 1474 **1/1474492**
216.73.216.104 - - [15/Apr/2026:08:25:02 -0700] "GET /m/colum30721882.htm HTTP/1.1" 200 1 "-" "Mozilla/5.0 AppleWebKit/537.36 (KHTML, like Gecko; compatible; ClaudeBot/1.0; +claudebot@anthropic.com)" 846 **0/846823**
74.7.242.48 - - [15/Apr/2026:08:25:04 -0700] "GET /m/natur52220148.htm HTTP/1.1" 200 1 "http://biotekpanama.com/sitemap-4.xml" "Mozilla/5.0 AppleWebKit/537.36 (KHTML, like Gecko; compatible; GPTBot/1.3; +https://openai.com/gptbot)" 591 **0/591219**
216.73.216.104 - - [15/Apr/2026:08:25:07 -0700] "GET /m/deadl51594220.htm HTTP/1.1" 403 1 "-" "Mozilla/5.0 AppleWebKit/537.36 (KHTML, like Gecko; compatible; ClaudeBot/1.0; +claudebot@anthropic.com)" 686 **0/686181**
74.7.242.48 - - [15/Apr/2026:08:25:07 -0700] "GET /m/handb70801118.htm HTTP/1.1" 200 1 "http://biotekpanama.com/sitemap-6.xml" "Mozilla/5.0 AppleWebKit/537.36 (KHTML, like Gecko; compatible; GPTBot/1.3; +https://openai.com/gptbot)" 2613 **2/2613668**
74.7.242.48 - - [15/Apr/2026:08:25:11 -0700] "GET /m/posit81117007.htm HTTP/1.1" 200 1 "http://biotekpanama.com/sitemap-3.xml" "Mozilla/5.0 AppleWebKit/537.36 (KHTML, like Gecko; compatible; GPTBot/1.3; +https://openai.com/gptbot)" 403 **0/403832**
216.73.216.104 - - [15/Apr/2026:08:25:13 -0700] "GET /m/coil71762622.htm HTTP/1.1" 403 1 "-" "Mozilla/5.0 AppleWebKit/537.36 (KHTML, like Gecko; compatible; ClaudeBot/1.0; +claudebot@anthropic.com)" 285 **0/285479**
74.7.242.48 - - [15/Apr/2026:08:25:14 -0700] "GET /m/comba32431666.htm HTTP/1.1" 200 1 "http://biotekpanama.com/sitemap-4.xml" "Mozilla/5.0 AppleWebKit/537.36 (KHTML, like Gecko; compatible; GPTBot/1.3; +https://openai.com/gptbot)" 1125 **1/1125014**
216.73.216.104 - - [15/Apr/2026:08:25:17 -0700] "GET /m/emerg81129895.htm HTTP/1.1" 403 1 "-" "Mozilla/5.0 AppleWebKit/537.36 (KHTML, like Gecko; compatible; ClaudeBot/1.0; +claudebot@anthropic.com)" 50 **0/50183**
74.7.242.48 - - [15/Apr/2026:08:25:17 -0700] "GET /m/screa40111715.htm HTTP/1.1" 200 1 "http://biotekpanama.com/sitemap-8.xml" "Mozilla/5.0 AppleWebKit/537.36 (KHTML, like Gecko; compatible; GPTBot/1.3; +https://openai.com/gptbot)" 105 **0/105358**
74.7.242.48 - - [15/Apr/2026:08:25:20 -0700] "GET /m/polic11192152.htm HTTP/1.1" 200 1 "http://biotekpanama.com/sitemap-9.xml" "Mozilla/5.0 AppleWebKit/537.36 (KHTML, like Gecko; compatible; GPTBot/1.3; +https://openai.com/gptbot)" 92 **0/92021**
74.7.242.48 - - [15/Apr/2026:08:25:23 -0700] "GET /m/decli12422240.htm HTTP/1.1" 200 1 "http://biotekpanama.com/sitemap-3.xml" "Mozilla/5.0 AppleWebKit/537.36 (KHTML, like Gecko; compatible; GPTBot/1.3; +https://openai.com/gptbot)" 42 **0/42781**
216.73.216.104 - - [15/Apr/2026:08:25:26 -0700] "GET /m/sake82195391.htm HTTP/1.1" 403 1 "-" "Mozilla/5.0 AppleWebKit/537.36 (KHTML, like Gecko; compatible; ClaudeBot/1.0; +claudebot@anthropic.com)" 40 **0/40233**
74.7.242.48 - - [15/Apr/2026:08:25:26 -0700] "GET /m/basis32223570.htm HTTP/1.1" 200 1 "http://biotekpanama.com/sitemap-6.xml" "Mozilla/5.0 AppleWebKit/537.36 (KHTML, like Gecko; compatible; GPTBot/1.3; +https://openai.com/gptbot)" 51 **0/51014**
74.7.242.48 - - [15/Apr/2026:08:25:30 -0700] "GET /m/partl20358777.htm HTTP/1.1" 200 1 "http://biotekpanama.com/sitemap-9.xml" "Mozilla/5.0 AppleWebKit/537.36 (KHTML, like Gecko; compatible; GPTBot/1.3; +https://openai.com/gptbot)" 55 **0/55633**
216.73.216.104 - - [15/Apr/2026:08:25:30 -0700] "GET /m/april12764784.htm HTTP/1.1" 403 1 "-" "Mozilla/5.0 AppleWebKit/537.36 (KHTML, like Gecko; compatible; ClaudeBot/1.0; +claudebot@anthropic.com)" 34 **0/34807**
74.7.242.48 - - [15/Apr/2026:08:25:33 -0700] "GET /m/rolle32958882.htm HTTP/1.1" 200 1 "http://biotekpanama.com/sitemap-9.xml" "Mozilla/5.0 AppleWebKit/537.36 (KHTML, like Gecko; compatible; GPTBot/1.3; +https://openai.com/gptbot)" 196 **0/196422**
216.73.216.104 - - [15/Apr/2026:08:25:36 -0700] "GET /m/infor81296191.htm HTTP/1.1" 403 1 "-" "Mozilla/5.0 AppleWebKit/537.36 (KHTML, like Gecko; compatible; ClaudeBot/1.0; +claudebot@anthropic.com)" 64 **0/64991**
74.7.242.48 - - [15/Apr/2026:08:25:36 -0700] "GET /m/hinde22269889.htm HTTP/1.1" 200 1 "http://biotekpanama.com/sitemap-4.xml" "Mozilla/5.0 AppleWebKit/537.36 (KHTML, like Gecko; compatible; GPTBot/1.3; +https://openai.com/gptbot)" 65 **0/65472**
74.7.242.48 - - [15/Apr/2026:08:25:39 -0700] "GET /m/decen52922204.htm HTTP/1.1" 200 1 "http://biotekpanama.com/sitemap-9.xml" "Mozilla/5.0 AppleWebKit/537.36 (KHTML, like Gecko; compatible; GPTBot/1.3; +https://openai.com/gptbot)" 31 **0/31038**
74.7.242.48 - - [15/Apr/2026:08:25:44 -0700] "GET /m/adjec50346660.htm HTTP/1.1" 200 1 "http://biotekpanama.com/sitemap-3.xml" "Mozilla/5.0 AppleWebKit/537.36 (KHTML, like Gecko; compatible; GPTBot/1.3; +https://openai.com/gptbot)" 941 **0/941490**
216.73.216.104 - - [15/Apr/2026:08:25:44 -0700] "GET /m/sat51603940.htm HTTP/1.1" 403 1 "-" "Mozilla/5.0 AppleWebKit/537.36 (KHTML, like Gecko; compatible; ClaudeBot/1.0; +claudebot@anthropic.com)" 1087 **1/1087832**
74.7.242.48 - - [15/Apr/2026:08:25:45 -0700] "GET /m/flour11066608.htm HTTP/1.1" 200 1 "http://biotekpanama.com/sitemap-6.xml" "Mozilla/5.0 AppleWebKit/537.36 (KHTML, like Gecko; compatible; GPTBot/1.3; +https://openai.com/gptbot)" 911 **0/911927**
74.7.242.48 - - [15/Apr/2026:08:25:48 -0700] "GET /m/enqui40111779.htm HTTP/1.1" 200 1 "http://biotekpanama.com/sitemap-4.xml" "Mozilla/5.0 AppleWebKit/537.36 (KHTML, like Gecko; compatible; GPTBot/1.3; +https://openai.com/gptbot)" 1153 **1/1153940**
74.7.242.48 - - [15/Apr/2026:08:25:52 -0700] "GET /m/aerop50046668.htm HTTP/1.1" 200 1 "http://biotekpanama.com/sitemap-3.xml" "Mozilla/5.0 AppleWebKit/537.36 (KHTML, like Gecko; compatible; GPTBot/1.3; +https://openai.com/gptbot)" 2906 **2/2906513**
216.73.216.104 - - [15/Apr/2026:08:25:51 -0700] "GET /m/deser62453877.htm HTTP/1.1" 200 1 "-" "Mozilla/5.0 AppleWebKit/537.36 (KHTML, like Gecko; compatible; ClaudeBot/1.0; +claudebot@anthropic.com)" 3119 **3/3119590**
74.7.242.48 - - [15/Apr/2026:08:25:55 -0700] "GET /m/biolo61777533.htm HTTP/1.1" 200 1 "http://biotekpanama.com/sitemap-6.xml" "Mozilla/5.0 AppleWebKit/537.36 (KHTML, like Gecko; compatible; GPTBot/1.3; +https://openai.com/gptbot)" 149 **0/149754**
216.73.216.104 - - [15/Apr/2026:08:25:57 -0700] "GET /m/domes60510229.htm HTTP/1.1" 200 1 "-" "Mozilla/5.0 AppleWebKit/537.36 (KHTML, like Gecko; compatible; ClaudeBot/1.0; +claudebot@anthropic.com)" 34 **0/34426**
74.7.242.48 - - [15/Apr/2026:08:25:58 -0700] "GET /m/spotl52333452.htm HTTP/1.1" 200 1 "http://biotekpanama.com/sitemap-6.xml" "Mozilla/5.0 AppleWebKit/537.36 (KHTML, like Gecko; compatible; GPTBot/1.3; +https://openai.com/gptbot)" 56 **0/56772**
74.7.242.48 - - [15/Apr/2026:08:26:01 -0700] "GET /m/purpo11777800.htm HTTP/1.1" 200 1 "http://biotekpanama.com/sitemap-3.xml" "Mozilla/5.0 AppleWebKit/537.36 (KHTML, like Gecko; compatible; GPTBot/1.3; +https://openai.com/gptbot)" 58 **0/58159**
216.73.216.104 - - [15/Apr/2026:08:26:02 -0700] "GET /m/circl20612593.htm HTTP/1.1" 200 1 "-" "Mozilla/5.0 AppleWebKit/537.36 (KHTML, like Gecko; compatible; ClaudeBot/1.0; +claudebot@anthropic.com)" 56 **0/56669**
74.7.242.48 - - [15/Apr/2026:08:26:04 -0700] "GET /m/comba32215666.htm HTTP/1.1" 200 1 "http://biotekpanama.com/sitemap-9.xml" "Mozilla/5.0 AppleWebKit/537.36 (KHTML, like Gecko; compatible; GPTBot/1.3; +https://openai.com/gptbot)" 63 **0/63762**
74.7.242.48 - - [15/Apr/2026:08:26:07 -0700] "GET /m/mercu50999604.htm HTTP/1.1" 200 1 "http://biotekpanama.com/sitemap-3.xml" "Mozilla/5.0 AppleWebKit/537.36 (KHTML, like Gecko; compatible; GPTBot/1.3; +https://openai.com/gptbot)" 161 **0/161597**
216.73.216.104 - - [15/Apr/2026:08:26:08 -0700] "GET /m/slow21976137.htm HTTP/1.1" 200 1 "-" "Mozilla/5.0 AppleWebKit/537.36 (KHTML, like Gecko; compatible; ClaudeBot/1.0; +claudebot@anthropic.com)" 41 **0/41655**
51.195.215.194 - - [15/Apr/2026:08:26:09 -0700] "GET /m/bump60511661.htm HTTP/1.1" 200 1 "-" "Mozilla/5.0 (compatible; AhrefsBot/7.0; +http://ahrefs.com/robot/)" 40 **0/40995**
74.7.242.48 - - [15/Apr/2026:08:26:10 -0700] "GET /m/spray70091118.htm HTTP/1.1" 200 1 "http://biotekpanama.com/sitemap-8.xml" "Mozilla/5.0 AppleWebKit/537.36 (KHTML, like Gecko; compatible; GPTBot/1.3; +https://openai.com/gptbot)" 37 **0/37898**
216.73.216.104 - - [15/Apr/2026:08:26:13 -0700] "GET /m/tiff80671895.htm HTTP/1.1" 200 1 "-" "Mozilla/5.0 AppleWebKit/537.36 (KHTML, like Gecko; compatible; ClaudeBot/1.0; +claudebot@anthropic.com)" 24 **0/24674**
74.7.242.48 - - [15/Apr/2026:08:26:14 -0700] "GET /m/insec80777599.htm HTTP/1.1" 200 1 "http://biotekpanama.com/sitemap-6.xml" "Mozilla/5.0 AppleWebKit/537.36 (KHTML, like Gecko; compatible; GPTBot/1.3; +https://openai.com/gptbot)" 28 **0/28378**
74.7.242.48 - - [15/Apr/2026:08:26:17 -0700] "GET /m/carel11237000.htm HTTP/1.1" 200 1 "http://biotekpanama.com/sitemap-4.xml" "Mozilla/5.0 AppleWebKit/537.36 (KHTML, like Gecko; compatible; GPTBot/1.3; +https://openai.com/gptbot)" 51 **0/51700**
216.73.216.104 - - [15/Apr/2026:08:26:18 -0700] "GET /m/deer62171061.htm HTTP/1.1" 200 1 "-" "Mozilla/5.0 AppleWebKit/537.36 (KHTML, like Gecko; compatible; ClaudeBot/1.0; +claudebot@anthropic.com)" 32 **0/32850**
74.7.242.48 - - [15/Apr/2026:08:26:20 -0700] "GET /m/stock40666075.htm HTTP/1.1" 200 1 "http://biotekpanama.com/sitemap-9.xml" "Mozilla/5.0 AppleWebKit/537.36 (KHTML, like Gecko; compatible; GPTBot/1.3; +https://openai.com/gptbot)" 32 **0/32774**
216.73.216.104 - - [15/Apr/2026:08:26:23 -0700] "GET /m/skyro82062183.htm HTTP/1.1" 200 1 "-" "Mozilla/5.0 AppleWebKit/537.36 (KHTML, like Gecko; compatible; ClaudeBot/1.0; +claudebot@anthropic.com)" 32 **0/32089**
74.7.242.48 - - [15/Apr/2026:08:26:23 -0700] "GET /m/edito60326669.htm HTTP/1.1" 200 1 "http://biotekpanama.com/sitemap-3.xml" "Mozilla/5.0 AppleWebKit/537.36 (KHTML, like Gecko; compatible; GPTBot/1.3; +https://openai.com/gptbot)" 33 **0/33838**
74.7.242.48 - - [15/Apr/2026:08:26:26 -0700] "GET /m/focus61119109.htm HTTP/1.1" 200 1 "http://biotekpanama.com/sitemap-8.xml" "Mozilla/5.0 AppleWebKit/537.36 (KHTML, like Gecko; compatible; GPTBot/1.3; +https://openai.com/gptbot)" 41 **0/41112**
216.73.216.104 - - [15/Apr/2026:08:26:28 -0700] "GET /m/trous42137243.htm HTTP/1.1" 200 1 "-" "Mozilla/5.0 AppleWebKit/537.36 (KHTML, like Gecko; compatible; ClaudeBot/1.0; +claudebot@anthropic.com)" 39 **0/39795**
74.7.242.48 - - [15/Apr/2026:08:26:29 -0700] "GET /m/hesit71739222.htm HTTP/1.1" 200 1 "http://biotekpanama.com/sitemap-8.xml" "Mozilla/5.0 AppleWebKit/537.36 (KHTML, like Gecko; compatible; GPTBot/1.3; +https://openai.com/gptbot)" 127 **0/127339**
74.7.242.48 - - [15/Apr/2026:08:26:33 -0700] "GET /m/inwar81866615.htm HTTP/1.1" 200 1 "http://biotekpanama.com/sitemap-3.xml" "Mozilla/5.0 AppleWebKit/537.36 (KHTML, like Gecko; compatible; GPTBot/1.3; +https://openai.com/gptbot)" 103 **0/103444**
216.73.216.104 - - [15/Apr/2026:08:26:33 -0700] "GET /m/bow31397738.htm HTTP/1.1" 200 1 "-" "Mozilla/5.0 AppleWebKit/537.36 (KHTML, like Gecko; compatible; ClaudeBot/1.0; +claudebot@anthropic.com)" 81 **0/81861**
74.7.242.48 - - [15/Apr/2026:08:26:36 -0700] "GET /m/partl21082777.htm HTTP/1.1" 200 1 "http://biotekpanama.com/sitemap-7.xml" "Mozilla/5.0 AppleWebKit/537.36 (KHTML, like Gecko; compatible; GPTBot/1.3; +https://openai.com/gptbot)" 62 **0/62720**
216.73.216.104 - - [15/Apr/2026:08:26:38 -0700] "GET /m/couns22773945.htm HTTP/1.1" 200 1 "-" "Mozilla/5.0 AppleWebKit/537.36 (KHTML, like Gecko; compatible; ClaudeBot/1.0; +claudebot@anthropic.com)" 43 **0/43991**
74.7.242.48 - - [15/Apr/2026:08:26:43 -0700] "GET /m/targe20007761.htm HTTP/1.1" 200 1 "http://biotekpanama.com/sitemap-4.xml" "Mozilla/5.0 AppleWebKit/537.36 (KHTML, like Gecko; compatible; GPTBot/1.3; +https://openai.com/gptbot)" 849 **0/849383**
216.73.216.104 - - [15/Apr/2026:08:26:44 -0700] "GET /m/good60578757.htm HTTP/1.1" 200 1 "-" "Mozilla/5.0 AppleWebKit/537.36 (KHTML, like Gecko; compatible; ClaudeBot/1.0; +claudebot@anthropic.com)" 514 **0/514177**
74.7.242.48 - - [15/Apr/2026:08:26:44 -0700] "GET /m/denta12223696.htm HTTP/1.1" 200 1 "http://biotekpanama.com/sitemap-4.xml" "Mozilla/5.0 AppleWebKit/537.36 (KHTML, like Gecko; compatible; GPTBot/1.3; +https://openai.com/gptbot)" 391 **0/391342**
74.7.242.48 - - [15/Apr/2026:08:26:47 -0700] "GET /m/wheel12000744.htm HTTP/1.1" 200 1 "http://biotekpanama.com/sitemap-4.xml" "Mozilla/5.0 AppleWebKit/537.36 (KHTML, like Gecko; compatible; GPTBot/1.3; +https://openai.com/gptbot)" 48 **0/48146**
216.73.216.104 - - [15/Apr/2026:08:26:48 -0700] "GET /m/pure11494752.htm HTTP/1.1" 200 1 "-" "Mozilla/5.0 AppleWebKit/537.36 (KHTML, like Gecko; compatible; ClaudeBot/1.0; +claudebot@anthropic.com)" 45 **0/45291**
74.7.242.48 - - [15/Apr/2026:08:26:50 -0700] "GET /m/handk11747000.htm HTTP/1.1" 200 1 "http://biotekpanama.com/sitemap-8.xml" "Mozilla/5.0 AppleWebKit/537.36 (KHTML, like Gecko; compatible; GPTBot/1.3; +https://openai.com/gptbot)" 63 **0/63921**
20.220.161.65 - - [15/Apr/2026:08:26:50 -0700] "GET /wp-content/plugins/hellopress/wp_filemanager.php HTTP/1.1" 200 - "-" "-" 64 **0/64939**
20.220.161.65 - - [15/Apr/2026:08:26:51 -0700] "GET /test1.php HTTP/1.1" 403 - "-" "-" 36 **0/36853**
20.220.161.65 - - [15/Apr/2026:08:26:51 -0700] "GET /admin.php HTTP/1.1" 200 - "-" "-" 42 **0/42304**
20.220.161.65 - - [15/Apr/2026:08:26:51 -0700] "GET /goods.php HTTP/1.1" 403 - "-" "-" 43 **0/43700**
20.220.161.65 - - [15/Apr/2026:08:26:51 -0700] "GET /public/css.php HTTP/1.1" 200 - "-" "-" 59 **0/59794**
20.220.161.65 - - [15/Apr/2026:08:26:51 -0700] "GET /classwithtostring.php HTTP/1.1" 403 - "-" "-" 34 **0/34766**
20.220.161.65 - - [15/Apr/2026:08:26:51 -0700] "GET /wp-includes/block-supports/ HTTP/1.1" 200 - "-" "-" 131 **0/131124**
20.220.161.65 - - [15/Apr/2026:08:26:51 -0700] "GET /wp-content/admin.php HTTP/1.1" 200 - "-" "-" 35 **0/35700**
20.220.161.65 - - [15/Apr/2026:08:26:52 -0700] "GET /gelay.php HTTP/1.1" 403 - "-" "-" 49 **0/49561**
20.220.161.65 - - [15/Apr/2026:08:26:52 -0700] "GET /wp-admin/images/admin.php HTTP/1.1" 200 - "-" "-" 54 **0/54512**
20.220.161.65 - - [15/Apr/2026:08:26:52 -0700] "GET /adminfuns.php HTTP/1.1" 200 - "-" "-" 98 **0/98872**
20.220.161.65 - - [15/Apr/2026:08:26:52 -0700] "GET /wp-admin/css/ HTTP/1.1" 200 - "-" "-" 51 **0/51180**
20.220.161.65 - - [15/Apr/2026:08:26:52 -0700] "GET /admin/controller/extension/extension/ultra.php HTTP/1.1" 200 - "-" "-" 41 **0/41458**
20.220.161.65 - - [15/Apr/2026:08:26:52 -0700] "GET /about.php HTTP/1.1" 403 - "-" "-" 42 **0/42569**
20.220.161.65 - - [15/Apr/2026:08:26:52 -0700] "GET /wp-admin/css/colors/index.php HTTP/1.1" 200 - "-" "-" 31 **0/31948**
20.220.161.65 - - [15/Apr/2026:08:26:53 -0700] "GET /f35.php HTTP/1.1" 403 - "-" "-" 31 **0/31103**
20.220.161.65 - - [15/Apr/2026:08:26:53 -0700] "GET /wp-includes/js/ HTTP/1.1" 200 - "-" "-" 31 **0/31650**
216.73.216.104 - - [15/Apr/2026:08:26:53 -0700] "GET /m/might22293633.htm HTTP/1.1" 200 1 "-" "Mozilla/5.0 AppleWebKit/537.36 (KHTML, like Gecko; compatible; ClaudeBot/1.0; +claudebot@anthropic.com)" 45 **0/45683**
20.220.161.65 - - [15/Apr/2026:08:26:53 -0700] "GET /inputs.php HTTP/1.1" 200 - "-" "-" 28 **0/28831**
20.220.161.65 - - [15/Apr/2026:08:26:53 -0700] "GET /wp-admin/css/colors/ HTTP/1.1" 200 - "-" "-" 22 **0/22835**
20.220.161.65 - - [15/Apr/2026:08:26:53 -0700] "GET /222.php HTTP/1.1" 403 - "-" "-" 62 **0/62225**
20.220.161.65 - - [15/Apr/2026:08:26:53 -0700] "GET /chosen.php HTTP/1.1" 403 - "-" "-" 18 **0/18729**
20.220.161.65 - - [15/Apr/2026:08:26:53 -0700] "GET /info.php HTTP/1.1" 403 - "-" "-" 24 **0/24125**
20.220.161.65 - - [15/Apr/2026:08:26:53 -0700] "GET /wp-includes/html-api/ HTTP/1.1" 200 - "-" "-" 41 **0/41421**
20.220.161.65 - - [15/Apr/2026:08:26:53 -0700] "GET /wp-includes/ID3/index.php HTTP/1.1" 200 - "-" "-" 43 **0/43190**
74.7.242.48 - - [15/Apr/2026:08:26:54 -0700] "GET /m/bride61322213.htm HTTP/1.1" 200 1 "http://biotekpanama.com/sitemap-6.xml" "Mozilla/5.0 AppleWebKit/537.36 (KHTML, like Gecko; compatible; GPTBot/1.3; +https://openai.com/gptbot)" 60 **0/60725**
