74.7.242.48 - - [15/Apr/2026:08:59:13 -0700] "GET /m/post41036403.htm HTTP/1.1" 200 1 "http://biotekpanama.com/sitemap-6.xml" "Mozilla/5.0 AppleWebKit/537.36 (KHTML, like Gecko; compatible; GPTBot/1.3; +https://openai.com/gptbot)" 28 **0/28562**
74.7.242.48 - - [15/Apr/2026:08:59:16 -0700] "GET /m/nude61031869.htm HTTP/1.1" 200 1 "http://biotekpanama.com/sitemap-8.xml" "Mozilla/5.0 AppleWebKit/537.36 (KHTML, like Gecko; compatible; GPTBot/1.3; +https://openai.com/gptbot)" 37 **0/37624**
216.73.216.104 - - [15/Apr/2026:08:59:17 -0700] "GET /m/tend61935005.htm HTTP/1.1" 403 1 "-" "Mozilla/5.0 AppleWebKit/537.36 (KHTML, like Gecko; compatible; ClaudeBot/1.0; +claudebot@anthropic.com)" 34 **0/34313**
74.7.242.48 - - [15/Apr/2026:08:59:19 -0700] "GET /m/yolk22467913.htm HTTP/1.1" 200 1 "http://biotekpanama.com/sitemap-3.xml" "Mozilla/5.0 AppleWebKit/537.36 (KHTML, like Gecko; compatible; GPTBot/1.3; +https://openai.com/gptbot)" 240 **0/240543**
74.7.242.48 - - [15/Apr/2026:08:59:22 -0700] "GET /m/beef42592723.htm HTTP/1.1" 200 1 "http://biotekpanama.com/sitemap-4.xml" "Mozilla/5.0 AppleWebKit/537.36 (KHTML, like Gecko; compatible; GPTBot/1.3; +https://openai.com/gptbot)" 29 **0/29784**
216.73.216.104 - - [15/Apr/2026:08:59:23 -0700] "GET /m/them42776731.htm HTTP/1.1" 403 1 "-" "Mozilla/5.0 AppleWebKit/537.36 (KHTML, like Gecko; compatible; ClaudeBot/1.0; +claudebot@anthropic.com)" 276 **0/276653**
74.7.242.48 - - [15/Apr/2026:08:59:25 -0700] "GET /m/peak10515496.htm HTTP/1.1" 200 1 "http://biotekpanama.com/sitemap-3.xml" "Mozilla/5.0 AppleWebKit/537.36 (KHTML, like Gecko; compatible; GPTBot/1.3; +https://openai.com/gptbot)" 190 **0/190308**
216.73.216.104 - - [15/Apr/2026:08:59:27 -0700] "GET /m/since70901046.htm HTTP/1.1" 403 1 "-" "Mozilla/5.0 AppleWebKit/537.36 (KHTML, like Gecko; compatible; ClaudeBot/1.0; +claudebot@anthropic.com)" 164 **0/164796**
74.7.242.48 - - [15/Apr/2026:08:59:29 -0700] "GET /m/fool12685696.htm HTTP/1.1" 200 1 "http://biotekpanama.com/sitemap-3.xml" "Mozilla/5.0 AppleWebKit/537.36 (KHTML, like Gecko; compatible; GPTBot/1.3; +https://openai.com/gptbot)" 278 **0/278429**
51.195.244.40 - - [15/Apr/2026:08:59:31 -0700] "GET /m/tray71238726.htm HTTP/1.1" 200 1 "-" "Mozilla/5.0 (compatible; AhrefsBot/7.0; +http://ahrefs.com/robot/)" 377 **0/377197**
74.7.242.48 - - [15/Apr/2026:08:59:32 -0700] "GET /m/near21976817.htm HTTP/1.1" 200 1 "http://biotekpanama.com/sitemap-8.xml" "Mozilla/5.0 AppleWebKit/537.36 (KHTML, like Gecko; compatible; GPTBot/1.3; +https://openai.com/gptbot)" 164 **0/164759**
74.7.242.48 - - [15/Apr/2026:08:59:35 -0700] "GET /m/test32676530.htm HTTP/1.1" 200 1 "http://biotekpanama.com/sitemap-4.xml" "Mozilla/5.0 AppleWebKit/537.36 (KHTML, like Gecko; compatible; GPTBot/1.3; +https://openai.com/gptbot)" 128 **0/128997**
216.73.216.104 - - [15/Apr/2026:08:59:36 -0700] "GET /m/area70164894.htm HTTP/1.1" 403 1 "-" "Mozilla/5.0 AppleWebKit/537.36 (KHTML, like Gecko; compatible; ClaudeBot/1.0; +claudebot@anthropic.com)" 143 **0/143869**
74.7.242.48 - - [15/Apr/2026:08:59:38 -0700] "GET /m/axis20594865.htm HTTP/1.1" 200 1 "http://biotekpanama.com/sitemap-6.xml" "Mozilla/5.0 AppleWebKit/537.36 (KHTML, like Gecko; compatible; GPTBot/1.3; +https://openai.com/gptbot)" 154 **0/154388**
74.7.242.48 - - [15/Apr/2026:08:59:41 -0700] "GET /m/door42880091.htm HTTP/1.1" 200 1 "http://biotekpanama.com/sitemap-9.xml" "Mozilla/5.0 AppleWebKit/537.36 (KHTML, like Gecko; compatible; GPTBot/1.3; +https://openai.com/gptbot)" 256 **0/256239**
216.73.216.104 - - [15/Apr/2026:08:59:42 -0700] "GET /m/coast80432263.htm HTTP/1.1" 403 1 "-" "Mozilla/5.0 AppleWebKit/537.36 (KHTML, like Gecko; compatible; ClaudeBot/1.0; +claudebot@anthropic.com)" 127 **0/127285**
74.7.242.48 - - [15/Apr/2026:08:59:44 -0700] "GET /m/grey80862831.htm HTTP/1.1" 200 1 "http://biotekpanama.com/sitemap-8.xml" "Mozilla/5.0 AppleWebKit/537.36 (KHTML, like Gecko; compatible; GPTBot/1.3; +https://openai.com/gptbot)" 179 **0/179304**
74.7.242.48 - - [15/Apr/2026:08:59:47 -0700] "GET /m/word20436905.htm HTTP/1.1" 200 1 "http://biotekpanama.com/sitemap-3.xml" "Mozilla/5.0 AppleWebKit/537.36 (KHTML, like Gecko; compatible; GPTBot/1.3; +https://openai.com/gptbot)" 272 **0/272006**
216.73.216.104 - - [15/Apr/2026:08:59:48 -0700] "GET /m/year22397241.htm HTTP/1.1" 200 1 "-" "Mozilla/5.0 AppleWebKit/537.36 (KHTML, like Gecko; compatible; ClaudeBot/1.0; +claudebot@anthropic.com)" 114 **0/114642**
216.73.216.104 - - [15/Apr/2026:08:59:50 -0700] "GET /m/title82211703.htm HTTP/1.1" 200 1 "-" "Mozilla/5.0 AppleWebKit/537.36 (KHTML, like Gecko; compatible; ClaudeBot/1.0; +claudebot@anthropic.com)" 325 **0/325213**
74.7.242.48 - - [15/Apr/2026:08:59:50 -0700] "GET /m/sort52721076.htm HTTP/1.1" 200 1 "http://biotekpanama.com/sitemap-9.xml" "Mozilla/5.0 AppleWebKit/537.36 (KHTML, like Gecko; compatible; GPTBot/1.3; +https://openai.com/gptbot)" 401 **0/401124**
216.73.216.104 - - [15/Apr/2026:08:59:52 -0700] "GET /m/bow30441738.htm HTTP/1.1" 200 1 "-" "Mozilla/5.0 AppleWebKit/537.36 (KHTML, like Gecko; compatible; ClaudeBot/1.0; +claudebot@anthropic.com)" 429 **0/429653**
74.7.242.48 - - [15/Apr/2026:08:59:54 -0700] "GET /m/tend60739005.htm HTTP/1.1" 200 1 "http://biotekpanama.com/sitemap-8.xml" "Mozilla/5.0 AppleWebKit/537.36 (KHTML, like Gecko; compatible; GPTBot/1.3; +https://openai.com/gptbot)" 573 **0/573047**
216.73.216.104 - - [15/Apr/2026:08:59:55 -0700] "GET /m/pure10178752.htm HTTP/1.1" 200 1 "-" "Mozilla/5.0 AppleWebKit/537.36 (KHTML, like Gecko; compatible; ClaudeBot/1.0; +claudebot@anthropic.com)" 469 **0/469718**
74.7.242.48 - - [15/Apr/2026:08:59:57 -0700] "GET /m/fond22475241.htm HTTP/1.1" 200 1 "http://biotekpanama.com/sitemap-6.xml" "Mozilla/5.0 AppleWebKit/537.36 (KHTML, like Gecko; compatible; GPTBot/1.3; +https://openai.com/gptbot)" 155 **0/155069**
216.73.216.104 - - [15/Apr/2026:08:59:58 -0700] "GET /m/advis31032050.htm HTTP/1.1" 200 1 "-" "Mozilla/5.0 AppleWebKit/537.36 (KHTML, like Gecko; compatible; ClaudeBot/1.0; +claudebot@anthropic.com)" 109 **0/109569**
74.7.242.48 - - [15/Apr/2026:09:00:00 -0700] "GET /m/aver41671819.htm HTTP/1.1" 200 1 "http://biotekpanama.com/sitemap-6.xml" "Mozilla/5.0 AppleWebKit/537.36 (KHTML, like Gecko; compatible; GPTBot/1.3; +https://openai.com/gptbot)" 190 **0/190898**
216.73.216.104 - - [15/Apr/2026:09:00:01 -0700] "GET /m/excee60226621.htm HTTP/1.1" 200 1 "-" "Mozilla/5.0 AppleWebKit/537.36 (KHTML, like Gecko; compatible; ClaudeBot/1.0; +claudebot@anthropic.com)" 389 **0/389991**
74.7.242.48 - - [15/Apr/2026:09:00:03 -0700] "GET /m/suit81641655.htm HTTP/1.1" 200 1 "http://biotekpanama.com/sitemap-4.xml" "Mozilla/5.0 AppleWebKit/537.36 (KHTML, like Gecko; compatible; GPTBot/1.3; +https://openai.com/gptbot)" 281 **0/281733**
216.73.216.104 - - [15/Apr/2026:09:00:04 -0700] "GET /m/boy51428692.htm HTTP/1.1" 200 1 "-" "Mozilla/5.0 AppleWebKit/537.36 (KHTML, like Gecko; compatible; ClaudeBot/1.0; +claudebot@anthropic.com)" 603 **0/603198**
74.7.242.48 - - [15/Apr/2026:09:00:06 -0700] "GET /m/rail11986968.htm HTTP/1.1" 200 1 "http://biotekpanama.com/sitemap-9.xml" "Mozilla/5.0 AppleWebKit/537.36 (KHTML, like Gecko; compatible; GPTBot/1.3; +https://openai.com/gptbot)" 472 **0/472064**
216.73.216.104 - - [15/Apr/2026:09:00:07 -0700] "GET /m/smart20472537.htm HTTP/1.1" 200 1 "-" "Mozilla/5.0 AppleWebKit/537.36 (KHTML, like Gecko; compatible; ClaudeBot/1.0; +claudebot@anthropic.com)" 322 **0/322679**
74.7.242.48 - - [15/Apr/2026:09:00:09 -0700] "GET /m/upon50889356.htm HTTP/1.1" 200 1 "http://biotekpanama.com/sitemap-8.xml" "Mozilla/5.0 AppleWebKit/537.36 (KHTML, like Gecko; compatible; GPTBot/1.3; +https://openai.com/gptbot)" 317 **0/317585**
216.73.216.104 - - [15/Apr/2026:09:00:10 -0700] "GET /m/smart22656537.htm HTTP/1.1" 200 1 "-" "Mozilla/5.0 AppleWebKit/537.36 (KHTML, like Gecko; compatible; ClaudeBot/1.0; +claudebot@anthropic.com)" 508 **0/508121**
74.7.242.48 - - [15/Apr/2026:09:00:13 -0700] "GET /m/cart32995610.htm HTTP/1.1" 200 1 "http://biotekpanama.com/sitemap-7.xml" "Mozilla/5.0 AppleWebKit/537.36 (KHTML, like Gecko; compatible; GPTBot/1.3; +https://openai.com/gptbot)" 441 **0/441456**
216.73.216.104 - - [15/Apr/2026:09:00:13 -0700] "GET /m/shall40729603.htm HTTP/1.1" 200 1 "-" "Mozilla/5.0 AppleWebKit/537.36 (KHTML, like Gecko; compatible; ClaudeBot/1.0; +claudebot@anthropic.com)" 246 **0/246268**
74.7.242.48 - - [15/Apr/2026:09:00:16 -0700] "GET /m/gang61467181.htm HTTP/1.1" 200 1 "http://biotekpanama.com/sitemap-9.xml" "Mozilla/5.0 AppleWebKit/537.36 (KHTML, like Gecko; compatible; GPTBot/1.3; +https://openai.com/gptbot)" 510 **0/510435**
216.73.216.104 - - [15/Apr/2026:09:00:16 -0700] "GET /m/norm72955870.htm HTTP/1.1" 200 1 "-" "Mozilla/5.0 AppleWebKit/537.36 (KHTML, like Gecko; compatible; ClaudeBot/1.0; +claudebot@anthropic.com)" 611 **0/611730**
74.7.242.48 - - [15/Apr/2026:09:00:19 -0700] "GET /m/buse81247919.htm HTTP/1.1" 200 1 "http://biotekpanama.com/sitemap-7.xml" "Mozilla/5.0 AppleWebKit/537.36 (KHTML, like Gecko; compatible; GPTBot/1.3; +https://openai.com/gptbot)" 258 **0/258580**
216.73.216.104 - - [15/Apr/2026:09:00:19 -0700] "GET /m/fall32545538.htm HTTP/1.1" 200 1 "-" "Mozilla/5.0 AppleWebKit/537.36 (KHTML, like Gecko; compatible; ClaudeBot/1.0; +claudebot@anthropic.com)" 26 **0/26845**
74.7.242.48 - - [15/Apr/2026:09:00:22 -0700] "GET /m/crow50139260.htm HTTP/1.1" 200 1 "http://biotekpanama.com/sitemap-6.xml" "Mozilla/5.0 AppleWebKit/537.36 (KHTML, like Gecko; compatible; GPTBot/1.3; +https://openai.com/gptbot)" 34 **0/34962**
216.73.216.104 - - [15/Apr/2026:09:00:22 -0700] "GET /m/doze31719962.htm HTTP/1.1" 200 1 "-" "Mozilla/5.0 AppleWebKit/537.36 (KHTML, like Gecko; compatible; ClaudeBot/1.0; +claudebot@anthropic.com)" 29 **0/29668**
74.7.242.48 - - [15/Apr/2026:09:00:25 -0700] "GET /m/hook11294576.htm HTTP/1.1" 200 1 "http://biotekpanama.com/sitemap-3.xml" "Mozilla/5.0 AppleWebKit/537.36 (KHTML, like Gecko; compatible; GPTBot/1.3; +https://openai.com/gptbot)" 175 **0/175340**
216.73.216.104 - - [15/Apr/2026:09:00:25 -0700] "GET /m/coat21092609.htm HTTP/1.1" 200 1 "-" "Mozilla/5.0 AppleWebKit/537.36 (KHTML, like Gecko; compatible; ClaudeBot/1.0; +claudebot@anthropic.com)" 41 **0/41567**
74.7.242.48 - - [15/Apr/2026:09:00:28 -0700] "GET /m/edge70348150.htm HTTP/1.1" 200 1 "http://biotekpanama.com/sitemap-6.xml" "Mozilla/5.0 AppleWebKit/537.36 (KHTML, like Gecko; compatible; GPTBot/1.3; +https://openai.com/gptbot)" 25 **0/25459**
216.73.216.104 - - [15/Apr/2026:09:00:28 -0700] "GET /m/label40462547.htm HTTP/1.1" 200 1 "-" "Mozilla/5.0 AppleWebKit/537.36 (KHTML, like Gecko; compatible; ClaudeBot/1.0; +claudebot@anthropic.com)" 39 **0/39909**
74.7.242.48 - - [15/Apr/2026:09:00:31 -0700] "GET /m/cuse21267921.htm HTTP/1.1" 200 1 "http://biotekpanama.com/sitemap-4.xml" "Mozilla/5.0 AppleWebKit/537.36 (KHTML, like Gecko; compatible; GPTBot/1.3; +https://openai.com/gptbot)" 61 **0/61042**
216.73.216.104 - - [15/Apr/2026:09:00:31 -0700] "GET /m/ant32877162.htm HTTP/1.1" 200 1 "-" "Mozilla/5.0 AppleWebKit/537.36 (KHTML, like Gecko; compatible; ClaudeBot/1.0; +claudebot@anthropic.com)" 62 **0/62696**
74.7.242.48 - - [15/Apr/2026:09:00:34 -0700] "GET /m/wing72912286.htm HTTP/1.1" 200 1 "http://biotekpanama.com/sitemap-9.xml" "Mozilla/5.0 AppleWebKit/537.36 (KHTML, like Gecko; compatible; GPTBot/1.3; +https://openai.com/gptbot)" 50 **0/50355**
216.73.216.104 - - [15/Apr/2026:09:00:34 -0700] "GET /m/cerem81398119.htm HTTP/1.1" 200 1 "-" "Mozilla/5.0 AppleWebKit/537.36 (KHTML, like Gecko; compatible; ClaudeBot/1.0; +claudebot@anthropic.com)" 86 **0/86495**
216.73.216.104 - - [15/Apr/2026:09:00:37 -0700] "GET /m/page72648670.htm HTTP/1.1" 200 1 "-" "Mozilla/5.0 AppleWebKit/537.36 (KHTML, like Gecko; compatible; ClaudeBot/1.0; +claudebot@anthropic.com)" 45 **0/45193**
74.7.242.48 - - [15/Apr/2026:09:00:37 -0700] "GET /m/than71456638.htm HTTP/1.1" 200 1 "http://biotekpanama.com/sitemap-9.xml" "Mozilla/5.0 AppleWebKit/537.36 (KHTML, like Gecko; compatible; GPTBot/1.3; +https://openai.com/gptbot)" 123 **0/123258**
216.73.216.104 - - [15/Apr/2026:09:00:40 -0700] "GET /m/minut82449063.htm HTTP/1.1" 200 1 "-" "Mozilla/5.0 AppleWebKit/537.36 (KHTML, like Gecko; compatible; ClaudeBot/1.0; +claudebot@anthropic.com)" 38 **0/38446**
74.7.242.48 - - [15/Apr/2026:09:00:40 -0700] "GET /m/horn12983632.htm HTTP/1.1" 200 1 "http://biotekpanama.com/sitemap-8.xml" "Mozilla/5.0 AppleWebKit/537.36 (KHTML, like Gecko; compatible; GPTBot/1.3; +https://openai.com/gptbot)" 38 **0/38100**
216.73.216.104 - - [15/Apr/2026:09:00:43 -0700] "GET /m/brim70794998.htm HTTP/1.1" 200 1 "-" "Mozilla/5.0 AppleWebKit/537.36 (KHTML, like Gecko; compatible; ClaudeBot/1.0; +claudebot@anthropic.com)" 178 **0/178353**
74.7.242.48 - - [15/Apr/2026:09:00:43 -0700] "GET /m/hoax30699842.htm HTTP/1.1" 200 1 "http://biotekpanama.com/sitemap-4.xml" "Mozilla/5.0 AppleWebKit/537.36 (KHTML, like Gecko; compatible; GPTBot/1.3; +https://openai.com/gptbot)" 75 **0/75684**
216.73.216.104 - - [15/Apr/2026:09:00:46 -0700] "GET /m/windy30580242.htm HTTP/1.1" 200 1 "-" "Mozilla/5.0 AppleWebKit/537.36 (KHTML, like Gecko; compatible; ClaudeBot/1.0; +claudebot@anthropic.com)" 24 **0/24337**
74.7.242.48 - - [15/Apr/2026:09:00:47 -0700] "GET /m/code21926041.htm HTTP/1.1" 200 1 "http://biotekpanama.com/sitemap-3.xml" "Mozilla/5.0 AppleWebKit/537.36 (KHTML, like Gecko; compatible; GPTBot/1.3; +https://openai.com/gptbot)" 24 **0/24791**
216.73.216.104 - - [15/Apr/2026:09:00:49 -0700] "GET /m/aim51077588.htm HTTP/1.1" 200 1 "-" "Mozilla/5.0 AppleWebKit/537.36 (KHTML, like Gecko; compatible; ClaudeBot/1.0; +claudebot@anthropic.com)" 28 **0/28954**
74.7.242.48 - - [15/Apr/2026:09:00:50 -0700] "GET /m/fork31856394.htm HTTP/1.1" 200 1 "http://biotekpanama.com/sitemap-3.xml" "Mozilla/5.0 AppleWebKit/537.36 (KHTML, like Gecko; compatible; GPTBot/1.3; +https://openai.com/gptbot)" 31 **0/31427**
216.73.216.104 - - [15/Apr/2026:09:00:52 -0700] "GET /m/occup32285842.htm HTTP/1.1" 200 1 "-" "Mozilla/5.0 AppleWebKit/537.36 (KHTML, like Gecko; compatible; ClaudeBot/1.0; +claudebot@anthropic.com)" 73 **0/73905**
74.7.242.48 - - [15/Apr/2026:09:00:53 -0700] "GET /m/shop50752060.htm HTTP/1.1" 200 1 "http://biotekpanama.com/sitemap-7.xml" "Mozilla/5.0 AppleWebKit/537.36 (KHTML, like Gecko; compatible; GPTBot/1.3; +https://openai.com/gptbot)" 49 **0/49566**
216.73.216.104 - - [15/Apr/2026:09:00:55 -0700] "GET /m/proto22875769.htm HTTP/1.1" 200 1 "-" "Mozilla/5.0 AppleWebKit/537.36 (KHTML, like Gecko; compatible; ClaudeBot/1.0; +claudebot@anthropic.com)" 28 **0/28863**
74.7.242.48 - - [15/Apr/2026:09:00:56 -0700] "GET /m/sore11642816.htm HTTP/1.1" 200 1 "http://biotekpanama.com/sitemap-9.xml" "Mozilla/5.0 AppleWebKit/537.36 (KHTML, like Gecko; compatible; GPTBot/1.3; +https://openai.com/gptbot)" 51 **0/51270**
216.73.216.104 - - [15/Apr/2026:09:00:58 -0700] "GET /m/awake60213685.htm HTTP/1.1" 200 1 "-" "Mozilla/5.0 AppleWebKit/537.36 (KHTML, like Gecko; compatible; ClaudeBot/1.0; +claudebot@anthropic.com)" 266 **0/266241**
74.7.242.48 - - [15/Apr/2026:09:00:59 -0700] "GET /m/glow22375209.htm HTTP/1.1" 200 1 "http://biotekpanama.com/sitemap-7.xml" "Mozilla/5.0 AppleWebKit/537.36 (KHTML, like Gecko; compatible; GPTBot/1.3; +https://openai.com/gptbot)" 143 **0/143015**
216.73.216.104 - - [15/Apr/2026:09:01:01 -0700] "GET /m/vcd71160230.htm HTTP/1.1" 200 1 "-" "Mozilla/5.0 AppleWebKit/537.36 (KHTML, like Gecko; compatible; ClaudeBot/1.0; +claudebot@anthropic.com)" 342 **0/342613**
74.7.242.48 - - [15/Apr/2026:09:01:03 -0700] "GET /m/seam41755883.htm HTTP/1.1" 200 1 "http://biotekpanama.com/sitemap-6.xml" "Mozilla/5.0 AppleWebKit/537.36 (KHTML, like Gecko; compatible; GPTBot/1.3; +https://openai.com/gptbot)" 131 **0/131123**
216.73.216.104 - - [15/Apr/2026:09:01:04 -0700] "GET /m/answe21597129.htm HTTP/1.1" 200 1 "-" "Mozilla/5.0 AppleWebKit/537.36 (KHTML, like Gecko; compatible; ClaudeBot/1.0; +claudebot@anthropic.com)" 232 **0/232903**
74.7.242.48 - - [15/Apr/2026:09:01:06 -0700] "GET /m/pond22928361.htm HTTP/1.1" 200 1 "http://biotekpanama.com/sitemap-6.xml" "Mozilla/5.0 AppleWebKit/537.36 (KHTML, like Gecko; compatible; GPTBot/1.3; +https://openai.com/gptbot)" 280 **0/280242**
216.73.216.104 - - [15/Apr/2026:09:01:07 -0700] "GET /m/then40752595.htm HTTP/1.1" 200 1 "-" "Mozilla/5.0 AppleWebKit/537.36 (KHTML, like Gecko; compatible; ClaudeBot/1.0; +claudebot@anthropic.com)" 161 **0/161329**
74.7.242.48 - - [15/Apr/2026:09:01:09 -0700] "GET /m/cube11355264.htm HTTP/1.1" 200 1 "http://biotekpanama.com/sitemap-8.xml" "Mozilla/5.0 AppleWebKit/537.36 (KHTML, like Gecko; compatible; GPTBot/1.3; +https://openai.com/gptbot)" 50 **0/50441**
216.73.216.104 - - [15/Apr/2026:09:01:10 -0700] "GET /m/brazi60341509.htm HTTP/1.1" 200 1 "-" "Mozilla/5.0 AppleWebKit/537.36 (KHTML, like Gecko; compatible; ClaudeBot/1.0; +claudebot@anthropic.com)" 47 **0/47962**
74.7.242.48 - - [15/Apr/2026:09:01:12 -0700] "GET /m/spin11090624.htm HTTP/1.1" 200 1 "http://biotekpanama.com/sitemap-3.xml" "Mozilla/5.0 AppleWebKit/537.36 (KHTML, like Gecko; compatible; GPTBot/1.3; +https://openai.com/gptbot)" 124 **0/124825**
216.73.216.104 - - [15/Apr/2026:09:01:13 -0700] "GET /m/sick10332992.htm HTTP/1.1" 200 1 "-" "Mozilla/5.0 AppleWebKit/537.36 (KHTML, like Gecko; compatible; ClaudeBot/1.0; +claudebot@anthropic.com)" 52 **0/52899**
74.7.242.48 - - [15/Apr/2026:09:01:15 -0700] "GET /m/pray10011328.htm HTTP/1.1" 200 1 "http://biotekpanama.com/sitemap-4.xml" "Mozilla/5.0 AppleWebKit/537.36 (KHTML, like Gecko; compatible; GPTBot/1.3; +https://openai.com/gptbot)" 71 **0/71067**
216.73.216.104 - - [15/Apr/2026:09:01:16 -0700] "GET /m/invad12389976.htm HTTP/1.1" 200 1 "-" "Mozilla/5.0 AppleWebKit/537.36 (KHTML, like Gecko; compatible; ClaudeBot/1.0; +claudebot@anthropic.com)" 242 **0/242158**
74.7.242.48 - - [15/Apr/2026:09:01:18 -0700] "GET /m/term42497003.htm HTTP/1.1" 200 1 "http://biotekpanama.com/sitemap-6.xml" "Mozilla/5.0 AppleWebKit/537.36 (KHTML, like Gecko; compatible; GPTBot/1.3; +https://openai.com/gptbot)" 236 **0/236386**
216.73.216.104 - - [15/Apr/2026:09:01:19 -0700] "GET /m/win80805671.htm HTTP/1.1" 403 1 "-" "Mozilla/5.0 AppleWebKit/537.36 (KHTML, like Gecko; compatible; ClaudeBot/1.0; +claudebot@anthropic.com)" 328 **0/328910**
74.7.242.48 - - [15/Apr/2026:09:01:21 -0700] "GET /m/wase62147925.htm HTTP/1.1" 200 1 "http://biotekpanama.com/sitemap-6.xml" "Mozilla/5.0 AppleWebKit/537.36 (KHTML, like Gecko; compatible; GPTBot/1.3; +https://openai.com/gptbot)" 499 **0/499039**
216.73.216.104 - - [15/Apr/2026:09:01:22 -0700] "GET /m/colon51530876.htm HTTP/1.1" 403 1 "-" "Mozilla/5.0 AppleWebKit/537.36 (KHTML, like Gecko; compatible; ClaudeBot/1.0; +claudebot@anthropic.com)" 177 **0/177821**
74.7.242.48 - - [15/Apr/2026:09:01:24 -0700] "GET /m/peer71766390.htm HTTP/1.1" 200 1 "http://biotekpanama.com/sitemap-6.xml" "Mozilla/5.0 AppleWebKit/537.36 (KHTML, like Gecko; compatible; GPTBot/1.3; +https://openai.com/gptbot)" 216 **0/216427**
216.73.216.104 - - [15/Apr/2026:09:01:25 -0700] "GET /m/sad42524771.htm HTTP/1.1" 403 1 "-" "Mozilla/5.0 AppleWebKit/537.36 (KHTML, like Gecko; compatible; ClaudeBot/1.0; +claudebot@anthropic.com)" 345 **0/345699**
74.7.242.48 - - [15/Apr/2026:09:01:28 -0700] "GET /m/them40288731.htm HTTP/1.1" 200 1 "http://biotekpanama.com/sitemap-9.xml" "Mozilla/5.0 AppleWebKit/537.36 (KHTML, like Gecko; compatible; GPTBot/1.3; +https://openai.com/gptbot)" 55 **0/55434**
216.73.216.104 - - [15/Apr/2026:09:01:28 -0700] "GET /m/elder21448705.htm HTTP/1.1" 403 1 "-" "Mozilla/5.0 AppleWebKit/537.36 (KHTML, like Gecko; compatible; ClaudeBot/1.0; +claudebot@anthropic.com)" 125 **0/125608**
74.7.242.48 - - [15/Apr/2026:09:01:31 -0700] "GET /m/clog82995951.htm HTTP/1.1" 200 1 "http://biotekpanama.com/sitemap-9.xml" "Mozilla/5.0 AppleWebKit/537.36 (KHTML, like Gecko; compatible; GPTBot/1.3; +https://openai.com/gptbot)" 281 **0/281253**
216.73.216.104 - - [15/Apr/2026:09:01:31 -0700] "GET /m/risk60092549.htm HTTP/1.1" 403 1 "-" "Mozilla/5.0 AppleWebKit/537.36 (KHTML, like Gecko; compatible; ClaudeBot/1.0; +claudebot@anthropic.com)" 30 **0/30118**
74.7.242.48 - - [15/Apr/2026:09:01:34 -0700] "GET /m/chew52345436.htm HTTP/1.1" 200 1 "http://biotekpanama.com/sitemap-7.xml" "Mozilla/5.0 AppleWebKit/537.36 (KHTML, like Gecko; compatible; GPTBot/1.3; +https://openai.com/gptbot)" 357 **0/357973**
74.7.175.177 - - [15/Apr/2026:09:01:35 -0700] "GET /robots.txt HTTP/1.1" 200 100 "-" "Mozilla/5.0 (Macintosh; Intel Mac OS X 10_15_7) AppleWebKit/537.36 (KHTML, like Gecko) Chrome/131.0.0.0 Safari/537.36; compatible; OAI-SearchBot/1.3; robots.txt; +https://openai.com/searchbot" 8 **0/8331**
216.73.216.104 - - [15/Apr/2026:09:01:36 -0700] "GET /m/anymo30417394.htm HTTP/1.1" 403 1 "-" "Mozilla/5.0 AppleWebKit/537.36 (KHTML, like Gecko; compatible; ClaudeBot/1.0; +claudebot@anthropic.com)" 326 **0/326057**
74.7.242.48 - - [15/Apr/2026:09:01:37 -0700] "GET /m/rust70671382.htm HTTP/1.1" 200 1 "http://biotekpanama.com/sitemap-6.xml" "Mozilla/5.0 AppleWebKit/537.36 (KHTML, like Gecko; compatible; GPTBot/1.3; +https://openai.com/gptbot)" 284 **0/284143**
216.73.216.104 - - [15/Apr/2026:09:01:38 -0700] "GET /m/farth30238618.htm HTTP/1.1" 403 1 "-" "Mozilla/5.0 AppleWebKit/537.36 (KHTML, like Gecko; compatible; ClaudeBot/1.0; +claudebot@anthropic.com)" 137 **0/137240**
74.7.242.48 - - [15/Apr/2026:09:01:40 -0700] "GET /m/camp11872352.htm HTTP/1.1" 200 1 "http://biotekpanama.com/sitemap-7.xml" "Mozilla/5.0 AppleWebKit/537.36 (KHTML, like Gecko; compatible; GPTBot/1.3; +https://openai.com/gptbot)" 375 **0/375173**
216.73.216.104 - - [15/Apr/2026:09:01:43 -0700] "GET /m/chann41799491.htm HTTP/1.1" 403 1 "-" "Mozilla/5.0 AppleWebKit/537.36 (KHTML, like Gecko; compatible; ClaudeBot/1.0; +claudebot@anthropic.com)" 179 **0/179256**
74.7.242.48 - - [15/Apr/2026:09:01:43 -0700] "GET /m/avow62315821.htm HTTP/1.1" 200 1 "http://biotekpanama.com/sitemap-4.xml" "Mozilla/5.0 AppleWebKit/537.36 (KHTML, like Gecko; compatible; GPTBot/1.3; +https://openai.com/gptbot)" 343 **0/343967**
74.7.242.48 - - [15/Apr/2026:09:01:47 -0700] "GET /m/moan32018554.htm HTTP/1.1" 200 1 "http://biotekpanama.com/sitemap-4.xml" "Mozilla/5.0 AppleWebKit/537.36 (KHTML, like Gecko; compatible; GPTBot/1.3; +https://openai.com/gptbot)" 46 **0/46727**
216.73.216.104 - - [15/Apr/2026:09:01:47 -0700] "GET /m/petro30307362.htm HTTP/1.1" 403 1 "-" "Mozilla/5.0 AppleWebKit/537.36 (KHTML, like Gecko; compatible; ClaudeBot/1.0; +claudebot@anthropic.com)" 24 **0/24032**
216.73.216.104 - - [15/Apr/2026:09:01:49 -0700] "GET /m/laser42259387.htm HTTP/1.1" 403 1 "-" "Mozilla/5.0 AppleWebKit/537.36 (KHTML, like Gecko; compatible; ClaudeBot/1.0; +claudebot@anthropic.com)" 25 **0/25894**
74.7.242.48 - - [15/Apr/2026:09:01:50 -0700] "GET /m/lamp10956960.htm HTTP/1.1" 200 1 "http://biotekpanama.com/sitemap-7.xml" "Mozilla/5.0 AppleWebKit/537.36 (KHTML, like Gecko; compatible; GPTBot/1.3; +https://openai.com/gptbot)" 24 **0/24105**
74.7.242.48 - - [15/Apr/2026:09:01:53 -0700] "GET /m/dose51922692.htm HTTP/1.1" 200 1 "http://biotekpanama.com/sitemap-4.xml" "Mozilla/5.0 AppleWebKit/537.36 (KHTML, like Gecko; compatible; GPTBot/1.3; +https://openai.com/gptbot)" 101 **0/101272**
74.7.242.48 - - [15/Apr/2026:09:01:56 -0700] "GET /m/glow22595209.htm HTTP/1.1" 200 1 "http://biotekpanama.com/sitemap-6.xml" "Mozilla/5.0 AppleWebKit/537.36 (KHTML, like Gecko; compatible; GPTBot/1.3; +https://openai.com/gptbot)" 89 **0/89582**
216.73.216.104 - - [15/Apr/2026:09:01:57 -0700] "GET /m/round12132584.htm HTTP/1.1" 403 1 "-" "Mozilla/5.0 AppleWebKit/537.36 (KHTML, like Gecko; compatible; ClaudeBot/1.0; +claudebot@anthropic.com)" 52 **0/52201**
74.7.242.48 - - [15/Apr/2026:09:01:59 -0700] "GET /m/hear51749740.htm HTTP/1.1" 200 1 "http://biotekpanama.com/sitemap-6.xml" "Mozilla/5.0 AppleWebKit/537.36 (KHTML, like Gecko; compatible; GPTBot/1.3; +https://openai.com/gptbot)" 48 **0/48811**
74.7.242.48 - - [15/Apr/2026:09:02:02 -0700] "GET /m/pole70547190.htm HTTP/1.1" 200 1 "http://biotekpanama.com/sitemap-6.xml" "Mozilla/5.0 AppleWebKit/537.36 (KHTML, like Gecko; compatible; GPTBot/1.3; +https://openai.com/gptbot)" 136 **0/136178**
216.73.216.104 - - [15/Apr/2026:09:02:03 -0700] "GET /m/robe41919931.htm HTTP/1.1" 200 1 "-" "Mozilla/5.0 AppleWebKit/537.36 (KHTML, like Gecko; compatible; ClaudeBot/1.0; +claudebot@anthropic.com)" 376 **0/376582**
74.7.242.48 - - [15/Apr/2026:09:02:05 -0700] "GET /m/dumb30674762.htm HTTP/1.1" 200 1 "http://biotekpanama.com/sitemap-7.xml" "Mozilla/5.0 AppleWebKit/537.36 (KHTML, like Gecko; compatible; GPTBot/1.3; +https://openai.com/gptbot)" 251 **0/251209**
216.73.216.104 - - [15/Apr/2026:09:02:06 -0700] "GET /m/infor81364191.htm HTTP/1.1" 200 1 "-" "Mozilla/5.0 AppleWebKit/537.36 (KHTML, like Gecko; compatible; ClaudeBot/1.0; +claudebot@anthropic.com)" 124 **0/124259**
216.73.216.104 - - [15/Apr/2026:09:02:07 -0700] "GET /m/nowad70854686.htm HTTP/1.1" 200 1 "-" "Mozilla/5.0 AppleWebKit/537.36 (KHTML, like Gecko; compatible; ClaudeBot/1.0; +claudebot@anthropic.com)" 160 **0/160584**
74.7.242.48 - - [15/Apr/2026:09:02:08 -0700] "GET /m/goes82727839.htm HTTP/1.1" 200 1 "http://biotekpanama.com/sitemap-6.xml" "Mozilla/5.0 AppleWebKit/537.36 (KHTML, like Gecko; compatible; GPTBot/1.3; +https://openai.com/gptbot)" 136 **0/136439**
216.73.216.104 - - [15/Apr/2026:09:02:10 -0700] "GET /m/manki70915430.htm HTTP/1.1" 200 1 "-" "Mozilla/5.0 AppleWebKit/537.36 (KHTML, like Gecko; compatible; ClaudeBot/1.0; +claudebot@anthropic.com)" 53 **0/53070**
74.7.242.48 - - [15/Apr/2026:09:02:11 -0700] "GET /m/sigh71095790.htm HTTP/1.1" 200 1 "http://biotekpanama.com/sitemap-6.xml" "Mozilla/5.0 AppleWebKit/537.36 (KHTML, like Gecko; compatible; GPTBot/1.3; +https://openai.com/gptbot)" 53 **0/53006**
216.73.216.104 - - [15/Apr/2026:09:02:13 -0700] "GET /m/cup72224382.htm HTTP/1.1" 200 1 "-" "Mozilla/5.0 AppleWebKit/537.36 (KHTML, like Gecko; compatible; ClaudeBot/1.0; +claudebot@anthropic.com)" 39 **0/39689**
74.7.242.48 - - [15/Apr/2026:09:02:15 -0700] "GET /m/tube30571498.htm HTTP/1.1" 200 1 "http://biotekpanama.com/sitemap-7.xml" "Mozilla/5.0 AppleWebKit/537.36 (KHTML, like Gecko; compatible; GPTBot/1.3; +https://openai.com/gptbot)" 68 **0/68751**
216.73.216.104 - - [15/Apr/2026:09:02:16 -0700] "GET /m/droug52111236.htm HTTP/1.1" 200 1 "-" "Mozilla/5.0 AppleWebKit/537.36 (KHTML, like Gecko; compatible; ClaudeBot/1.0; +claudebot@anthropic.com)" 102 **0/102361**
74.7.242.48 - - [15/Apr/2026:09:02:18 -0700] "GET /m/part30864090.htm HTTP/1.1" 200 1 "http://biotekpanama.com/sitemap-8.xml" "Mozilla/5.0 AppleWebKit/537.36 (KHTML, like Gecko; compatible; GPTBot/1.3; +https://openai.com/gptbot)" 109 **0/109964**
216.73.216.104 - - [15/Apr/2026:09:02:19 -0700] "GET /m/eleme40909667.htm HTTP/1.1" 200 1 "-" "Mozilla/5.0 AppleWebKit/537.36 (KHTML, like Gecko; compatible; ClaudeBot/1.0; +claudebot@anthropic.com)" 56 **0/56248**
74.7.242.48 - - [15/Apr/2026:09:02:21 -0700] "GET /m/buse82123919.htm HTTP/1.1" 200 1 "http://biotekpanama.com/sitemap-8.xml" "Mozilla/5.0 AppleWebKit/537.36 (KHTML, like Gecko; compatible; GPTBot/1.3; +https://openai.com/gptbot)" 74 **0/74887**
216.73.216.104 - - [15/Apr/2026:09:02:22 -0700] "GET /m/inser62375101.htm HTTP/1.1" 200 1 "-" "Mozilla/5.0 AppleWebKit/537.36 (KHTML, like Gecko; compatible; ClaudeBot/1.0; +claudebot@anthropic.com)" 41 **0/41695**
74.7.242.48 - - [15/Apr/2026:09:02:24 -0700] "GET /m/neck80416863.htm HTTP/1.1" 200 1 "http://biotekpanama.com/sitemap-8.xml" "Mozilla/5.0 AppleWebKit/537.36 (KHTML, like Gecko; compatible; GPTBot/1.3; +https://openai.com/gptbot)" 28 **0/28836**
216.73.216.104 - - [15/Apr/2026:09:02:25 -0700] "GET /m/dine70659830.htm HTTP/1.1" 200 1 "-" "Mozilla/5.0 AppleWebKit/537.36 (KHTML, like Gecko; compatible; ClaudeBot/1.0; +claudebot@anthropic.com)" 338 **0/338433**
74.7.242.48 - - [15/Apr/2026:09:02:27 -0700] "GET /m/wood70885166.htm HTTP/1.1" 200 1 "http://biotekpanama.com/sitemap-6.xml" "Mozilla/5.0 AppleWebKit/537.36 (KHTML, like Gecko; compatible; GPTBot/1.3; +https://openai.com/gptbot)" 357 **0/357363**
216.73.216.104 - - [15/Apr/2026:09:02:28 -0700] "GET /m/own50433100.htm HTTP/1.1" 200 1 "-" "Mozilla/5.0 AppleWebKit/537.36 (KHTML, like Gecko; compatible; ClaudeBot/1.0; +claudebot@anthropic.com)" 434 **0/434118**
74.7.242.48 - - [15/Apr/2026:09:02:30 -0700] "GET /m/gene41003763.htm HTTP/1.1" 200 1 "http://biotekpanama.com/sitemap-4.xml" "Mozilla/5.0 AppleWebKit/537.36 (KHTML, like Gecko; compatible; GPTBot/1.3; +https://openai.com/gptbot)" 471 **0/471434**
216.73.216.104 - - [15/Apr/2026:09:02:33 -0700] "GET /m/oak71373710.htm HTTP/1.1" 200 1 "-" "Mozilla/5.0 AppleWebKit/537.36 (KHTML, like Gecko; compatible; ClaudeBot/1.0; +claudebot@anthropic.com)" 308 **0/308557**
74.7.242.48 - - [15/Apr/2026:09:02:34 -0700] "GET /m/rose42820419.htm HTTP/1.1" 200 1 "http://biotekpanama.com/sitemap-7.xml" "Mozilla/5.0 AppleWebKit/537.36 (KHTML, like Gecko; compatible; GPTBot/1.3; +https://openai.com/gptbot)" 32 **0/32353**
216.73.216.104 - - [15/Apr/2026:09:02:36 -0700] "GET /m/cerem81074119.htm HTTP/1.1" 200 1 "-" "Mozilla/5.0 AppleWebKit/537.36 (KHTML, like Gecko; compatible; ClaudeBot/1.0; +claudebot@anthropic.com)" 208 **0/208081**
74.7.242.48 - - [15/Apr/2026:09:02:37 -0700] "GET /m/yawn50923228.htm HTTP/1.1" 200 1 "http://biotekpanama.com/sitemap-9.xml" "Mozilla/5.0 AppleWebKit/537.36 (KHTML, like Gecko; compatible; GPTBot/1.3; +https://openai.com/gptbot)" 107 **0/107848**
216.73.216.104 - - [15/Apr/2026:09:02:39 -0700] "GET /m/remar12234568.htm HTTP/1.1" 200 1 "-" "Mozilla/5.0 AppleWebKit/537.36 (KHTML, like Gecko; compatible; ClaudeBot/1.0; +claudebot@anthropic.com)" 247 **0/247629**
74.7.242.48 - - [15/Apr/2026:09:02:40 -0700] "GET /m/blow70117798.htm HTTP/1.1" 200 1 "http://biotekpanama.com/sitemap-9.xml" "Mozilla/5.0 AppleWebKit/537.36 (KHTML, like Gecko; compatible; GPTBot/1.3; +https://openai.com/gptbot)" 217 **0/217103**
216.73.216.104 - - [15/Apr/2026:09:02:42 -0700] "GET /m/embra20757929.htm HTTP/1.1" 200 1 "-" "Mozilla/5.0 AppleWebKit/537.36 (KHTML, like Gecko; compatible; ClaudeBot/1.0; +claudebot@anthropic.com)" 359 **0/359734**
74.7.242.48 - - [15/Apr/2026:09:02:43 -0700] "GET /m/shun60371893.htm HTTP/1.1" 200 1 "http://biotekpanama.com/sitemap-3.xml" "Mozilla/5.0 AppleWebKit/537.36 (KHTML, like Gecko; compatible; GPTBot/1.3; +https://openai.com/gptbot)" 223 **0/223467**
216.73.216.104 - - [15/Apr/2026:09:02:45 -0700] "GET /m/eye80633295.htm HTTP/1.1" 200 1 "-" "Mozilla/5.0 AppleWebKit/537.36 (KHTML, like Gecko; compatible; ClaudeBot/1.0; +claudebot@anthropic.com)" 396 **0/396699**
74.7.242.48 - - [15/Apr/2026:09:02:46 -0700] "GET /m/liar12602784.htm HTTP/1.1" 200 1 "http://biotekpanama.com/sitemap-8.xml" "Mozilla/5.0 AppleWebKit/537.36 (KHTML, like Gecko; compatible; GPTBot/1.3; +https://openai.com/gptbot)" 166 **0/166780**
216.73.216.104 - - [15/Apr/2026:09:02:48 -0700] "GET /m/thund12115504.htm HTTP/1.1" 200 1 "-" "Mozilla/5.0 AppleWebKit/537.36 (KHTML, like Gecko; compatible; ClaudeBot/1.0; +claudebot@anthropic.com)" 427 **0/427173**
74.7.242.48 - - [15/Apr/2026:09:02:49 -0700] "GET /m/slap21303737.htm HTTP/1.1" 200 1 "http://biotekpanama.com/sitemap-8.xml" "Mozilla/5.0 AppleWebKit/537.36 (KHTML, like Gecko; compatible; GPTBot/1.3; +https://openai.com/gptbot)" 274 **0/274374**
216.73.216.104 - - [15/Apr/2026:09:02:51 -0700] "GET /m/bette30477338.htm HTTP/1.1" 200 1 "-" "Mozilla/5.0 AppleWebKit/537.36 (KHTML, like Gecko; compatible; ClaudeBot/1.0; +claudebot@anthropic.com)" 125 **0/125078**
74.7.242.48 - - [15/Apr/2026:09:02:52 -0700] "GET /m/gram22031753.htm HTTP/1.1" 200 1 "http://biotekpanama.com/sitemap-3.xml" "Mozilla/5.0 AppleWebKit/537.36 (KHTML, like Gecko; compatible; GPTBot/1.3; +https://openai.com/gptbot)" 124 **0/124334**
216.73.216.104 - - [15/Apr/2026:09:02:54 -0700] "GET /m/suffe31442330.htm HTTP/1.1" 200 1 "-" "Mozilla/5.0 AppleWebKit/537.36 (KHTML, like Gecko; compatible; ClaudeBot/1.0; +claudebot@anthropic.com)" 300 **0/300295**
74.7.242.48 - - [15/Apr/2026:09:02:55 -0700] "GET /m/side80077311.htm HTTP/1.1" 200 1 "http://biotekpanama.com/sitemap-6.xml" "Mozilla/5.0 AppleWebKit/537.36 (KHTML, like Gecko; compatible; GPTBot/1.3; +https://openai.com/gptbot)" 480 **0/480455**
216.73.216.104 - - [15/Apr/2026:09:02:57 -0700] "GET /m/bend20263001.htm HTTP/1.1" 200 1 "-" "Mozilla/5.0 AppleWebKit/537.36 (KHTML, like Gecko; compatible; ClaudeBot/1.0; +claudebot@anthropic.com)" 553 **0/553212**
74.7.242.48 - - [15/Apr/2026:09:02:58 -0700] "GET /m/defy12987832.htm HTTP/1.1" 200 1 "http://biotekpanama.com/sitemap-7.xml" "Mozilla/5.0 AppleWebKit/537.36 (KHTML, like Gecko; compatible; GPTBot/1.3; +https://openai.com/gptbot)" 134 **0/134385**
216.73.216.104 - - [15/Apr/2026:09:03:00 -0700] "GET /m/durab70922142.htm HTTP/1.1" 200 1 "-" "Mozilla/5.0 AppleWebKit/537.36 (KHTML, like Gecko; compatible; ClaudeBot/1.0; +claudebot@anthropic.com)" 355 **0/355567**
74.7.242.48 - - [15/Apr/2026:09:03:02 -0700] "GET /m/claw10386832.htm HTTP/1.1" 200 1 "http://biotekpanama.com/sitemap-9.xml" "Mozilla/5.0 AppleWebKit/537.36 (KHTML, like Gecko; compatible; GPTBot/1.3; +https://openai.com/gptbot)" 117 **0/117788**
216.73.216.104 - - [15/Apr/2026:09:03:03 -0700] "GET /m/if41136043.htm HTTP/1.1" 200 1 "-" "Mozilla/5.0 AppleWebKit/537.36 (KHTML, like Gecko; compatible; ClaudeBot/1.0; +claudebot@anthropic.com)" 331 **0/331213**
74.7.242.48 - - [15/Apr/2026:09:03:05 -0700] "GET /m/fund40653995.htm HTTP/1.1" 200 1 "http://biotekpanama.com/sitemap-4.xml" "Mozilla/5.0 AppleWebKit/537.36 (KHTML, like Gecko; compatible; GPTBot/1.3; +https://openai.com/gptbot)" 453 **0/453536**
216.73.216.104 - - [15/Apr/2026:09:03:06 -0700] "GET /m/telep50752940.htm HTTP/1.1" 200 1 "-" "Mozilla/5.0 AppleWebKit/537.36 (KHTML, like Gecko; compatible; ClaudeBot/1.0; +claudebot@anthropic.com)" 63 **0/63763**
74.7.242.48 - - [15/Apr/2026:09:03:08 -0700] "GET /m/flaw41961819.htm HTTP/1.1" 200 1 "http://biotekpanama.com/sitemap-6.xml" "Mozilla/5.0 AppleWebKit/537.36 (KHTML, like Gecko; compatible; GPTBot/1.3; +https://openai.com/gptbot)" 67 **0/67990**
216.73.216.104 - - [15/Apr/2026:09:03:09 -0700] "GET /m/bridg50336572.htm HTTP/1.1" 200 1 "-" "Mozilla/5.0 AppleWebKit/537.36 (KHTML, like Gecko; compatible; ClaudeBot/1.0; +claudebot@anthropic.com)" 99 **0/99697**
74.7.242.48 - - [15/Apr/2026:09:03:11 -0700] "GET /m/soft60901029.htm HTTP/1.1" 200 1 "http://biotekpanama.com/sitemap-4.xml" "Mozilla/5.0 AppleWebKit/537.36 (KHTML, like Gecko; compatible; GPTBot/1.3; +https://openai.com/gptbot)" 89 **0/89374**
74.248.145.156 - - [15/Apr/2026:09:03:12 -0700] "GET /wp-content/plugins/hellopress/wp_filemanager.php HTTP/1.1" 200 - "-" "-" 67 **0/67063**
74.248.145.156 - - [15/Apr/2026:09:03:12 -0700] "GET /tymi.php HTTP/1.1" 403 - "-" "-" 27 **0/27237**
74.248.145.156 - - [15/Apr/2026:09:03:12 -0700] "GET /4GrJSiwkF3A.php HTTP/1.1" 403 - "-" "-" 54 **0/54901**
216.73.216.104 - - [15/Apr/2026:09:03:12 -0700] "GET /m/outdo82625503.htm HTTP/1.1" 200 1 "-" "Mozilla/5.0 AppleWebKit/537.36 (KHTML, like Gecko; compatible; ClaudeBot/1.0; +claudebot@anthropic.com)" 72 **0/72475**
74.248.145.156 - - [15/Apr/2026:09:03:12 -0700] "GET /SS72_kKKjT.php HTTP/1.1" 403 - "-" "-" 156 **0/156152**
74.248.145.156 - - [15/Apr/2026:09:03:13 -0700] "GET /wkogn.php HTTP/1.1" 403 - "-" "-" 42 **0/42299**
74.248.145.156 - - [15/Apr/2026:09:03:13 -0700] "GET /hwjtry0zd1fzeakcuzn8Cdefault.php HTTP/1.1" 403 - "-" "-" 33 **0/33403**
74.248.145.156 - - [15/Apr/2026:09:03:13 -0700] "GET /cilus.php HTTP/1.1" 403 - "-" "-" 92 **0/92606**
74.248.145.156 - - [15/Apr/2026:09:03:14 -0700] "GET /oLEzRVqmJJPFSucdefault.php HTTP/1.1" 403 - "-" "-" 393 **0/393435**
74.248.145.156 - - [15/Apr/2026:09:03:14 -0700] "GET /wwdgl.php HTTP/1.1" 403 - "-" "-" 159 **0/159845**
74.7.242.48 - - [15/Apr/2026:09:03:14 -0700] "GET /m/sour70516974.htm HTTP/1.1" 200 1 "http://biotekpanama.com/sitemap-6.xml" "Mozilla/5.0 AppleWebKit/537.36 (KHTML, like Gecko; compatible; GPTBot/1.3; +https://openai.com/gptbot)" 93 **0/93350**
74.248.145.156 - - [15/Apr/2026:09:03:15 -0700] "GET /3akp.php HTTP/1.1" 403 - "-" "-" 36 **0/36732**
74.248.145.156 - - [15/Apr/2026:09:03:15 -0700] "GET /HLA-dd.php HTTP/1.1" 403 - "-" "-" 114 **0/114847**
74.248.145.156 - - [15/Apr/2026:09:03:15 -0700] "GET /BhqKs28Cw94.php HTTP/1.1" 403 - "-" "-" 25 **0/25331**
216.73.216.104 - - [15/Apr/2026:09:03:15 -0700] "GET /m/disch20538233.htm HTTP/1.1" 200 1 "-" "Mozilla/5.0 AppleWebKit/537.36 (KHTML, like Gecko; compatible; ClaudeBot/1.0; +claudebot@anthropic.com)" 155 **0/155880**
74.248.145.156 - - [15/Apr/2026:09:03:15 -0700] "GET /cdn3.php HTTP/1.1" 403 - "-" "-" 197 **0/197574**
74.248.145.156 - - [15/Apr/2026:09:03:16 -0700] "GET /3Cr1w6dfjTK.php HTTP/1.1" 403 - "-" "-" 57 **0/57422**
74.248.145.156 - - [15/Apr/2026:09:03:16 -0700] "GET /beerd.php HTTP/1.1" 403 - "-" "-" 38 **0/38588**
74.248.145.156 - - [15/Apr/2026:09:03:16 -0700] "GET /hhxc.php HTTP/1.1" 403 - "-" "-" 16 **0/16180**
74.248.145.156 - - [15/Apr/2026:09:03:17 -0700] "GET /161dfd072f.php HTTP/1.1" 403 - "-" "-" 77 **0/77719**
74.248.145.156 - - [15/Apr/2026:09:03:17 -0700] "GET /ws80.php HTTP/1.1" 403 - "-" "-" 76 **0/76879**
74.248.145.156 - - [15/Apr/2026:09:03:17 -0700] "GET /ylzed0twj8l9drdbchc1oocfCdefault.php HTTP/1.1" 403 - "-" "-" 156 **0/156538**
74.7.242.48 - - [15/Apr/2026:09:03:18 -0700] "GET /m/role10504528.htm HTTP/1.1" 200 1 "http://biotekpanama.com/sitemap-3.xml" "Mozilla/5.0 AppleWebKit/537.36 (KHTML, like Gecko; compatible; GPTBot/1.3; +https://openai.com/gptbot)" 62 **0/62881**
74.248.145.156 - - [15/Apr/2026:09:03:18 -0700] "GET /RIP.php HTTP/1.1" 403 - "-" "-" 85 **0/85271**
74.248.145.156 - - [15/Apr/2026:09:03:18 -0700] "GET /no18.php HTTP/1.1" 403 - "-" "-" 195 **0/195753**
216.73.216.104 - - [15/Apr/2026:09:03:18 -0700] "GET /m/symph60809565.htm HTTP/1.1" 200 1 "-" "Mozilla/5.0 AppleWebKit/537.36 (KHTML, like Gecko; compatible; ClaudeBot/1.0; +claudebot@anthropic.com)" 55 **0/55349**
74.248.145.156 - - [15/Apr/2026:09:03:18 -0700] "GET /blqjs.php HTTP/1.1" 403 - "-" "-" 56 **0/56305**
74.248.145.156 - - [15/Apr/2026:09:03:19 -0700] "GET /sk25_1.php HTTP/1.1" 403 - "-" "-" 17 **0/17877**
74.248.145.156 - - [15/Apr/2026:09:03:19 -0700] "GET /fetch.php HTTP/1.1" 403 - "-" "-" 31 **0/31209**
74.248.145.156 - - [15/Apr/2026:09:03:19 -0700] "GET /eFpU3yHnriNNLtvdefault.php HTTP/1.1" 403 - "-" "-" 83 **0/83166**
74.248.145.156 - - [15/Apr/2026:09:03:19 -0700] "GET /2nzyHnOkEg.php HTTP/1.1" 403 - "-" "-" 72 **0/72126**
74.248.145.156 - - [15/Apr/2026:09:03:19 -0700] "GET /oircv.php HTTP/1.1" 403 - "-" "-" 87 **0/87423**
74.248.145.156 - - [15/Apr/2026:09:03:20 -0700] "GET /blnux.php HTTP/1.1" 403 - "-" "-" 23 **0/23688**
74.248.145.156 - - [15/Apr/2026:09:03:20 -0700] "GET /n3yUmQ6Q9xwQ8ocdefault.php HTTP/1.1" 403 - "-" "-" 18 **0/18314**
74.248.145.156 - - [15/Apr/2026:09:03:20 -0700] "GET /Spow_SRw.php HTTP/1.1" 403 - "-" "-" 32 **0/32591**
74.248.145.156 - - [15/Apr/2026:09:03:20 -0700] "GET /albrt.php HTTP/1.1" 403 - "-" "-" 47 **0/47040**
74.7.242.48 - - [15/Apr/2026:09:03:21 -0700] "GET /m/mock11955864.htm HTTP/1.1" 200 1 "http://biotekpanama.com/sitemap-6.xml" "Mozilla/5.0 AppleWebKit/537.36 (KHTML, like Gecko; compatible; GPTBot/1.3; +https://openai.com/gptbot)" 71 **0/71052**
74.248.145.156 - - [15/Apr/2026:09:03:21 -0700] "GET /xxivicLhot.php HTTP/1.1" 403 - "-" "-" 90 **0/90690**
74.248.145.156 - - [15/Apr/2026:09:03:21 -0700] "GET /7logs.php HTTP/1.1" 403 - "-" "-" 147 **0/147357**
216.73.216.104 - - [15/Apr/2026:09:03:21 -0700] "GET /m/anger32859154.htm HTTP/1.1" 200 1 "-" "Mozilla/5.0 AppleWebKit/537.36 (KHTML, like Gecko; compatible; ClaudeBot/1.0; +claudebot@anthropic.com)" 144 **0/144077**
74.248.145.156 - - [15/Apr/2026:09:03:21 -0700] "GET /acc.php HTTP/1.1" 403 - "-" "-" 189 **0/189712**
74.248.145.156 - - [15/Apr/2026:09:03:22 -0700] "GET /wxeyc.php HTTP/1.1" 403 - "-" "-" 56 **0/56893**
74.248.145.156 - - [15/Apr/2026:09:03:22 -0700] "GET /xltt.php HTTP/1.1" 403 - "-" "-" 31 **0/31396**
74.248.145.156 - - [15/Apr/2026:09:03:22 -0700] "GET /bthil.php HTTP/1.1" 403 - "-" "-" 16 **0/16188**
74.248.145.156 - - [15/Apr/2026:09:03:23 -0700] "GET /fyflv.php HTTP/1.1" 403 - "-" "-" 291 **0/291988**
74.248.145.156 - - [15/Apr/2026:09:03:24 -0700] "GET /zc-942.php HTTP/1.1" 403 - "-" "-" 120 **0/120077**
74.7.242.48 - - [15/Apr/2026:09:03:24 -0700] "GET /m/sway12721920.htm HTTP/1.1" 200 1 "http://biotekpanama.com/sitemap-9.xml" "Mozilla/5.0 AppleWebKit/537.36 (KHTML, like Gecko; compatible; GPTBot/1.3; +https://openai.com/gptbot)" 37 **0/37841**
74.248.145.156 - - [15/Apr/2026:09:03:24 -0700] "GET /sde.php HTTP/1.1" 403 - "-" "-" 27 **0/27001**
216.73.216.104 - - [15/Apr/2026:09:03:24 -0700] "GET /m/perma42610299.htm HTTP/1.1" 200 1 "-" "Mozilla/5.0 AppleWebKit/537.36 (KHTML, like Gecko; compatible; ClaudeBot/1.0; +claudebot@anthropic.com)" 25 **0/25536**
74.248.145.156 - - [15/Apr/2026:09:03:24 -0700] "GET /wpb.php HTTP/1.1" 403 - "-" "-" 97 **0/97082**
74.248.145.156 - - [15/Apr/2026:09:03:25 -0700] "GET /Geforce.php HTTP/1.1" 403 - "-" "-" 130 **0/130392**
74.248.145.156 - - [15/Apr/2026:09:03:25 -0700] "GET /9EaklzMysJ.php HTTP/1.1" 403 - "-" "-" 79 **0/79119**
74.248.145.156 - - [15/Apr/2026:09:03:25 -0700] "GET /wpxl.php HTTP/1.1" 403 - "-" "-" 16 **0/16792**
74.248.145.156 - - [15/Apr/2026:09:03:26 -0700] "GET /s3FiyJ2WGCnF0p1default.php HTTP/1.1" 403 - "-" "-" 19 **0/19562**
74.248.145.156 - - [15/Apr/2026:09:03:26 -0700] "GET /bfil.php HTTP/1.1" 403 - "-" "-" 66 **0/66137**
74.248.145.156 - - [15/Apr/2026:09:03:26 -0700] "GET /lb.php HTTP/1.1" 403 - "-" "-" 37 **0/37651**
74.248.145.156 - - [15/Apr/2026:09:03:26 -0700] "GET /dx.php HTTP/1.1" 403 - "-" "-" 110 **0/110441**
74.248.145.156 - - [15/Apr/2026:09:03:27 -0700] "GET /menu.php HTTP/1.1" 200 - "-" "-" 54 **0/54196**
74.248.145.156 - - [15/Apr/2026:09:03:27 -0700] "GET /p14rAeWytPdH5hZcscCFdefault.php HTTP/1.1" 403 - "-" "-" 187 **0/187561**
74.7.242.48 - - [15/Apr/2026:09:03:27 -0700] "GET /m/left62812469.htm HTTP/1.1" 200 1 "http://biotekpanama.com/sitemap-4.xml" "Mozilla/5.0 AppleWebKit/537.36 (KHTML, like Gecko; compatible; GPTBot/1.3; +https://openai.com/gptbot)" 49 **0/49851**
216.73.216.104 - - [15/Apr/2026:09:03:27 -0700] "GET /m/barbe81957479.htm HTTP/1.1" 200 1 "-" "Mozilla/5.0 AppleWebKit/537.36 (KHTML, like Gecko; compatible; ClaudeBot/1.0; +claudebot@anthropic.com)" 33 **0/33434**
74.248.145.156 - - [15/Apr/2026:09:03:27 -0700] "GET /iindv.php HTTP/1.1" 403 - "-" "-" 63 **0/63402**
74.248.145.156 - - [15/Apr/2026:09:03:28 -0700] "GET /maintura.php HTTP/1.1" 403 - "-" "-" 35 **0/35436**
74.248.145.156 - - [15/Apr/2026:09:03:28 -0700] "GET /iee52ruz0s81ndrdefault.php HTTP/1.1" 403 - "-" "-" 81 **0/81327**
74.248.145.156 - - [15/Apr/2026:09:03:29 -0700] "GET /nvwf4svpvqohxdjtbjCdefault.php HTTP/1.1" 403 - "-" "-" 292 **0/292849**
74.248.145.156 - - [15/Apr/2026:09:03:29 -0700] "GET /zc-220.php HTTP/1.1" 403 - "-" "-" 25 **0/25370**
74.248.145.156 - - [15/Apr/2026:09:03:29 -0700] "GET /r9pbhistk1lifhnjadpCdefault.php HTTP/1.1" 403 - "-" "-" 44 **0/44625**
74.248.145.156 - - [15/Apr/2026:09:03:30 -0700] "GET /fone1.php HTTP/1.1" 403 - "-" "-" 18 **0/18057**
74.248.145.156 - - [15/Apr/2026:09:03:30 -0700] "GET /xxiviLDIot.php HTTP/1.1" 403 - "-" "-" 242 **0/242073**
216.73.216.104 - - [15/Apr/2026:09:03:30 -0700] "GET /m/knife41677707.htm HTTP/1.1" 200 1 "-" "Mozilla/5.0 AppleWebKit/537.36 (KHTML, like Gecko; compatible; ClaudeBot/1.0; +claudebot@anthropic.com)" 322 **0/322025**
74.7.242.48 - - [15/Apr/2026:09:03:30 -0700] "GET /m/surf82669687.htm HTTP/1.1" 200 1 "http://biotekpanama.com/sitemap-7.xml" "Mozilla/5.0 AppleWebKit/537.36 (KHTML, like Gecko; compatible; GPTBot/1.3; +https://openai.com/gptbot)" 220 **0/220596**
74.248.145.156 - - [15/Apr/2026:09:03:31 -0700] "GET /hanyatersenyum.php HTTP/1.1" 403 - "-" "-" 15 **0/15139**
74.248.145.156 - - [15/Apr/2026:09:03:31 -0700] "GET /5tdwvyWnTbRiMS8f18HXNBbALHKB5t4j.php HTTP/1.1" 403 - "-" "-" 25 **0/25757**
74.248.145.156 - - [15/Apr/2026:09:03:31 -0700] "GET /upll22.php HTTP/1.1" 403 - "-" "-" 17 **0/17969**
74.248.145.156 - - [15/Apr/2026:09:03:32 -0700] "GET /100.php HTTP/1.1" 403 - "-" "-" 33 **0/33873**
74.248.145.156 - - [15/Apr/2026:09:03:32 -0700] "GET /byrgo.php HTTP/1.1" 403 - "-" "-" 102 **0/102424**
74.248.145.156 - - [15/Apr/2026:09:03:32 -0700] "GET /zc-243.php HTTP/1.1" 403 - "-" "-" 213 **0/213918**
74.248.145.156 - - [15/Apr/2026:09:03:33 -0700] "GET /pm90apbv3v5fvgkbguyiCdefault.php HTTP/1.1" 403 - "-" "-" 183 **0/183059**
74.248.145.156 - - [15/Apr/2026:09:03:33 -0700] "GET /CDX1.php HTTP/1.1" 403 - "-" "-" 51 **0/51240**
74.248.145.156 - - [15/Apr/2026:09:03:33 -0700] "GET /gvg1bvpsgtot1rpklCdefault.php HTTP/1.1" 403 - "-" "-" 25 **0/25886**
216.73.216.104 - - [15/Apr/2026:09:03:33 -0700] "GET /m/cance41812011.htm HTTP/1.1" 200 1 "-" "Mozilla/5.0 AppleWebKit/537.36 (KHTML, like Gecko; compatible; ClaudeBot/1.0; +claudebot@anthropic.com)" 26 **0/26194**
74.248.145.156 - - [15/Apr/2026:09:03:33 -0700] "GET /6xBAm3vODE05BSzkJZRAws.php HTTP/1.1" 403 - "-" "-" 26 **0/26244**
74.248.145.156 - - [15/Apr/2026:09:03:34 -0700] "GET /aligk.php HTTP/1.1" 403 - "-" "-" 108 **0/108611**
74.7.242.48 - - [15/Apr/2026:09:03:33 -0700] "GET /m/thin11533208.htm HTTP/1.1" 200 1 "http://biotekpanama.com/sitemap-9.xml" "Mozilla/5.0 AppleWebKit/537.36 (KHTML, like Gecko; compatible; GPTBot/1.3; +https://openai.com/gptbot)" 167 **0/167243**
74.248.145.156 - - [15/Apr/2026:09:03:34 -0700] "GET /file61.php HTTP/1.1" 403 - "-" "-" 158 **0/158355**
74.248.145.156 - - [15/Apr/2026:09:03:34 -0700] "GET /xwx1.php HTTP/1.1" 403 - "-" "-" 200 **0/200573**
74.248.145.156 - - [15/Apr/2026:09:03:35 -0700] "GET /tx79.php HTTP/1.1" 403 - "-" "-" 106 **0/106946**
74.248.145.156 - - [15/Apr/2026:09:03:35 -0700] "GET /CDX2.php HTTP/1.1" 403 - "-" "-" 220 **0/220760**
74.248.145.156 - - [15/Apr/2026:09:03:35 -0700] "GET /666.php HTTP/1.1" 403 - "-" "-" 31 **0/31378**
74.248.145.156 - - [15/Apr/2026:09:03:35 -0700] "GET /wtiiy.php HTTP/1.1" 403 - "-" "-" 35 **0/35255**
74.248.145.156 - - [15/Apr/2026:09:03:36 -0700] "GET /Sanskrit.php HTTP/1.1" 403 - "-" "-" 184 **0/184598**
74.248.145.156 - - [15/Apr/2026:09:03:36 -0700] "GET /motu.php HTTP/1.1" 403 - "-" "-" 43 **0/43079**
216.73.216.104 - - [15/Apr/2026:09:03:36 -0700] "GET /m/essay61017733.htm HTTP/1.1" 403 1 "-" "Mozilla/5.0 AppleWebKit/537.36 (KHTML, like Gecko; compatible; ClaudeBot/1.0; +claudebot@anthropic.com)" 115 **0/115143**
74.248.145.156 - - [15/Apr/2026:09:03:36 -0700] "GET /amax.php HTTP/1.1" 403 - "-" "-" 103 **0/103678**
74.248.145.156 - - [15/Apr/2026:09:03:37 -0700] "GET /public/mI35rZhMg1zJ1vuXdefault.php HTTP/1.1" 200 - "-" "-" 164 **0/164898**
74.7.242.48 - - [15/Apr/2026:09:03:37 -0700] "GET /m/feel41489483.htm HTTP/1.1" 200 1 "http://biotekpanama.com/sitemap-8.xml" "Mozilla/5.0 AppleWebKit/537.36 (KHTML, like Gecko; compatible; GPTBot/1.3; +https://openai.com/gptbot)" 194 **0/194495**
74.248.145.156 - - [15/Apr/2026:09:03:37 -0700] "GET /gifclass.php HTTP/1.1" 403 - "-" "-" 98 **0/98828**
74.248.145.156 - - [15/Apr/2026:09:03:37 -0700] "GET /wp-the.php HTTP/1.1" 403 - "-" "-" 71 **0/71731**
74.248.145.156 - - [15/Apr/2026:09:03:38 -0700] "GET /jga.php HTTP/1.1" 403 - "-" "-" 189 **0/189742**
74.248.145.156 - - [15/Apr/2026:09:03:38 -0700] "GET /term.php HTTP/1.1" 200 - "-" "-" 103 **0/103725**
74.248.145.156 - - [15/Apr/2026:09:03:38 -0700] "GET /jp.php HTTP/1.1" 403 - "-" "-" 115 **0/115435**
74.248.145.156 - - [15/Apr/2026:09:03:39 -0700] "GET /Ov-Simple1.php HTTP/1.1" 403 - "-" "-" 31 **0/31886**
74.248.145.156 - - [15/Apr/2026:09:03:39 -0700] "GET /dass.php HTTP/1.1" 403 - "-" "-" 20 **0/20724**
74.248.145.156 - - [15/Apr/2026:09:03:39 -0700] "GET /classwithtostring.php HTTP/1.1" 403 - "-" "-" 86 **0/86627**
74.248.145.156 - - [15/Apr/2026:09:03:40 -0700] "GET /ta0ol.php HTTP/1.1" 403 - "-" "-" 74 **0/74457**
74.248.145.156 - - [15/Apr/2026:09:03:40 -0700] "GET /wp-png.php HTTP/1.1" 403 - "-" "-" 160 **0/160950**
74.7.242.48 - - [15/Apr/2026:09:03:40 -0700] "GET /m/care21304577.htm HTTP/1.1" 200 1 "http://biotekpanama.com/sitemap-9.xml" "Mozilla/5.0 AppleWebKit/537.36 (KHTML, like Gecko; compatible; GPTBot/1.3; +https://openai.com/gptbot)" 210 **0/210946**
74.248.145.156 - - [15/Apr/2026:09:03:40 -0700] "GET /tfm.php HTTP/1.1" 403 - "-" "-" 46 **0/46522**
74.248.145.156 - - [15/Apr/2026:09:03:40 -0700] "GET /a5.php HTTP/1.1" 403 - "-" "-" 73 **0/73136**
74.248.145.156 - - [15/Apr/2026:09:03:41 -0700] "GET /kj.php HTTP/1.1" 403 - "-" "-" 83 **0/83272**
74.248.145.156 - - [15/Apr/2026:09:03:41 -0700] "GET /a7.php HTTP/1.1" 403 - "-" "-" 73 **0/73758**
74.248.145.156 - - [15/Apr/2026:09:03:41 -0700] "GET /bgymj.php HTTP/1.1" 403 - "-" "-" 58 **0/58280**
74.248.145.156 - - [15/Apr/2026:09:03:42 -0700] "GET /lib.php HTTP/1.1" 403 - "-" "-" 124 **0/124429**
74.248.145.156 - - [15/Apr/2026:09:03:42 -0700] "GET /bolt.php HTTP/1.1" 403 - "-" "-" 29 **0/29414**
74.248.145.156 - - [15/Apr/2026:09:03:42 -0700] "GET //file61.php HTTP/1.1" 403 - "-" "-" 44 **0/44782**
74.248.145.156 - - [15/Apr/2026:09:03:42 -0700] "GET /uuu.php HTTP/1.1" 403 - "-" "-" 23 **0/23331**
74.248.145.156 - - [15/Apr/2026:09:03:43 -0700] "GET /gptsh.php HTTP/1.1" 403 - "-" "-" 39 **0/39663**
74.248.145.156 - - [15/Apr/2026:09:03:43 -0700] "GET /mI35rZhMg1zJ1vuXdefault.php HTTP/1.1" 403 - "-" "-" 59 **0/59208**
216.73.216.104 - - [15/Apr/2026:09:03:43 -0700] "GET /m/overl20762417.htm HTTP/1.1" 403 1 "-" "Mozilla/5.0 AppleWebKit/537.36 (KHTML, like Gecko; compatible; ClaudeBot/1.0; +claudebot@anthropic.com)" 186 **0/186323**
74.248.145.156 - - [15/Apr/2026:09:03:43 -0700] "GET /sid3.php HTTP/1.1" 403 - "-" "-" 196 **0/196132**
