74.7.242.48 - - [15/Apr/2026:09:03:43 -0700] "GET /m/blue60928037.htm HTTP/1.1" 200 1 "http://biotekpanama.com/sitemap-8.xml" "Mozilla/5.0 AppleWebKit/537.36 (KHTML, like Gecko; compatible; GPTBot/1.3; +https://openai.com/gptbot)" 235 **0/235018**
74.248.145.156 - - [15/Apr/2026:09:03:44 -0700] "GET /ogifomnzqnlvwh5womfjirvaCdefault.php HTTP/1.1" 403 - "-" "-" 61 **0/61062**
74.248.145.156 - - [15/Apr/2026:09:03:44 -0700] "GET /Cap.php HTTP/1.1" 403 - "-" "-" 20 **0/20423**
74.248.145.156 - - [15/Apr/2026:09:03:44 -0700] "GET /lmutxdvyp7u5yksqke8ozbjgCdefault.php HTTP/1.1" 403 - "-" "-" 87 **0/87054**
74.248.145.156 - - [15/Apr/2026:09:03:44 -0700] "GET /torsa1.php HTTP/1.1" 403 - "-" "-" 47 **0/47075**
74.248.145.156 - - [15/Apr/2026:09:03:44 -0700] "GET /sadcut1.php HTTP/1.1" 403 - "-" "-" 23 **0/23846**
74.248.145.156 - - [15/Apr/2026:09:03:45 -0700] "GET /zoper1.php HTTP/1.1" 403 - "-" "-" 95 **0/95930**
74.248.145.156 - - [15/Apr/2026:09:03:45 -0700] "GET /ortasekerli1.php HTTP/1.1" 403 - "-" "-" 104 **0/104185**
74.248.145.156 - - [15/Apr/2026:09:03:45 -0700] "GET /wp-good.php HTTP/1.1" 403 - "-" "-" 173 **0/173121**
74.248.145.156 - - [15/Apr/2026:09:03:46 -0700] "GET /wmore1.php HTTP/1.1" 403 - "-" "-" 29 **0/29630**
74.248.145.156 - - [15/Apr/2026:09:03:46 -0700] "GET /new3.php HTTP/1.1" 403 - "-" "-" 62 **0/62581**
74.248.145.156 - - [15/Apr/2026:09:03:46 -0700] "GET //nw.php HTTP/1.1" 403 - "-" "-" 64 **0/64660**
74.7.242.48 - - [15/Apr/2026:09:03:46 -0700] "GET /m/clap22120337.htm HTTP/1.1" 200 1 "http://biotekpanama.com/sitemap-6.xml" "Mozilla/5.0 AppleWebKit/537.36 (KHTML, like Gecko; compatible; GPTBot/1.3; +https://openai.com/gptbot)" 30 **0/30369**
74.248.145.156 - - [15/Apr/2026:09:03:46 -0700] "GET /byypas.php HTTP/1.1" 403 - "-" "-" 29 **0/29411**
74.248.145.156 - - [15/Apr/2026:09:03:47 -0700] "GET /rithin.php HTTP/1.1" 403 - "-" "-" 296 **0/296572**
216.73.216.104 - - [15/Apr/2026:09:03:48 -0700] "GET /m/door40636091.htm HTTP/1.1" 403 1 "-" "Mozilla/5.0 AppleWebKit/537.36 (KHTML, like Gecko; compatible; ClaudeBot/1.0; +claudebot@anthropic.com)" 75 **0/75072**
74.248.145.156 - - [15/Apr/2026:09:03:48 -0700] "GET /a4.php HTTP/1.1" 403 - "-" "-" 26 **0/26333**
74.248.145.156 - - [15/Apr/2026:09:03:48 -0700] "GET /jlex.php HTTP/1.1" 403 - "-" "-" 204 **0/204091**
74.248.145.156 - - [15/Apr/2026:09:03:49 -0700] "GET /xsas.php HTTP/1.1" 403 - "-" "-" 162 **0/162995**
74.248.145.156 - - [15/Apr/2026:09:03:49 -0700] "GET /wp/jp.php HTTP/1.1" 200 - "-" "-" 66 **0/66891**
74.248.145.156 - - [15/Apr/2026:09:03:49 -0700] "GET /8573.php HTTP/1.1" 403 - "-" "-" 40 **0/40371**
74.7.242.48 - - [15/Apr/2026:09:03:50 -0700] "GET /m/link11075584.htm HTTP/1.1" 200 1 "http://biotekpanama.com/sitemap-3.xml" "Mozilla/5.0 AppleWebKit/537.36 (KHTML, like Gecko; compatible; GPTBot/1.3; +https://openai.com/gptbot)" 35 **0/35238**
74.248.145.156 - - [15/Apr/2026:09:03:50 -0700] "GET /wp5.php HTTP/1.1" 403 - "-" "-" 75 **0/75016**
74.248.145.156 - - [15/Apr/2026:09:03:50 -0700] "GET /wp9.php HTTP/1.1" 403 - "-" "-" 76 **0/76183**
74.248.145.156 - - [15/Apr/2026:09:03:50 -0700] "GET /ws88.php HTTP/1.1" 403 - "-" "-" 36 **0/36967**
74.248.145.156 - - [15/Apr/2026:09:03:50 -0700] "GET //motu.php HTTP/1.1" 403 - "-" "-" 43 **0/43579**
74.248.145.156 - - [15/Apr/2026:09:03:51 -0700] "GET /ibcqocdtu3eovdx2hwj7Cdefault.php HTTP/1.1" 403 - "-" "-" 118 **0/118932**
216.73.216.104 - - [15/Apr/2026:09:03:52 -0700] "GET /m/emplo62398509.htm HTTP/1.1" 403 1 "-" "Mozilla/5.0 AppleWebKit/537.36 (KHTML, like Gecko; compatible; ClaudeBot/1.0; +claudebot@anthropic.com)" 22 **0/22243**
74.7.242.48 - - [15/Apr/2026:09:03:53 -0700] "GET /m/golf70995638.htm HTTP/1.1" 200 1 "http://biotekpanama.com/sitemap-8.xml" "Mozilla/5.0 AppleWebKit/537.36 (KHTML, like Gecko; compatible; GPTBot/1.3; +https://openai.com/gptbot)" 40 **0/40408**
216.73.216.104 - - [15/Apr/2026:09:03:54 -0700] "GET /m/chanc70601150.htm HTTP/1.1" 403 1 "-" "Mozilla/5.0 AppleWebKit/537.36 (KHTML, like Gecko; compatible; ClaudeBot/1.0; +claudebot@anthropic.com)" 96 **0/96872**
74.7.242.48 - - [15/Apr/2026:09:03:56 -0700] "GET /m/lord60523317.htm HTTP/1.1" 200 1 "http://biotekpanama.com/sitemap-6.xml" "Mozilla/5.0 AppleWebKit/537.36 (KHTML, like Gecko; compatible; GPTBot/1.3; +https://openai.com/gptbot)" 58 **0/58704**
216.73.216.104 - - [15/Apr/2026:09:03:57 -0700] "GET /m/worry62684925.htm HTTP/1.1" 403 1 "-" "Mozilla/5.0 AppleWebKit/537.36 (KHTML, like Gecko; compatible; ClaudeBot/1.0; +claudebot@anthropic.com)" 40 **0/40230**
74.7.242.48 - - [15/Apr/2026:09:03:59 -0700] "GET /m/pipe82034519.htm HTTP/1.1" 200 1 "http://biotekpanama.com/sitemap-4.xml" "Mozilla/5.0 AppleWebKit/537.36 (KHTML, like Gecko; compatible; GPTBot/1.3; +https://openai.com/gptbot)" 97 **0/97629**
216.73.216.104 - - [15/Apr/2026:09:04:00 -0700] "GET /m/inapp12558160.htm HTTP/1.1" 403 1 "-" "Mozilla/5.0 AppleWebKit/537.36 (KHTML, like Gecko; compatible; ClaudeBot/1.0; +claudebot@anthropic.com)" 27 **0/27252**
74.7.242.48 - - [15/Apr/2026:09:04:02 -0700] "GET /m/damp30335186.htm HTTP/1.1" 200 1 "http://biotekpanama.com/sitemap-7.xml" "Mozilla/5.0 AppleWebKit/537.36 (KHTML, like Gecko; compatible; GPTBot/1.3; +https://openai.com/gptbot)" 183 **0/183293**
216.73.216.104 - - [15/Apr/2026:09:04:03 -0700] "GET /m/gilt31339978.htm HTTP/1.1" 403 1 "-" "Mozilla/5.0 AppleWebKit/537.36 (KHTML, like Gecko; compatible; ClaudeBot/1.0; +claudebot@anthropic.com)" 377 **0/377368**
74.7.242.48 - - [15/Apr/2026:09:04:05 -0700] "GET /m/gain51083252.htm HTTP/1.1" 200 1 "http://biotekpanama.com/sitemap-4.xml" "Mozilla/5.0 AppleWebKit/537.36 (KHTML, like Gecko; compatible; GPTBot/1.3; +https://openai.com/gptbot)" 360 **0/360122**
216.73.216.104 - - [15/Apr/2026:09:04:06 -0700] "GET /m/easyg30966186.htm HTTP/1.1" 403 1 "-" "Mozilla/5.0 AppleWebKit/537.36 (KHTML, like Gecko; compatible; ClaudeBot/1.0; +claudebot@anthropic.com)" 199 **0/199290**
74.7.242.48 - - [15/Apr/2026:09:04:09 -0700] "GET /m/tour32593626.htm HTTP/1.1" 200 1 "http://biotekpanama.com/sitemap-6.xml" "Mozilla/5.0 AppleWebKit/537.36 (KHTML, like Gecko; compatible; GPTBot/1.3; +https://openai.com/gptbot)" 271 **0/271390**
216.73.216.104 - - [15/Apr/2026:09:04:10 -0700] "GET /m/needl52630884.htm HTTP/1.1" 403 1 "-" "Mozilla/5.0 AppleWebKit/537.36 (KHTML, like Gecko; compatible; ClaudeBot/1.0; +claudebot@anthropic.com)" 99 **0/99824**
74.7.242.48 - - [15/Apr/2026:09:04:12 -0700] "GET /m/fame32023514.htm HTTP/1.1" 200 1 "http://biotekpanama.com/sitemap-6.xml" "Mozilla/5.0 AppleWebKit/537.36 (KHTML, like Gecko; compatible; GPTBot/1.3; +https://openai.com/gptbot)" 333 **0/333885**
216.73.216.104 - - [15/Apr/2026:09:04:12 -0700] "GET /m/kid70848134.htm HTTP/1.1" 403 1 "-" "Mozilla/5.0 AppleWebKit/537.36 (KHTML, like Gecko; compatible; ClaudeBot/1.0; +claudebot@anthropic.com)" 197 **0/197696**
74.7.242.48 - - [15/Apr/2026:09:04:15 -0700] "GET /m/twin11377528.htm HTTP/1.1" 200 1 "http://biotekpanama.com/sitemap-6.xml" "Mozilla/5.0 AppleWebKit/537.36 (KHTML, like Gecko; compatible; GPTBot/1.3; +https://openai.com/gptbot)" 401 **0/401563**
216.73.216.104 - - [15/Apr/2026:09:04:15 -0700] "GET /m/pleas41688075.htm HTTP/1.1" 403 1 "-" "Mozilla/5.0 AppleWebKit/537.36 (KHTML, like Gecko; compatible; ClaudeBot/1.0; +claudebot@anthropic.com)" 313 **0/313555**
216.73.216.104 - - [15/Apr/2026:09:04:18 -0700] "GET /m/mite70263862.htm HTTP/1.1" 200 1 "-" "Mozilla/5.0 AppleWebKit/537.36 (KHTML, like Gecko; compatible; ClaudeBot/1.0; +claudebot@anthropic.com)" 319 **0/319447**
74.7.242.48 - - [15/Apr/2026:09:04:18 -0700] "GET /m/fair52257068.htm HTTP/1.1" 200 1 "http://biotekpanama.com/sitemap-4.xml" "Mozilla/5.0 AppleWebKit/537.36 (KHTML, like Gecko; compatible; GPTBot/1.3; +https://openai.com/gptbot)" 435 **0/435942**
216.73.216.104 - - [15/Apr/2026:09:04:21 -0700] "GET /m/recen41836035.htm HTTP/1.1" 200 1 "-" "Mozilla/5.0 AppleWebKit/537.36 (KHTML, like Gecko; compatible; ClaudeBot/1.0; +claudebot@anthropic.com)" 277 **0/277866**
74.7.242.48 - - [15/Apr/2026:09:04:21 -0700] "GET /m/mate30495618.htm HTTP/1.1" 200 1 "http://biotekpanama.com/sitemap-4.xml" "Mozilla/5.0 AppleWebKit/537.36 (KHTML, like Gecko; compatible; GPTBot/1.3; +https://openai.com/gptbot)" 161 **0/161687**
216.73.216.104 - - [15/Apr/2026:09:04:24 -0700] "GET /m/moody81979983.htm HTTP/1.1" 200 1 "-" "Mozilla/5.0 AppleWebKit/537.36 (KHTML, like Gecko; compatible; ClaudeBot/1.0; +claudebot@anthropic.com)" 27 **0/27100**
74.7.242.48 - - [15/Apr/2026:09:04:25 -0700] "GET /m/cave32139330.htm HTTP/1.1" 200 1 "http://biotekpanama.com/sitemap-9.xml" "Mozilla/5.0 AppleWebKit/537.36 (KHTML, like Gecko; compatible; GPTBot/1.3; +https://openai.com/gptbot)" 209 **0/209046**
216.73.216.104 - - [15/Apr/2026:09:04:27 -0700] "GET /m/schem70223126.htm HTTP/1.1" 200 1 "-" "Mozilla/5.0 AppleWebKit/537.36 (KHTML, like Gecko; compatible; ClaudeBot/1.0; +claudebot@anthropic.com)" 79 **0/79017**
74.7.242.48 - - [15/Apr/2026:09:04:28 -0700] "GET /m/cake30432122.htm HTTP/1.1" 200 1 "http://biotekpanama.com/sitemap-7.xml" "Mozilla/5.0 AppleWebKit/537.36 (KHTML, like Gecko; compatible; GPTBot/1.3; +https://openai.com/gptbot)" 50 **0/50395**
216.73.216.104 - - [15/Apr/2026:09:04:30 -0700] "GET /m/nothi32600898.htm HTTP/1.1" 200 1 "-" "Mozilla/5.0 AppleWebKit/537.36 (KHTML, like Gecko; compatible; ClaudeBot/1.0; +claudebot@anthropic.com)" 223 **0/223765**
74.7.242.48 - - [15/Apr/2026:09:04:31 -0700] "GET /m/mate30927618.htm HTTP/1.1" 200 1 "http://biotekpanama.com/sitemap-4.xml" "Mozilla/5.0 AppleWebKit/537.36 (KHTML, like Gecko; compatible; GPTBot/1.3; +https://openai.com/gptbot)" 46 **0/46960**
216.73.216.104 - - [15/Apr/2026:09:04:33 -0700] "GET /m/nap80603551.htm HTTP/1.1" 200 1 "-" "Mozilla/5.0 AppleWebKit/537.36 (KHTML, like Gecko; compatible; ClaudeBot/1.0; +claudebot@anthropic.com)" 22 **0/22375**
74.7.242.48 - - [15/Apr/2026:09:04:34 -0700] "GET /m/lazy61149053.htm HTTP/1.1" 200 1 "http://biotekpanama.com/sitemap-8.xml" "Mozilla/5.0 AppleWebKit/537.36 (KHTML, like Gecko; compatible; GPTBot/1.3; +https://openai.com/gptbot)" 62 **0/62973**
216.73.216.104 - - [15/Apr/2026:09:04:36 -0700] "GET /m/owing82567719.htm HTTP/1.1" 200 1 "-" "Mozilla/5.0 AppleWebKit/537.36 (KHTML, like Gecko; compatible; ClaudeBot/1.0; +claudebot@anthropic.com)" 28 **0/28695**
74.7.242.48 - - [15/Apr/2026:09:04:37 -0700] "GET /m/bury30030826.htm HTTP/1.1" 200 1 "http://biotekpanama.com/sitemap-6.xml" "Mozilla/5.0 AppleWebKit/537.36 (KHTML, like Gecko; compatible; GPTBot/1.3; +https://openai.com/gptbot)" 27 **0/27012**
216.73.216.104 - - [15/Apr/2026:09:04:39 -0700] "GET /m/recru62178445.htm HTTP/1.1" 200 1 "-" "Mozilla/5.0 AppleWebKit/537.36 (KHTML, like Gecko; compatible; ClaudeBot/1.0; +claudebot@anthropic.com)" 19 **0/19863**
74.7.242.48 - - [15/Apr/2026:09:04:40 -0700] "GET /m/wire30379490.htm HTTP/1.1" 200 1 "http://biotekpanama.com/sitemap-3.xml" "Mozilla/5.0 AppleWebKit/537.36 (KHTML, like Gecko; compatible; GPTBot/1.3; +https://openai.com/gptbot)" 91 **0/91561**
216.73.216.104 - - [15/Apr/2026:09:04:42 -0700] "GET /m/negle41258307.htm HTTP/1.1" 200 1 "-" "Mozilla/5.0 AppleWebKit/537.36 (KHTML, like Gecko; compatible; ClaudeBot/1.0; +claudebot@anthropic.com)" 31 **0/31087**
74.7.242.48 - - [15/Apr/2026:09:04:43 -0700] "GET /m/norm71199870.htm HTTP/1.1" 200 1 "http://biotekpanama.com/sitemap-3.xml" "Mozilla/5.0 AppleWebKit/537.36 (KHTML, like Gecko; compatible; GPTBot/1.3; +https://openai.com/gptbot)" 32 **0/32024**
216.73.216.104 - - [15/Apr/2026:09:04:45 -0700] "GET /m/invis40703347.htm HTTP/1.1" 200 1 "-" "Mozilla/5.0 AppleWebKit/537.36 (KHTML, like Gecko; compatible; ClaudeBot/1.0; +claudebot@anthropic.com)" 53 **0/53848**
74.7.242.48 - - [15/Apr/2026:09:04:46 -0700] "GET /m/fale81871967.htm HTTP/1.1" 200 1 "http://biotekpanama.com/sitemap-3.xml" "Mozilla/5.0 AppleWebKit/537.36 (KHTML, like Gecko; compatible; GPTBot/1.3; +https://openai.com/gptbot)" 29 **0/29499**
216.73.216.104 - - [15/Apr/2026:09:04:48 -0700] "GET /m/ackno22714225.htm HTTP/1.1" 200 1 "-" "Mozilla/5.0 AppleWebKit/537.36 (KHTML, like Gecko; compatible; ClaudeBot/1.0; +claudebot@anthropic.com)" 26 **0/26089**
74.7.242.48 - - [15/Apr/2026:09:04:50 -0700] "GET /m/wase62903925.htm HTTP/1.1" 200 1 "http://biotekpanama.com/sitemap-7.xml" "Mozilla/5.0 AppleWebKit/537.36 (KHTML, like Gecko; compatible; GPTBot/1.3; +https://openai.com/gptbot)" 45 **0/45825**
216.73.216.104 - - [15/Apr/2026:09:04:51 -0700] "GET /m/rat82788047.htm HTTP/1.1" 200 1 "-" "Mozilla/5.0 AppleWebKit/537.36 (KHTML, like Gecko; compatible; ClaudeBot/1.0; +claudebot@anthropic.com)" 31 **0/31399**
74.7.242.48 - - [15/Apr/2026:09:04:53 -0700] "GET /m/mask52862180.htm HTTP/1.1" 200 1 "http://biotekpanama.com/sitemap-4.xml" "Mozilla/5.0 AppleWebKit/537.36 (KHTML, like Gecko; compatible; GPTBot/1.3; +https://openai.com/gptbot)" 28 **0/28191**
216.73.216.104 - - [15/Apr/2026:09:04:54 -0700] "GET /m/bond10486912.htm HTTP/1.1" 200 1 "-" "Mozilla/5.0 AppleWebKit/537.36 (KHTML, like Gecko; compatible; ClaudeBot/1.0; +claudebot@anthropic.com)" 21 **0/21686**
74.7.242.48 - - [15/Apr/2026:09:04:56 -0700] "GET /m/wood72105166.htm HTTP/1.1" 200 1 "http://biotekpanama.com/sitemap-4.xml" "Mozilla/5.0 AppleWebKit/537.36 (KHTML, like Gecko; compatible; GPTBot/1.3; +https://openai.com/gptbot)" 69 **0/69845**
216.73.216.104 - - [15/Apr/2026:09:04:57 -0700] "GET /m/scare61433781.htm HTTP/1.1" 200 1 "-" "Mozilla/5.0 AppleWebKit/537.36 (KHTML, like Gecko; compatible; ClaudeBot/1.0; +claudebot@anthropic.com)" 74 **0/74369**
74.7.242.48 - - [15/Apr/2026:09:04:59 -0700] "GET /m/need21644017.htm HTTP/1.1" 200 1 "http://biotekpanama.com/sitemap-6.xml" "Mozilla/5.0 AppleWebKit/537.36 (KHTML, like Gecko; compatible; GPTBot/1.3; +https://openai.com/gptbot)" 108 **0/108309**
216.73.216.104 - - [15/Apr/2026:09:05:00 -0700] "GET /m/shive50703412.htm HTTP/1.1" 200 1 "-" "Mozilla/5.0 AppleWebKit/537.36 (KHTML, like Gecko; compatible; ClaudeBot/1.0; +claudebot@anthropic.com)" 70 **0/70159**
74.7.242.48 - - [15/Apr/2026:09:05:03 -0700] "GET /m/goes82283839.htm HTTP/1.1" 200 1 "http://biotekpanama.com/sitemap-4.xml" "Mozilla/5.0 AppleWebKit/537.36 (KHTML, like Gecko; compatible; GPTBot/1.3; +https://openai.com/gptbot)" 127 **0/127247**
216.73.216.104 - - [15/Apr/2026:09:05:03 -0700] "GET /m/trans50096548.htm HTTP/1.1" 200 1 "-" "Mozilla/5.0 AppleWebKit/537.36 (KHTML, like Gecko; compatible; ClaudeBot/1.0; +claudebot@anthropic.com)" 112 **0/112482**
74.7.242.48 - - [15/Apr/2026:09:05:06 -0700] "GET /m/seam41007883.htm HTTP/1.1" 200 1 "http://biotekpanama.com/sitemap-3.xml" "Mozilla/5.0 AppleWebKit/537.36 (KHTML, like Gecko; compatible; GPTBot/1.3; +https://openai.com/gptbot)" 30 **0/30080**
216.73.216.104 - - [15/Apr/2026:09:05:06 -0700] "GET /m/gene40203763.htm HTTP/1.1" 200 1 "-" "Mozilla/5.0 AppleWebKit/537.36 (KHTML, like Gecko; compatible; ClaudeBot/1.0; +claudebot@anthropic.com)" 104 **0/104922**
74.7.242.48 - - [15/Apr/2026:09:05:09 -0700] "GET /m/earn40563115.htm HTTP/1.1" 200 1 "http://biotekpanama.com/sitemap-3.xml" "Mozilla/5.0 AppleWebKit/537.36 (KHTML, like Gecko; compatible; GPTBot/1.3; +https://openai.com/gptbot)" 38 **0/38244**
216.73.216.104 - - [15/Apr/2026:09:05:09 -0700] "GET /m/tremb32170410.htm HTTP/1.1" 200 1 "-" "Mozilla/5.0 AppleWebKit/537.36 (KHTML, like Gecko; compatible; ClaudeBot/1.0; +claudebot@anthropic.com)" 184 **0/184559**
74.7.242.48 - - [15/Apr/2026:09:05:12 -0700] "GET /m/mild32866946.htm HTTP/1.1" 200 1 "http://biotekpanama.com/sitemap-4.xml" "Mozilla/5.0 AppleWebKit/537.36 (KHTML, like Gecko; compatible; GPTBot/1.3; +https://openai.com/gptbot)" 56 **0/56832**
216.73.216.104 - - [15/Apr/2026:09:05:12 -0700] "GET /m/game22429281.htm HTTP/1.1" 200 1 "-" "Mozilla/5.0 AppleWebKit/537.36 (KHTML, like Gecko; compatible; ClaudeBot/1.0; +claudebot@anthropic.com)" 64 **0/64204**
216.73.216.104 - - [15/Apr/2026:09:05:15 -0700] "GET /m/heave72676966.htm HTTP/1.1" 200 1 "-" "Mozilla/5.0 AppleWebKit/537.36 (KHTML, like Gecko; compatible; ClaudeBot/1.0; +claudebot@anthropic.com)" 52 **0/52946**
74.7.242.48 - - [15/Apr/2026:09:05:15 -0700] "GET /m/envy81774567.htm HTTP/1.1" 200 1 "http://biotekpanama.com/sitemap-4.xml" "Mozilla/5.0 AppleWebKit/537.36 (KHTML, like Gecko; compatible; GPTBot/1.3; +https://openai.com/gptbot)" 70 **0/70246**
74.7.242.48 - - [15/Apr/2026:09:05:18 -0700] "GET /m/tide42877891.htm HTTP/1.1" 200 1 "http://biotekpanama.com/sitemap-9.xml" "Mozilla/5.0 AppleWebKit/537.36 (KHTML, like Gecko; compatible; GPTBot/1.3; +https://openai.com/gptbot)" 276 **0/276612**
216.73.216.104 - - [15/Apr/2026:09:05:21 -0700] "GET /m/obsta62517821.htm HTTP/1.1" 200 1 "-" "Mozilla/5.0 AppleWebKit/537.36 (KHTML, like Gecko; compatible; ClaudeBot/1.0; +claudebot@anthropic.com)" 363 **0/363758**
74.7.242.48 - - [15/Apr/2026:09:05:22 -0700] "GET /m/hair11436936.htm HTTP/1.1" 200 1 "http://biotekpanama.com/sitemap-7.xml" "Mozilla/5.0 AppleWebKit/537.36 (KHTML, like Gecko; compatible; GPTBot/1.3; +https://openai.com/gptbot)" 209 **0/209831**
74.7.242.48 - - [15/Apr/2026:09:05:25 -0700] "GET /m/hand12489040.htm HTTP/1.1" 200 1 "http://biotekpanama.com/sitemap-4.xml" "Mozilla/5.0 AppleWebKit/537.36 (KHTML, like Gecko; compatible; GPTBot/1.3; +https://openai.com/gptbot)" 76 **0/76334**
216.73.216.104 - - [15/Apr/2026:09:05:25 -0700] "GET /m/clog80199951.htm HTTP/1.1" 200 1 "-" "Mozilla/5.0 AppleWebKit/537.36 (KHTML, like Gecko; compatible; ClaudeBot/1.0; +claudebot@anthropic.com)" 54 **0/54315**
216.73.216.104 - - [15/Apr/2026:09:05:27 -0700] "GET /m/arres80733959.htm HTTP/1.1" 200 1 "-" "Mozilla/5.0 AppleWebKit/537.36 (KHTML, like Gecko; compatible; ClaudeBot/1.0; +claudebot@anthropic.com)" 113 **0/113701**
74.7.242.48 - - [15/Apr/2026:09:05:28 -0700] "GET /m/mite70211862.htm HTTP/1.1" 200 1 "http://biotekpanama.com/sitemap-8.xml" "Mozilla/5.0 AppleWebKit/537.36 (KHTML, like Gecko; compatible; GPTBot/1.3; +https://openai.com/gptbot)" 31 **0/31333**
216.73.216.104 - - [15/Apr/2026:09:05:30 -0700] "GET /m/dude61943829.htm HTTP/1.1" 200 1 "-" "Mozilla/5.0 AppleWebKit/537.36 (KHTML, like Gecko; compatible; ClaudeBot/1.0; +claudebot@anthropic.com)" 89 **0/89277**
74.7.242.48 - - [15/Apr/2026:09:05:31 -0700] "GET /m/till41228523.htm HTTP/1.1" 200 1 "http://biotekpanama.com/sitemap-9.xml" "Mozilla/5.0 AppleWebKit/537.36 (KHTML, like Gecko; compatible; GPTBot/1.3; +https://openai.com/gptbot)" 120 **0/120782**
216.73.216.104 - - [15/Apr/2026:09:05:33 -0700] "GET /m/showe52168660.htm HTTP/1.1" 200 1 "-" "Mozilla/5.0 AppleWebKit/537.36 (KHTML, like Gecko; compatible; ClaudeBot/1.0; +claudebot@anthropic.com)" 95 **0/95945**
74.7.242.48 - - [15/Apr/2026:09:05:34 -0700] "GET /m/feed72517494.htm HTTP/1.1" 200 1 "http://biotekpanama.com/sitemap-4.xml" "Mozilla/5.0 AppleWebKit/537.36 (KHTML, like Gecko; compatible; GPTBot/1.3; +https://openai.com/gptbot)" 122 **0/122855**
216.73.216.104 - - [15/Apr/2026:09:05:36 -0700] "GET /m/crust71418918.htm HTTP/1.1" 200 1 "-" "Mozilla/5.0 AppleWebKit/537.36 (KHTML, like Gecko; compatible; ClaudeBot/1.0; +claudebot@anthropic.com)" 32 **0/32818**
74.7.242.48 - - [15/Apr/2026:09:05:38 -0700] "GET /m/horn12755632.htm HTTP/1.1" 200 1 "http://biotekpanama.com/sitemap-3.xml" "Mozilla/5.0 AppleWebKit/537.36 (KHTML, like Gecko; compatible; GPTBot/1.3; +https://openai.com/gptbot)" 65 **0/65448**
216.73.216.104 - - [15/Apr/2026:09:05:39 -0700] "GET /m/sung30971890.htm HTTP/1.1" 200 1 "-" "Mozilla/5.0 AppleWebKit/537.36 (KHTML, like Gecko; compatible; ClaudeBot/1.0; +claudebot@anthropic.com)" 26 **0/26624**
74.7.242.48 - - [15/Apr/2026:09:05:41 -0700] "GET /m/wife10688512.htm HTTP/1.1" 200 1 "http://biotekpanama.com/sitemap-8.xml" "Mozilla/5.0 AppleWebKit/537.36 (KHTML, like Gecko; compatible; GPTBot/1.3; +https://openai.com/gptbot)" 28 **0/28398**
216.73.216.104 - - [15/Apr/2026:09:05:42 -0700] "GET /m/sass20759889.htm HTTP/1.1" 200 1 "-" "Mozilla/5.0 AppleWebKit/537.36 (KHTML, like Gecko; compatible; ClaudeBot/1.0; +claudebot@anthropic.com)" 84 **0/84149**
74.7.242.48 - - [15/Apr/2026:09:05:44 -0700] "GET /m/soda82243695.htm HTTP/1.1" 200 1 "http://biotekpanama.com/sitemap-6.xml" "Mozilla/5.0 AppleWebKit/537.36 (KHTML, like Gecko; compatible; GPTBot/1.3; +https://openai.com/gptbot)" 30 **0/30744**
216.73.216.104 - - [15/Apr/2026:09:05:45 -0700] "GET /m/maxim82470207.htm HTTP/1.1" 200 1 "-" "Mozilla/5.0 AppleWebKit/537.36 (KHTML, like Gecko; compatible; ClaudeBot/1.0; +claudebot@anthropic.com)" 41 **0/41653**
74.7.242.48 - - [15/Apr/2026:09:05:47 -0700] "GET /m/joke71812022.htm HTTP/1.1" 200 1 "http://biotekpanama.com/sitemap-6.xml" "Mozilla/5.0 AppleWebKit/537.36 (KHTML, like Gecko; compatible; GPTBot/1.3; +https://openai.com/gptbot)" 78 **0/78419**
216.73.216.104 - - [15/Apr/2026:09:05:48 -0700] "GET /m/dish31296282.htm HTTP/1.1" 200 1 "-" "Mozilla/5.0 AppleWebKit/537.36 (KHTML, like Gecko; compatible; ClaudeBot/1.0; +claudebot@anthropic.com)" 28 **0/28225**
74.7.242.48 - - [15/Apr/2026:09:05:50 -0700] "GET /m/lazy61361053.htm HTTP/1.1" 200 1 "http://biotekpanama.com/sitemap-4.xml" "Mozilla/5.0 AppleWebKit/537.36 (KHTML, like Gecko; compatible; GPTBot/1.3; +https://openai.com/gptbot)" 34 **0/34387**
216.73.216.104 - - [15/Apr/2026:09:05:51 -0700] "GET /m/archi70606038.htm HTTP/1.1" 200 1 "-" "Mozilla/5.0 AppleWebKit/537.36 (KHTML, like Gecko; compatible; ClaudeBot/1.0; +claudebot@anthropic.com)" 85 **0/85099**
216.73.216.104 - - [15/Apr/2026:09:05:54 -0700] "GET /m/favou32998586.htm HTTP/1.1" 403 1 "-" "Mozilla/5.0 AppleWebKit/537.36 (KHTML, like Gecko; compatible; ClaudeBot/1.0; +claudebot@anthropic.com)" 26 **0/26037**
74.7.242.48 - - [15/Apr/2026:09:05:54 -0700] "GET /m/desk12401768.htm HTTP/1.1" 200 1 "http://biotekpanama.com/sitemap-4.xml" "Mozilla/5.0 AppleWebKit/537.36 (KHTML, like Gecko; compatible; GPTBot/1.3; +https://openai.com/gptbot)" 40 **0/40752**
216.73.216.104 - - [15/Apr/2026:09:05:57 -0700] "GET /m/subwa80225759.htm HTTP/1.1" 403 1 "-" "Mozilla/5.0 AppleWebKit/537.36 (KHTML, like Gecko; compatible; ClaudeBot/1.0; +claudebot@anthropic.com)" 27 **0/27113**
74.7.242.48 - - [15/Apr/2026:09:05:57 -0700] "GET /m/lush50143852.htm HTTP/1.1" 200 1 "http://biotekpanama.com/sitemap-3.xml" "Mozilla/5.0 AppleWebKit/537.36 (KHTML, like Gecko; compatible; GPTBot/1.3; +https://openai.com/gptbot)" 23 **0/23697**
216.73.216.104 - - [15/Apr/2026:09:06:00 -0700] "GET /m/idle22383217.htm HTTP/1.1" 403 1 "-" "Mozilla/5.0 AppleWebKit/537.36 (KHTML, like Gecko; compatible; ClaudeBot/1.0; +claudebot@anthropic.com)" 19 **0/19484**
74.7.242.48 - - [15/Apr/2026:09:06:00 -0700] "GET /m/girl31472546.htm HTTP/1.1" 200 1 "http://biotekpanama.com/sitemap-3.xml" "Mozilla/5.0 AppleWebKit/537.36 (KHTML, like Gecko; compatible; GPTBot/1.3; +https://openai.com/gptbot)" 120 **0/120325**
216.73.216.104 - - [15/Apr/2026:09:06:03 -0700] "GET /m/notio10223752.htm HTTP/1.1" 403 1 "-" "Mozilla/5.0 AppleWebKit/537.36 (KHTML, like Gecko; compatible; ClaudeBot/1.0; +claudebot@anthropic.com)" 74 **0/74962**
74.7.242.48 - - [15/Apr/2026:09:06:03 -0700] "GET /m/mild32822946.htm HTTP/1.1" 200 1 "http://biotekpanama.com/sitemap-8.xml" "Mozilla/5.0 AppleWebKit/537.36 (KHTML, like Gecko; compatible; GPTBot/1.3; +https://openai.com/gptbot)" 124 **0/124721**
216.73.216.104 - - [15/Apr/2026:09:06:06 -0700] "GET /m/oh21063521.htm HTTP/1.1" 403 1 "-" "Mozilla/5.0 AppleWebKit/537.36 (KHTML, like Gecko; compatible; ClaudeBot/1.0; +claudebot@anthropic.com)" 83 **0/83958**
74.7.242.48 - - [15/Apr/2026:09:06:06 -0700] "GET /m/your60237261.htm HTTP/1.1" 200 1 "http://biotekpanama.com/sitemap-4.xml" "Mozilla/5.0 AppleWebKit/537.36 (KHTML, like Gecko; compatible; GPTBot/1.3; +https://openai.com/gptbot)" 259 **0/259839**
216.73.216.104 - - [15/Apr/2026:09:06:09 -0700] "GET /m/furry11581408.htm HTTP/1.1" 403 1 "-" "Mozilla/5.0 AppleWebKit/537.36 (KHTML, like Gecko; compatible; ClaudeBot/1.0; +claudebot@anthropic.com)" 163 **0/163046**
74.7.242.48 - - [15/Apr/2026:09:06:09 -0700] "GET /m/baby41464819.htm HTTP/1.1" 200 1 "http://biotekpanama.com/sitemap-8.xml" "Mozilla/5.0 AppleWebKit/537.36 (KHTML, like Gecko; compatible; GPTBot/1.3; +https://openai.com/gptbot)" 21 **0/21597**
216.73.216.104 - - [15/Apr/2026:09:06:12 -0700] "GET /m/throa51777564.htm HTTP/1.1" 403 1 "-" "Mozilla/5.0 AppleWebKit/537.36 (KHTML, like Gecko; compatible; ClaudeBot/1.0; +claudebot@anthropic.com)" 70 **0/70055**
74.7.242.48 - - [15/Apr/2026:09:06:12 -0700] "GET /m/rate40602251.htm HTTP/1.1" 200 1 "http://biotekpanama.com/sitemap-7.xml" "Mozilla/5.0 AppleWebKit/537.36 (KHTML, like Gecko; compatible; GPTBot/1.3; +https://openai.com/gptbot)" 240 **0/240216**
216.73.216.104 - - [15/Apr/2026:09:06:15 -0700] "GET /m/calcu52833532.htm HTTP/1.1" 403 1 "-" "Mozilla/5.0 AppleWebKit/537.36 (KHTML, like Gecko; compatible; ClaudeBot/1.0; +claudebot@anthropic.com)" 29 **0/29582**
74.7.242.48 - - [15/Apr/2026:09:06:16 -0700] "GET /m/open41557027.htm HTTP/1.1" 200 1 "http://biotekpanama.com/sitemap-6.xml" "Mozilla/5.0 AppleWebKit/537.36 (KHTML, like Gecko; compatible; GPTBot/1.3; +https://openai.com/gptbot)" 122 **0/122384**
216.73.216.104 - - [15/Apr/2026:09:06:18 -0700] "GET /m/fatig60926261.htm HTTP/1.1" 403 1 "-" "Mozilla/5.0 AppleWebKit/537.36 (KHTML, like Gecko; compatible; ClaudeBot/1.0; +claudebot@anthropic.com)" 78 **0/78418**
74.7.242.48 - - [15/Apr/2026:09:06:19 -0700] "GET /m/must32940346.htm HTTP/1.1" 200 1 "http://biotekpanama.com/sitemap-8.xml" "Mozilla/5.0 AppleWebKit/537.36 (KHTML, like Gecko; compatible; GPTBot/1.3; +https://openai.com/gptbot)" 213 **0/213670**
216.73.216.104 - - [15/Apr/2026:09:06:21 -0700] "GET /m/tent71868478.htm HTTP/1.1" 403 1 "-" "Mozilla/5.0 AppleWebKit/537.36 (KHTML, like Gecko; compatible; ClaudeBot/1.0; +claudebot@anthropic.com)" 77 **0/77663**
74.7.242.48 - - [15/Apr/2026:09:06:22 -0700] "GET /m/deny30203426.htm HTTP/1.1" 200 1 "http://biotekpanama.com/sitemap-6.xml" "Mozilla/5.0 AppleWebKit/537.36 (KHTML, like Gecko; compatible; GPTBot/1.3; +https://openai.com/gptbot)" 47 **0/47127**
216.73.216.104 - - [15/Apr/2026:09:06:24 -0700] "GET /m/shiny12565680.htm HTTP/1.1" 403 1 "-" "Mozilla/5.0 AppleWebKit/537.36 (KHTML, like Gecko; compatible; ClaudeBot/1.0; +claudebot@anthropic.com)" 71 **0/71494**
74.7.242.48 - - [15/Apr/2026:09:06:25 -0700] "GET /m/coin82084847.htm HTTP/1.1" 200 1 "http://biotekpanama.com/sitemap-9.xml" "Mozilla/5.0 AppleWebKit/537.36 (KHTML, like Gecko; compatible; GPTBot/1.3; +https://openai.com/gptbot)" 307 **0/307195**
74.7.242.48 - - [15/Apr/2026:09:06:28 -0700] "GET /m/goal71804502.htm HTTP/1.1" 200 1 "http://biotekpanama.com/sitemap-9.xml" "Mozilla/5.0 AppleWebKit/537.36 (KHTML, like Gecko; compatible; GPTBot/1.3; +https://openai.com/gptbot)" 295 **0/295848**
216.73.216.104 - - [15/Apr/2026:09:06:30 -0700] "GET /m/dote82471959.htm HTTP/1.1" 403 1 "-" "Mozilla/5.0 AppleWebKit/537.36 (KHTML, like Gecko; compatible; ClaudeBot/1.0; +claudebot@anthropic.com)" 213 **0/213210**
74.7.242.48 - - [15/Apr/2026:09:06:31 -0700] "GET /m/wear71385782.htm HTTP/1.1" 200 1 "http://biotekpanama.com/sitemap-9.xml" "Mozilla/5.0 AppleWebKit/537.36 (KHTML, like Gecko; compatible; GPTBot/1.3; +https://openai.com/gptbot)" 337 **0/337982**
74.7.242.48 - - [15/Apr/2026:09:06:35 -0700] "GET /m/fuss41094387.htm HTTP/1.1" 200 1 "http://biotekpanama.com/sitemap-4.xml" "Mozilla/5.0 AppleWebKit/537.36 (KHTML, like Gecko; compatible; GPTBot/1.3; +https://openai.com/gptbot)" 128 **0/128184**
216.73.216.104 - - [15/Apr/2026:09:06:37 -0700] "GET /m/presc61802125.htm HTTP/1.1" 200 1 "-" "Mozilla/5.0 AppleWebKit/537.36 (KHTML, like Gecko; compatible; ClaudeBot/1.0; +claudebot@anthropic.com)" 115 **0/115469**
74.7.242.48 - - [15/Apr/2026:09:06:38 -0700] "GET /m/some81249175.htm HTTP/1.1" 200 1 "http://biotekpanama.com/sitemap-9.xml" "Mozilla/5.0 AppleWebKit/537.36 (KHTML, like Gecko; compatible; GPTBot/1.3; +https://openai.com/gptbot)" 230 **0/230928**
216.73.216.104 - - [15/Apr/2026:09:06:39 -0700] "GET /m/scout21939409.htm HTTP/1.1" 200 1 "-" "Mozilla/5.0 AppleWebKit/537.36 (KHTML, like Gecko; compatible; ClaudeBot/1.0; +claudebot@anthropic.com)" 264 **0/264810**
74.7.242.48 - - [15/Apr/2026:09:06:41 -0700] "GET /m/dish30572282.htm HTTP/1.1" 200 1 "http://biotekpanama.com/sitemap-9.xml" "Mozilla/5.0 AppleWebKit/537.36 (KHTML, like Gecko; compatible; GPTBot/1.3; +https://openai.com/gptbot)" 163 **0/163412**
216.73.216.104 - - [15/Apr/2026:09:06:42 -0700] "GET /m/drive60196125.htm HTTP/1.1" 200 1 "-" "Mozilla/5.0 AppleWebKit/537.36 (KHTML, like Gecko; compatible; ClaudeBot/1.0; +claudebot@anthropic.com)" 58 **0/58690**
74.7.242.48 - - [15/Apr/2026:09:06:44 -0700] "GET /m/sign12421728.htm HTTP/1.1" 200 1 "http://biotekpanama.com/sitemap-4.xml" "Mozilla/5.0 AppleWebKit/537.36 (KHTML, like Gecko; compatible; GPTBot/1.3; +https://openai.com/gptbot)" 24 **0/24446**
216.73.216.104 - - [15/Apr/2026:09:06:45 -0700] "GET /m/self12999888.htm HTTP/1.1" 200 1 "-" "Mozilla/5.0 AppleWebKit/537.36 (KHTML, like Gecko; compatible; ClaudeBot/1.0; +claudebot@anthropic.com)" 146 **0/146954**
74.7.242.48 - - [15/Apr/2026:09:06:47 -0700] "GET /m/fate52258036.htm HTTP/1.1" 200 1 "http://biotekpanama.com/sitemap-6.xml" "Mozilla/5.0 AppleWebKit/537.36 (KHTML, like Gecko; compatible; GPTBot/1.3; +https://openai.com/gptbot)" 22 **0/22054**
216.73.216.104 - - [15/Apr/2026:09:06:48 -0700] "GET /m/hobby60084069.htm HTTP/1.1" 200 1 "-" "Mozilla/5.0 AppleWebKit/537.36 (KHTML, like Gecko; compatible; ClaudeBot/1.0; +claudebot@anthropic.com)" 58 **0/58661**
74.7.242.48 - - [15/Apr/2026:09:06:51 -0700] "GET /m/awry70899822.htm HTTP/1.1" 200 1 "http://biotekpanama.com/sitemap-7.xml" "Mozilla/5.0 AppleWebKit/537.36 (KHTML, like Gecko; compatible; GPTBot/1.3; +https://openai.com/gptbot)" 62 **0/62037**
216.73.216.104 - - [15/Apr/2026:09:06:51 -0700] "GET /m/ridge70103014.htm HTTP/1.1" 200 1 "-" "Mozilla/5.0 AppleWebKit/537.36 (KHTML, like Gecko; compatible; ClaudeBot/1.0; +claudebot@anthropic.com)" 60 **0/60753**
216.73.216.104 - - [15/Apr/2026:09:06:54 -0700] "GET /m/wild50101812.htm HTTP/1.1" 200 1 "-" "Mozilla/5.0 AppleWebKit/537.36 (KHTML, like Gecko; compatible; ClaudeBot/1.0; +claudebot@anthropic.com)" 25 **0/25085**
74.7.242.48 - - [15/Apr/2026:09:06:54 -0700] "GET /m/thin11449208.htm HTTP/1.1" 200 1 "http://biotekpanama.com/sitemap-9.xml" "Mozilla/5.0 AppleWebKit/537.36 (KHTML, like Gecko; compatible; GPTBot/1.3; +https://openai.com/gptbot)" 23 **0/23644**
216.73.216.104 - - [15/Apr/2026:09:06:57 -0700] "GET /m/nuisa12051040.htm HTTP/1.1" 200 1 "-" "Mozilla/5.0 AppleWebKit/537.36 (KHTML, like Gecko; compatible; ClaudeBot/1.0; +claudebot@anthropic.com)" 52 **0/52018**
74.7.242.48 - - [15/Apr/2026:09:06:57 -0700] "GET /m/pose40410179.htm HTTP/1.1" 200 1 "http://biotekpanama.com/sitemap-6.xml" "Mozilla/5.0 AppleWebKit/537.36 (KHTML, like Gecko; compatible; GPTBot/1.3; +https://openai.com/gptbot)" 34 **0/34152**
216.73.216.104 - - [15/Apr/2026:09:07:00 -0700] "GET /m/lend11461336.htm HTTP/1.1" 200 1 "-" "Mozilla/5.0 AppleWebKit/537.36 (KHTML, like Gecko; compatible; ClaudeBot/1.0; +claudebot@anthropic.com)" 45 **0/45867**
74.7.242.48 - - [15/Apr/2026:09:07:00 -0700] "GET /m/when62081309.htm HTTP/1.1" 200 1 "http://biotekpanama.com/sitemap-6.xml" "Mozilla/5.0 AppleWebKit/537.36 (KHTML, like Gecko; compatible; GPTBot/1.3; +https://openai.com/gptbot)" 31 **0/31037**
216.73.216.104 - - [15/Apr/2026:09:07:03 -0700] "GET /m/coil72242622.htm HTTP/1.1" 200 1 "-" "Mozilla/5.0 AppleWebKit/537.36 (KHTML, like Gecko; compatible; ClaudeBot/1.0; +claudebot@anthropic.com)" 31 **0/31792**
74.7.242.48 - - [15/Apr/2026:09:07:03 -0700] "GET /m/shed82299007.htm HTTP/1.1" 200 1 "http://biotekpanama.com/sitemap-6.xml" "Mozilla/5.0 AppleWebKit/537.36 (KHTML, like Gecko; compatible; GPTBot/1.3; +https://openai.com/gptbot)" 23 **0/23086**
216.73.216.104 - - [15/Apr/2026:09:07:06 -0700] "GET /m/sir51804516.htm HTTP/1.1" 200 1 "-" "Mozilla/5.0 AppleWebKit/537.36 (KHTML, like Gecko; compatible; ClaudeBot/1.0; +claudebot@anthropic.com)" 24 **0/24678**
74.7.242.48 - - [15/Apr/2026:09:07:06 -0700] "GET /m/fall30909538.htm HTTP/1.1" 200 1 "http://biotekpanama.com/sitemap-7.xml" "Mozilla/5.0 AppleWebKit/537.36 (KHTML, like Gecko; compatible; GPTBot/1.3; +https://openai.com/gptbot)" 23 **0/23746**
216.73.216.104 - - [15/Apr/2026:09:07:09 -0700] "GET /m/affor12172344.htm HTTP/1.1" 200 1 "-" "Mozilla/5.0 AppleWebKit/537.36 (KHTML, like Gecko; compatible; ClaudeBot/1.0; +claudebot@anthropic.com)" 20 **0/20596**
74.7.242.48 - - [15/Apr/2026:09:07:09 -0700] "GET /m/band82449511.htm HTTP/1.1" 200 1 "http://biotekpanama.com/sitemap-4.xml" "Mozilla/5.0 AppleWebKit/537.36 (KHTML, like Gecko; compatible; GPTBot/1.3; +https://openai.com/gptbot)" 111 **0/111736**
216.73.216.104 - - [15/Apr/2026:09:07:12 -0700] "GET /m/leak50891476.htm HTTP/1.1" 200 1 "-" "Mozilla/5.0 AppleWebKit/537.36 (KHTML, like Gecko; compatible; ClaudeBot/1.0; +claudebot@anthropic.com)" 65 **0/65214**
74.7.242.48 - - [15/Apr/2026:09:07:13 -0700] "GET /m/wile51183908.htm HTTP/1.1" 200 1 "http://biotekpanama.com/sitemap-9.xml" "Mozilla/5.0 AppleWebKit/537.36 (KHTML, like Gecko; compatible; GPTBot/1.3; +https://openai.com/gptbot)" 22 **0/22279**
216.73.216.104 - - [15/Apr/2026:09:07:15 -0700] "GET /m/slow21604137.htm HTTP/1.1" 200 1 "-" "Mozilla/5.0 AppleWebKit/537.36 (KHTML, like Gecko; compatible; ClaudeBot/1.0; +claudebot@anthropic.com)" 38 **0/38722**
74.7.242.48 - - [15/Apr/2026:09:07:16 -0700] "GET /m/bolt30295626.htm HTTP/1.1" 200 1 "http://biotekpanama.com/sitemap-7.xml" "Mozilla/5.0 AppleWebKit/537.36 (KHTML, like Gecko; compatible; GPTBot/1.3; +https://openai.com/gptbot)" 22 **0/22157**
216.73.216.104 - - [15/Apr/2026:09:07:18 -0700] "GET /m/melt52822420.htm HTTP/1.1" 200 1 "-" "Mozilla/5.0 AppleWebKit/537.36 (KHTML, like Gecko; compatible; ClaudeBot/1.0; +claudebot@anthropic.com)" 56 **0/56256**
74.7.242.48 - - [15/Apr/2026:09:07:19 -0700] "GET /m/boil32153618.htm HTTP/1.1" 200 1 "http://biotekpanama.com/sitemap-4.xml" "Mozilla/5.0 AppleWebKit/537.36 (KHTML, like Gecko; compatible; GPTBot/1.3; +https://openai.com/gptbot)" 183 **0/183679**
216.73.216.104 - - [15/Apr/2026:09:07:21 -0700] "GET /m/remov20045897.htm HTTP/1.1" 200 1 "-" "Mozilla/5.0 AppleWebKit/537.36 (KHTML, like Gecko; compatible; ClaudeBot/1.0; +claudebot@anthropic.com)" 50 **0/50433**
74.7.242.48 - - [15/Apr/2026:09:07:22 -0700] "GET /m/fray72723974.htm HTTP/1.1" 200 1 "http://biotekpanama.com/sitemap-8.xml" "Mozilla/5.0 AppleWebKit/537.36 (KHTML, like Gecko; compatible; GPTBot/1.3; +https://openai.com/gptbot)" 91 **0/91396**
216.73.216.104 - - [15/Apr/2026:09:07:24 -0700] "GET /m/crime30847562.htm HTTP/1.1" 200 1 "-" "Mozilla/5.0 AppleWebKit/537.36 (KHTML, like Gecko; compatible; ClaudeBot/1.0; +claudebot@anthropic.com)" 66 **0/66273**
74.7.242.48 - - [15/Apr/2026:09:07:25 -0700] "GET /m/sigh71995790.htm HTTP/1.1" 200 1 "http://biotekpanama.com/sitemap-9.xml" "Mozilla/5.0 AppleWebKit/537.36 (KHTML, like Gecko; compatible; GPTBot/1.3; +https://openai.com/gptbot)" 24 **0/24506**
216.73.216.104 - - [15/Apr/2026:09:07:27 -0700] "GET /m/shive50543412.htm HTTP/1.1" 200 1 "-" "Mozilla/5.0 AppleWebKit/537.36 (KHTML, like Gecko; compatible; ClaudeBot/1.0; +claudebot@anthropic.com)" 57 **0/57203**
74.7.242.48 - - [15/Apr/2026:09:07:29 -0700] "GET /m/dirt61707613.htm HTTP/1.1" 200 1 "http://biotekpanama.com/sitemap-8.xml" "Mozilla/5.0 AppleWebKit/537.36 (KHTML, like Gecko; compatible; GPTBot/1.3; +https://openai.com/gptbot)" 41 **0/41021**
216.73.216.104 - - [15/Apr/2026:09:07:30 -0700] "GET /m/match12688952.htm HTTP/1.1" 200 1 "-" "Mozilla/5.0 AppleWebKit/537.36 (KHTML, like Gecko; compatible; ClaudeBot/1.0; +claudebot@anthropic.com)" 126 **0/126963**
74.7.242.48 - - [15/Apr/2026:09:07:32 -0700] "GET /m/stir41034355.htm HTTP/1.1" 200 1 "http://biotekpanama.com/sitemap-6.xml" "Mozilla/5.0 AppleWebKit/537.36 (KHTML, like Gecko; compatible; GPTBot/1.3; +https://openai.com/gptbot)" 98 **0/98940**
216.73.216.104 - - [15/Apr/2026:09:07:33 -0700] "GET /m/ease61834325.htm HTTP/1.1" 200 1 "-" "Mozilla/5.0 AppleWebKit/537.36 (KHTML, like Gecko; compatible; ClaudeBot/1.0; +claudebot@anthropic.com)" 59 **0/59598**
74.7.242.48 - - [15/Apr/2026:09:07:35 -0700] "GET /m/faze72615838.htm HTTP/1.1" 200 1 "http://biotekpanama.com/sitemap-4.xml" "Mozilla/5.0 AppleWebKit/537.36 (KHTML, like Gecko; compatible; GPTBot/1.3; +https://openai.com/gptbot)" 24 **0/24500**
74.7.242.48 - - [15/Apr/2026:09:07:38 -0700] "GET /m/file42478755.htm HTTP/1.1" 200 1 "http://biotekpanama.com/sitemap-4.xml" "Mozilla/5.0 AppleWebKit/537.36 (KHTML, like Gecko; compatible; GPTBot/1.3; +https://openai.com/gptbot)" 163 **0/163048**
216.73.216.104 - - [15/Apr/2026:09:07:40 -0700] "GET /m/vivid81751295.htm HTTP/1.1" 200 1 "-" "Mozilla/5.0 AppleWebKit/537.36 (KHTML, like Gecko; compatible; ClaudeBot/1.0; +claudebot@anthropic.com)" 24 **0/24811**
74.7.242.48 - - [15/Apr/2026:09:07:41 -0700] "GET /m/plea70315878.htm HTTP/1.1" 200 1 "http://biotekpanama.com/sitemap-9.xml" "Mozilla/5.0 AppleWebKit/537.36 (KHTML, like Gecko; compatible; GPTBot/1.3; +https://openai.com/gptbot)" 41 **0/41773**
74.7.242.48 - - [15/Apr/2026:09:07:45 -0700] "GET /m/kink12035848.htm HTTP/1.1" 200 1 "http://biotekpanama.com/sitemap-3.xml" "Mozilla/5.0 AppleWebKit/537.36 (KHTML, like Gecko; compatible; GPTBot/1.3; +https://openai.com/gptbot)" 167 **0/167449**
216.73.216.104 - - [15/Apr/2026:09:07:46 -0700] "GET /m/hunt71015110.htm HTTP/1.1" 200 1 "-" "Mozilla/5.0 AppleWebKit/537.36 (KHTML, like Gecko; compatible; ClaudeBot/1.0; +claudebot@anthropic.com)" 283 **0/283912**
74.7.242.48 - - [15/Apr/2026:09:07:48 -0700] "GET /m/some81609175.htm HTTP/1.1" 200 1 "http://biotekpanama.com/sitemap-6.xml" "Mozilla/5.0 AppleWebKit/537.36 (KHTML, like Gecko; compatible; GPTBot/1.3; +https://openai.com/gptbot)" 304 **0/304260**
216.73.216.104 - - [15/Apr/2026:09:07:49 -0700] "GET /m/pure10934752.htm HTTP/1.1" 200 1 "-" "Mozilla/5.0 AppleWebKit/537.36 (KHTML, like Gecko; compatible; ClaudeBot/1.0; +claudebot@anthropic.com)" 344 **0/344250**
74.7.242.48 - - [15/Apr/2026:09:07:51 -0700] "GET /m/gold31740250.htm HTTP/1.1" 200 1 "http://biotekpanama.com/sitemap-6.xml" "Mozilla/5.0 AppleWebKit/537.36 (KHTML, like Gecko; compatible; GPTBot/1.3; +https://openai.com/gptbot)" 359 **0/359986**
216.73.216.104 - - [15/Apr/2026:09:07:52 -0700] "GET /m/endle11366888.htm HTTP/1.1" 200 1 "-" "Mozilla/5.0 AppleWebKit/537.36 (KHTML, like Gecko; compatible; ClaudeBot/1.0; +claudebot@anthropic.com)" 424 **0/424172**
74.7.242.48 - - [15/Apr/2026:09:07:54 -0700] "GET /m/duck81804559.htm HTTP/1.1" 200 1 "http://biotekpanama.com/sitemap-6.xml" "Mozilla/5.0 AppleWebKit/537.36 (KHTML, like Gecko; compatible; GPTBot/1.3; +https://openai.com/gptbot)" 230 **0/230852**
216.73.216.104 - - [15/Apr/2026:09:07:55 -0700] "GET /m/since70053046.htm HTTP/1.1" 200 1 "-" "Mozilla/5.0 AppleWebKit/537.36 (KHTML, like Gecko; compatible; ClaudeBot/1.0; +claudebot@anthropic.com)" 234 **0/234173**
74.7.242.48 - - [15/Apr/2026:09:07:57 -0700] "GET /m/tour32537626.htm HTTP/1.1" 200 1 "http://biotekpanama.com/sitemap-9.xml" "Mozilla/5.0 AppleWebKit/537.36 (KHTML, like Gecko; compatible; GPTBot/1.3; +https://openai.com/gptbot)" 23 **0/23942**
216.73.216.104 - - [15/Apr/2026:09:07:58 -0700] "GET /m/moral10602008.htm HTTP/1.1" 200 1 "-" "Mozilla/5.0 AppleWebKit/537.36 (KHTML, like Gecko; compatible; ClaudeBot/1.0; +claudebot@anthropic.com)" 223 **0/223130**
74.7.242.48 - - [15/Apr/2026:09:08:01 -0700] "GET /m/poor20360865.htm HTTP/1.1" 200 1 "http://biotekpanama.com/sitemap-6.xml" "Mozilla/5.0 AppleWebKit/537.36 (KHTML, like Gecko; compatible; GPTBot/1.3; +https://openai.com/gptbot)" 912 **0/912075**
216.73.216.104 - - [15/Apr/2026:09:08:01 -0700] "GET /m/subwa81481759.htm HTTP/1.1" 200 1 "-" "Mozilla/5.0 AppleWebKit/537.36 (KHTML, like Gecko; compatible; ClaudeBot/1.0; +claudebot@anthropic.com)" 488 **0/488502**
74.7.242.48 - - [15/Apr/2026:09:08:04 -0700] "GET /m/hale40639843.htm HTTP/1.1" 200 1 "http://biotekpanama.com/sitemap-8.xml" "Mozilla/5.0 AppleWebKit/537.36 (KHTML, like Gecko; compatible; GPTBot/1.3; +https://openai.com/gptbot)" 344 **0/344035**
216.73.216.104 - - [15/Apr/2026:09:08:04 -0700] "GET /m/farme40821291.htm HTTP/1.1" 200 1 "-" "Mozilla/5.0 AppleWebKit/537.36 (KHTML, like Gecko; compatible; ClaudeBot/1.0; +claudebot@anthropic.com)" 502 **0/502534**
74.7.242.48 - - [15/Apr/2026:09:08:07 -0700] "GET /m/hope61380509.htm HTTP/1.1" 200 1 "http://biotekpanama.com/sitemap-4.xml" "Mozilla/5.0 AppleWebKit/537.36 (KHTML, like Gecko; compatible; GPTBot/1.3; +https://openai.com/gptbot)" 150 **0/150877**
216.73.216.104 - - [15/Apr/2026:09:08:07 -0700] "GET /m/inwar80578615.htm HTTP/1.1" 200 1 "-" "Mozilla/5.0 AppleWebKit/537.36 (KHTML, like Gecko; compatible; ClaudeBot/1.0; +claudebot@anthropic.com)" 46 **0/46380**
74.7.242.48 - - [15/Apr/2026:09:08:10 -0700] "GET /m/safe72765278.htm HTTP/1.1" 200 1 "http://biotekpanama.com/sitemap-3.xml" "Mozilla/5.0 AppleWebKit/537.36 (KHTML, like Gecko; compatible; GPTBot/1.3; +https://openai.com/gptbot)" 111 **0/111930**
216.73.216.104 - - [15/Apr/2026:09:08:10 -0700] "GET /m/tight81686231.htm HTTP/1.1" 200 1 "-" "Mozilla/5.0 AppleWebKit/537.36 (KHTML, like Gecko; compatible; ClaudeBot/1.0; +claudebot@anthropic.com)" 237 **0/237767**
74.7.242.48 - - [15/Apr/2026:09:08:13 -0700] "GET /m/hand12965040.htm HTTP/1.1" 200 1 "http://biotekpanama.com/sitemap-4.xml" "Mozilla/5.0 AppleWebKit/537.36 (KHTML, like Gecko; compatible; GPTBot/1.3; +https://openai.com/gptbot)" 116 **0/116628**
216.73.216.104 - - [15/Apr/2026:09:08:13 -0700] "GET /m/verif30482706.htm HTTP/1.1" 200 1 "-" "Mozilla/5.0 AppleWebKit/537.36 (KHTML, like Gecko; compatible; ClaudeBot/1.0; +claudebot@anthropic.com)" 313 **0/313692**
74.7.242.48 - - [15/Apr/2026:09:08:16 -0700] "GET /m/quit31045970.htm HTTP/1.1" 200 1 "http://biotekpanama.com/sitemap-6.xml" "Mozilla/5.0 AppleWebKit/537.36 (KHTML, like Gecko; compatible; GPTBot/1.3; +https://openai.com/gptbot)" 102 **0/102490**
216.73.216.104 - - [15/Apr/2026:09:08:16 -0700] "GET /m/radic52658252.htm HTTP/1.1" 403 1 "-" "Mozilla/5.0 AppleWebKit/537.36 (KHTML, like Gecko; compatible; ClaudeBot/1.0; +claudebot@anthropic.com)" 136 **0/136128**
74.7.242.48 - - [15/Apr/2026:09:08:19 -0700] "GET /m/trip40740643.htm HTTP/1.1" 200 1 "http://biotekpanama.com/sitemap-6.xml" "Mozilla/5.0 AppleWebKit/537.36 (KHTML, like Gecko; compatible; GPTBot/1.3; +https://openai.com/gptbot)" 81 **0/81884**
74.7.242.48 - - [15/Apr/2026:09:08:22 -0700] "GET /m/help30792522.htm HTTP/1.1" 200 1 "http://biotekpanama.com/sitemap-3.xml" "Mozilla/5.0 AppleWebKit/537.36 (KHTML, like Gecko; compatible; GPTBot/1.3; +https://openai.com/gptbot)" 179 **0/179472**
216.73.216.104 - - [15/Apr/2026:09:08:23 -0700] "GET /m/steam61444085.htm HTTP/1.1" 403 1 "-" "Mozilla/5.0 AppleWebKit/537.36 (KHTML, like Gecko; compatible; ClaudeBot/1.0; +claudebot@anthropic.com)" 234 **0/234745**
74.7.242.48 - - [15/Apr/2026:09:08:26 -0700] "GET /m/copy22032617.htm HTTP/1.1" 200 1 "http://biotekpanama.com/sitemap-8.xml" "Mozilla/5.0 AppleWebKit/537.36 (KHTML, like Gecko; compatible; GPTBot/1.3; +https://openai.com/gptbot)" 134 **0/134833**
74.7.242.48 - - [15/Apr/2026:09:08:29 -0700] "GET /m/gray52642836.htm HTTP/1.1" 200 1 "http://biotekpanama.com/sitemap-6.xml" "Mozilla/5.0 AppleWebKit/537.36 (KHTML, like Gecko; compatible; GPTBot/1.3; +https://openai.com/gptbot)" 60 **0/60782**
216.73.216.104 - - [15/Apr/2026:09:08:29 -0700] "GET /m/show10248272.htm HTTP/1.1" 403 1 "-" "Mozilla/5.0 AppleWebKit/537.36 (KHTML, like Gecko; compatible; ClaudeBot/1.0; +claudebot@anthropic.com)" 54 **0/54025**
74.7.242.48 - - [15/Apr/2026:09:08:32 -0700] "GET /m/roll82502535.htm HTTP/1.1" 200 1 "http://biotekpanama.com/sitemap-9.xml" "Mozilla/5.0 AppleWebKit/537.36 (KHTML, like Gecko; compatible; GPTBot/1.3; +https://openai.com/gptbot)" 152 **0/152868**
216.73.216.104 - - [15/Apr/2026:09:08:34 -0700] "GET /m/purse10404064.htm HTTP/1.1" 403 1 "-" "Mozilla/5.0 AppleWebKit/537.36 (KHTML, like Gecko; compatible; ClaudeBot/1.0; +claudebot@anthropic.com)" 90 **0/90070**
74.7.242.48 - - [15/Apr/2026:09:08:35 -0700] "GET /m/bull21419561.htm HTTP/1.1" 200 1 "http://biotekpanama.com/sitemap-9.xml" "Mozilla/5.0 AppleWebKit/537.36 (KHTML, like Gecko; compatible; GPTBot/1.3; +https://openai.com/gptbot)" 243 **0/243093**
216.73.216.104 - - [15/Apr/2026:09:08:37 -0700] "GET /m/god42105075.htm HTTP/1.1" 403 1 "-" "Mozilla/5.0 AppleWebKit/537.36 (KHTML, like Gecko; compatible; ClaudeBot/1.0; +claudebot@anthropic.com)" 261 **0/261963**
74.7.242.48 - - [15/Apr/2026:09:08:38 -0700] "GET /m/rose40108419.htm HTTP/1.1" 200 1 "http://biotekpanama.com/sitemap-9.xml" "Mozilla/5.0 AppleWebKit/537.36 (KHTML, like Gecko; compatible; GPTBot/1.3; +https://openai.com/gptbot)" 33 **0/33014**
216.73.216.104 - - [15/Apr/2026:09:08:40 -0700] "GET /m/murde82224343.htm HTTP/1.1" 403 1 "-" "Mozilla/5.0 AppleWebKit/537.36 (KHTML, like Gecko; compatible; ClaudeBot/1.0; +claudebot@anthropic.com)" 101 **0/101595**
74.7.242.48 - - [15/Apr/2026:09:08:41 -0700] "GET /m/even81784767.htm HTTP/1.1" 200 1 "http://biotekpanama.com/sitemap-4.xml" "Mozilla/5.0 AppleWebKit/537.36 (KHTML, like Gecko; compatible; GPTBot/1.3; +https://openai.com/gptbot)" 20 **0/20421**
216.73.216.104 - - [15/Apr/2026:09:08:43 -0700] "GET /m/oppor11861440.htm HTTP/1.1" 403 1 "-" "Mozilla/5.0 AppleWebKit/537.36 (KHTML, like Gecko; compatible; ClaudeBot/1.0; +claudebot@anthropic.com)" 20 **0/20033**
74.7.242.48 - - [15/Apr/2026:09:08:44 -0700] "GET /m/firm42261507.htm HTTP/1.1" 200 1 "http://biotekpanama.com/sitemap-6.xml" "Mozilla/5.0 AppleWebKit/537.36 (KHTML, like Gecko; compatible; GPTBot/1.3; +https://openai.com/gptbot)" 201 **0/201195**
74.7.242.48 - - [15/Apr/2026:09:08:47 -0700] "GET /m/furl80363975.htm HTTP/1.1" 200 1 "http://biotekpanama.com/sitemap-8.xml" "Mozilla/5.0 AppleWebKit/537.36 (KHTML, like Gecko; compatible; GPTBot/1.3; +https://openai.com/gptbot)" 27 **0/27353**
216.73.216.104 - - [15/Apr/2026:09:08:48 -0700] "GET /m/ballo22884785.htm HTTP/1.1" 403 1 "-" "Mozilla/5.0 AppleWebKit/537.36 (KHTML, like Gecko; compatible; ClaudeBot/1.0; +claudebot@anthropic.com)" 111 **0/111076**
216.73.216.104 - - [15/Apr/2026:09:08:49 -0700] "GET /m/bomb42891003.htm HTTP/1.1" 403 1 "-" "Mozilla/5.0 AppleWebKit/537.36 (KHTML, like Gecko; compatible; ClaudeBot/1.0; +claudebot@anthropic.com)" 71 **0/71058**
74.7.242.48 - - [15/Apr/2026:09:08:51 -0700] "GET /m/town20064209.htm HTTP/1.1" 200 1 "http://biotekpanama.com/sitemap-8.xml" "Mozilla/5.0 AppleWebKit/537.36 (KHTML, like Gecko; compatible; GPTBot/1.3; +https://openai.com/gptbot)" 20 **0/20102**
216.73.216.104 - - [15/Apr/2026:09:08:53 -0700] "GET /m/mum82247943.htm HTTP/1.1" 403 1 "-" "Mozilla/5.0 AppleWebKit/537.36 (KHTML, like Gecko; compatible; ClaudeBot/1.0; +claudebot@anthropic.com)" 20 **0/20409**
74.7.242.48 - - [15/Apr/2026:09:08:54 -0700] "GET /m/draw62925725.htm HTTP/1.1" 200 1 "http://biotekpanama.com/sitemap-7.xml" "Mozilla/5.0 AppleWebKit/537.36 (KHTML, like Gecko; compatible; GPTBot/1.3; +https://openai.com/gptbot)" 21 **0/21506**
216.73.216.104 - - [15/Apr/2026:09:08:55 -0700] "GET /m/nap82103551.htm HTTP/1.1" 403 1 "-" "Mozilla/5.0 AppleWebKit/537.36 (KHTML, like Gecko; compatible; ClaudeBot/1.0; +claudebot@anthropic.com)" 73 **0/73413**
74.7.242.48 - - [15/Apr/2026:09:08:57 -0700] "GET /m/wait11977016.htm HTTP/1.1" 200 1 "http://biotekpanama.com/sitemap-9.xml" "Mozilla/5.0 AppleWebKit/537.36 (KHTML, like Gecko; compatible; GPTBot/1.3; +https://openai.com/gptbot)" 119 **0/119228**
216.73.216.104 - - [15/Apr/2026:09:08:58 -0700] "GET /m/alive61948525.htm HTTP/1.1" 200 1 "-" "Mozilla/5.0 AppleWebKit/537.36 (KHTML, like Gecko; compatible; ClaudeBot/1.0; +claudebot@anthropic.com)" 22 **0/22945**
74.7.242.48 - - [15/Apr/2026:09:09:00 -0700] "GET /m/stir40078355.htm HTTP/1.1" 200 1 "http://biotekpanama.com/sitemap-7.xml" "Mozilla/5.0 AppleWebKit/537.36 (KHTML, like Gecko; compatible; GPTBot/1.3; +https://openai.com/gptbot)" 23 **0/23532**
216.73.216.104 - - [15/Apr/2026:09:09:01 -0700] "GET /m/young62112693.htm HTTP/1.1" 200 1 "-" "Mozilla/5.0 AppleWebKit/537.36 (KHTML, like Gecko; compatible; ClaudeBot/1.0; +claudebot@anthropic.com)" 52 **0/52772**
74.7.242.48 - - [15/Apr/2026:09:09:03 -0700] "GET /m/scan10115456.htm HTTP/1.1" 200 1 "http://biotekpanama.com/sitemap-6.xml" "Mozilla/5.0 AppleWebKit/537.36 (KHTML, like Gecko; compatible; GPTBot/1.3; +https://openai.com/gptbot)" 42 **0/42533**
216.73.216.104 - - [15/Apr/2026:09:09:04 -0700] "GET /m/massi22093985.htm HTTP/1.1" 200 1 "-" "Mozilla/5.0 AppleWebKit/537.36 (KHTML, like Gecko; compatible; ClaudeBot/1.0; +claudebot@anthropic.com)" 137 **0/137365**
74.7.242.48 - - [15/Apr/2026:09:09:06 -0700] "GET /m/pump50326492.htm HTTP/1.1" 200 1 "http://biotekpanama.com/sitemap-6.xml" "Mozilla/5.0 AppleWebKit/537.36 (KHTML, like Gecko; compatible; GPTBot/1.3; +https://openai.com/gptbot)" 57 **0/57485**
216.73.216.104 - - [15/Apr/2026:09:09:07 -0700] "GET /m/beari21279713.htm HTTP/1.1" 200 1 "-" "Mozilla/5.0 AppleWebKit/537.36 (KHTML, like Gecko; compatible; ClaudeBot/1.0; +claudebot@anthropic.com)" 28 **0/28962**
74.7.242.48 - - [15/Apr/2026:09:09:09 -0700] "GET /m/best21041497.htm HTTP/1.1" 200 1 "http://biotekpanama.com/sitemap-8.xml" "Mozilla/5.0 AppleWebKit/537.36 (KHTML, like Gecko; compatible; GPTBot/1.3; +https://openai.com/gptbot)" 80 **0/80281**
216.73.216.104 - - [15/Apr/2026:09:09:10 -0700] "GET /m/stone52536212.htm HTTP/1.1" 200 1 "-" "Mozilla/5.0 AppleWebKit/537.36 (KHTML, like Gecko; compatible; ClaudeBot/1.0; +claudebot@anthropic.com)" 33 **0/33146**
74.7.242.48 - - [15/Apr/2026:09:09:13 -0700] "GET /m/sent60143917.htm HTTP/1.1" 200 1 "http://biotekpanama.com/sitemap-9.xml" "Mozilla/5.0 AppleWebKit/537.36 (KHTML, like Gecko; compatible; GPTBot/1.3; +https://openai.com/gptbot)" 64 **0/64875**
