20.220.161.65 - - [15/Apr/2026:08:26:54 -0700] "GET /wp-admin/network/index.php HTTP/1.1" 200 - "-" "-" 116 **0/116893**
20.220.161.65 - - [15/Apr/2026:08:26:54 -0700] "GET /k.php HTTP/1.1" 403 - "-" "-" 123 **0/123119**
20.220.161.65 - - [15/Apr/2026:08:26:54 -0700] "GET /wp-admin/js/ HTTP/1.1" 200 - "-" "-" 54 **0/54836**
20.220.161.65 - - [15/Apr/2026:08:26:54 -0700] "GET /403.php HTTP/1.1" 403 - "-" "-" 25 **0/25722**
20.220.161.65 - - [15/Apr/2026:08:26:54 -0700] "GET /wp-includes/images/ HTTP/1.1" 200 - "-" "-" 33 **0/33747**
20.220.161.65 - - [15/Apr/2026:08:26:54 -0700] "GET /wp-content/cache/ HTTP/1.1" 200 - "-" "-" 24 **0/24827**
20.220.161.65 - - [15/Apr/2026:08:26:54 -0700] "GET /gecko.php HTTP/1.1" 403 - "-" "-" 25 **0/25054**
20.220.161.65 - - [15/Apr/2026:08:26:55 -0700] "GET /wp-includes/ HTTP/1.1" 200 - "-" "-" 50 **0/50668**
20.220.161.65 - - [15/Apr/2026:08:26:55 -0700] "GET /aa.php HTTP/1.1" 403 - "-" "-" 96 **0/96872**
20.220.161.65 - - [15/Apr/2026:08:26:55 -0700] "GET /0x.php HTTP/1.1" 403 - "-" "-" 21 **0/21318**
20.220.161.65 - - [15/Apr/2026:08:26:55 -0700] "GET /wp-content/upgrade/index.php HTTP/1.1" 200 - "-" "-" 43 **0/43390**
20.220.161.65 - - [15/Apr/2026:08:26:56 -0700] "GET /cah.php HTTP/1.1" 403 - "-" "-" 38 **0/38104**
20.220.161.65 - - [15/Apr/2026:08:26:56 -0700] "GET /wp-includes/js/tinymce/plugins/compat3x/css/ HTTP/1.1" 200 - "-" "-" 73 **0/73443**
20.220.161.65 - - [15/Apr/2026:08:26:56 -0700] "GET /system_log.php HTTP/1.1" 200 - "-" "-" 94 **0/94994**
20.220.161.65 - - [15/Apr/2026:08:26:56 -0700] "GET /wp-includes/pomo/ HTTP/1.1" 200 - "-" "-" 63 **0/63538**
20.220.161.65 - - [15/Apr/2026:08:26:56 -0700] "GET /wp-admin/user/index.php HTTP/1.1" 200 - "-" "-" 30 **0/30393**
20.220.161.65 - - [15/Apr/2026:08:26:56 -0700] "GET /ioxi-o.php HTTP/1.1" 403 - "-" "-" 32 **0/32730**
20.220.161.65 - - [15/Apr/2026:08:26:56 -0700] "GET /abc.php HTTP/1.1" 403 - "-" "-" 34 **0/34928**
20.220.161.65 - - [15/Apr/2026:08:26:57 -0700] "GET /akcc.php HTTP/1.1" 403 - "-" "-" 57 **0/57921**
216.73.216.104 - - [15/Apr/2026:08:26:58 -0700] "GET /m/card40532707.htm HTTP/1.1" 200 1 "-" "Mozilla/5.0 AppleWebKit/537.36 (KHTML, like Gecko; compatible; ClaudeBot/1.0; +claudebot@anthropic.com)" 42 **0/42581**
74.7.242.48 - - [15/Apr/2026:08:26:57 -0700] "GET /m/partl22354777.htm HTTP/1.1" 200 1 "http://biotekpanama.com/sitemap-6.xml" "Mozilla/5.0 AppleWebKit/537.36 (KHTML, like Gecko; compatible; GPTBot/1.3; +https://openai.com/gptbot)" 674 **0/674728**
20.220.161.65 - - [15/Apr/2026:08:26:57 -0700] "GET /wk/index.php HTTP/1.1" 200 - "-" "-" 737 **0/737778**
20.220.161.65 - - [15/Apr/2026:08:26:58 -0700] "GET /1.php HTTP/1.1" 403 - "-" "-" 58 **0/58680**
20.220.161.65 - - [15/Apr/2026:08:26:58 -0700] "GET /wp-content/x/index.php HTTP/1.1" 200 - "-" "-" 130 **0/130303**
20.220.161.65 - - [15/Apr/2026:08:26:59 -0700] "GET /wp-content/index.php HTTP/1.1" 200 - "-" "-" 71 **0/71817**
20.220.161.65 - - [15/Apr/2026:08:26:59 -0700] "GET /as.php HTTP/1.1" 403 - "-" "-" 47 **0/47342**
20.220.161.65 - - [15/Apr/2026:08:26:59 -0700] "GET /wp-content/themes/admin.php HTTP/1.1" 200 - "-" "-" 44 **0/44995**
20.220.161.65 - - [15/Apr/2026:08:26:59 -0700] "GET /wp-config-sample.php HTTP/1.1" 200 - "-" "-" 82 **0/82544**
20.220.161.65 - - [15/Apr/2026:08:26:59 -0700] "GET /.well-known/acme-challenge/index.php HTTP/1.1" 200 - "-" "-" 46 **0/46769**
20.220.161.65 - - [15/Apr/2026:08:26:59 -0700] "GET /wp-includes/blocks/shortcode/index.php HTTP/1.1" 200 - "-" "-" 39 **0/39826**
20.220.161.65 - - [15/Apr/2026:08:27:00 -0700] "GET /wp-includes/images/smilies/ HTTP/1.1" 200 - "-" "-" 109 **0/109076**
20.220.161.65 - - [15/Apr/2026:08:27:00 -0700] "GET /cgi-bin/index.php HTTP/1.1" 200 - "-" "-" 234 **0/234558**
74.7.242.48 - - [15/Apr/2026:08:27:00 -0700] "GET /m/polis12175552.htm HTTP/1.1" 200 1 "http://biotekpanama.com/sitemap-7.xml" "Mozilla/5.0 AppleWebKit/537.36 (KHTML, like Gecko; compatible; GPTBot/1.3; +https://openai.com/gptbot)" 336 **0/336630**
20.220.161.65 - - [15/Apr/2026:08:27:00 -0700] "GET /an.php HTTP/1.1" 403 - "-" "-" 142 **0/142565**
20.220.161.65 - - [15/Apr/2026:08:27:00 -0700] "GET /wp-admin/images/ HTTP/1.1" 200 - "-" "-" 78 **0/78780**
20.220.161.65 - - [15/Apr/2026:08:27:01 -0700] "GET /404.php HTTP/1.1" 403 - "-" "-" 139 **0/139669**
20.220.161.65 - - [15/Apr/2026:08:27:01 -0700] "GET /wp-login.php HTTP/1.1" 200 - "-" "-" 222 **0/222883**
20.220.161.65 - - [15/Apr/2026:08:27:01 -0700] "GET /wp-content/uploads/goods.php HTTP/1.1" 200 - "-" "-" 217 **0/217011**
20.220.161.65 - - [15/Apr/2026:08:27:02 -0700] "GET /wp-includes/ID3/ HTTP/1.1" 200 - "-" "-" 55 **0/55447**
20.220.161.65 - - [15/Apr/2026:08:27:02 -0700] "GET /.well-known/ HTTP/1.1" 200 - "-" "-" 180 **0/180647**
20.220.161.65 - - [15/Apr/2026:08:27:02 -0700] "GET /wso.php HTTP/1.1" 403 - "-" "-" 163 **0/163071**
20.220.161.65 - - [15/Apr/2026:08:27:02 -0700] "GET /sf.php HTTP/1.1" 403 - "-" "-" 19 **0/19216**
20.220.161.65 - - [15/Apr/2026:08:27:02 -0700] "GET /index/function.php HTTP/1.1" 200 - "-" "-" 26 **0/26760**
216.73.216.104 - - [15/Apr/2026:08:27:03 -0700] "GET /m/sad42792771.htm HTTP/1.1" 200 1 "-" "Mozilla/5.0 AppleWebKit/537.36 (KHTML, like Gecko; compatible; ClaudeBot/1.0; +claudebot@anthropic.com)" 46 **0/46702**
20.220.161.65 - - [15/Apr/2026:08:27:03 -0700] "GET /edit.php HTTP/1.1" 200 - "-" "-" 282 **0/282081**
20.220.161.65 - - [15/Apr/2026:08:27:03 -0700] "GET /wp-includes/rest-api/ HTTP/1.1" 200 - "-" "-" 207 **0/207373**
74.7.242.48 - - [15/Apr/2026:08:27:03 -0700] "GET /m/devis82226815.htm HTTP/1.1" 200 1 "http://biotekpanama.com/sitemap-3.xml" "Mozilla/5.0 AppleWebKit/537.36 (KHTML, like Gecko; compatible; GPTBot/1.3; +https://openai.com/gptbot)" 212 **0/212961**
20.220.161.65 - - [15/Apr/2026:08:27:03 -0700] "GET /wp-content/themes/twentytwenty/404.php HTTP/1.1" 200 - "-" "-" 37 **0/37623**
20.220.161.65 - - [15/Apr/2026:08:27:03 -0700] "GET /wp-good.php HTTP/1.1" 403 - "-" "-" 255 **0/255746**
20.220.161.65 - - [15/Apr/2026:08:27:04 -0700] "GET /wp-admin/js/widgets/ HTTP/1.1" 200 - "-" "-" 117 **0/117592**
20.220.161.65 - - [15/Apr/2026:08:27:04 -0700] "GET /wp-admin/css/colors/midnight/ HTTP/1.1" 200 - "-" "-" 234 **0/234187**
20.220.161.65 - - [15/Apr/2026:08:27:04 -0700] "GET /tes.php HTTP/1.1" 403 - "-" "-" 253 **0/253239**
20.220.161.65 - - [15/Apr/2026:08:27:05 -0700] "GET /assets/ HTTP/1.1" 200 - "-" "-" 54 **0/54231**
20.220.161.65 - - [15/Apr/2026:08:27:05 -0700] "GET /files/index.php HTTP/1.1" 200 - "-" "-" 103 **0/103229**
20.220.161.65 - - [15/Apr/2026:08:27:05 -0700] "GET /wp-content/uploads/index.php HTTP/1.1" 200 - "-" "-" 251 **0/251080**
20.220.161.65 - - [15/Apr/2026:08:27:05 -0700] "GET /images/images/about.php HTTP/1.1" 403 - "-" "-" 116 **0/116355**
20.220.161.65 - - [15/Apr/2026:08:27:05 -0700] "GET /ms-edit.php HTTP/1.1" 200 - "-" "-" 92 **0/92313**
20.220.161.65 - - [15/Apr/2026:08:27:06 -0700] "GET /rip.php HTTP/1.1" 403 - "-" "-" 178 **0/178667**
20.220.161.65 - - [15/Apr/2026:08:27:06 -0700] "GET /wp-content/uploads/ HTTP/1.1" 200 - "-" "-" 146 **0/146956**
74.7.242.48 - - [15/Apr/2026:08:27:06 -0700] "GET /m/oblig22247193.htm HTTP/1.1" 200 1 "http://biotekpanama.com/sitemap-3.xml" "Mozilla/5.0 AppleWebKit/537.36 (KHTML, like Gecko; compatible; GPTBot/1.3; +https://openai.com/gptbot)" 88 **0/88159**
20.220.161.65 - - [15/Apr/2026:08:27:06 -0700] "GET /xmlrpc.php HTTP/1.1" 200 - "-" "-" 205 **0/205184**
20.220.161.65 - - [15/Apr/2026:08:27:06 -0700] "GET /moon.php HTTP/1.1" 403 - "-" "-" 18 **0/18390**
20.220.161.65 - - [15/Apr/2026:08:27:07 -0700] "GET /cache.php HTTP/1.1" 403 - "-" "-" 115 **0/115104**
20.220.161.65 - - [15/Apr/2026:08:27:07 -0700] "GET /wp-includes/block-bindings/ HTTP/1.1" 200 - "-" "-" 72 **0/72704**
20.220.161.65 - - [15/Apr/2026:08:27:07 -0700] "GET /vendor/ HTTP/1.1" 200 - "-" "-" 52 **0/52975**
20.220.161.65 - - [15/Apr/2026:08:27:07 -0700] "GET /wp-content/themes/ HTTP/1.1" 200 - "-" "-" 50 **0/50416**
20.220.161.65 - - [15/Apr/2026:08:27:07 -0700] "GET /wp-includes/images/smilies/about.php HTTP/1.1" 200 - "-" "-" 134 **0/134668**
20.220.161.65 - - [15/Apr/2026:08:27:07 -0700] "GET /wp-includes/js/crop/ HTTP/1.1" 200 - "-" "-" 24 **0/24457**
20.220.161.65 - - [15/Apr/2026:08:27:08 -0700] "GET /wp-mail.php HTTP/1.1" 200 - "-" "-" 50 **0/50349**
20.220.161.65 - - [15/Apr/2026:08:27:08 -0700] "GET /o.php HTTP/1.1" 403 - "-" "-" 29 **0/29713**
20.220.161.65 - - [15/Apr/2026:08:27:08 -0700] "GET /bb.php HTTP/1.1" 403 - "-" "-" 37 **0/37729**
216.73.216.104 - - [15/Apr/2026:08:27:08 -0700] "GET /m/rescu50194076.htm HTTP/1.1" 200 1 "-" "Mozilla/5.0 AppleWebKit/537.36 (KHTML, like Gecko; compatible; ClaudeBot/1.0; +claudebot@anthropic.com)" 89 **0/89938**
20.220.161.65 - - [15/Apr/2026:08:27:08 -0700] "GET /wp-admin/maint/admin.php HTTP/1.1" 200 - "-" "-" 204 **0/204001**
20.220.161.65 - - [15/Apr/2026:08:27:08 -0700] "GET /wp-admin/network/ HTTP/1.1" 200 - "-" "-" 83 **0/83374**
20.220.161.65 - - [15/Apr/2026:08:27:08 -0700] "GET /wp-includes/IXR/index.php HTTP/1.1" 200 - "-" "-" 210 **0/210176**
20.220.161.65 - - [15/Apr/2026:08:27:09 -0700] "GET /xmrlpc.php HTTP/1.1" 403 - "-" "-" 62 **0/62013**
20.220.161.65 - - [15/Apr/2026:08:27:09 -0700] "GET /file.php HTTP/1.1" 403 - "-" "-" 89 **0/89772**
20.220.161.65 - - [15/Apr/2026:08:27:09 -0700] "GET /epinyins.php HTTP/1.1" 200 - "-" "-" 62 **0/62822**
20.220.161.65 - - [15/Apr/2026:08:27:09 -0700] "GET /wp-admin/css/index.php HTTP/1.1" 200 - "-" "-" 81 **0/81970**
20.220.161.65 - - [15/Apr/2026:08:27:09 -0700] "GET /wp-includes/php-compat/ HTTP/1.1" 200 - "-" "-" 44 **0/44627**
74.7.242.48 - - [15/Apr/2026:08:27:09 -0700] "GET /m/carro41917555.htm HTTP/1.1" 200 1 "http://biotekpanama.com/sitemap-7.xml" "Mozilla/5.0 AppleWebKit/537.36 (KHTML, like Gecko; compatible; GPTBot/1.3; +https://openai.com/gptbot)" 95 **0/95382**
20.220.161.65 - - [15/Apr/2026:08:27:10 -0700] "GET /wp-includes/style-engine/index.php HTTP/1.1" 200 - "-" "-" 31 **0/31421**
20.220.161.65 - - [15/Apr/2026:08:27:10 -0700] "GET /wp-admin/css/colors/coffee/index.php HTTP/1.1" 200 - "-" "-" 172 **0/172763**
20.220.161.65 - - [15/Apr/2026:08:27:10 -0700] "GET /wp.php HTTP/1.1" 403 - "-" "-" 151 **0/151000**
20.220.161.65 - - [15/Apr/2026:08:27:10 -0700] "GET /function/function.php HTTP/1.1" 200 - "-" "-" 100 **0/100593**
20.220.161.65 - - [15/Apr/2026:08:27:10 -0700] "GET /wp-includes/style-engine/autoload_classmap.php HTTP/1.1" 200 - "-" "-" 29 **0/29744**
20.220.161.65 - - [15/Apr/2026:08:27:10 -0700] "GET /wp-includes/SimplePie/admin.php HTTP/1.1" 200 - "-" "-" 170 **0/170681**
20.220.161.65 - - [15/Apr/2026:08:27:11 -0700] "GET /ok.php HTTP/1.1" 403 - "-" "-" 44 **0/44619**
20.220.161.65 - - [15/Apr/2026:08:27:11 -0700] "GET /item.php HTTP/1.1" 403 - "-" "-" 111 **0/111812**
74.7.242.48 - - [15/Apr/2026:08:27:13 -0700] "GET /m/partl22646777.htm HTTP/1.1" 200 1 "http://biotekpanama.com/sitemap-8.xml" "Mozilla/5.0 AppleWebKit/537.36 (KHTML, like Gecko; compatible; GPTBot/1.3; +https://openai.com/gptbot)" 341 **0/341176**
216.73.216.104 - - [15/Apr/2026:08:27:13 -0700] "GET /m/docto30708290.htm HTTP/1.1" 200 1 "-" "Mozilla/5.0 AppleWebKit/537.36 (KHTML, like Gecko; compatible; ClaudeBot/1.0; +claudebot@anthropic.com)" 352 **0/352480**
74.7.242.48 - - [15/Apr/2026:08:27:16 -0700] "GET /m/misca12917888.htm HTTP/1.1" 200 1 "http://biotekpanama.com/sitemap-3.xml" "Mozilla/5.0 AppleWebKit/537.36 (KHTML, like Gecko; compatible; GPTBot/1.3; +https://openai.com/gptbot)" 93 **0/93523**
74.7.242.48 - - [15/Apr/2026:08:27:19 -0700] "GET /m/confo50006236.htm HTTP/1.1" 200 1 "http://biotekpanama.com/sitemap-3.xml" "Mozilla/5.0 AppleWebKit/537.36 (KHTML, like Gecko; compatible; GPTBot/1.3; +https://openai.com/gptbot)" 207 **0/207498**
74.7.242.48 - - [15/Apr/2026:08:27:22 -0700] "GET /m/sampl62227461.htm HTTP/1.1" 200 1 "http://biotekpanama.com/sitemap-7.xml" "Mozilla/5.0 AppleWebKit/537.36 (KHTML, like Gecko; compatible; GPTBot/1.3; +https://openai.com/gptbot)" 60 **0/60763**
74.7.242.48 - - [15/Apr/2026:08:27:25 -0700] "GET /m/linen10411152.htm HTTP/1.1" 200 1 "http://biotekpanama.com/sitemap-6.xml" "Mozilla/5.0 AppleWebKit/537.36 (KHTML, like Gecko; compatible; GPTBot/1.3; +https://openai.com/gptbot)" 54 **0/54521**
216.73.216.104 - - [15/Apr/2026:08:27:26 -0700] "GET /m/unfor20107689.htm HTTP/1.1" 200 1 "-" "Mozilla/5.0 AppleWebKit/537.36 (KHTML, like Gecko; compatible; ClaudeBot/1.0; +claudebot@anthropic.com)" 52 **0/52128**
216.73.216.104 - - [15/Apr/2026:08:27:27 -0700] "GET /m/paper22864217.htm HTTP/1.1" 200 1 "-" "Mozilla/5.0 AppleWebKit/537.36 (KHTML, like Gecko; compatible; ClaudeBot/1.0; +claudebot@anthropic.com)" 48 **0/48111**
74.7.242.48 - - [15/Apr/2026:08:27:29 -0700] "GET /m/miner50098444.htm HTTP/1.1" 200 1 "http://biotekpanama.com/sitemap-9.xml" "Mozilla/5.0 AppleWebKit/537.36 (KHTML, like Gecko; compatible; GPTBot/1.3; +https://openai.com/gptbot)" 50 **0/50484**
74.7.242.48 - - [15/Apr/2026:08:27:32 -0700] "GET /m/decay10491112.htm HTTP/1.1" 200 1 "http://biotekpanama.com/sitemap-4.xml" "Mozilla/5.0 AppleWebKit/537.36 (KHTML, like Gecko; compatible; GPTBot/1.3; +https://openai.com/gptbot)" 102 **0/102721**
216.73.216.104 - - [15/Apr/2026:08:27:32 -0700] "GET /m/fence22533505.htm HTTP/1.1" 200 1 "-" "Mozilla/5.0 AppleWebKit/537.36 (KHTML, like Gecko; compatible; ClaudeBot/1.0; +claudebot@anthropic.com)" 92 **0/92090**
74.7.242.48 - - [15/Apr/2026:08:27:35 -0700] "GET /m/value11184320.htm HTTP/1.1" 200 1 "http://biotekpanama.com/sitemap-3.xml" "Mozilla/5.0 AppleWebKit/537.36 (KHTML, like Gecko; compatible; GPTBot/1.3; +https://openai.com/gptbot)" 39 **0/39540**
216.73.216.104 - - [15/Apr/2026:08:27:37 -0700] "GET /m/gird11587840.htm HTTP/1.1" 200 1 "-" "Mozilla/5.0 AppleWebKit/537.36 (KHTML, like Gecko; compatible; ClaudeBot/1.0; +claudebot@anthropic.com)" 53 **0/53574**
74.7.242.48 - - [15/Apr/2026:08:27:38 -0700] "GET /m/silen72220590.htm HTTP/1.1" 200 1 "http://biotekpanama.com/sitemap-8.xml" "Mozilla/5.0 AppleWebKit/537.36 (KHTML, like Gecko; compatible; GPTBot/1.3; +https://openai.com/gptbot)" 28 **0/28081**
74.7.242.48 - - [15/Apr/2026:08:27:41 -0700] "GET /m/ident12234000.htm HTTP/1.1" 200 1 "http://biotekpanama.com/sitemap-7.xml" "Mozilla/5.0 AppleWebKit/537.36 (KHTML, like Gecko; compatible; GPTBot/1.3; +https://openai.com/gptbot)" 28 **0/28103**
216.73.216.104 - - [15/Apr/2026:08:27:42 -0700] "GET /m/roar51182716.htm HTTP/1.1" 200 1 "-" "Mozilla/5.0 AppleWebKit/537.36 (KHTML, like Gecko; compatible; ClaudeBot/1.0; +claudebot@anthropic.com)" 101 **0/101522**
74.7.242.48 - - [15/Apr/2026:08:27:44 -0700] "GET /m/reali80633399.htm HTTP/1.1" 200 1 "http://biotekpanama.com/sitemap-4.xml" "Mozilla/5.0 AppleWebKit/537.36 (KHTML, like Gecko; compatible; GPTBot/1.3; +https://openai.com/gptbot)" 93 **0/93050**
74.7.242.48 - - [15/Apr/2026:08:27:47 -0700] "GET /m/jaron52479996.htm HTTP/1.1" 200 1 "http://biotekpanama.com/sitemap-4.xml" "Mozilla/5.0 AppleWebKit/537.36 (KHTML, like Gecko; compatible; GPTBot/1.3; +https://openai.com/gptbot)" 92 **0/92543**
216.73.216.104 - - [15/Apr/2026:08:27:47 -0700] "GET /m/hale41835843.htm HTTP/1.1" 200 1 "-" "Mozilla/5.0 AppleWebKit/537.36 (KHTML, like Gecko; compatible; ClaudeBot/1.0; +claudebot@anthropic.com)" 220 **0/220703**
74.7.242.48 - - [15/Apr/2026:08:27:51 -0700] "GET /m/monke72588830.htm HTTP/1.1" 200 1 "http://biotekpanama.com/sitemap-6.xml" "Mozilla/5.0 AppleWebKit/537.36 (KHTML, like Gecko; compatible; GPTBot/1.3; +https://openai.com/gptbot)" 120 **0/120107**
74.7.242.48 - - [15/Apr/2026:08:27:54 -0700] "GET /m/carve61815557.htm HTTP/1.1" 200 1 "http://biotekpanama.com/sitemap-4.xml" "Mozilla/5.0 AppleWebKit/537.36 (KHTML, like Gecko; compatible; GPTBot/1.3; +https://openai.com/gptbot)" 189 **0/189360**
216.73.216.104 - - [15/Apr/2026:08:27:55 -0700] "GET /m/refug71899710.htm HTTP/1.1" 200 1 "-" "Mozilla/5.0 AppleWebKit/537.36 (KHTML, like Gecko; compatible; ClaudeBot/1.0; +claudebot@anthropic.com)" 46 **0/46993**
74.7.242.48 - - [15/Apr/2026:08:27:57 -0700] "GET /m/blank50001460.htm HTTP/1.1" 200 1 "http://biotekpanama.com/sitemap-9.xml" "Mozilla/5.0 AppleWebKit/537.36 (KHTML, like Gecko; compatible; GPTBot/1.3; +https://openai.com/gptbot)" 25 **0/25118**
216.73.216.104 - - [15/Apr/2026:08:27:58 -0700] "GET /m/flame22299569.htm HTTP/1.1" 200 1 "-" "Mozilla/5.0 AppleWebKit/537.36 (KHTML, like Gecko; compatible; ClaudeBot/1.0; +claudebot@anthropic.com)" 531 **0/531043**
74.7.242.48 - - [15/Apr/2026:08:28:00 -0700] "GET /m/enlar70155502.htm HTTP/1.1" 200 1 "http://biotekpanama.com/sitemap-6.xml" "Mozilla/5.0 AppleWebKit/537.36 (KHTML, like Gecko; compatible; GPTBot/1.3; +https://openai.com/gptbot)" 340 **0/340235**
74.7.242.48 - - [15/Apr/2026:08:28:03 -0700] "GET /m/lover10006736.htm HTTP/1.1" 200 1 "http://biotekpanama.com/sitemap-3.xml" "Mozilla/5.0 AppleWebKit/537.36 (KHTML, like Gecko; compatible; GPTBot/1.3; +https://openai.com/gptbot)" 548 **0/548187**
74.7.242.48 - - [15/Apr/2026:08:28:06 -0700] "GET /m/outlo22263345.htm HTTP/1.1" 200 1 "http://biotekpanama.com/sitemap-3.xml" "Mozilla/5.0 AppleWebKit/537.36 (KHTML, like Gecko; compatible; GPTBot/1.3; +https://openai.com/gptbot)" 758 **0/758533**
216.73.216.104 - - [15/Apr/2026:08:28:09 -0700] "GET /m/makeu22094393.htm HTTP/1.1" 200 1 "-" "Mozilla/5.0 AppleWebKit/537.36 (KHTML, like Gecko; compatible; ClaudeBot/1.0; +claudebot@anthropic.com)" 265 **0/265923**
74.7.242.48 - - [15/Apr/2026:08:28:10 -0700] "GET /m/bubbl71438886.htm HTTP/1.1" 200 1 "http://biotekpanama.com/sitemap-8.xml" "Mozilla/5.0 AppleWebKit/537.36 (KHTML, like Gecko; compatible; GPTBot/1.3; +https://openai.com/gptbot)" 306 **0/306515**
216.73.216.104 - - [15/Apr/2026:08:28:10 -0700] "GET /m/engla60336237.htm HTTP/1.1" 200 1 "-" "Mozilla/5.0 AppleWebKit/537.36 (KHTML, like Gecko; compatible; ClaudeBot/1.0; +claudebot@anthropic.com)" 290 **0/290328**
74.7.242.48 - - [15/Apr/2026:08:28:13 -0700] "GET /m/colla50963332.htm HTTP/1.1" 200 1 "http://biotekpanama.com/sitemap-3.xml" "Mozilla/5.0 AppleWebKit/537.36 (KHTML, like Gecko; compatible; GPTBot/1.3; +https://openai.com/gptbot)" 368 **0/368601**
216.73.216.104 - - [15/Apr/2026:08:28:15 -0700] "GET /m/van51930604.htm HTTP/1.1" 200 1 "-" "Mozilla/5.0 AppleWebKit/537.36 (KHTML, like Gecko; compatible; ClaudeBot/1.0; +claudebot@anthropic.com)" 812 **0/812503**
74.7.242.48 - - [15/Apr/2026:08:28:16 -0700] "GET /m/ident12854000.htm HTTP/1.1" 200 1 "http://biotekpanama.com/sitemap-9.xml" "Mozilla/5.0 AppleWebKit/537.36 (KHTML, like Gecko; compatible; GPTBot/1.3; +https://openai.com/gptbot)" 371 **0/371917**
74.7.242.48 - - [15/Apr/2026:08:28:19 -0700] "GET /m/carro41321555.htm HTTP/1.1" 200 1 "http://biotekpanama.com/sitemap-6.xml" "Mozilla/5.0 AppleWebKit/537.36 (KHTML, like Gecko; compatible; GPTBot/1.3; +https://openai.com/gptbot)" 223 **0/223814**
216.73.216.104 - - [15/Apr/2026:08:28:20 -0700] "GET /m/comb40930707.htm HTTP/1.1" 200 1 "-" "Mozilla/5.0 AppleWebKit/537.36 (KHTML, like Gecko; compatible; ClaudeBot/1.0; +claudebot@anthropic.com)" 81 **0/81735**
74.7.242.48 - - [15/Apr/2026:08:28:22 -0700] "GET /m/watch60008357.htm HTTP/1.1" 200 1 "http://biotekpanama.com/sitemap-6.xml" "Mozilla/5.0 AppleWebKit/537.36 (KHTML, like Gecko; compatible; GPTBot/1.3; +https://openai.com/gptbot)" 61 **0/61862**
216.73.216.104 - - [15/Apr/2026:08:28:25 -0700] "GET /m/rust72899382.htm HTTP/1.1" 200 1 "-" "Mozilla/5.0 AppleWebKit/537.36 (KHTML, like Gecko; compatible; ClaudeBot/1.0; +claudebot@anthropic.com)" 99 **0/99392**
74.7.242.48 - - [15/Apr/2026:08:28:25 -0700] "GET /m/quali22273513.htm HTTP/1.1" 200 1 "http://biotekpanama.com/sitemap-8.xml" "Mozilla/5.0 AppleWebKit/537.36 (KHTML, like Gecko; compatible; GPTBot/1.3; +https://openai.com/gptbot)" 94 **0/94618**
74.7.242.48 - - [15/Apr/2026:08:28:29 -0700] "GET /m/bless11186304.htm HTTP/1.1" 200 1 "http://biotekpanama.com/sitemap-4.xml" "Mozilla/5.0 AppleWebKit/537.36 (KHTML, like Gecko; compatible; GPTBot/1.3; +https://openai.com/gptbot)" 129 **0/129586**
216.73.216.104 - - [15/Apr/2026:08:28:30 -0700] "GET /m/here70544214.htm HTTP/1.1" 200 1 "-" "Mozilla/5.0 AppleWebKit/537.36 (KHTML, like Gecko; compatible; ClaudeBot/1.0; +claudebot@anthropic.com)" 26 **0/26711**
74.7.242.48 - - [15/Apr/2026:08:28:32 -0700] "GET /m/react51202228.htm HTTP/1.1" 200 1 "http://biotekpanama.com/sitemap-3.xml" "Mozilla/5.0 AppleWebKit/537.36 (KHTML, like Gecko; compatible; GPTBot/1.3; +https://openai.com/gptbot)" 389 **0/389653**
74.7.242.48 - - [15/Apr/2026:08:28:35 -0700] "GET /m/indig20555609.htm HTTP/1.1" 200 1 "http://biotekpanama.com/sitemap-7.xml" "Mozilla/5.0 AppleWebKit/537.36 (KHTML, like Gecko; compatible; GPTBot/1.3; +https://openai.com/gptbot)" 62 **0/62642**
216.73.216.104 - - [15/Apr/2026:08:28:36 -0700] "GET /m/scope72578102.htm HTTP/1.1" 403 1 "-" "Mozilla/5.0 AppleWebKit/537.36 (KHTML, like Gecko; compatible; ClaudeBot/1.0; +claudebot@anthropic.com)" 138 **0/138639**
74.7.242.48 - - [15/Apr/2026:08:28:38 -0700] "GET /m/quarr11763336.htm HTTP/1.1" 200 1 "http://biotekpanama.com/sitemap-3.xml" "Mozilla/5.0 AppleWebKit/537.36 (KHTML, like Gecko; compatible; GPTBot/1.3; +https://openai.com/gptbot)" 32 **0/32187**
74.7.242.48 - - [15/Apr/2026:08:28:41 -0700] "GET /m/rolle31858882.htm HTTP/1.1" 200 1 "http://biotekpanama.com/sitemap-3.xml" "Mozilla/5.0 AppleWebKit/537.36 (KHTML, like Gecko; compatible; GPTBot/1.3; +https://openai.com/gptbot)" 210 **0/210377**
74.7.242.48 - - [15/Apr/2026:08:28:45 -0700] "GET /m/offic62228109.htm HTTP/1.1" 200 1 "http://biotekpanama.com/sitemap-6.xml" "Mozilla/5.0 AppleWebKit/537.36 (KHTML, like Gecko; compatible; GPTBot/1.3; +https://openai.com/gptbot)" 152 **0/152183**
216.73.216.104 - - [15/Apr/2026:08:28:46 -0700] "GET /m/value11312320.htm HTTP/1.1" 403 1 "-" "Mozilla/5.0 AppleWebKit/537.36 (KHTML, like Gecko; compatible; ClaudeBot/1.0; +claudebot@anthropic.com)" 53 **0/53424**
74.7.242.48 - - [15/Apr/2026:08:28:48 -0700] "GET /m/boast11151480.htm HTTP/1.1" 200 1 "http://biotekpanama.com/sitemap-4.xml" "Mozilla/5.0 AppleWebKit/537.36 (KHTML, like Gecko; compatible; GPTBot/1.3; +https://openai.com/gptbot)" 45 **0/45461**
216.73.216.104 - - [15/Apr/2026:08:28:50 -0700] "GET /m/cloud31972938.htm HTTP/1.1" 403 1 "-" "Mozilla/5.0 AppleWebKit/537.36 (KHTML, like Gecko; compatible; ClaudeBot/1.0; +claudebot@anthropic.com)" 31 **0/31026**
74.7.242.48 - - [15/Apr/2026:08:28:51 -0700] "GET /m/sailo61115781.htm HTTP/1.1" 200 1 "http://biotekpanama.com/sitemap-6.xml" "Mozilla/5.0 AppleWebKit/537.36 (KHTML, like Gecko; compatible; GPTBot/1.3; +https://openai.com/gptbot)" 80 **0/80409**
74.7.242.48 - - [15/Apr/2026:08:28:54 -0700] "GET /m/adequ62226157.htm HTTP/1.1" 200 1 "http://biotekpanama.com/sitemap-3.xml" "Mozilla/5.0 AppleWebKit/537.36 (KHTML, like Gecko; compatible; GPTBot/1.3; +https://openai.com/gptbot)" 70 **0/70887**
74.7.242.48 - - [15/Apr/2026:08:28:57 -0700] "GET /m/drift22066649.htm HTTP/1.1" 200 1 "http://biotekpanama.com/sitemap-4.xml" "Mozilla/5.0 AppleWebKit/537.36 (KHTML, like Gecko; compatible; GPTBot/1.3; +https://openai.com/gptbot)" 26 **0/26026**
216.73.216.104 - - [15/Apr/2026:08:28:59 -0700] "GET /m/weake42594443.htm HTTP/1.1" 403 1 "-" "Mozilla/5.0 AppleWebKit/537.36 (KHTML, like Gecko; compatible; ClaudeBot/1.0; +claudebot@anthropic.com)" 53 **0/53515**
74.7.242.48 - - [15/Apr/2026:08:29:00 -0700] "GET /m/store63000517.htm HTTP/1.1" 200 1 "http://biotekpanama.com/sitemap-7.xml" "Mozilla/5.0 AppleWebKit/537.36 (KHTML, like Gecko; compatible; GPTBot/1.3; +https://openai.com/gptbot)" 54 **0/54377**
74.7.242.48 - - [15/Apr/2026:08:29:03 -0700] "GET /m/louds40011131.htm HTTP/1.1" 200 1 "http://biotekpanama.com/sitemap-6.xml" "Mozilla/5.0 AppleWebKit/537.36 (KHTML, like Gecko; compatible; GPTBot/1.3; +https://openai.com/gptbot)" 89 **0/89965**
216.73.216.104 - - [15/Apr/2026:08:29:05 -0700] "GET /m/sudde22012249.htm HTTP/1.1" 403 1 "-" "Mozilla/5.0 AppleWebKit/537.36 (KHTML, like Gecko; compatible; ClaudeBot/1.0; +claudebot@anthropic.com)" 182 **0/182798**
74.7.242.48 - - [15/Apr/2026:08:29:06 -0700] "GET /m/flesh42046667.htm HTTP/1.1" 200 1 "http://biotekpanama.com/sitemap-7.xml" "Mozilla/5.0 AppleWebKit/537.36 (KHTML, like Gecko; compatible; GPTBot/1.3; +https://openai.com/gptbot)" 69 **0/69664**
216.73.216.104 - - [15/Apr/2026:08:29:09 -0700] "GET /m/compr60514349.htm HTTP/1.1" 403 1 "-" "Mozilla/5.0 AppleWebKit/537.36 (KHTML, like Gecko; compatible; ClaudeBot/1.0; +claudebot@anthropic.com)" 49 **0/49988**
74.7.242.48 - - [15/Apr/2026:08:29:10 -0700] "GET /m/partl20826777.htm HTTP/1.1" 200 1 "http://biotekpanama.com/sitemap-6.xml" "Mozilla/5.0 AppleWebKit/537.36 (KHTML, like Gecko; compatible; GPTBot/1.3; +https://openai.com/gptbot)" 32 **0/32653**
74.7.242.48 - - [15/Apr/2026:08:29:13 -0700] "GET /m/audie12223200.htm HTTP/1.1" 200 1 "http://biotekpanama.com/sitemap-7.xml" "Mozilla/5.0 AppleWebKit/537.36 (KHTML, like Gecko; compatible; GPTBot/1.3; +https://openai.com/gptbot)" 78 **0/78724**
216.73.216.104 - - [15/Apr/2026:08:29:15 -0700] "GET /m/flat32173042.htm HTTP/1.1" 403 1 "-" "Mozilla/5.0 AppleWebKit/537.36 (KHTML, like Gecko; compatible; ClaudeBot/1.0; +claudebot@anthropic.com)" 239 **0/239555**
74.7.242.48 - - [15/Apr/2026:08:29:16 -0700] "GET /m/coord12223520.htm HTTP/1.1" 200 1 "http://biotekpanama.com/sitemap-9.xml" "Mozilla/5.0 AppleWebKit/537.36 (KHTML, like Gecko; compatible; GPTBot/1.3; +https://openai.com/gptbot)" 244 **0/244333**
74.7.242.48 - - [15/Apr/2026:08:29:19 -0700] "GET /m/decay12591112.htm HTTP/1.1" 200 1 "http://biotekpanama.com/sitemap-7.xml" "Mozilla/5.0 AppleWebKit/537.36 (KHTML, like Gecko; compatible; GPTBot/1.3; +https://openai.com/gptbot)" 361 **0/361332**
216.73.216.104 - - [15/Apr/2026:08:29:20 -0700] "GET /m/poll10713952.htm HTTP/1.1" 200 1 "-" "Mozilla/5.0 AppleWebKit/537.36 (KHTML, like Gecko; compatible; ClaudeBot/1.0; +claudebot@anthropic.com)" 266 **0/266548**
216.73.216.104 - - [15/Apr/2026:08:29:20 -0700] "GET /m/pot20487489.htm HTTP/1.1" 200 1 "-" "Mozilla/5.0 AppleWebKit/537.36 (KHTML, like Gecko; compatible; ClaudeBot/1.0; +claudebot@anthropic.com)" 391 **0/391322**
74.7.242.48 - - [15/Apr/2026:08:29:22 -0700] "GET /m/educa40100555.htm HTTP/1.1" 200 1 "http://biotekpanama.com/sitemap-4.xml" "Mozilla/5.0 AppleWebKit/537.36 (KHTML, like Gecko; compatible; GPTBot/1.3; +https://openai.com/gptbot)" 813 **0/813470**
74.7.242.48 - - [15/Apr/2026:08:29:25 -0700] "GET /m/playe71117806.htm HTTP/1.1" 200 1 "http://biotekpanama.com/sitemap-9.xml" "Mozilla/5.0 AppleWebKit/537.36 (KHTML, like Gecko; compatible; GPTBot/1.3; +https://openai.com/gptbot)" 656 **0/656177**
216.73.216.104 - - [15/Apr/2026:08:29:25 -0700] "GET /m/lock32932658.htm HTTP/1.1" 200 1 "-" "Mozilla/5.0 AppleWebKit/537.36 (KHTML, like Gecko; compatible; ClaudeBot/1.0; +claudebot@anthropic.com)" 158 **0/158460**
74.7.242.48 - - [15/Apr/2026:08:29:28 -0700] "GET /m/backs11146272.htm HTTP/1.1" 200 1 "http://biotekpanama.com/sitemap-9.xml" "Mozilla/5.0 AppleWebKit/537.36 (KHTML, like Gecko; compatible; GPTBot/1.3; +https://openai.com/gptbot)" 84 **0/84865**
216.73.216.104 - - [15/Apr/2026:08:29:30 -0700] "GET /m/stem61402533.htm HTTP/1.1" 200 1 "-" "Mozilla/5.0 AppleWebKit/537.36 (KHTML, like Gecko; compatible; ClaudeBot/1.0; +claudebot@anthropic.com)" 205 **0/205672**
74.7.242.48 - - [15/Apr/2026:08:29:31 -0700] "GET /m/naugh50983444.htm HTTP/1.1" 200 1 "http://biotekpanama.com/sitemap-6.xml" "Mozilla/5.0 AppleWebKit/537.36 (KHTML, like Gecko; compatible; GPTBot/1.3; +https://openai.com/gptbot)" 276 **0/276860**
74.7.242.48 - - [15/Apr/2026:08:29:34 -0700] "GET /m/salad12200056.htm HTTP/1.1" 200 1 "http://biotekpanama.com/sitemap-3.xml" "Mozilla/5.0 AppleWebKit/537.36 (KHTML, like Gecko; compatible; GPTBot/1.3; +https://openai.com/gptbot)" 407 **0/407465**
216.73.216.104 - - [15/Apr/2026:08:29:35 -0700] "GET /m/addit61662045.htm HTTP/1.1" 200 1 "-" "Mozilla/5.0 AppleWebKit/537.36 (KHTML, like Gecko; compatible; ClaudeBot/1.0; +claudebot@anthropic.com)" 279 **0/279888**
74.7.242.48 - - [15/Apr/2026:08:29:37 -0700] "GET /m/rolle32178882.htm HTTP/1.1" 200 1 "http://biotekpanama.com/sitemap-4.xml" "Mozilla/5.0 AppleWebKit/537.36 (KHTML, like Gecko; compatible; GPTBot/1.3; +https://openai.com/gptbot)" 82 **0/82267**
216.73.216.104 - - [15/Apr/2026:08:29:40 -0700] "GET /m/chops61765253.htm HTTP/1.1" 200 1 "-" "Mozilla/5.0 AppleWebKit/537.36 (KHTML, like Gecko; compatible; ClaudeBot/1.0; +claudebot@anthropic.com)" 25 **0/25811**
74.7.242.48 - - [15/Apr/2026:08:29:40 -0700] "GET /m/excit50333140.htm HTTP/1.1" 200 1 "http://biotekpanama.com/sitemap-6.xml" "Mozilla/5.0 AppleWebKit/537.36 (KHTML, like Gecko; compatible; GPTBot/1.3; +https://openai.com/gptbot)" 26 **0/26905**
74.7.242.48 - - [15/Apr/2026:08:29:44 -0700] "GET /m/force71444710.htm HTTP/1.1" 200 1 "http://biotekpanama.com/sitemap-8.xml" "Mozilla/5.0 AppleWebKit/537.36 (KHTML, like Gecko; compatible; GPTBot/1.3; +https://openai.com/gptbot)" 38 **0/38076**
216.73.216.104 - - [15/Apr/2026:08:29:45 -0700] "GET /m/struc72505502.htm HTTP/1.1" 200 1 "-" "Mozilla/5.0 AppleWebKit/537.36 (KHTML, like Gecko; compatible; ClaudeBot/1.0; +claudebot@anthropic.com)" 246 **0/246920**
74.7.242.48 - - [15/Apr/2026:08:29:47 -0700] "GET /m/yoghu31469666.htm HTTP/1.1" 200 1 "http://biotekpanama.com/sitemap-4.xml" "Mozilla/5.0 AppleWebKit/537.36 (KHTML, like Gecko; compatible; GPTBot/1.3; +https://openai.com/gptbot)" 22 **0/22019**
74.7.242.48 - - [15/Apr/2026:08:29:50 -0700] "GET /m/party40720003.htm HTTP/1.1" 200 1 "http://biotekpanama.com/sitemap-4.xml" "Mozilla/5.0 AppleWebKit/537.36 (KHTML, like Gecko; compatible; GPTBot/1.3; +https://openai.com/gptbot)" 31 **0/31020**
74.7.242.48 - - [15/Apr/2026:08:29:53 -0700] "GET /m/cathe11167528.htm HTTP/1.1" 200 1 "http://biotekpanama.com/sitemap-6.xml" "Mozilla/5.0 AppleWebKit/537.36 (KHTML, like Gecko; compatible; GPTBot/1.3; +https://openai.com/gptbot)" 32 **0/32933**
216.73.216.104 - - [15/Apr/2026:08:29:55 -0700] "GET /m/comb42830707.htm HTTP/1.1" 200 1 "-" "Mozilla/5.0 AppleWebKit/537.36 (KHTML, like Gecko; compatible; ClaudeBot/1.0; +claudebot@anthropic.com)" 50 **0/50887**
74.7.242.48 - - [15/Apr/2026:08:29:56 -0700] "GET /m/fabri80007463.htm HTTP/1.1" 200 1 "http://biotekpanama.com/sitemap-4.xml" "Mozilla/5.0 AppleWebKit/537.36 (KHTML, like Gecko; compatible; GPTBot/1.3; +https://openai.com/gptbot)" 21 **0/21369**
216.73.216.104 - - [15/Apr/2026:08:29:57 -0700] "GET /m/shall41461603.htm HTTP/1.1" 200 1 "-" "Mozilla/5.0 AppleWebKit/537.36 (KHTML, like Gecko; compatible; ClaudeBot/1.0; +claudebot@anthropic.com)" 89 **0/89130**
74.7.242.48 - - [15/Apr/2026:08:29:59 -0700] "GET /m/voyag71999086.htm HTTP/1.1" 200 1 "http://biotekpanama.com/sitemap-4.xml" "Mozilla/5.0 AppleWebKit/537.36 (KHTML, like Gecko; compatible; GPTBot/1.3; +https://openai.com/gptbot)" 83 **0/83281**
216.73.216.104 - - [15/Apr/2026:08:30:02 -0700] "GET /m/close51696580.htm HTTP/1.1" 200 1 "-" "Mozilla/5.0 AppleWebKit/537.36 (KHTML, like Gecko; compatible; ClaudeBot/1.0; +claudebot@anthropic.com)" 357 **0/357803**
74.7.242.48 - - [15/Apr/2026:08:30:02 -0700] "GET /m/carel10453000.htm HTTP/1.1" 200 1 "http://biotekpanama.com/sitemap-6.xml" "Mozilla/5.0 AppleWebKit/537.36 (KHTML, like Gecko; compatible; GPTBot/1.3; +https://openai.com/gptbot)" 120 **0/120731**
74.7.242.48 - - [15/Apr/2026:08:30:06 -0700] "GET /m/drago22230457.htm HTTP/1.1" 200 1 "http://biotekpanama.com/sitemap-8.xml" "Mozilla/5.0 AppleWebKit/537.36 (KHTML, like Gecko; compatible; GPTBot/1.3; +https://openai.com/gptbot)" 120 **0/120041**
216.73.216.104 - - [15/Apr/2026:08:30:07 -0700] "GET /m/kit80587935.htm HTTP/1.1" 200 1 "-" "Mozilla/5.0 AppleWebKit/537.36 (KHTML, like Gecko; compatible; ClaudeBot/1.0; +claudebot@anthropic.com)" 100 **0/100692**
74.7.242.48 - - [15/Apr/2026:08:30:09 -0700] "GET /m/educa42720555.htm HTTP/1.1" 200 1 "http://biotekpanama.com/sitemap-9.xml" "Mozilla/5.0 AppleWebKit/537.36 (KHTML, like Gecko; compatible; GPTBot/1.3; +https://openai.com/gptbot)" 131 **0/131785**
74.7.242.48 - - [15/Apr/2026:08:30:12 -0700] "GET /m/react51442228.htm HTTP/1.1" 200 1 "http://biotekpanama.com/sitemap-6.xml" "Mozilla/5.0 AppleWebKit/537.36 (KHTML, like Gecko; compatible; GPTBot/1.3; +https://openai.com/gptbot)" 35 **0/35852**
216.73.216.104 - - [15/Apr/2026:08:30:12 -0700] "GET /m/excel20721209.htm HTTP/1.1" 200 1 "-" "Mozilla/5.0 AppleWebKit/537.36 (KHTML, like Gecko; compatible; ClaudeBot/1.0; +claudebot@anthropic.com)" 77 **0/77884**
74.7.242.48 - - [15/Apr/2026:08:30:15 -0700] "GET /m/russi22204313.htm HTTP/1.1" 200 1 "http://biotekpanama.com/sitemap-6.xml" "Mozilla/5.0 AppleWebKit/537.36 (KHTML, like Gecko; compatible; GPTBot/1.3; +https://openai.com/gptbot)" 67 **0/67270**
216.73.216.104 - - [15/Apr/2026:08:30:17 -0700] "GET /m/globe42719035.htm HTTP/1.1" 200 1 "-" "Mozilla/5.0 AppleWebKit/537.36 (KHTML, like Gecko; compatible; ClaudeBot/1.0; +claudebot@anthropic.com)" 100 **0/100919**
74.7.242.48 - - [15/Apr/2026:08:30:18 -0700] "GET /m/ridge71999014.htm HTTP/1.1" 200 1 "http://biotekpanama.com/sitemap-9.xml" "Mozilla/5.0 AppleWebKit/537.36 (KHTML, like Gecko; compatible; GPTBot/1.3; +https://openai.com/gptbot)" 87 **0/87518**
74.7.242.48 - - [15/Apr/2026:08:30:21 -0700] "GET /m/imply70738222.htm HTTP/1.1" 200 1 "http://biotekpanama.com/sitemap-4.xml" "Mozilla/5.0 AppleWebKit/537.36 (KHTML, like Gecko; compatible; GPTBot/1.3; +https://openai.com/gptbot)" 113 **0/113693**
216.73.216.104 - - [15/Apr/2026:08:30:22 -0700] "GET /m/analy41582107.htm HTTP/1.1" 200 1 "-" "Mozilla/5.0 AppleWebKit/537.36 (KHTML, like Gecko; compatible; ClaudeBot/1.0; +claudebot@anthropic.com)" 41 **0/41329**
74.7.242.48 - - [15/Apr/2026:08:30:25 -0700] "GET /m/dormi82277751.htm HTTP/1.1" 200 1 "http://biotekpanama.com/sitemap-6.xml" "Mozilla/5.0 AppleWebKit/537.36 (KHTML, like Gecko; compatible; GPTBot/1.3; +https://openai.com/gptbot)" 100 **0/100741**
216.73.216.104 - - [15/Apr/2026:08:30:27 -0700] "GET /m/van50962604.htm HTTP/1.1" 200 1 "-" "Mozilla/5.0 AppleWebKit/537.36 (KHTML, like Gecko; compatible; ClaudeBot/1.0; +claudebot@anthropic.com)" 134 **0/134674**
74.7.242.48 - - [15/Apr/2026:08:30:28 -0700] "GET /m/crazy32692666.htm HTTP/1.1" 200 1 "http://biotekpanama.com/sitemap-6.xml" "Mozilla/5.0 AppleWebKit/537.36 (KHTML, like Gecko; compatible; GPTBot/1.3; +https://openai.com/gptbot)" 103 **0/103102**
74.7.242.48 - - [15/Apr/2026:08:30:31 -0700] "GET /m/corne32224762.htm HTTP/1.1" 200 1 "http://biotekpanama.com/sitemap-3.xml" "Mozilla/5.0 AppleWebKit/537.36 (KHTML, like Gecko; compatible; GPTBot/1.3; +https://openai.com/gptbot)" 304 **0/304617**
216.73.216.104 - - [15/Apr/2026:08:30:32 -0700] "GET /m/numbe80004287.htm HTTP/1.1" 200 1 "-" "Mozilla/5.0 AppleWebKit/537.36 (KHTML, like Gecko; compatible; ClaudeBot/1.0; +claudebot@anthropic.com)" 365 **0/365389**
74.7.242.48 - - [15/Apr/2026:08:30:34 -0700] "GET /m/carel10957000.htm HTTP/1.1" 200 1 "http://biotekpanama.com/sitemap-3.xml" "Mozilla/5.0 AppleWebKit/537.36 (KHTML, like Gecko; compatible; GPTBot/1.3; +https://openai.com/gptbot)" 363 **0/363401**
74.7.242.48 - - [15/Apr/2026:08:30:37 -0700] "GET /m/rainc72356662.htm HTTP/1.1" 200 1 "http://biotekpanama.com/sitemap-6.xml" "Mozilla/5.0 AppleWebKit/537.36 (KHTML, like Gecko; compatible; GPTBot/1.3; +https://openai.com/gptbot)" 207 **0/207528**
216.73.216.104 - - [15/Apr/2026:08:30:37 -0700] "GET /m/bench40938459.htm HTTP/1.1" 200 1 "-" "Mozilla/5.0 AppleWebKit/537.36 (KHTML, like Gecko; compatible; ClaudeBot/1.0; +claudebot@anthropic.com)" 811 **0/811292**
74.7.242.48 - - [15/Apr/2026:08:30:41 -0700] "GET /m/handb71561118.htm HTTP/1.1" 200 1 "http://biotekpanama.com/sitemap-8.xml" "Mozilla/5.0 AppleWebKit/537.36 (KHTML, like Gecko; compatible; GPTBot/1.3; +https://openai.com/gptbot)" 264 **0/264824**
216.73.216.104 - - [15/Apr/2026:08:30:42 -0700] "GET /m/fail32192810.htm HTTP/1.1" 200 1 "-" "Mozilla/5.0 AppleWebKit/537.36 (KHTML, like Gecko; compatible; ClaudeBot/1.0; +claudebot@anthropic.com)" 142 **0/142011**
74.7.242.48 - - [15/Apr/2026:08:30:44 -0700] "GET /m/accur82545999.htm HTTP/1.1" 200 1 "http://biotekpanama.com/sitemap-8.xml" "Mozilla/5.0 AppleWebKit/537.36 (KHTML, like Gecko; compatible; GPTBot/1.3; +https://openai.com/gptbot)" 195 **0/195325**
74.7.242.48 - - [15/Apr/2026:08:30:47 -0700] "GET /m/panel70222742.htm HTTP/1.1" 200 1 "http://biotekpanama.com/sitemap-9.xml" "Mozilla/5.0 AppleWebKit/537.36 (KHTML, like Gecko; compatible; GPTBot/1.3; +https://openai.com/gptbot)" 81 **0/81443**
216.73.216.104 - - [15/Apr/2026:08:30:47 -0700] "GET /m/sun50828196.htm HTTP/1.1" 200 1 "-" "Mozilla/5.0 AppleWebKit/537.36 (KHTML, like Gecko; compatible; ClaudeBot/1.0; +claudebot@anthropic.com)" 105 **0/105999**
74.7.242.48 - - [15/Apr/2026:08:30:50 -0700] "GET /m/erron50947772.htm HTTP/1.1" 200 1 "http://biotekpanama.com/sitemap-3.xml" "Mozilla/5.0 AppleWebKit/537.36 (KHTML, like Gecko; compatible; GPTBot/1.3; +https://openai.com/gptbot)" 150 **0/150177**
216.73.216.104 - - [15/Apr/2026:08:30:52 -0700] "GET /m/pace20871033.htm HTTP/1.1" 200 1 "-" "Mozilla/5.0 AppleWebKit/537.36 (KHTML, like Gecko; compatible; ClaudeBot/1.0; +claudebot@anthropic.com)" 269 **0/269314**
74.7.242.48 - - [15/Apr/2026:08:30:53 -0700] "GET /m/gavin40159995.htm HTTP/1.1" 200 1 "http://biotekpanama.com/sitemap-4.xml" "Mozilla/5.0 AppleWebKit/537.36 (KHTML, like Gecko; compatible; GPTBot/1.3; +https://openai.com/gptbot)" 35 **0/35430**
74.7.242.48 - - [15/Apr/2026:08:30:57 -0700] "GET /m/uncle31952226.htm HTTP/1.1" 200 1 "http://biotekpanama.com/sitemap-9.xml" "Mozilla/5.0 AppleWebKit/537.36 (KHTML, like Gecko; compatible; GPTBot/1.3; +https://openai.com/gptbot)" 65 **0/65121**
216.73.216.104 - - [15/Apr/2026:08:30:57 -0700] "GET /m/appla52847780.htm HTTP/1.1" 200 1 "-" "Mozilla/5.0 AppleWebKit/537.36 (KHTML, like Gecko; compatible; ClaudeBot/1.0; +claudebot@anthropic.com)" 41 **0/41396**
74.7.242.48 - - [15/Apr/2026:08:31:00 -0700] "GET /m/feast40966627.htm HTTP/1.1" 200 1 "http://biotekpanama.com/sitemap-6.xml" "Mozilla/5.0 AppleWebKit/537.36 (KHTML, like Gecko; compatible; GPTBot/1.3; +https://openai.com/gptbot)" 25 **0/25683**
74.7.242.48 - - [15/Apr/2026:08:31:03 -0700] "GET /m/itsel81117047.htm HTTP/1.1" 200 1 "http://biotekpanama.com/sitemap-9.xml" "Mozilla/5.0 AppleWebKit/537.36 (KHTML, like Gecko; compatible; GPTBot/1.3; +https://openai.com/gptbot)" 139 **0/139475**
74.7.242.48 - - [15/Apr/2026:08:31:06 -0700] "GET /m/endle12790888.htm HTTP/1.1" 200 1 "http://biotekpanama.com/sitemap-7.xml" "Mozilla/5.0 AppleWebKit/537.36 (KHTML, like Gecko; compatible; GPTBot/1.3; +https://openai.com/gptbot)" 46 **0/46774**
216.73.216.104 - - [15/Apr/2026:08:31:08 -0700] "GET /m/baske20136265.htm HTTP/1.1" 200 1 "-" "Mozilla/5.0 AppleWebKit/537.36 (KHTML, like Gecko; compatible; ClaudeBot/1.0; +claudebot@anthropic.com)" 50 **0/50430**
216.73.216.104 - - [15/Apr/2026:08:31:09 -0700] "GET /m/synth81318071.htm HTTP/1.1" 200 1 "-" "Mozilla/5.0 AppleWebKit/537.36 (KHTML, like Gecko; compatible; ClaudeBot/1.0; +claudebot@anthropic.com)" 279 **0/279243**
74.7.242.48 - - [15/Apr/2026:08:31:09 -0700] "GET /m/condu12226944.htm HTTP/1.1" 200 1 "http://biotekpanama.com/sitemap-3.xml" "Mozilla/5.0 AppleWebKit/537.36 (KHTML, like Gecko; compatible; GPTBot/1.3; +https://openai.com/gptbot)" 78 **0/78479**
74.7.242.48 - - [15/Apr/2026:08:31:12 -0700] "GET /m/cycle81999423.htm HTTP/1.1" 200 1 "http://biotekpanama.com/sitemap-3.xml" "Mozilla/5.0 AppleWebKit/537.36 (KHTML, like Gecko; compatible; GPTBot/1.3; +https://openai.com/gptbot)" 232 **0/232495**
216.73.216.104 - - [15/Apr/2026:08:31:14 -0700] "GET /m/illus50202268.htm HTTP/1.1" 200 1 "-" "Mozilla/5.0 AppleWebKit/537.36 (KHTML, like Gecko; compatible; ClaudeBot/1.0; +claudebot@anthropic.com)" 157 **0/157301**
74.7.242.48 - - [15/Apr/2026:08:31:15 -0700] "GET /m/failu52055548.htm HTTP/1.1" 200 1 "http://biotekpanama.com/sitemap-7.xml" "Mozilla/5.0 AppleWebKit/537.36 (KHTML, like Gecko; compatible; GPTBot/1.3; +https://openai.com/gptbot)" 148 **0/148769**
74.7.242.48 - - [15/Apr/2026:08:31:18 -0700] "GET /m/delig52349996.htm HTTP/1.1" 200 1 "http://biotekpanama.com/sitemap-6.xml" "Mozilla/5.0 AppleWebKit/537.36 (KHTML, like Gecko; compatible; GPTBot/1.3; +https://openai.com/gptbot)" 153 **0/153075**
216.73.216.104 - - [15/Apr/2026:08:31:19 -0700] "GET /m/sick12948992.htm HTTP/1.1" 200 1 "-" "Mozilla/5.0 AppleWebKit/537.36 (KHTML, like Gecko; compatible; ClaudeBot/1.0; +claudebot@anthropic.com)" 85 **0/85637**
74.7.242.48 - - [15/Apr/2026:08:31:22 -0700] "GET /m/playg11193224.htm HTTP/1.1" 200 1 "http://biotekpanama.com/sitemap-4.xml" "Mozilla/5.0 AppleWebKit/537.36 (KHTML, like Gecko; compatible; GPTBot/1.3; +https://openai.com/gptbot)" 193 **0/193395**
216.73.216.104 - - [15/Apr/2026:08:31:24 -0700] "GET /m/exten61390013.htm HTTP/1.1" 200 1 "-" "Mozilla/5.0 AppleWebKit/537.36 (KHTML, like Gecko; compatible; ClaudeBot/1.0; +claudebot@anthropic.com)" 142 **0/142209**
74.7.242.48 - - [15/Apr/2026:08:31:25 -0700] "GET /m/decad21091113.htm HTTP/1.1" 200 1 "http://biotekpanama.com/sitemap-7.xml" "Mozilla/5.0 AppleWebKit/537.36 (KHTML, like Gecko; compatible; GPTBot/1.3; +https://openai.com/gptbot)" 139 **0/139339**
74.7.242.48 - - [15/Apr/2026:08:31:28 -0700] "GET /m/minut81777063.htm HTTP/1.1" 200 1 "http://biotekpanama.com/sitemap-3.xml" "Mozilla/5.0 AppleWebKit/537.36 (KHTML, like Gecko; compatible; GPTBot/1.3; +https://openai.com/gptbot)" 37 **0/37796**
216.73.216.104 - - [15/Apr/2026:08:31:29 -0700] "GET /m/consc11626136.htm HTTP/1.1" 200 1 "-" "Mozilla/5.0 AppleWebKit/537.36 (KHTML, like Gecko; compatible; ClaudeBot/1.0; +claudebot@anthropic.com)" 38 **0/38017**
74.7.242.48 - - [15/Apr/2026:08:31:31 -0700] "GET /m/issue50009884.htm HTTP/1.1" 200 1 "http://biotekpanama.com/sitemap-8.xml" "Mozilla/5.0 AppleWebKit/537.36 (KHTML, like Gecko; compatible; GPTBot/1.3; +https://openai.com/gptbot)" 125 **0/125583**
216.73.216.104 - - [15/Apr/2026:08:31:34 -0700] "GET /m/proof40903619.htm HTTP/1.1" 200 1 "-" "Mozilla/5.0 AppleWebKit/537.36 (KHTML, like Gecko; compatible; ClaudeBot/1.0; +claudebot@anthropic.com)" 55 **0/55640**
74.7.242.48 - - [15/Apr/2026:08:31:34 -0700] "GET /m/essay60005733.htm HTTP/1.1" 200 1 "http://biotekpanama.com/sitemap-7.xml" "Mozilla/5.0 AppleWebKit/537.36 (KHTML, like Gecko; compatible; GPTBot/1.3; +https://openai.com/gptbot)" 83 **0/83398**
74.7.242.48 - - [15/Apr/2026:08:31:37 -0700] "GET /m/featu22205785.htm HTTP/1.1" 200 1 "http://biotekpanama.com/sitemap-6.xml" "Mozilla/5.0 AppleWebKit/537.36 (KHTML, like Gecko; compatible; GPTBot/1.3; +https://openai.com/gptbot)" 262 **0/262681**
216.73.216.104 - - [15/Apr/2026:08:31:39 -0700] "GET /m/block62153341.htm HTTP/1.1" 200 1 "-" "Mozilla/5.0 AppleWebKit/537.36 (KHTML, like Gecko; compatible; ClaudeBot/1.0; +claudebot@anthropic.com)" 109 **0/109369**
74.7.242.48 - - [15/Apr/2026:08:31:41 -0700] "GET /m/daugh61028885.htm HTTP/1.1" 200 1 "http://biotekpanama.com/sitemap-6.xml" "Mozilla/5.0 AppleWebKit/537.36 (KHTML, like Gecko; compatible; GPTBot/1.3; +https://openai.com/gptbot)" 270 **0/270478**
216.73.216.104 - - [15/Apr/2026:08:31:44 -0700] "GET /m/downf31246426.htm HTTP/1.1" 200 1 "-" "Mozilla/5.0 AppleWebKit/537.36 (KHTML, like Gecko; compatible; ClaudeBot/1.0; +claudebot@anthropic.com)" 433 **0/433305**
74.7.242.48 - - [15/Apr/2026:08:31:44 -0700] "GET /m/order80004039.htm HTTP/1.1" 200 1 "http://biotekpanama.com/sitemap-7.xml" "Mozilla/5.0 AppleWebKit/537.36 (KHTML, like Gecko; compatible; GPTBot/1.3; +https://openai.com/gptbot)" 321 **0/321611**
74.7.242.48 - - [15/Apr/2026:08:31:47 -0700] "GET /m/overl22258417.htm HTTP/1.1" 200 1 "http://biotekpanama.com/sitemap-7.xml" "Mozilla/5.0 AppleWebKit/537.36 (KHTML, like Gecko; compatible; GPTBot/1.3; +https://openai.com/gptbot)" 218 **0/218033**
216.73.216.104 - - [15/Apr/2026:08:31:49 -0700] "GET /m/nitro42011627.htm HTTP/1.1" 200 1 "-" "Mozilla/5.0 AppleWebKit/537.36 (KHTML, like Gecko; compatible; ClaudeBot/1.0; +claudebot@anthropic.com)" 245 **0/245683**
74.7.242.48 - - [15/Apr/2026:08:31:50 -0700] "GET /m/despa20006945.htm HTTP/1.1" 200 1 "http://biotekpanama.com/sitemap-6.xml" "Mozilla/5.0 AppleWebKit/537.36 (KHTML, like Gecko; compatible; GPTBot/1.3; +https://openai.com/gptbot)" 110 **0/110505**
74.7.242.48 - - [15/Apr/2026:08:31:53 -0700] "GET /m/horiz70246662.htm HTTP/1.1" 200 1 "http://biotekpanama.com/sitemap-3.xml" "Mozilla/5.0 AppleWebKit/537.36 (KHTML, like Gecko; compatible; GPTBot/1.3; +https://openai.com/gptbot)" 616 **0/616056**
216.73.216.104 - - [15/Apr/2026:08:31:54 -0700] "GET /m/this52364812.htm HTTP/1.1" 403 1 "-" "Mozilla/5.0 AppleWebKit/537.36 (KHTML, like Gecko; compatible; ClaudeBot/1.0; +claudebot@anthropic.com)" 697 **0/697010**
74.7.242.48 - - [15/Apr/2026:08:31:56 -0700] "GET /m/spend70445550.htm HTTP/1.1" 200 1 "http://biotekpanama.com/sitemap-3.xml" "Mozilla/5.0 AppleWebKit/537.36 (KHTML, like Gecko; compatible; GPTBot/1.3; +https://openai.com/gptbot)" 141 **0/141883**
74.7.242.48 - - [15/Apr/2026:08:32:00 -0700] "GET /m/acute11106352.htm HTTP/1.1" 200 1 "http://biotekpanama.com/sitemap-9.xml" "Mozilla/5.0 AppleWebKit/537.36 (KHTML, like Gecko; compatible; GPTBot/1.3; +https://openai.com/gptbot)" 46 **0/46781**
216.73.216.104 - - [15/Apr/2026:08:32:02 -0700] "GET /m/half30496506.htm HTTP/1.1" 403 1 "-" "Mozilla/5.0 AppleWebKit/537.36 (KHTML, like Gecko; compatible; ClaudeBot/1.0; +claudebot@anthropic.com)" 711 **0/711495**
74.7.242.48 - - [15/Apr/2026:08:32:03 -0700] "GET /m/entra51999092.htm HTTP/1.1" 200 1 "http://biotekpanama.com/sitemap-3.xml" "Mozilla/5.0 AppleWebKit/537.36 (KHTML, like Gecko; compatible; GPTBot/1.3; +https://openai.com/gptbot)" 453 **0/453344**
74.7.242.48 - - [15/Apr/2026:08:32:06 -0700] "GET /m/rival81422111.htm HTTP/1.1" 200 1 "http://biotekpanama.com/sitemap-8.xml" "Mozilla/5.0 AppleWebKit/537.36 (KHTML, like Gecko; compatible; GPTBot/1.3; +https://openai.com/gptbot)" 103 **0/103087**
216.73.216.104 - - [15/Apr/2026:08:32:06 -0700] "GET /m/sort51233076.htm HTTP/1.1" 403 1 "-" "Mozilla/5.0 AppleWebKit/537.36 (KHTML, like Gecko; compatible; ClaudeBot/1.0; +claudebot@anthropic.com)" 839 **0/839992**
74.7.242.48 - - [15/Apr/2026:08:32:09 -0700] "GET /m/aboar51119580.htm HTTP/1.1" 200 1 "http://biotekpanama.com/sitemap-6.xml" "Mozilla/5.0 AppleWebKit/537.36 (KHTML, like Gecko; compatible; GPTBot/1.3; +https://openai.com/gptbot)" 159 **0/159509**
216.73.216.104 - - [15/Apr/2026:08:32:12 -0700] "GET /m/ocean71869766.htm HTTP/1.1" 403 1 "-" "Mozilla/5.0 AppleWebKit/537.36 (KHTML, like Gecko; compatible; ClaudeBot/1.0; +claudebot@anthropic.com)" 425 **0/425460**
74.7.242.48 - - [15/Apr/2026:08:32:12 -0700] "GET /m/clean61240005.htm HTTP/1.1" 200 1 "http://biotekpanama.com/sitemap-9.xml" "Mozilla/5.0 AppleWebKit/537.36 (KHTML, like Gecko; compatible; GPTBot/1.3; +https://openai.com/gptbot)" 432 **0/432232**
74.7.242.48 - - [15/Apr/2026:08:32:15 -0700] "GET /m/naugh52095444.htm HTTP/1.1" 200 1 "http://biotekpanama.com/sitemap-6.xml" "Mozilla/5.0 AppleWebKit/537.36 (KHTML, like Gecko; compatible; GPTBot/1.3; +https://openai.com/gptbot)" 112 **0/112338**
74.7.242.48 - - [15/Apr/2026:08:32:18 -0700] "GET /m/carel12881000.htm HTTP/1.1" 200 1 "http://biotekpanama.com/sitemap-9.xml" "Mozilla/5.0 AppleWebKit/537.36 (KHTML, like Gecko; compatible; GPTBot/1.3; +https://openai.com/gptbot)" 279 **0/279839**
74.7.242.48 - - [15/Apr/2026:08:32:21 -0700] "GET /m/shelt80534999.htm HTTP/1.1" 200 1 "http://biotekpanama.com/sitemap-7.xml" "Mozilla/5.0 AppleWebKit/537.36 (KHTML, like Gecko; compatible; GPTBot/1.3; +https://openai.com/gptbot)" 243 **0/243601**
216.73.216.104 - - [15/Apr/2026:08:32:22 -0700] "GET /m/wind10932296.htm HTTP/1.1" 403 1 "-" "Mozilla/5.0 AppleWebKit/537.36 (KHTML, like Gecko; compatible; ClaudeBot/1.0; +claudebot@anthropic.com)" 159 **0/159645**
74.7.242.48 - - [15/Apr/2026:08:32:24 -0700] "GET /m/displ32333658.htm HTTP/1.1" 200 1 "http://biotekpanama.com/sitemap-6.xml" "Mozilla/5.0 AppleWebKit/537.36 (KHTML, like Gecko; compatible; GPTBot/1.3; +https://openai.com/gptbot)" 39 **0/39320**
216.73.216.104 - - [15/Apr/2026:08:32:28 -0700] "GET /m/septe71089062.htm HTTP/1.1" 403 1 "-" "Mozilla/5.0 AppleWebKit/537.36 (KHTML, like Gecko; compatible; ClaudeBot/1.0; +claudebot@anthropic.com)" 141 **0/141330**
74.7.242.48 - - [15/Apr/2026:08:32:28 -0700] "GET /m/carro41537555.htm HTTP/1.1" 200 1 "http://biotekpanama.com/sitemap-7.xml" "Mozilla/5.0 AppleWebKit/537.36 (KHTML, like Gecko; compatible; GPTBot/1.3; +https://openai.com/gptbot)" 115 **0/115733**
74.7.242.48 - - [15/Apr/2026:08:32:31 -0700] "GET /m/unite20007529.htm HTTP/1.1" 200 1 "http://biotekpanama.com/sitemap-9.xml" "Mozilla/5.0 AppleWebKit/537.36 (KHTML, like Gecko; compatible; GPTBot/1.3; +https://openai.com/gptbot)" 85 **0/85853**
74.7.242.48 - - [15/Apr/2026:08:32:34 -0700] "GET /m/overe52666004.htm HTTP/1.1" 200 1 "http://biotekpanama.com/sitemap-6.xml" "Mozilla/5.0 AppleWebKit/537.36 (KHTML, like Gecko; compatible; GPTBot/1.3; +https://openai.com/gptbot)" 62 **0/62865**
216.73.216.104 - - [15/Apr/2026:08:32:34 -0700] "GET /m/vcd72172230.htm HTTP/1.1" 200 1 "-" "Mozilla/5.0 AppleWebKit/537.36 (KHTML, like Gecko; compatible; ClaudeBot/1.0; +claudebot@anthropic.com)" 241 **0/241019**
74.7.242.48 - - [15/Apr/2026:08:32:37 -0700] "GET /m/canad21140777.htm HTTP/1.1" 200 1 "http://biotekpanama.com/sitemap-8.xml" "Mozilla/5.0 AppleWebKit/537.36 (KHTML, like Gecko; compatible; GPTBot/1.3; +https://openai.com/gptbot)" 73 **0/73786**
216.73.216.104 - - [15/Apr/2026:08:32:40 -0700] "GET /m/postm31468434.htm HTTP/1.1" 200 1 "-" "Mozilla/5.0 AppleWebKit/537.36 (KHTML, like Gecko; compatible; ClaudeBot/1.0; +claudebot@anthropic.com)" 265 **0/265104**
