HEX
Server: Apache
System: Linux p3plzcpnl434613.prod.phx3.secureserver.net 4.18.0-553.54.1.lve.el8.x86_64 #1 SMP Wed Jun 4 13:01:13 UTC 2025 x86_64
User: mediabou (145854)
PHP: 8.1.34
Disabled: NONE
Upload Files
File: //proc/self/root/home/mediabou/access-logs/neurodn.dcpty.com
129.226.93.214 - - [15/Apr/2026:05:13:27 -0700] "GET / HTTP/1.1" 301 - "-" "Mozilla/5.0 (iPhone; CPU iPhone OS 13_2_3 like Mac OS X) AppleWebKit/605.1.15 (KHTML, like Gecko) Version/13.0.3 Mobile/15E148 Safari/604.1" 1310 **1/1310733**
52.90.38.248 - - [15/Apr/2026:05:14:07 -0700] "GET / HTTP/1.1" 301 1 "-" "axios/1.13.5" 602 **0/602302**
52.167.181.187 - - [15/Apr/2026:05:23:24 -0700] "HEAD / HTTP/1.1" 301 - "-" "Mozilla/5.0" 535 **0/535502**
37.139.53.80 - - [15/Apr/2026:05:34:09 -0700] "GET /hello-world/ HTTP/1.0" 200 25792 "http://neurodn.com/hello-world/#comment-11976/" "Mozilla/5.0 (Windows NT 6.1; Win64; x64) AppleWebKit/537.36 (KHTML, like Gecko) Chrome/103.0.0.0 Safari/537.36" 1017 **1/1017729**
37.139.53.80 - - [15/Apr/2026:05:34:10 -0700] "POST /wp-comments-post.php HTTP/1.0" 302 - "http://neurodn.com/hello-world/#comment-11976/" "Mozilla/5.0 (Windows NT 6.1; Win64; x64) AppleWebKit/537.36 (KHTML, like Gecko) Chrome/103.0.0.0 Safari/537.36" 1476 **1/1476582**
37.139.53.80 - - [15/Apr/2026:05:34:16 -0700] "GET /hello-world/ HTTP/1.0" 200 25792 "http://neurodn.com/hello-world/#comment-11976/" "Mozilla/5.0 (Windows NT 6.3; Win64; x64) AppleWebKit/537.36 (KHTML, like Gecko) Chrome/103.0.0.0 Safari/537.36" 316 **0/316299**
37.139.53.80 - - [15/Apr/2026:05:34:17 -0700] "POST /wp-comments-post.php HTTP/1.0" 429 2583 "http://neurodn.com/hello-world/#comment-11976/" "Mozilla/5.0 (Windows NT 6.3; Win64; x64) AppleWebKit/537.36 (KHTML, like Gecko) Chrome/103.0.0.0 Safari/537.36" 439 **0/439632**
34.203.200.170 - - [15/Apr/2026:05:49:53 -0700] "GET / HTTP/1.1" 301 1 "-" "axios/1.13.5" 1941 **1/1941493**
114.119.155.118 - - [15/Apr/2026:06:06:43 -0700] "GET /wp-content/gallery/advanced-bionics/181325740.jpg HTTP/1.1" 404 22004 "-" "Mozilla/5.0 (Linux; Android 7.0;) AppleWebKit/537.36 (KHTML, like Gecko) Mobile Safari/537.36 (compatible; PetalBot;+https://webmaster.petalsearch.com/site/petalbot)" 2564 **2/2564148**
52.167.182.49 - - [15/Apr/2026:06:07:21 -0700] "HEAD / HTTP/1.1" 301 - "-" "Mozilla/5.0" 1343 **1/1343499**
37.139.53.80 - - [15/Apr/2026:06:11:24 -0700] "GET /hello-world/ HTTP/1.0" 200 25792 "http://neurodn.com/hello-world/#comment-11976/" "Mozilla/5.0 (Windows NT 6.1; Win64; x64) AppleWebKit/537.36 (KHTML, like Gecko) Chrome/103.0.5060.66 Safari/537.36" 3254 **3/3254920**
37.139.53.80 - - [15/Apr/2026:06:11:28 -0700] "POST /wp-comments-post.php HTTP/1.0" 404 22004 "http://neurodn.com/hello-world/#comment-11976/" "Mozilla/5.0 (Windows NT 6.1; Win64; x64) AppleWebKit/537.36 (KHTML, like Gecko) Chrome/103.0.5060.66 Safari/537.36" 1769 **1/1769073**
37.139.53.80 - - [15/Apr/2026:06:12:10 -0700] "GET /hello-world/ HTTP/1.0" 200 25792 "http://neurodn.com/hello-world/#comment-11976/" "Mozilla/5.0 (Windows NT 10.0; Win64; x64) AppleWebKit/537.36 (KHTML, like Gecko) Chrome/103.0.5060.134 Safari/537.36" 2933 **2/2933334**
37.139.53.80 - - [15/Apr/2026:06:12:14 -0700] "POST /wp-comments-post.php HTTP/1.0" 404 22004 "http://neurodn.com/hello-world/#comment-11976/" "Mozilla/5.0 (Windows NT 10.0; Win64; x64) AppleWebKit/537.36 (KHTML, like Gecko) Chrome/103.0.5060.134 Safari/537.36" 1685 **1/1685995**
37.139.53.80 - - [15/Apr/2026:06:48:48 -0700] "GET /hello-world/ HTTP/1.0" 200 25792 "http://neurodn.com/hello-world/#comment-11976/" "Mozilla/5.0 (Windows NT 6.1; Win64; x64) AppleWebKit/537.36 (KHTML, like Gecko) Chrome/103.0.0.0 Safari/537.36" 370 **0/370968**
37.139.53.80 - - [15/Apr/2026:06:48:49 -0700] "POST /wp-comments-post.php HTTP/1.0" 404 22004 "http://neurodn.com/hello-world/#comment-11976/" "Mozilla/5.0 (Windows NT 6.1; Win64; x64) AppleWebKit/537.36 (KHTML, like Gecko) Chrome/103.0.0.0 Safari/537.36" 275 **0/275762**
217.29.59.24 - - [15/Apr/2026:06:49:38 -0700] "GET /hello-world/ HTTP/1.0" 200 25792 "-" "Mozilla/5.0 (Windows NT 6.3; Win64; x64) AppleWebKit/537.36 (KHTML, like Gecko) Chrome/75.0.3770.100 Safari/537.36" 7583 **7/7583080**
37.139.53.80 - - [15/Apr/2026:06:50:03 -0700] "GET /hello-world/ HTTP/1.0" 200 25792 "http://neurodn.com/hello-world/#comment-11976/" "Mozilla/5.0 (Windows NT 10.0; WOW64) AppleWebKit/537.36 (KHTML, like Gecko) Chrome/103.0.0.0 Safari/537.36" 546 **0/546978**
37.139.53.80 - - [15/Apr/2026:06:50:04 -0700] "POST /wp-comments-post.php HTTP/1.0" 404 22004 "http://neurodn.com/hello-world/#comment-11976/" "Mozilla/5.0 (Windows NT 10.0; WOW64) AppleWebKit/537.36 (KHTML, like Gecko) Chrome/103.0.0.0 Safari/537.36" 2110 **2/2110933**
52.167.181.197 - - [15/Apr/2026:07:12:30 -0700] "HEAD / HTTP/1.1" 301 - "-" "Mozilla/5.0" 393 **0/393680**
37.139.53.80 - - [15/Apr/2026:07:25:57 -0700] "GET /hello-world/ HTTP/1.0" 200 25792 "http://neurodn.com/hello-world/#comment-11976/" "Mozilla/5.0 (Windows NT 6.3; Win64; x64) AppleWebKit/537.36 (KHTML, like Gecko) Chrome/103.0.0.0 Safari/537.36" 2573 **2/2573444**
37.139.53.80 - - [15/Apr/2026:07:26:01 -0700] "POST /wp-comments-post.php HTTP/1.0" 404 22004 "http://neurodn.com/hello-world/#comment-11976/" "Mozilla/5.0 (Windows NT 6.3; Win64; x64) AppleWebKit/537.36 (KHTML, like Gecko) Chrome/103.0.0.0 Safari/537.36" 1530 **1/1530693**
208.109.41.231 - - [15/Apr/2026:07:26:26 -0700] "POST /wp-cron.php?doing_wp_cron=1776263186.8345611095428466796875 HTTP/1.1" 200 - "-" "WordPress/6.9.4; https://neurodn.com" 26 **0/26158**
203.83.11.14 - - [15/Apr/2026:07:26:26 -0700] "GET / HTTP/1.1" 301 - "-" "Mozilla/5.0" 559 **0/559839**
37.139.53.80 - - [15/Apr/2026:07:27:59 -0700] "GET /hello-world/ HTTP/1.0" 200 25792 "http://neurodn.com/hello-world/#comment-11976/" "Mozilla/5.0 (Windows NT 6.3; WOW64) AppleWebKit/537.36 (KHTML, like Gecko) Chrome/103.0.0.0 Safari/537.36" 190 **0/190388**
37.139.53.80 - - [15/Apr/2026:07:27:59 -0700] "POST /wp-comments-post.php HTTP/1.0" 404 22004 "http://neurodn.com/hello-world/#comment-11976/" "Mozilla/5.0 (Windows NT 6.3; WOW64) AppleWebKit/537.36 (KHTML, like Gecko) Chrome/103.0.0.0 Safari/537.36" 442 **0/442748**
51.68.107.159 - - [15/Apr/2026:07:50:52 -0700] "GET /robots.txt HTTP/1.1" 200 67 "-" "Mozilla/5.0 (compatible; MJ12bot/v2.0.5; http://mj12bot.com/)" 9 **0/9613**
51.68.107.159 - - [15/Apr/2026:07:50:52 -0700] "GET / HTTP/1.1" 301 1 "-" "Mozilla/5.0 (compatible; MJ12bot/v2.0.5; http://mj12bot.com/)" 892 **0/892685**
185.255.126.18 - - [15/Apr/2026:07:54:22 -0700] "GET / HTTP/1.0" 301 - "http://neurodn.com/" "Mozilla/5.0 (Windows NT 10.0; Win64; x64) AppleWebKit/537.36 (KHTML, like Gecko) Chrome/130.0.0.0 Safari/537.36" 2786 **2/2786367**
37.139.53.80 - - [15/Apr/2026:08:03:14 -0700] "GET /hello-world/ HTTP/1.0" 200 25792 "http://neurodn.com/hello-world/#comment-11976/" "Mozilla/5.0 (Windows NT 6.1; Win64; x64) AppleWebKit/537.36 (KHTML, like Gecko) Chrome/103.0.5060.66 Safari/537.36" 1912 **1/1912693**
37.139.53.80 - - [15/Apr/2026:08:03:17 -0700] "POST /wp-comments-post.php HTTP/1.0" 404 22004 "http://neurodn.com/hello-world/#comment-11976/" "Mozilla/5.0 (Windows NT 6.1; Win64; x64) AppleWebKit/537.36 (KHTML, like Gecko) Chrome/103.0.5060.66 Safari/537.36" 1856 **1/1856885**
37.139.53.80 - - [15/Apr/2026:08:06:03 -0700] "GET /hello-world/ HTTP/1.0" 200 25792 "http://neurodn.com/hello-world/#comment-11976/" "Mozilla/5.0 (Windows NT 6.1) AppleWebKit/537.36 (KHTML, like Gecko) Chrome/103.0.0.0 Safari/537.36" 1068 **1/1068343**
37.139.53.80 - - [15/Apr/2026:08:06:05 -0700] "POST /wp-comments-post.php HTTP/1.0" 404 22004 "http://neurodn.com/hello-world/#comment-11976/" "Mozilla/5.0 (Windows NT 6.1) AppleWebKit/537.36 (KHTML, like Gecko) Chrome/103.0.0.0 Safari/537.36" 819 **0/819550**
66.249.73.200 - - [15/Apr/2026:08:31:49 -0700] "GET /robots.txt HTTP/1.1" 200 67 "-" "Mozilla/5.0 (compatible; Googlebot/2.1; +http://www.google.com/bot.html)" 10 **0/10583**
37.139.53.80 - - [15/Apr/2026:08:40:59 -0700] "GET /hello-world/ HTTP/1.0" 200 25792 "http://neurodn.com/hello-world/#comment-11976/" "Mozilla/5.0 (Windows NT 6.1; Win64; x64) AppleWebKit/537.36 (KHTML, like Gecko) Chrome/103.0.0.0 Safari/537.36" 6753 **6/6753035**
37.139.53.80 - - [15/Apr/2026:08:41:06 -0700] "POST /wp-comments-post.php HTTP/1.0" 404 22004 "http://neurodn.com/hello-world/#comment-11976/" "Mozilla/5.0 (Windows NT 6.1; Win64; x64) AppleWebKit/537.36 (KHTML, like Gecko) Chrome/103.0.0.0 Safari/537.36" 1465 **1/1465665**
37.139.53.80 - - [15/Apr/2026:08:44:26 -0700] "GET /hello-world/ HTTP/1.0" 200 25792 "http://neurodn.com/hello-world/#comment-11976/" "Mozilla/5.0 (Windows NT 6.3; WOW64) AppleWebKit/537.36 (KHTML, like Gecko) Chrome/103.0.0.0 Safari/537.36" 3212 **3/3212485**
37.139.53.80 - - [15/Apr/2026:08:44:30 -0700] "POST /wp-comments-post.php HTTP/1.0" 404 22004 "http://neurodn.com/hello-world/#comment-11976/" "Mozilla/5.0 (Windows NT 6.3; WOW64) AppleWebKit/537.36 (KHTML, like Gecko) Chrome/103.0.0.0 Safari/537.36" 2872 **2/2872042**
208.109.41.231 - - [15/Apr/2026:08:56:41 -0700] "POST /wp-cron.php?doing_wp_cron=1776268601.6779859066009521484375 HTTP/1.1" 200 - "-" "WordPress/6.9.4; https://neurodn.com" 181 **0/181156**
52.167.181.142 - - [15/Apr/2026:08:56:40 -0700] "HEAD / HTTP/1.1" 301 - "-" "Mozilla/5.0" 1803 **1/1803602**
45.227.253.15 - - [15/Apr/2026:09:04:10 -0700] "GET /?of=1 HTTP/1.1" 301 - "-" "Mozilla/5.0 (Windows NT 6.1; Win64; x64) AppleWebKit/537.36 (KHTML, like Gecko) Chrome/86.0.4240.111 Safari/537.36" 1982 **1/1982340**
52.167.181.128 - - [15/Apr/2026:09:08:50 -0700] "HEAD / HTTP/1.1" 301 - "-" "Mozilla/5.0" 175 **0/175306**
37.139.53.80 - - [15/Apr/2026:09:19:46 -0700] "GET /hello-world/ HTTP/1.0" 200 25792 "http://neurodn.com/hello-world/#comment-11976/" "Mozilla/5.0 (Windows NT 6.1) AppleWebKit/537.36 (KHTML, like Gecko) Chrome/103.0.0.0 Safari/537.36" 1464 **1/1464257**
37.139.53.80 - - [15/Apr/2026:09:19:51 -0700] "POST /wp-comments-post.php HTTP/1.0" 404 22004 "http://neurodn.com/hello-world/#comment-11976/" "Mozilla/5.0 (Windows NT 6.1) AppleWebKit/537.36 (KHTML, like Gecko) Chrome/103.0.0.0 Safari/537.36" 347 **0/347921**
37.139.53.80 - - [15/Apr/2026:09:24:07 -0700] "GET /hello-world/ HTTP/1.0" 200 25792 "http://neurodn.com/hello-world/#comment-11976/" "Mozilla/5.0 (Windows NT 6.1; Win64; x64) AppleWebKit/537.36 (KHTML, like Gecko) Chrome/103.0.0.0 Safari/537.36" 1279 **1/1279876**
37.139.53.80 - - [15/Apr/2026:09:24:09 -0700] "POST /wp-comments-post.php HTTP/1.0" 404 22004 "http://neurodn.com/hello-world/#comment-11976/" "Mozilla/5.0 (Windows NT 6.1; Win64; x64) AppleWebKit/537.36 (KHTML, like Gecko) Chrome/103.0.0.0 Safari/537.36" 778 **0/778453**
114.119.159.233 - - [15/Apr/2026:09:30:49 -0700] "GET /robots.txt HTTP/1.1" 200 65 "-" "Mozilla/5.0 (compatible;PetalBot;+https://webmaster.petalsearch.com/site/petalbot)" 10 **0/10830**
51.68.107.138 - - [15/Apr/2026:09:33:43 -0700] "GET /robots.txt HTTP/1.1" 200 67 "-" "Mozilla/5.0 (compatible; MJ12bot/v2.0.5; http://mj12bot.com/)" 8 **0/8569**
51.68.107.138 - - [15/Apr/2026:09:33:43 -0700] "GET / HTTP/1.1" 301 1 "-" "Mozilla/5.0 (compatible; MJ12bot/v2.0.5; http://mj12bot.com/)" 616 **0/616957**
45.227.253.15 - - [15/Apr/2026:09:39:09 -0700] "GET /index.php/jk HTTP/1.1" 301 - "-" "Mozilla/5.0 (Linux; Android 10; Z832 Build/MMB29M) AppleWebKit/537.36 (KHTML, like Gecko) Chrome/85.0.4183.83 Mobile Safari/537.36" 3165 **3/3165890**
45.227.253.15 - - [15/Apr/2026:09:39:13 -0700] "GET /jk HTTP/1.1" 404 22004 "http://neurodn.com/index.php/jk" "Mozilla/5.0 (Linux; Android 10; Z832 Build/MMB29M) AppleWebKit/537.36 (KHTML, like Gecko) Chrome/85.0.4183.83 Mobile Safari/537.36" 2623 **2/2623980**
52.167.181.195 - - [15/Apr/2026:09:47:56 -0700] "HEAD / HTTP/1.1" 301 - "-" "Mozilla/5.0" 715 **0/715655**
37.139.53.80 - - [15/Apr/2026:09:59:14 -0700] "GET /hello-world/ HTTP/1.0" 200 25792 "http://neurodn.com/hello-world/#comment-11976/" "Mozilla/5.0 (Windows NT 10.0; Win64; x64) AppleWebKit/537.36 (KHTML, like Gecko) Chrome/103.0.5060.66 Safari/537.36" 3932 **3/3932001**
37.139.53.80 - - [15/Apr/2026:09:59:18 -0700] "POST /wp-comments-post.php HTTP/1.0" 302 - "http://neurodn.com/hello-world/#comment-11976/" "Mozilla/5.0 (Windows NT 10.0; Win64; x64) AppleWebKit/537.36 (KHTML, like Gecko) Chrome/103.0.5060.66 Safari/537.36" 3173 **3/3173411**
37.139.53.80 - - [15/Apr/2026:10:04:04 -0700] "GET /hello-world/ HTTP/1.0" 200 25792 "http://neurodn.com/hello-world/#comment-11976/" "Mozilla/5.0 (Windows NT 10.0; Win64; x64) AppleWebKit/537.36 (KHTML, like Gecko) Chrome/103.0.0.0 Safari/537.36" 2815 **2/2815369**
37.139.53.80 - - [15/Apr/2026:10:04:07 -0700] "POST /wp-comments-post.php HTTP/1.0" 302 - "http://neurodn.com/hello-world/#comment-11976/" "Mozilla/5.0 (Windows NT 10.0; Win64; x64) AppleWebKit/537.36 (KHTML, like Gecko) Chrome/103.0.0.0 Safari/537.36" 5262 **5/5262951**
64.31.20.22 - - [15/Apr/2026:10:18:31 -0700] "GET / HTTP/1.0" 301 - "http://neurodn.com/" "Mozilla/5.0 (Windows NT 10.0; Win64; x64) AppleWebKit/537.36 (KHTML, like Gecko) Chrome/130.0.0.0 Safari/537.36 CCleaner/130.0.0.0" 596 **0/596967**
37.139.53.80 - - [15/Apr/2026:10:40:10 -0700] "GET /hello-world/ HTTP/1.0" 200 25792 "http://neurodn.com/hello-world/#comment-11976/" "Mozilla/5.0 (Windows NT 6.1; Win64; x64) AppleWebKit/537.36 (KHTML, like Gecko) Chrome/103.0.5060.114 Safari/537.36" 1526 **1/1526141**
37.139.53.80 - - [15/Apr/2026:10:40:14 -0700] "POST /wp-comments-post.php HTTP/1.0" 404 22004 "http://neurodn.com/hello-world/#comment-11976/" "Mozilla/5.0 (Windows NT 6.1; Win64; x64) AppleWebKit/537.36 (KHTML, like Gecko) Chrome/103.0.5060.114 Safari/537.36" 1678 **1/1678039**
37.139.53.80 - - [15/Apr/2026:10:44:57 -0700] "GET /hello-world/ HTTP/1.0" 200 25792 "http://neurodn.com/hello-world/#comment-11976/" "Mozilla/5.0 (Windows NT 6.1; Win64; x64) AppleWebKit/537.36 (KHTML, like Gecko) Chrome/103.0.0.0 Safari/537.36" 1410 **1/1410147**
37.139.53.80 - - [15/Apr/2026:10:44:59 -0700] "POST /wp-comments-post.php HTTP/1.0" 404 22004 "http://neurodn.com/hello-world/#comment-11976/" "Mozilla/5.0 (Windows NT 6.1; Win64; x64) AppleWebKit/537.36 (KHTML, like Gecko) Chrome/103.0.0.0 Safari/537.36" 1372 **1/1372877**
52.167.181.142 - - [15/Apr/2026:10:50:48 -0700] "HEAD / HTTP/1.1" 301 - "-" "Mozilla/5.0" 1168 **1/1168372**
102.129.81.220 - - [15/Apr/2026:11:05:45 -0700] "GET http://neurodn.com/ HTTP/1.1" 301 1 "https://infoguia.com.pa/" "Mozilla/5.0 (Macintosh; Intel Mac OS X 10_15_7) AppleWebKit/605.1.15 (KHTML, like Gecko) Version/18.4 Safari/605.1.15" 1456 **1/1456222**
37.139.53.80 - - [15/Apr/2026:11:17:42 -0700] "GET /hello-world/ HTTP/1.0" 200 25792 "http://neurodn.com/hello-world/#comment-11976/" "Mozilla/5.0 (Windows NT 6.3; Win64; x64) AppleWebKit/537.36 (KHTML, like Gecko) Chrome/103.0.5060.66 Safari/537.36" 447 **0/447850**
37.139.53.80 - - [15/Apr/2026:11:17:43 -0700] "POST /wp-comments-post.php HTTP/1.0" 404 22004 "http://neurodn.com/hello-world/#comment-11976/" "Mozilla/5.0 (Windows NT 6.3; Win64; x64) AppleWebKit/537.36 (KHTML, like Gecko) Chrome/103.0.5060.66 Safari/537.36" 452 **0/452676**
182.42.105.144 - - [15/Apr/2026:11:18:40 -0700] "GET / HTTP/1.1" 301 - "-" "Mozilla/5.0 (iPhone; CPU iPhone OS 13_2_3 like Mac OS X) AppleWebKit/605.1.15 (KHTML, like Gecko) Version/13.0.3 Mobile/15E148 Safari/604.1" 171 **0/171071**
37.139.53.80 - - [15/Apr/2026:11:22:53 -0700] "GET /hello-world/ HTTP/1.0" 200 25792 "http://neurodn.com/hello-world/#comment-11976/" "Mozilla/5.0 (Windows NT 6.3; Win64; x64) AppleWebKit/537.36 (KHTML, like Gecko) Chrome/103.0.5060.53 Safari/537.36" 730 **0/730069**
37.139.53.80 - - [15/Apr/2026:11:22:54 -0700] "POST /wp-comments-post.php HTTP/1.0" 404 22004 "http://neurodn.com/hello-world/#comment-11976/" "Mozilla/5.0 (Windows NT 6.3; Win64; x64) AppleWebKit/537.36 (KHTML, like Gecko) Chrome/103.0.5060.53 Safari/537.36" 1024 **1/1024910**
208.109.41.231 - - [15/Apr/2026:11:36:08 -0700] "POST /wp-cron.php?doing_wp_cron=1776278168.6127960681915283203125 HTTP/1.1" 200 - "-" "WordPress/6.9.4; https://neurodn.com" 121 **0/121955**
87.121.84.99 - - [15/Apr/2026:11:36:04 -0700] "GET /public/plugins/plupload/examples/upload.php HTTP/1.1" 404 22004 "-" "ALittle Client" 4367 **4/4367953**
85.11.167.108 - - [15/Apr/2026:11:54:23 -0700] "GET / HTTP/1.1" 301 1 "-" "Mozilla/5.0 (Windows NT 10.0; Win64; x64) AppleWebKit/537.36 (KHTML, like Gecko) Chrome/120.0.0.0 Safari/537.36" 2042 **2/2042040**
37.139.53.80 - - [15/Apr/2026:11:54:56 -0700] "GET /hello-world/ HTTP/1.0" 200 25792 "http://neurodn.com/hello-world/#comment-11976/" "Mozilla/5.0 (Windows NT 10.0; Win64; x64) AppleWebKit/537.36 (KHTML, like Gecko) Chrome/103.0.0.0 Safari/537.36" 453 **0/453307**
37.139.53.80 - - [15/Apr/2026:11:54:56 -0700] "POST /wp-comments-post.php HTTP/1.0" 404 22004 "http://neurodn.com/hello-world/#comment-11976/" "Mozilla/5.0 (Windows NT 10.0; Win64; x64) AppleWebKit/537.36 (KHTML, like Gecko) Chrome/103.0.0.0 Safari/537.36" 213 **0/213176**
52.167.182.21 - - [15/Apr/2026:11:59:29 -0700] "HEAD / HTTP/1.1" 301 - "-" "Mozilla/5.0" 591 **0/591911**
170.106.187.106 - - [15/Apr/2026:11:59:30 -0700] "GET / HTTP/1.1" 301 - "-" "Mozilla/5.0 (iPhone; CPU iPhone OS 13_2_3 like Mac OS X) AppleWebKit/605.1.15 (KHTML, like Gecko) Version/13.0.3 Mobile/15E148 Safari/604.1" 520 **0/520691**
37.139.53.80 - - [15/Apr/2026:12:00:45 -0700] "GET /hello-world/ HTTP/1.0" 200 25792 "http://neurodn.com/hello-world/#comment-11976/" "Mozilla/5.0 (Windows NT 6.1; Win64; x64) AppleWebKit/537.36 (KHTML, like Gecko) Chrome/103.0.0.0 Safari/537.36" 430 **0/430469**
37.139.53.80 - - [15/Apr/2026:12:00:46 -0700] "POST /wp-comments-post.php HTTP/1.0" 404 22004 "http://neurodn.com/hello-world/#comment-11976/" "Mozilla/5.0 (Windows NT 6.1; Win64; x64) AppleWebKit/537.36 (KHTML, like Gecko) Chrome/103.0.0.0 Safari/537.36" 315 **0/315083**
34.228.10.228 - - [15/Apr/2026:12:05:37 -0700] "GET / HTTP/1.1" 301 1 "-" "axios/1.13.5" 7936 **7/7936046**
43.130.60.195 - - [15/Apr/2026:12:19:25 -0700] "GET / HTTP/1.1" 301 - "-" "Mozilla/5.0 (iPhone; CPU iPhone OS 13_2_3 like Mac OS X) AppleWebKit/605.1.15 (KHTML, like Gecko) Version/13.0.3 Mobile/15E148 Safari/604.1" 1932 **1/1932247**
208.109.41.231 - - [15/Apr/2026:12:32:15 -0700] "POST /wp-cron.php?doing_wp_cron=1776281535.7606730461120605468750 HTTP/1.1" 200 - "-" "WordPress/6.9.4; https://neurodn.com" 43 **0/43419**
37.139.53.80 - - [15/Apr/2026:12:32:12 -0700] "GET /hello-world/ HTTP/1.0" 200 25792 "http://neurodn.com/hello-world/#comment-11976/" "Mozilla/5.0 (Windows NT 10.0; Win64; x64) AppleWebKit/537.36 (KHTML, like Gecko) Chrome/103.0.0.0 Safari/537.36 OpenWave/97.4.2043.44" 3319 **3/3319162**
37.139.53.80 - - [15/Apr/2026:12:32:16 -0700] "POST /wp-comments-post.php HTTP/1.0" 404 22004 "http://neurodn.com/hello-world/#comment-11976/" "Mozilla/5.0 (Windows NT 10.0; Win64; x64) AppleWebKit/537.36 (KHTML, like Gecko) Chrome/103.0.0.0 Safari/537.36 OpenWave/97.4.2043.44" 462 **0/462046**
208.109.41.231 - - [15/Apr/2026:12:38:53 -0700] "POST /wp-cron.php?doing_wp_cron=1776281933.4622399806976318359375 HTTP/1.1" 200 - "-" "WordPress/6.9.4; https://neurodn.com" 88 **0/88743**
37.139.53.80 - - [15/Apr/2026:12:38:47 -0700] "GET / HTTP/1.0" 301 - "http://neurodn.com/" "Mozilla/5.0 (Windows NT 10.0; Win64; x64) AppleWebKit/537.36 (KHTML, like Gecko) Chrome/103.0.5060.66 Safari/537.36" 5979 **5/5979954**
37.139.53.80 - - [15/Apr/2026:12:38:37 -0700] "GET /hello-world/ HTTP/1.0" 200 25792 "http://neurodn.com/hello-world/#comment-11976/" "Mozilla/5.0 (Windows NT 10.0; Win64; x64) AppleWebKit/537.36 (KHTML, like Gecko) Chrome/103.0.5060.66 Safari/537.36" 16343 **16/16343670**
34.174.117.16 - - [15/Apr/2026:12:47:35 -0700] "HEAD /backup/ HTTP/1.1" 404 - "-" "Mozilla/5.0 (Windows NT 10.0; Win64; x64) AppleWebKit/537.36 (KHTML, like Gecko) Chrome/125.0.6422.112 Safari/537.36 Brave/1.63.120" 3582 **3/3582283**
34.174.117.16 - - [15/Apr/2026:12:47:39 -0700] "HEAD /wp/ HTTP/1.1" 404 - "-" "Mozilla/5.0 (Linux; Android 12; Redmi Note 11) AppleWebKit/537.36 (KHTML, like Gecko) Chrome/123.0.6312.112 Mobile Safari/537.36" 118 **0/118058**
34.174.117.16 - - [15/Apr/2026:12:47:39 -0700] "HEAD /blog/ HTTP/1.1" 404 - "-" "Mozilla/5.0 (Windows NT 10.0; Win64; x64) AppleWebKit/537.36 (KHTML, like Gecko) Chrome/127.0.6534.42 Safari/537.36" 164 **0/164417**
34.174.117.16 - - [15/Apr/2026:12:47:39 -0700] "HEAD /wordpress/ HTTP/1.1" 404 - "-" "Mozilla/5.0 (iPhone; CPU iPhone OS 17_5 like Mac OS X) AppleWebKit/605.1.15 (KHTML, like Gecko) Version/17.5 Mobile/15E148 Safari/604.1" 355 **0/355830**
34.174.117.16 - - [15/Apr/2026:12:47:39 -0700] "HEAD / HTTP/1.1" 301 - "-" "Mozilla/5.0 (Linux; Android 14; OnePlus 12) AppleWebKit/537.36 (KHTML, like Gecko) Chrome/125.0.6422.102 Mobile Safari/537.36" 257 **0/257748**
34.174.117.16 - - [15/Apr/2026:12:47:40 -0700] "HEAD /new/ HTTP/1.1" 404 - "-" "Mozilla/5.0 (Linux; Android 10; vivo 1904) AppleWebKit/537.36 (KHTML, like Gecko) Chrome/117.0.5938.60 Mobile Safari/537.36" 299 **0/299752**
34.174.117.16 - - [15/Apr/2026:12:47:40 -0700] "HEAD /old/ HTTP/1.1" 404 - "-" "Mozilla/5.0 (iPhone; CPU iPhone OS 17_5 like Mac OS X) AppleWebKit/605.1.15 (KHTML, like Gecko) Version/17.5 Mobile/15E148 Safari/604.1" 325 **0/325798**
52.167.181.142 - - [15/Apr/2026:12:50:43 -0700] "HEAD / HTTP/1.1" 301 - "-" "Mozilla/5.0" 308 **0/308086**
185.247.137.39 - - [15/Apr/2026:12:51:33 -0700] "GET / HTTP/1.1" 301 - "-" "Mozilla/5.0 (compatible; InternetMeasurement/1.0; +https://internet-measurement.com/)" 98 **0/98176**
45.227.253.15 - - [15/Apr/2026:12:53:39 -0700] "GET /index.php/jk HTTP/1.1" 301 - "-" "Mozilla/5.0 (iPad; U; CPU OS 4_3_4 like Mac OS X; ja) AppleWebKit/533.17.9 (KHTML, like Gecko) Version/5.0.2 Mobile/8J2 Safari/6533.18.5" 1094 **1/1094994**
45.227.253.15 - - [15/Apr/2026:12:53:41 -0700] "GET /jk HTTP/1.1" 404 22004 "http://neurodn.com/index.php/jk" "Mozilla/5.0 (iPad; U; CPU OS 4_3_4 like Mac OS X; ja) AppleWebKit/533.17.9 (KHTML, like Gecko) Version/5.0.2 Mobile/8J2 Safari/6533.18.5" 2234 **2/2234692**
37.139.53.80 - - [15/Apr/2026:13:09:21 -0700] "GET /hello-world/ HTTP/1.0" 200 25792 "http://neurodn.com/hello-world/#comment-11976/" "Mozilla/5.0 (Windows NT 6.3; WOW64) AppleWebKit/537.36 (KHTML, like Gecko) Chrome/103.0.0.0 Safari/537.36" 5604 **5/5604065**
37.139.53.80 - - [15/Apr/2026:13:09:27 -0700] "POST /wp-comments-post.php HTTP/1.0" 404 22004 "http://neurodn.com/hello-world/#comment-11976/" "Mozilla/5.0 (Windows NT 6.3; WOW64) AppleWebKit/537.36 (KHTML, like Gecko) Chrome/103.0.0.0 Safari/537.36" 1921 **1/1921839**
37.139.53.80 - - [15/Apr/2026:13:16:37 -0700] "GET /hello-world/ HTTP/1.0" 200 25792 "http://neurodn.com/hello-world/#comment-11976/" "Mozilla/5.0 (Windows NT 6.3; WOW64) AppleWebKit/537.36 (KHTML, like Gecko) Chrome/103.0.5060.114 Safari/537.36" 2882 **2/2882968**
37.139.53.80 - - [15/Apr/2026:13:16:40 -0700] "POST /wp-comments-post.php HTTP/1.0" 404 22004 "http://neurodn.com/hello-world/#comment-11976/" "Mozilla/5.0 (Windows NT 6.3; WOW64) AppleWebKit/537.36 (KHTML, like Gecko) Chrome/103.0.5060.114 Safari/537.36" 1933 **1/1933946**
18.207.119.181 - - [15/Apr/2026:13:18:25 -0700] "GET / HTTP/1.1" 301 1 "-" "axios/1.13.5" 961 **0/961499**
20.151.209.7 - - [15/Apr/2026:13:45:30 -0700] "GET //wp-content/plugins/fix/up.php HTTP/1.1" 301 - "-" "Mozilla/5.0 (Windows NT 10.0; Win64; x64) AppleWebKit/537.36 (KHTML, like Gecko) Chrome/85.0.4183.102 Safari/537.36" 2199 **2/2199572**
20.151.209.7 - - [15/Apr/2026:13:45:33 -0700] "GET /wp-content/plugins/fix/up.php HTTP/1.1" 404 22004 "-" "Mozilla/5.0 (Windows NT 10.0; Win64; x64) AppleWebKit/537.36 (KHTML, like Gecko) Chrome/85.0.4183.102 Safari/537.36" 3626 **3/3626927**
20.151.209.7 - - [15/Apr/2026:13:46:19 -0700] "GET //wp-content/plugins/fix/up.php HTTP/1.1" 301 - "-" "Mozilla/5.0 (Windows NT 10.0; Win64; x64) AppleWebKit/537.36 (KHTML, like Gecko) Chrome/85.0.4183.102 Safari/537.36" 380 **0/380973**
20.151.209.7 - - [15/Apr/2026:13:46:20 -0700] "GET /wp-content/plugins/fix/up.php HTTP/1.1" 404 22004 "-" "Mozilla/5.0 (Windows NT 10.0; Win64; x64) AppleWebKit/537.36 (KHTML, like Gecko) Chrome/85.0.4183.102 Safari/537.36" 510 **0/510921**
37.139.53.80 - - [15/Apr/2026:13:46:35 -0700] "GET /hello-world/ HTTP/1.0" 200 25792 "http://neurodn.com/hello-world/#comment-11976/" "Mozilla/5.0 (Windows NT 6.3) AppleWebKit/537.36 (KHTML, like Gecko) Chrome/103.0.0.0 Safari/537.36" 199 **0/199504**
37.139.53.80 - - [15/Apr/2026:13:46:35 -0700] "POST /wp-comments-post.php HTTP/1.0" 404 22004 "http://neurodn.com/hello-world/#comment-11976/" "Mozilla/5.0 (Windows NT 6.3) AppleWebKit/537.36 (KHTML, like Gecko) Chrome/103.0.0.0 Safari/537.36" 205 **0/205792**
37.139.53.80 - - [15/Apr/2026:13:54:33 -0700] "GET /hello-world/ HTTP/1.0" 200 25792 "http://neurodn.com/hello-world/#comment-11976/" "Mozilla/5.0 (Windows NT 6.3; Win64; x64) AppleWebKit/537.36 (KHTML, like Gecko) Chrome/103.0.0.0 Safari/537.36" 247 **0/247210**
37.139.53.80 - - [15/Apr/2026:13:54:34 -0700] "POST /wp-comments-post.php HTTP/1.0" 404 22004 "http://neurodn.com/hello-world/#comment-11976/" "Mozilla/5.0 (Windows NT 6.3; Win64; x64) AppleWebKit/537.36 (KHTML, like Gecko) Chrome/103.0.0.0 Safari/537.36" 352 **0/352921**
69.63.184.20 - - [15/Apr/2026:13:57:30 -0700] "GET /robots.txt HTTP/1.1" 206 65 "-" "facebookexternalhit/1.1 (+http://www.facebook.com/externalhit_uatext.php)" 7 **0/7805**
31.13.127.63 - - [15/Apr/2026:13:57:31 -0700] "GET / HTTP/1.1" 301 - "-" "meta-externalagent/1.1 (+https://developers.facebook.com/docs/sharing/webmasters/crawler)" 257 **0/257831**
20.151.209.7 - - [15/Apr/2026:14:00:56 -0700] "GET //wp-content/plugins/fix/up.php HTTP/1.1" 301 - "-" "Mozilla/5.0 (Windows NT 10.0; Win64; x64) AppleWebKit/537.36 (KHTML, like Gecko) Chrome/85.0.4183.102 Safari/537.36" 5870 **5/5870982**
52.167.182.21 - - [15/Apr/2026:14:01:45 -0700] "HEAD / HTTP/1.1" 301 - "-" "Mozilla/5.0" 2531 **2/2531693**
3.84.210.166 - - [15/Apr/2026:14:14:31 -0700] "GET / HTTP/1.1" 301 1 "-" "axios/1.13.5" 1061 **1/1061438**
37.139.53.80 - - [15/Apr/2026:14:23:47 -0700] "GET /hello-world/ HTTP/1.0" 200 25792 "http://neurodn.com/hello-world/#comment-11976/" "Mozilla/5.0 (Windows NT 6.1; WOW64) AppleWebKit/537.36 (KHTML, like Gecko) Chrome/103.0.0.0 Safari/537.36" 3762 **3/3762349**
37.139.53.80 - - [15/Apr/2026:14:23:51 -0700] "POST /wp-comments-post.php HTTP/1.0" 404 22004 "http://neurodn.com/hello-world/#comment-11976/" "Mozilla/5.0 (Windows NT 6.1; WOW64) AppleWebKit/537.36 (KHTML, like Gecko) Chrome/103.0.0.0 Safari/537.36" 3248 **3/3248737**
54.211.108.114 - - [15/Apr/2026:14:30:39 -0700] "GET /robots.txt HTTP/1.1" 200 65 "-" "Mozilla/5.0 (Macintosh; Intel Mac OS X 10_10_1) AppleWebKit/600.2.5 (KHTML, like Gecko) Version/8.0.2 Safari/600.2.5 (Gort)" 8 **0/8942**
37.139.53.80 - - [15/Apr/2026:14:32:26 -0700] "GET /hello-world/ HTTP/1.0" 200 25792 "http://neurodn.com/hello-world/#comment-11976/" "Mozilla/5.0 (Windows NT 10.0; Win64; x64) AppleWebKit/537.36 (KHTML, like Gecko) Chrome/103.0.0.0 Safari/537.36" 3299 **3/3299944**
37.139.53.80 - - [15/Apr/2026:14:32:30 -0700] "POST /wp-comments-post.php HTTP/1.0" 404 22004 "http://neurodn.com/hello-world/#comment-11976/" "Mozilla/5.0 (Windows NT 10.0; Win64; x64) AppleWebKit/537.36 (KHTML, like Gecko) Chrome/103.0.0.0 Safari/537.36" 3208 **3/3208903**
114.119.151.152 - - [15/Apr/2026:14:35:14 -0700] "GET /robots.txt HTTP/1.1" 200 65 "-" "Mozilla/5.0 (compatible;PetalBot;+https://webmaster.petalsearch.com/site/petalbot)" 9 **0/9644**
52.167.181.142 - - [15/Apr/2026:14:50:44 -0700] "HEAD / HTTP/1.1" 301 - "-" "Mozilla/5.0" 1457 **1/1457456**
37.139.53.80 - - [15/Apr/2026:15:00:54 -0700] "GET /hello-world/ HTTP/1.0" 200 25792 "http://neurodn.com/hello-world/#comment-11976/" "Mozilla/5.0 (Windows NT 6.3; Win64; x64) AppleWebKit/537.36 (KHTML, like Gecko) Chrome/103.0.5060.53 Safari/537.36" 3824 **3/3824515**
37.139.53.80 - - [15/Apr/2026:15:00:58 -0700] "POST /wp-comments-post.php HTTP/1.0" 404 22004 "http://neurodn.com/hello-world/#comment-11976/" "Mozilla/5.0 (Windows NT 6.3; Win64; x64) AppleWebKit/537.36 (KHTML, like Gecko) Chrome/103.0.5060.53 Safari/537.36" 3147 **3/3147467**
37.139.53.80 - - [15/Apr/2026:15:10:28 -0700] "GET / HTTP/1.0" 301 - "http://neurodn.com/" "Mozilla/5.0 (Windows NT 10.0; Win64; x64) AppleWebKit/537.36 (KHTML, like Gecko) Chrome/103.0.0.0 Safari/537.36" 8566 **8/8566763**
37.139.53.80 - - [15/Apr/2026:15:10:17 -0700] "GET /hello-world/ HTTP/1.0" 200 25792 "http://neurodn.com/hello-world/#comment-11976/" "Mozilla/5.0 (Windows NT 10.0; Win64; x64) AppleWebKit/537.36 (KHTML, like Gecko) Chrome/103.0.0.0 Safari/537.36" 19886 **19/19886471**
132.148.157.88 - - [15/Apr/2026:15:14:25 -0700] "GET /wp-login.php HTTP/1.1" 302 1 "https://www.google.com" "Mozilla/5.0 (X11; Linux x86_64) AppleWebKit/537.36 (KHTML, like Gecko) Chrome/140.0.0.0 Safari/537.36" 3274 **3/3274619**
208.109.41.231 - - [15/Apr/2026:15:26:31 -0700] "POST /wp-cron.php?doing_wp_cron=1776291990.9686160087585449218750 HTTP/1.1" 200 - "-" "WordPress/6.9.4; https://neurodn.com" 899 **0/899452**
132.148.157.88 - - [15/Apr/2026:15:26:26 -0700] "GET /wp/wp-login.php HTTP/1.1" 404 5207 "https://www.google.com" "Mozilla/5.0 (X11; Linux x86_64) AppleWebKit/537.36 (KHTML, like Gecko) Chrome/140.0.0.0 Safari/537.36" 6447 **6/6447951**
37.139.53.80 - - [15/Apr/2026:15:38:02 -0700] "GET /hello-world/ HTTP/1.0" 200 25792 "http://neurodn.com/hello-world/#comment-11976/" "Mozilla/5.0 (Windows NT 6.3) AppleWebKit/537.36 (KHTML, like Gecko) Chrome/103.0.0.0 Safari/537.36" 1993 **1/1993637**
37.139.53.80 - - [15/Apr/2026:15:38:04 -0700] "POST /wp-comments-post.php HTTP/1.0" 404 22004 "http://neurodn.com/hello-world/#comment-11976/" "Mozilla/5.0 (Windows NT 6.3) AppleWebKit/537.36 (KHTML, like Gecko) Chrome/103.0.0.0 Safari/537.36" 1020 **1/1020436**
132.148.157.88 - - [15/Apr/2026:15:38:20 -0700] "GET /wordpress/wp-login.php HTTP/1.1" 404 5207 "https://www.google.com" "Mozilla/5.0 (X11; Linux x86_64) AppleWebKit/537.36 (KHTML, like Gecko) Chrome/140.0.0.0 Safari/537.36" 735 **0/735616**
104.199.225.127 - - [15/Apr/2026:15:38:51 -0700] "GET /admin HTTP/1.1" 302 1 "-" "Mozilla/5.0 (Windows NT 10.0; Win64; x64) AppleWebKit/537.36 (KHTML, like Gecko) Chrome/125.0.0.0 Safari/537.36" 612 **0/612342**
148.251.121.91 - - [15/Apr/2026:15:42:47 -0700] "GET /robots.txt HTTP/1.1" 200 65 "-" "DomainStatsBot/1.0 (https://domainstats.com/pages/our-bot)" 8 **0/8540**
148.251.121.91 - - [15/Apr/2026:15:42:47 -0700] "HEAD / HTTP/1.1" 301 - "-" "DomainStatsBot/1.0 (https://domainstats.com/pages/our-bot)" 2384 **2/2384715**
37.139.53.80 - - [15/Apr/2026:15:48:07 -0700] "GET /hello-world/ HTTP/1.0" 200 25792 "http://neurodn.com/hello-world/#comment-11976/" "Mozilla/5.0 (Windows NT 10.0; Win64; x64) AppleWebKit/537.36 (KHTML, like Gecko) Chrome/103.0.5042.0 Safari/537.36" 2460 **2/2460017**
37.139.53.80 - - [15/Apr/2026:15:48:10 -0700] "POST /wp-comments-post.php HTTP/1.0" 404 22004 "http://neurodn.com/hello-world/#comment-11976/" "Mozilla/5.0 (Windows NT 10.0; Win64; x64) AppleWebKit/537.36 (KHTML, like Gecko) Chrome/103.0.5042.0 Safari/537.36" 1143 **1/1143749**
52.167.182.21 - - [15/Apr/2026:15:57:42 -0700] "HEAD / HTTP/1.1" 301 - "-" "Mozilla/5.0" 1637 **1/1637054**
37.139.53.80 - - [15/Apr/2026:16:15:13 -0700] "GET /hello-world/ HTTP/1.0" 200 25792 "http://neurodn.com/hello-world/#comment-11976/" "Mozilla/5.0 (Windows NT 6.1) AppleWebKit/537.36 (KHTML, like Gecko) Chrome/103.0.5060.114 Safari/537.36" 1691 **1/1691663**
37.139.53.80 - - [15/Apr/2026:16:15:15 -0700] "POST /wp-comments-post.php HTTP/1.0" 404 22004 "http://neurodn.com/hello-world/#comment-11976/" "Mozilla/5.0 (Windows NT 6.1) AppleWebKit/537.36 (KHTML, like Gecko) Chrome/103.0.5060.114 Safari/537.36" 3216 **3/3216802**
37.139.53.80 - - [15/Apr/2026:16:25:59 -0700] "GET /hello-world/ HTTP/1.0" 200 25792 "http://neurodn.com/hello-world/#comment-11976/" "Mozilla/5.0 (Windows NT 10.0; Win64; x64) AppleWebKit/537.36 (KHTML, like Gecko) Chrome/103.0.0.0 Safari/537.36 Herring/95.1.8810.11" 11537 **11/11537865**
37.139.53.80 - - [15/Apr/2026:16:26:09 -0700] "GET / HTTP/1.0" 301 - "http://neurodn.com/" "Mozilla/5.0 (Windows NT 10.0; Win64; x64) AppleWebKit/537.36 (KHTML, like Gecko) Chrome/103.0.0.0 Safari/537.36 Herring/95.1.8810.11" 2198 **2/2198790**
3.80.157.156 - - [15/Apr/2026:16:31:57 -0700] "GET / HTTP/1.1" 301 1 "-" "axios/1.13.5" 3052 **3/3052146**
52.167.181.142 - - [15/Apr/2026:16:50:29 -0700] "HEAD / HTTP/1.1" 301 - "-" "Mozilla/5.0" 2536 **2/2536137**
52.167.181.142 - - [15/Apr/2026:16:50:53 -0700] "HEAD / HTTP/1.1" 301 - "-" "Mozilla/5.0" 1836 **1/1836533**
37.139.53.80 - - [15/Apr/2026:16:52:23 -0700] "GET /hello-world/ HTTP/1.0" 200 25792 "http://neurodn.com/hello-world/#comment-11976/" "Mozilla/5.0 (Windows NT 6.3; WOW64) AppleWebKit/537.36 (KHTML, like Gecko) Chrome/103.0.5060.114 Safari/537.36" 2830 **2/2830979**
37.139.53.80 - - [15/Apr/2026:16:52:26 -0700] "POST /wp-comments-post.php HTTP/1.0" 404 22004 "http://neurodn.com/hello-world/#comment-11976/" "Mozilla/5.0 (Windows NT 6.3; WOW64) AppleWebKit/537.36 (KHTML, like Gecko) Chrome/103.0.5060.114 Safari/537.36" 2126 **2/2126710**
52.167.182.21 - - [15/Apr/2026:16:57:59 -0700] "HEAD / HTTP/1.1" 301 - "-" "Mozilla/5.0" 2604 **2/2604105**
34.221.83.86 - - [15/Apr/2026:17:01:40 -0700] "GET / HTTP/1.1" 301 - "-" "Mozilla/5.0 (Linux; Android 13; SM-A037U) AppleWebKit/537.36 (KHTML, like Gecko) Chrome/140.0.0.0 Mobile Safari/537.36" 1333 **1/1333227**
37.139.53.80 - - [15/Apr/2026:17:03:57 -0700] "GET /hello-world/ HTTP/1.0" 200 25792 "http://neurodn.com/hello-world/#comment-11976/" "Mozilla/5.0 (Windows NT 10.0; Win64; x64) AppleWebKit/537.36 (KHTML, like Gecko) Chrome/103.0.5060.114 Safari/537.36" 2586 **2/2586473**
37.139.53.80 - - [15/Apr/2026:17:03:59 -0700] "POST /wp-comments-post.php HTTP/1.0" 404 22004 "http://neurodn.com/hello-world/#comment-11976/" "Mozilla/5.0 (Windows NT 10.0; Win64; x64) AppleWebKit/537.36 (KHTML, like Gecko) Chrome/103.0.5060.114 Safari/537.36" 2501 **2/2501706**
45.227.253.15 - - [15/Apr/2026:17:18:44 -0700] "GET /?of=1 HTTP/1.1" 301 - "-" "Mozilla/5.0 (Windows NT 10.0; Win64; x64) AppleWebKit/537.36 (KHTML, like Gecko) Chrome/79.0.3970 Safari/537.36 Edg/79.0.143.5" 3591 **3/3591283**
49.233.45.47 - - [15/Apr/2026:17:22:27 -0700] "GET / HTTP/1.1" 301 - "-" "Mozilla/5.0 (iPhone; CPU iPhone OS 13_2_3 like Mac OS X) AppleWebKit/605.1.15 (KHTML, like Gecko) Version/13.0.3 Mobile/15E148 Safari/604.1" 1120 **1/1120371**
37.139.53.80 - - [15/Apr/2026:17:29:46 -0700] "GET /hello-world/ HTTP/1.0" 200 25792 "http://neurodn.com/hello-world/#comment-11976/" "Mozilla/5.0 (Windows NT 10.0; WOW64) AppleWebKit/537.36 (KHTML, like Gecko) Chrome/103.0.5060.114 Safari/537.36" 3136 **3/3136217**
37.139.53.80 - - [15/Apr/2026:17:29:49 -0700] "POST /wp-comments-post.php HTTP/1.0" 404 22004 "http://neurodn.com/hello-world/#comment-11976/" "Mozilla/5.0 (Windows NT 10.0; WOW64) AppleWebKit/537.36 (KHTML, like Gecko) Chrome/103.0.5060.114 Safari/537.36" 3416 **3/3416218**
37.139.53.80 - - [15/Apr/2026:17:41:45 -0700] "GET /hello-world/ HTTP/1.0" 200 25792 "http://neurodn.com/hello-world/#comment-11976/" "Mozilla/5.0 (Windows NT 6.3; WOW64) AppleWebKit/537.36 (KHTML, like Gecko) Chrome/103.0.5060.114 Safari/537.36" 2587 **2/2587209**
37.139.53.80 - - [15/Apr/2026:17:41:48 -0700] "POST /wp-comments-post.php HTTP/1.0" 404 22004 "http://neurodn.com/hello-world/#comment-11976/" "Mozilla/5.0 (Windows NT 6.3; WOW64) AppleWebKit/537.36 (KHTML, like Gecko) Chrome/103.0.5060.114 Safari/537.36" 2491 **2/2491944**
51.210.216.21 - - [15/Apr/2026:17:47:29 -0700] "GET / HTTP/1.1" 301 - "-" "Mozilla/5.0 (X11; Linux x86_64) AppleWebKit/537.36 (KHTML, like Gecko) Chrome/131.0.0.0 Safari/537.36" 1975 **1/1975961**
51.210.216.21 - - [15/Apr/2026:17:47:44 -0700] "GET / HTTP/1.1" 301 - "-" "Mozilla/5.0 (X11; Linux x86_64) AppleWebKit/537.36 (KHTML, like Gecko) Chrome/131.0.0.0 Safari/537.36" 2503 **2/2503751**
52.167.181.142 - - [15/Apr/2026:17:50:42 -0700] "HEAD / HTTP/1.1" 301 - "-" "Mozilla/5.0" 1880 **1/1880711**
35.90.20.162 - - [15/Apr/2026:17:59:29 -0700] "GET / HTTP/1.1" 301 - "-" "Mozilla/5.0 (Windows NT 10.0; Win64; x64) AppleWebKit/537.36 (KHTML, like Gecko) Chrome/113.0.0.0 Safari/537.36" 1801 **1/1801407**
52.37.89.237 - - [15/Apr/2026:17:59:29 -0700] "GET / HTTP/1.1" 301 - "-" "Mozilla/5.0 (Windows NT 10.0; Win64; x64) AppleWebKit/537.36 (KHTML, like Gecko) Chrome/113.0.0.0 Safari/537.36" 1445 **1/1445511**
35.90.20.162 - - [15/Apr/2026:17:59:30 -0700] "GET / HTTP/1.1" 301 - "-" "Mozilla/5.0 (Windows NT 10.0; Win64; x64) AppleWebKit/537.36 (KHTML, like Gecko) Chrome/113.0.0.0 Safari/537.36" 3022 **3/3022976**
37.139.53.80 - - [15/Apr/2026:18:07:03 -0700] "GET /hello-world/ HTTP/1.0" 200 25792 "http://neurodn.com/hello-world/#comment-11976/" "Mozilla/5.0 (Windows NT 6.3; Win64; x64) AppleWebKit/537.36 (KHTML, like Gecko) Chrome/103.0.0.0 Safari/537.36" 3990 **3/3990425**
37.139.53.80 - - [15/Apr/2026:18:07:08 -0700] "POST /wp-comments-post.php HTTP/1.0" 404 22004 "http://neurodn.com/hello-world/#comment-11976/" "Mozilla/5.0 (Windows NT 6.3; Win64; x64) AppleWebKit/537.36 (KHTML, like Gecko) Chrome/103.0.0.0 Safari/537.36" 5732 **5/5732405**
37.139.53.80 - - [15/Apr/2026:18:19:37 -0700] "GET /hello-world/ HTTP/1.0" 200 25792 "http://neurodn.com/hello-world/#comment-11976/" "Mozilla/5.0 (Windows NT 6.2; Win64; x64) AppleWebKit/537.36 (KHTML, like Gecko) Chrome/103.0.0.0 Safari/537.36" 5412 **5/5412919**
37.139.53.80 - - [15/Apr/2026:18:19:43 -0700] "POST /wp-comments-post.php HTTP/1.0" 302 - "http://neurodn.com/hello-world/#comment-11976/" "Mozilla/5.0 (Windows NT 6.2; Win64; x64) AppleWebKit/537.36 (KHTML, like Gecko) Chrome/103.0.0.0 Safari/537.36" 5153 **5/5153581**
37.139.53.80 - - [15/Apr/2026:18:44:18 -0700] "GET /hello-world/ HTTP/1.0" 200 25792 "http://neurodn.com/hello-world/#comment-11976/" "Mozilla/5.0 (Windows NT 10.0; Win64; x64) AppleWebKit/537.36 (KHTML, like Gecko) Chrome/103.0.5060.66 Safari/537.36" 2890 **2/2890717**
37.139.53.80 - - [15/Apr/2026:18:44:21 -0700] "POST /wp-comments-post.php HTTP/1.0" 404 22004 "http://neurodn.com/hello-world/#comment-11976/" "Mozilla/5.0 (Windows NT 10.0; Win64; x64) AppleWebKit/537.36 (KHTML, like Gecko) Chrome/103.0.5060.66 Safari/537.36" 2153 **2/2153136**
52.167.181.142 - - [15/Apr/2026:18:50:14 -0700] "HEAD / HTTP/1.1" 301 - "-" "Mozilla/5.0" 2121 **2/2121248**
37.139.53.80 - - [15/Apr/2026:18:57:30 -0700] "GET /hello-world/ HTTP/1.0" 200 25792 "http://neurodn.com/hello-world/#comment-11976/" "Mozilla/5.0 (Windows NT 6.1) AppleWebKit/537.36 (KHTML, like Gecko) Chrome/103.0.5060.114 Safari/537.36" 2740 **2/2740778**
54.89.237.72 - - [15/Apr/2026:18:57:31 -0700] "GET / HTTP/1.1" 301 1 "-" "axios/1.13.5" 1883 **1/1883570**
37.139.53.80 - - [15/Apr/2026:18:57:33 -0700] "POST /wp-comments-post.php HTTP/1.0" 404 22004 "http://neurodn.com/hello-world/#comment-11976/" "Mozilla/5.0 (Windows NT 6.1) AppleWebKit/537.36 (KHTML, like Gecko) Chrome/103.0.5060.114 Safari/537.36" 2643 **2/2643750**
52.167.182.21 - - [15/Apr/2026:18:57:53 -0700] "HEAD / HTTP/1.1" 301 - "-" "Mozilla/5.0" 1389 **1/1389355**
52.167.182.62 - - [15/Apr/2026:19:08:06 -0700] "HEAD / HTTP/1.1" 301 - "-" "Mozilla/5.0" 1847 **1/1847522**
185.255.126.42 - - [15/Apr/2026:19:20:32 -0700] "GET /hello-world/ HTTP/1.0" 200 25792 "http://neurodn.com/hello-world/" "Mozilla/5.0 (Windows NT 10.0; Win64; x64) AppleWebKit/537.36 (KHTML, like Gecko) Chrome/131.0.0.0 Safari/537.36" 5517 **5/5517966**
185.255.126.49 - - [15/Apr/2026:19:20:38 -0700] "POST /wp-comments-post.php HTTP/1.0" 302 - "http://neurodn.com/hello-world/" "Mozilla/5.0 (Windows NT 10.0; Win64; x64) AppleWebKit/537.36 (KHTML, like Gecko) Chrome/131.0.0.0 Safari/537.36" 6491 **6/6491444**
37.139.53.80 - - [15/Apr/2026:19:21:37 -0700] "GET /hello-world/ HTTP/1.0" 200 25792 "http://neurodn.com/hello-world/#comment-11976/" "Mozilla/5.0 (Windows NT 10.0; WOW64) AppleWebKit/537.36 (KHTML, like Gecko) Chrome/103.0.5060.114 Safari/537.36" 5331 **5/5331403**
37.139.53.80 - - [15/Apr/2026:19:21:43 -0700] "POST /wp-comments-post.php HTTP/1.0" 404 22004 "http://neurodn.com/hello-world/#comment-11976/" "Mozilla/5.0 (Windows NT 10.0; WOW64) AppleWebKit/537.36 (KHTML, like Gecko) Chrome/103.0.5060.114 Safari/537.36" 2833 **2/2833247**
3.84.210.166 - - [15/Apr/2026:19:31:04 -0700] "GET / HTTP/1.1" 301 1 "-" "axios/1.13.5" 2942 **2/2942920**
43.157.174.69 - - [15/Apr/2026:19:33:50 -0700] "GET / HTTP/1.1" 301 - "-" "Mozilla/5.0 (iPhone; CPU iPhone OS 13_2_3 like Mac OS X) AppleWebKit/605.1.15 (KHTML, like Gecko) Version/13.0.3 Mobile/15E148 Safari/604.1" 3250 **3/3250101**
37.139.53.80 - - [15/Apr/2026:19:35:24 -0700] "GET /hello-world/ HTTP/1.0" 200 25792 "http://neurodn.com/hello-world/#comment-11976/" "Mozilla/5.0 (Windows NT 6.1; WOW64) AppleWebKit/537.36 (KHTML, like Gecko) Chrome/103.0.0.0 Safari/537.36" 4168 **4/4168651**
37.139.53.80 - - [15/Apr/2026:19:35:29 -0700] "POST /wp-comments-post.php HTTP/1.0" 404 22004 "http://neurodn.com/hello-world/#comment-11976/" "Mozilla/5.0 (Windows NT 6.1; WOW64) AppleWebKit/537.36 (KHTML, like Gecko) Chrome/103.0.0.0 Safari/537.36" 3339 **3/3339879**
52.167.181.142 - - [15/Apr/2026:19:50:15 -0700] "HEAD / HTTP/1.1" 301 - "-" "Mozilla/5.0" 1223 **1/1223276**
43.154.140.188 - - [15/Apr/2026:19:51:30 -0700] "GET / HTTP/1.1" 301 - "-" "Mozilla/5.0 (iPhone; CPU iPhone OS 13_2_3 like Mac OS X) AppleWebKit/605.1.15 (KHTML, like Gecko) Version/13.0.3 Mobile/15E148 Safari/604.1" 1714 **1/1714737**
37.139.53.80 - - [15/Apr/2026:19:58:56 -0700] "GET /hello-world/ HTTP/1.0" 200 25792 "http://neurodn.com/hello-world/#comment-11976/" "Mozilla/5.0 (Windows NT 6.1; WOW64) AppleWebKit/537.36 (KHTML, like Gecko) Chrome/103.0.0.0 Safari/537.36" 1705 **1/1705679**
37.139.53.80 - - [15/Apr/2026:19:58:58 -0700] "POST /wp-comments-post.php HTTP/1.0" 404 22004 "http://neurodn.com/hello-world/#comment-11976/" "Mozilla/5.0 (Windows NT 6.1; WOW64) AppleWebKit/537.36 (KHTML, like Gecko) Chrome/103.0.0.0 Safari/537.36" 3685 **3/3685138**
52.167.182.62 - - [15/Apr/2026:20:10:41 -0700] "HEAD / HTTP/1.1" 301 - "-" "Mozilla/5.0" 2305 **2/2305018**
20.151.209.7 - - [15/Apr/2026:20:11:22 -0700] "GET //wp-content/plugins/fix/up.php HTTP/1.1" 301 - "-" "Mozilla/5.0 (Windows NT 10.0; Win64; x64) AppleWebKit/537.36 (KHTML, like Gecko) Chrome/85.0.4183.102 Safari/537.36" 267 **0/267300**
20.151.209.7 - - [15/Apr/2026:20:11:22 -0700] "GET /wp-content/plugins/fix/up.php HTTP/1.1" 404 22004 "-" "Mozilla/5.0 (Windows NT 10.0; Win64; x64) AppleWebKit/537.36 (KHTML, like Gecko) Chrome/85.0.4183.102 Safari/537.36" 170 **0/170818**
20.151.209.7 - - [15/Apr/2026:20:11:46 -0700] "GET //wp-content/plugins/fix/up.php HTTP/1.1" 301 - "-" "Mozilla/5.0 (Windows NT 10.0; Win64; x64) AppleWebKit/537.36 (KHTML, like Gecko) Chrome/85.0.4183.102 Safari/537.36" 2205 **2/2205357**
20.151.209.7 - - [15/Apr/2026:20:11:48 -0700] "GET /wp-content/plugins/fix/up.php HTTP/1.1" 404 22004 "-" "Mozilla/5.0 (Windows NT 10.0; Win64; x64) AppleWebKit/537.36 (KHTML, like Gecko) Chrome/85.0.4183.102 Safari/537.36" 2136 **2/2136358**
45.227.253.15 - - [15/Apr/2026:20:16:14 -0700] "GET /index.php/jk HTTP/1.1" 301 - "-" "Mozilla/5.0 (Macintosh; Intel Mac OS X 10.15; rv:81.0) Gecko/20100101 Firefox/81.0" 14072 **14/14072675**
45.227.253.15 - - [15/Apr/2026:20:16:28 -0700] "GET /jk HTTP/1.1" 404 22004 "http://neurodn.com/index.php/jk" "Mozilla/5.0 (Macintosh; Intel Mac OS X 10.15; rv:81.0) Gecko/20100101 Firefox/81.0" 2350 **2/2350830**
115.45.43.75 - - [15/Apr/2026:20:23:15 -0700] "GET /robots.txt HTTP/1.1" 200 65 "-" "Mozilla/5.0 (Windows NT 10.0; Win64; x64) AppleWebKit/537.36 (KHTML, like Gecko) Chrome/84.0.3102.140 Safari/537.36 OPR/63.0.3368.43" 7 **0/7328**
116.76.39.181 - - [15/Apr/2026:20:25:27 -0700] "GET /robots.txt HTTP/1.1" 200 65 "-" "Mozilla/5.0 (Windows NT 10.0; WOW64) AppleWebKit/537.36 (KHTML, like Gecko) Chrome/82.0.3786.121 Safari/537.36 Core/1.70.3722.400 QQBrowser/10.5.3739.400" 8 **0/8040**
98.83.219.141 - - [15/Apr/2026:20:35:19 -0700] "GET / HTTP/1.1" 301 1 "-" "axios/1.13.5" 2670 **2/2670393**
208.109.41.231 - - [15/Apr/2026:20:35:53 -0700] "POST /wp-cron.php?doing_wp_cron=1776310553.2631959915161132812500 HTTP/1.1" 200 - "-" "WordPress/6.9.4; https://neurodn.com" 397 **0/397637**
37.139.53.80 - - [15/Apr/2026:20:35:50 -0700] "GET /hello-world/ HTTP/1.0" 200 25792 "http://neurodn.com/hello-world/#comment-11976/" "Mozilla/5.0 (Windows NT 10.0; Win64; x64) AppleWebKit/537.36 (KHTML, like Gecko) Chrome/103.0.5060.114 Safari/537.36" 3379 **3/3379560**
37.139.53.80 - - [15/Apr/2026:20:35:54 -0700] "POST /wp-comments-post.php HTTP/1.0" 404 22004 "http://neurodn.com/hello-world/#comment-11976/" "Mozilla/5.0 (Windows NT 10.0; Win64; x64) AppleWebKit/537.36 (KHTML, like Gecko) Chrome/103.0.5060.114 Safari/537.36" 1884 **1/1884776**
47.92.4.147 - - [15/Apr/2026:20:39:32 -0700] "GET / HTTP/1.1" 301 - "-" "Mozilla/5.0 (Windows NT 10.0; Win64; x64) AppleWebKit/537.36 (KHTML, like Gecko) Chrome/91.0.4472.124 Safari/537.36" 1962 **1/1962701**
47.92.4.147 - - [15/Apr/2026:20:39:32 -0700] "GET / HTTP/1.1" 301 - "-" "Mozilla/5.0 (Windows NT 10.0; Win64; x64) AppleWebKit/537.36 (KHTML, like Gecko) Chrome/91.0.4472.124 Safari/537.36" 2488 **2/2488910**
52.167.182.21 - - [15/Apr/2026:20:57:52 -0700] "HEAD / HTTP/1.1" 301 - "-" "Mozilla/5.0" 3406 **3/3406517**
37.139.53.80 - - [15/Apr/2026:21:12:30 -0700] "GET /hello-world/ HTTP/1.0" 200 25792 "http://neurodn.com/hello-world/#comment-11976/" "Mozilla/5.0 (Windows NT 10.0; Win64; x64) AppleWebKit/537.36 (KHTML, like Gecko) Chrome/103.0.5042.0 Safari/537.36" 3264 **3/3264546**
37.139.53.80 - - [15/Apr/2026:21:12:33 -0700] "POST /wp-comments-post.php HTTP/1.0" 404 22004 "http://neurodn.com/hello-world/#comment-11976/" "Mozilla/5.0 (Windows NT 10.0; Win64; x64) AppleWebKit/537.36 (KHTML, like Gecko) Chrome/103.0.5042.0 Safari/537.36" 2122 **2/2122694**
194.116.180.250 - - [15/Apr/2026:21:19:49 -0700] "HEAD / HTTP/1.1" 301 - "-" "Mozilla/5.0" 1828 **1/1828280**
208.109.41.231 - - [15/Apr/2026:21:37:18 -0700] "POST /wp-cron.php?doing_wp_cron=1776314238.3677339553833007812500 HTTP/1.1" 200 - "-" "WordPress/6.9.4; https://neurodn.com" 396 **0/396802**
54.144.72.213 - - [15/Apr/2026:21:37:07 -0700] "GET / HTTP/1.1" 301 - "-" "Mozilla/5.0 (Windows NT 10.0; Win64; x64) AppleWebKit/537.36 (KHTML, like Gecko) Chrome/86.0.4240.75 Safari/537.36" 11656 **11/11656500**
44.201.81.249 - - [15/Apr/2026:21:48:10 -0700] "GET / HTTP/1.1" 301 1 "-" "axios/1.13.5" 396 **0/396890**
37.139.53.80 - - [15/Apr/2026:21:49:29 -0700] "GET /hello-world/ HTTP/1.0" 200 25792 "http://neurodn.com/hello-world/#comment-11976/" "Mozilla/5.0 (Windows NT 6.2; Win64; x64) AppleWebKit/537.36 (KHTML, like Gecko) Chrome/103.0.0.0 Safari/537.36" 1717 **1/1717421**
37.139.53.80 - - [15/Apr/2026:21:49:31 -0700] "POST /wp-comments-post.php HTTP/1.0" 404 22004 "http://neurodn.com/hello-world/#comment-11976/" "Mozilla/5.0 (Windows NT 6.2; Win64; x64) AppleWebKit/537.36 (KHTML, like Gecko) Chrome/103.0.0.0 Safari/537.36" 1139 **1/1139474**
52.167.182.62 - - [15/Apr/2026:22:06:40 -0700] "HEAD / HTTP/1.1" 301 - "-" "Mozilla/5.0" 632 **0/632546**