208.109.41.231 - - [15/Apr/2026:17:16:55 -0700] "POST /deleteme.chafc57ea96ca0b41268fdbc65f7c66f2aa.php?n=1&m=4 HTTP/2.0" 404 22009 "-" "Installatron Plugin/10.0.6/547" 5175 **5/5175797**
208.109.41.231 - - [15/Apr/2026:17:17:00 -0700] "POST /deleteme.chafc57ea96ca0b41268fdbc65f7c66f2aa.php?n=2&m=4 HTTP/2.0" 404 22009 "-" "Installatron Plugin/10.0.6/547" 2622 **2/2622728**
208.109.41.231 - - [15/Apr/2026:17:17:03 -0700] "POST /deleteme.chafc57ea96ca0b41268fdbc65f7c66f2aa.php?n=3&m=4 HTTP/2.0" 200 3418 "-" "Installatron Plugin/10.0.6/547" 1360 **1/1360411**
208.109.41.231 - - [15/Apr/2026:17:17:05 -0700] "POST /deleteme.wpb30546df5c314891acc0fef5bffbd601.php HTTP/2.0" 200 2721 "-" "Installatron Plugin/10.0.6/547" 5231 **5/5231834**
132.148.157.88 - - [15/Apr/2026:17:18:09 -0700] "POST /xmlrpc.php HTTP/1.1" 200 167 "-" "Mozilla/5.0 (X11; Linux x86_64) AppleWebKit/537.36 (KHTML, like Gecko) Chrome/140.0.0.0 Safari/537.36" 3404 **3/3404363**
45.227.253.15 - - [15/Apr/2026:17:18:48 -0700] "GET /?of=1 HTTP/1.1" 200 8706 "http://neurodn.com?of=1" "Mozilla/5.0 (Windows NT 10.0; Win64; x64) AppleWebKit/537.36 (KHTML, like Gecko) Chrome/79.0.3970 Safari/537.36 Edg/79.0.143.5" 3972 **3/3972980**
114.119.157.112 - - [15/Apr/2026:17:21:59 -0700] "GET /products/10167675/ HTTP/1.1" 404 22009 "-" "Mozilla/5.0 (Linux; Android 7.0;) AppleWebKit/537.36 (KHTML, like Gecko) Mobile Safari/537.36 (compatible; PetalBot;+https://webmaster.petalsearch.com/site/petalbot)" 2320 **2/2320051**
208.109.41.231 - - [15/Apr/2026:17:22:24 -0700] "POST /wp-cron.php?doing_wp_cron=1776298943.9683880805969238281250 HTTP/1.1" 200 - "-" "WordPress/6.9.4; https://neurodn.com" 390 **0/390768**
132.148.157.88 - - [15/Apr/2026:17:22:21 -0700] "POST /xmlrpc.php HTTP/1.1" 200 167 "-" "Mozilla/5.0 (X11; Linux x86_64) AppleWebKit/537.36 (KHTML, like Gecko) Chrome/140.0.0.0 Safari/537.36" 2947 **2/2947175**
49.233.45.47 - - [15/Apr/2026:17:22:30 -0700] "GET / HTTP/1.1" 200 8706 "http://www.neurodn.com" "Mozilla/5.0 (iPhone; CPU iPhone OS 13_2_3 like Mac OS X) AppleWebKit/605.1.15 (KHTML, like Gecko) Version/13.0.3 Mobile/15E148 Safari/604.1" 260 **0/260987**
114.119.136.146 - - [15/Apr/2026:17:25:08 -0700] "GET /products/10563331/ HTTP/1.1" 404 22009 "-" "Mozilla/5.0 (Linux; Android 7.0;) AppleWebKit/537.36 (KHTML, like Gecko) Mobile Safari/537.36 (compatible; PetalBot;+https://webmaster.petalsearch.com/site/petalbot)" 10886 **10/10886892**
208.109.41.231 - - [15/Apr/2026:17:26:33 -0700] "POST /wp-cron.php?doing_wp_cron=1776299193.1610500812530517578125 HTTP/1.1" 200 - "-" "WordPress/6.9.4; https://neurodn.com" 212 **0/212948**
132.148.157.88 - - [15/Apr/2026:17:26:30 -0700] "POST /xmlrpc.php HTTP/1.1" 200 167 "-" "Mozilla/5.0 (X11; Linux x86_64) AppleWebKit/537.36 (KHTML, like Gecko) Chrome/140.0.0.0 Safari/537.36" 3989 **3/3989397**
132.148.157.88 - - [15/Apr/2026:17:30:36 -0700] "POST /xmlrpc.php HTTP/1.1" 200 167 "-" "Mozilla/5.0 (X11; Linux x86_64) AppleWebKit/537.36 (KHTML, like Gecko) Chrome/140.0.0.0 Safari/537.36" 1921 **1/1921804**
132.148.157.88 - - [15/Apr/2026:17:34:48 -0700] "POST /xmlrpc.php HTTP/1.1" 200 167 "-" "Mozilla/5.0 (X11; Linux x86_64) AppleWebKit/537.36 (KHTML, like Gecko) Chrome/140.0.0.0 Safari/537.36" 2600 **2/2600115**
208.109.41.231 - - [15/Apr/2026:17:39:19 -0700] "POST /wp-cron.php?doing_wp_cron=1776299959.4797449111938476562500 HTTP/1.1" 200 - "-" "WordPress/6.9.4; https://neurodn.com" 396 **0/396526**
132.148.157.88 - - [15/Apr/2026:17:39:05 -0700] "POST /xmlrpc.php HTTP/1.1" 200 167 "-" "Mozilla/5.0 (X11; Linux x86_64) AppleWebKit/537.36 (KHTML, like Gecko) Chrome/140.0.0.0 Safari/537.36" 14640 **14/14640740**
146.103.115.7 - - [15/Apr/2026:17:40:10 -0700] "GET /hello-world/ HTTP/1.0" 200 25799 "https://neurodn.com/hello-world/" "Mozilla/5.0 (Windows NT 10.0; Win64; x64) AppleWebKit/537.36 (KHTML, like Gecko) Chrome/129.0.0.0 Safari/537.36" 3121 **3/3121189**
146.103.115.7 - - [15/Apr/2026:17:40:14 -0700] "POST /wp-comments-post.php HTTP/1.0" 404 22009 "https://neurodn.com/hello-world/" "Mozilla/5.0 (Windows NT 10.0; Win64; x64) AppleWebKit/537.36 (KHTML, like Gecko) Chrome/129.0.0.0 Safari/537.36" 941 **0/941495**
132.148.157.88 - - [15/Apr/2026:17:43:25 -0700] "POST /xmlrpc.php HTTP/1.1" 200 167 "-" "Mozilla/5.0 (X11; Linux x86_64) AppleWebKit/537.36 (KHTML, like Gecko) Chrome/140.0.0.0 Safari/537.36" 2481 **2/2481545**
74.7.175.133 - - [15/Apr/2026:17:45:16 -0700] "GET /robots.txt HTTP/1.1" 200 67 "-" "Mozilla/5.0 (Macintosh; Intel Mac OS X 10_15_7) AppleWebKit/537.36 (KHTML, like Gecko) Chrome/131.0.0.0 Safari/537.36; compatible; OAI-SearchBot/1.3; robots.txt; +https://openai.com/searchbot" 10 **0/10341**
74.7.227.50 - - [15/Apr/2026:17:45:56 -0700] "GET / HTTP/1.1" 200 8224 "https://linksnatcher.com" "Mozilla/5.0 AppleWebKit/537.36 (KHTML, like Gecko; compatible; GPTBot/1.3; +https://openai.com/gptbot)" 5107 **5/5107269**
74.7.227.50 - - [15/Apr/2026:17:46:02 -0700] "GET /wp-content/themes/hello-elementor/assets/css/reset.css?ver=3.4.7 HTTP/1.1" 200 1588 "https://neurodn.com/" "Mozilla/5.0 AppleWebKit/537.36 (KHTML, like Gecko; compatible; GPTBot/1.3; +https://openai.com/gptbot)" 9 **0/9850**
74.7.227.50 - - [15/Apr/2026:17:46:05 -0700] "GET /wp-json/wp/v2/pages/333 HTTP/1.1" 200 3301 "https://neurodn.com/" "Mozilla/5.0 AppleWebKit/537.36 (KHTML, like Gecko; compatible; GPTBot/1.3; +https://openai.com/gptbot)" 3062 **3/3062604**
74.7.227.50 - - [15/Apr/2026:17:46:08 -0700] "GET /xmlrpc.php?rsd HTTP/1.1" 200 261 "https://neurodn.com/" "Mozilla/5.0 AppleWebKit/537.36 (KHTML, like Gecko; compatible; GPTBot/1.3; +https://openai.com/gptbot)" 2561 **2/2561976**
74.7.227.50 - - [15/Apr/2026:17:46:11 -0700] "GET /wp-includes/js/wp-emoji-release.min.js?ver=6.9.4 HTTP/1.1" 200 4940 "https://neurodn.com/" "Mozilla/5.0 AppleWebKit/537.36 (KHTML, like Gecko; compatible; GPTBot/1.3; +https://openai.com/gptbot)" 11 **0/11085**
74.7.227.50 - - [15/Apr/2026:17:46:13 -0700] "GET /feed/ HTTP/1.1" 200 694 "https://neurodn.com/" "Mozilla/5.0 AppleWebKit/537.36 (KHTML, like Gecko; compatible; GPTBot/1.3; +https://openai.com/gptbot)" 1928 **1/1928336**
74.7.227.50 - - [15/Apr/2026:17:46:15 -0700] "GET /wp-content/themes/hello-elementor/assets/css/header-footer.css?ver=3.4.7 HTTP/1.1" 200 1262 "https://neurodn.com/" "Mozilla/5.0 AppleWebKit/537.36 (KHTML, like Gecko; compatible; GPTBot/1.3; +https://openai.com/gptbot)" 8 **0/8855**
74.7.227.50 - - [15/Apr/2026:17:46:17 -0700] "GET /comments/feed/ HTTP/1.1" 200 340 "https://neurodn.com/" "Mozilla/5.0 AppleWebKit/537.36 (KHTML, like Gecko; compatible; GPTBot/1.3; +https://openai.com/gptbot)" 1780 **1/1780932**
74.7.227.50 - - [15/Apr/2026:17:46:19 -0700] "GET /wp-json/oembed/1.0/embed?format=xml&url=https%3A%2F%2Fneurodn.com%2F HTTP/1.1" 200 959 "https://neurodn.com/" "Mozilla/5.0 AppleWebKit/537.36 (KHTML, like Gecko; compatible; GPTBot/1.3; +https://openai.com/gptbot)" 1777 **1/1777893**
89.110.64.239 - - [15/Apr/2026:17:46:18 -0700] "GET /hello-world/ HTTP/1.0" 200 25799 "https://neurodn.com/hello-world/" "Mozilla/5.0 (Windows NT 10.0; Win64; x64) AppleWebKit/537.36 (KHTML, like Gecko) Chrome/130.0.0.0 Safari/537.36 CCleaner/130.0.0.0" 2816 **2/2816909**
74.7.227.50 - - [15/Apr/2026:17:46:20 -0700] "GET /wp-json/oembed/1.0/embed?url=https%3A%2F%2Fneurodn.com%2F HTTP/1.1" 200 950 "https://neurodn.com/" "Mozilla/5.0 AppleWebKit/537.36 (KHTML, like Gecko; compatible; GPTBot/1.3; +https://openai.com/gptbot)" 2076 **2/2076129**
74.7.227.50 - - [15/Apr/2026:17:46:23 -0700] "GET /wp-content/themes/hello-elementor/assets/css/theme.css?ver=3.4.7 HTTP/1.1" 200 1128 "https://neurodn.com/" "Mozilla/5.0 AppleWebKit/537.36 (KHTML, like Gecko; compatible; GPTBot/1.3; +https://openai.com/gptbot)" 11 **0/11174**
89.110.64.239 - - [15/Apr/2026:17:46:22 -0700] "POST /wp-comments-post.php HTTP/1.0" 404 22009 "https://neurodn.com/hello-world/" "Mozilla/5.0 (Windows NT 10.0; Win64; x64) AppleWebKit/537.36 (KHTML, like Gecko) Chrome/130.0.0.0 Safari/537.36 CCleaner/130.0.0.0" 2597 **2/2597864**
74.7.227.50 - - [15/Apr/2026:17:46:24 -0700] "GET /wp-includes/js/',b,' HTTP/1.1" 301 1 "https://neurodn.com/wp-includes/js/wp-emoji-release.min.js?ver=6.9.4" "Mozilla/5.0 AppleWebKit/537.36 (KHTML, like Gecko; compatible; GPTBot/1.3; +https://openai.com/gptbot)" 1990 **1/1990398**
74.7.227.50 - - [15/Apr/2026:17:46:26 -0700] "GET /wp-includes/js/,b, HTTP/1.1" 301 1 "https://neurodn.com/wp-includes/js/',b,'" "Mozilla/5.0 AppleWebKit/537.36 (KHTML, like Gecko; compatible; GPTBot/1.3; +https://openai.com/gptbot)" 3255 **3/3255098**
74.7.227.50 - - [15/Apr/2026:17:46:29 -0700] "GET /wp-includes/js/,b HTTP/1.1" 404 5204 "https://neurodn.com/wp-includes/js/,b," "Mozilla/5.0 AppleWebKit/537.36 (KHTML, like Gecko; compatible; GPTBot/1.3; +https://openai.com/gptbot)" 3778 **3/3778345**
51.210.216.21 - - [15/Apr/2026:17:47:31 -0700] "GET / HTTP/1.1" 200 8706 "-" "Mozilla/5.0 (X11; Linux x86_64) AppleWebKit/537.36 (KHTML, like Gecko) Chrome/131.0.0.0 Safari/537.36" 3284 **3/3284597**
132.148.157.88 - - [15/Apr/2026:17:47:37 -0700] "POST /xmlrpc.php HTTP/1.1" 200 167 "-" "Mozilla/5.0 (X11; Linux x86_64) AppleWebKit/537.36 (KHTML, like Gecko) Chrome/140.0.0.0 Safari/537.36" 3252 **3/3252954**
51.210.216.21 - - [15/Apr/2026:17:47:48 -0700] "GET / HTTP/1.1" 200 8706 "-" "Mozilla/5.0 (X11; Linux x86_64) AppleWebKit/537.36 (KHTML, like Gecko) Chrome/131.0.0.0 Safari/537.36" 3167 **3/3167709**
199.168.150.161 - - [15/Apr/2026:17:50:03 -0700] "GET / HTTP/1.1" 301 - "-" "Mozilla/5.0 (Macintosh; Intel Mac OS X 10_11_6) AppleWebKit/537.36 (KHTML, like Gecko) Chrome/61.0.3163.100 Safari/537.36" 3850 **3/3850736**
199.168.150.161 - - [15/Apr/2026:17:50:07 -0700] "GET / HTTP/1.1" 200 8706 "-" "Mozilla/5.0 (Macintosh; Intel Mac OS X 10_11_6) AppleWebKit/537.36 (KHTML, like Gecko) Chrome/61.0.3163.100 Safari/537.36" 4535 **4/4535587**
132.148.157.88 - - [15/Apr/2026:17:51:43 -0700] "POST /xmlrpc.php HTTP/1.1" 200 167 "-" "Mozilla/5.0 (X11; Linux x86_64) AppleWebKit/537.36 (KHTML, like Gecko) Chrome/140.0.0.0 Safari/537.36" 2177 **2/2177889**
132.148.157.88 - - [15/Apr/2026:17:55:55 -0700] "POST /xmlrpc.php HTTP/1.1" 200 167 "-" "Mozilla/5.0 (X11; Linux x86_64) AppleWebKit/537.36 (KHTML, like Gecko) Chrome/140.0.0.0 Safari/537.36" 11869 **11/11869010**
35.90.20.162 - - [15/Apr/2026:17:59:31 -0700] "GET / HTTP/2.0" 200 32902 "-" "Mozilla/5.0 (Windows NT 10.0; Win64; x64) AppleWebKit/537.36 (KHTML, like Gecko) Chrome/113.0.0.0 Safari/537.36" 3617 **3/3617714**
52.37.89.237 - - [15/Apr/2026:17:59:31 -0700] "GET / HTTP/2.0" 200 32902 "-" "Mozilla/5.0 (Windows NT 10.0; Win64; x64) AppleWebKit/537.36 (KHTML, like Gecko) Chrome/113.0.0.0 Safari/537.36" 5801 **5/5801996**
35.90.20.162 - - [15/Apr/2026:17:59:34 -0700] "GET / HTTP/2.0" 200 32902 "-" "Mozilla/5.0 (Windows NT 10.0; Win64; x64) AppleWebKit/537.36 (KHTML, like Gecko) Chrome/113.0.0.0 Safari/537.36" 3432 **3/3432288**
132.148.157.88 - - [15/Apr/2026:18:00:11 -0700] "POST /xmlrpc.php HTTP/1.1" 200 167 "-" "Mozilla/5.0 (X11; Linux x86_64) AppleWebKit/537.36 (KHTML, like Gecko) Chrome/140.0.0.0 Safari/537.36" 3860 **3/3860137**
132.148.157.88 - - [15/Apr/2026:18:04:24 -0700] "POST /xmlrpc.php HTTP/1.1" 200 167 "-" "Mozilla/5.0 (X11; Linux x86_64) AppleWebKit/537.36 (KHTML, like Gecko) Chrome/140.0.0.0 Safari/537.36" 1376 **1/1376230**
185.247.137.206 - - [15/Apr/2026:18:07:23 -0700] "GET / HTTP/1.1" 200 8706 "-" "Mozilla/5.0 (compatible; InternetMeasurement/1.0; +https://internet-measurement.com/)" 3977 **3/3977391**
185.247.137.129 - - [15/Apr/2026:18:07:28 -0700] "GET /wp-content/uploads/2023/08/cropped-favicon-192x192.png HTTP/2.0" 200 10241 "-" "Mozilla/5.0 (compatible; InternetMeasurement/1.0; +https://internet-measurement.com/)" 10 **0/10423**
185.247.137.188 - - [15/Apr/2026:18:07:28 -0700] "GET /wp-content/uploads/2023/08/cropped-favicon-270x270.png HTTP/2.0" 200 16230 "-" "Mozilla/5.0 (compatible; InternetMeasurement/1.0; +https://internet-measurement.com/)" 10 **0/10078**
87.236.176.238 - - [15/Apr/2026:18:07:28 -0700] "GET /wp-content/uploads/2023/08/cropped-favicon-32x32.png HTTP/2.0" 200 887 "-" "Mozilla/5.0 (compatible; InternetMeasurement/1.0; +https://internet-measurement.com/)" 12 **0/12220**
185.247.137.99 - - [15/Apr/2026:18:07:28 -0700] "GET /wp-content/uploads/2023/08/cropped-favicon-180x180.png HTTP/2.0" 200 9394 "-" "Mozilla/5.0 (compatible; InternetMeasurement/1.0; +https://internet-measurement.com/)" 9 **0/9749**
52.167.144.189 - - [15/Apr/2026:18:07:36 -0700] "GET /sitemap.xml.gz HTTP/2.0" 301 1 "-" "Mozilla/5.0 AppleWebKit/537.36 (KHTML, like Gecko; compatible; bingbot/2.0; +http://www.bing.com/bingbot.htm) Chrome/116.0.1938.76 Safari/537.36" 2940 **2/2940141**
52.167.144.189 - - [15/Apr/2026:18:07:39 -0700] "GET /wp-sitemap.xml HTTP/2.0" 200 170 "-" "Mozilla/5.0 AppleWebKit/537.36 (KHTML, like Gecko; compatible; bingbot/2.0; +http://www.bing.com/bingbot.htm) Chrome/116.0.1938.76 Safari/537.36" 3497 **3/3497719**
52.167.144.189 - - [15/Apr/2026:18:07:46 -0700] "GET /wp-sitemap-posts-post-1.xml HTTP/2.0" 200 168 "-" "Mozilla/5.0 AppleWebKit/537.36 (KHTML, like Gecko; compatible; bingbot/2.0; +http://www.bing.com/bingbot.htm) Chrome/116.0.1938.76 Safari/537.36" 2748 **2/2748253**
132.148.157.88 - - [15/Apr/2026:18:08:42 -0700] "POST /xmlrpc.php HTTP/1.1" 200 167 "-" "Mozilla/5.0 (X11; Linux x86_64) AppleWebKit/537.36 (KHTML, like Gecko) Chrome/140.0.0.0 Safari/537.36" 3001 **3/3001224**
132.148.157.88 - - [15/Apr/2026:18:13:00 -0700] "POST /xmlrpc.php HTTP/1.1" 200 167 "-" "Mozilla/5.0 (X11; Linux x86_64) AppleWebKit/537.36 (KHTML, like Gecko) Chrome/140.0.0.0 Safari/537.36" 1944 **1/1944798**
132.148.157.88 - - [15/Apr/2026:18:17:19 -0700] "POST /xmlrpc.php HTTP/1.1" 200 167 "-" "Mozilla/5.0 (X11; Linux x86_64) AppleWebKit/537.36 (KHTML, like Gecko) Chrome/140.0.0.0 Safari/537.36" 3369 **3/3369544**
132.148.157.88 - - [15/Apr/2026:18:21:40 -0700] "POST /xmlrpc.php HTTP/1.1" 200 167 "-" "Mozilla/5.0 (X11; Linux x86_64) AppleWebKit/537.36 (KHTML, like Gecko) Chrome/140.0.0.0 Safari/537.36" 15495 **15/15495748**
51.222.168.214 - - [15/Apr/2026:18:25:01 -0700] "GET /feed/ HTTP/2.0" 200 694 "-" "Mozilla/5.0 (compatible; AhrefsBot/7.0; +http://ahrefs.com/robot/)" 3588 **3/3588217**
132.148.157.88 - - [15/Apr/2026:18:26:02 -0700] "POST /xmlrpc.php HTTP/1.1" 200 167 "-" "Mozilla/5.0 (X11; Linux x86_64) AppleWebKit/537.36 (KHTML, like Gecko) Chrome/140.0.0.0 Safari/537.36" 1058 **1/1058547**
208.109.41.231 - - [15/Apr/2026:18:30:27 -0700] "POST /wp-cron.php?doing_wp_cron=1776303026.8712499141693115234375 HTTP/1.1" 200 - "-" "WordPress/6.9.4; https://neurodn.com" 518 **0/518766**
132.148.157.88 - - [15/Apr/2026:18:30:23 -0700] "POST /xmlrpc.php HTTP/1.1" 200 167 "-" "Mozilla/5.0 (X11; Linux x86_64) AppleWebKit/537.36 (KHTML, like Gecko) Chrome/140.0.0.0 Safari/537.36" 4328 **4/4328931**
52.167.144.237 - - [15/Apr/2026:18:31:46 -0700] "GET /wp-sitemap-posts-page-1.xml HTTP/2.0" 200 169 "-" "Mozilla/5.0 AppleWebKit/537.36 (KHTML, like Gecko; compatible; bingbot/2.0; +http://www.bing.com/bingbot.htm) Chrome/116.0.1938.76 Safari/537.36" 1765 **1/1765491**
132.148.157.88 - - [15/Apr/2026:18:34:37 -0700] "POST /xmlrpc.php HTTP/1.1" 200 167 "-" "Mozilla/5.0 (X11; Linux x86_64) AppleWebKit/537.36 (KHTML, like Gecko) Chrome/140.0.0.0 Safari/537.36" 3431 **3/3431068**
100.50.179.0 - - [15/Apr/2026:18:39:03 -0700] "GET /robots.txt HTTP/1.1" 200 65 "-" "Mozilla/5.0 (Macintosh; Intel Mac OS X 10_10_1) AppleWebKit/600.2.5 (KHTML, like Gecko) Version/8.0.2 Safari/600.2.5 (Gort)" 10 **0/10591**
208.109.41.231 - - [15/Apr/2026:18:39:04 -0700] "POST /wp-cron.php?doing_wp_cron=1776303543.7784950733184814453125 HTTP/1.1" 200 - "-" "WordPress/6.9.4; https://neurodn.com" 1195 **1/1195033**
132.148.157.88 - - [15/Apr/2026:18:39:00 -0700] "POST /xmlrpc.php HTTP/1.1" 200 167 "-" "Mozilla/5.0 (X11; Linux x86_64) AppleWebKit/537.36 (KHTML, like Gecko) Chrome/140.0.0.0 Safari/537.36" 5964 **5/5964516**
132.148.157.88 - - [15/Apr/2026:18:43:21 -0700] "POST /xmlrpc.php HTTP/1.1" 200 167 "-" "Mozilla/5.0 (X11; Linux x86_64) AppleWebKit/537.36 (KHTML, like Gecko) Chrome/140.0.0.0 Safari/537.36" 1936 **1/1936385**
132.148.157.88 - - [15/Apr/2026:18:47:51 -0700] "POST /xmlrpc.php HTTP/1.1" 200 167 "-" "Mozilla/5.0 (X11; Linux x86_64) AppleWebKit/537.36 (KHTML, like Gecko) Chrome/140.0.0.0 Safari/537.36" 1367 **1/1367328**
51.68.236.87 - - [15/Apr/2026:18:52:03 -0700] "GET /robots.txt HTTP/1.1" 200 67 "-" "Mozilla/5.0 (compatible; MJ12bot/v2.0.5; http://mj12bot.com/)" 6 **0/6792**
51.68.236.87 - - [15/Apr/2026:18:52:04 -0700] "GET / HTTP/1.1" 200 8224 "-" "Mozilla/5.0 (compatible; MJ12bot/v2.0.5; http://mj12bot.com/)" 2487 **2/2487894**
132.148.157.88 - - [15/Apr/2026:18:52:17 -0700] "POST /xmlrpc.php HTTP/1.1" 200 167 "-" "Mozilla/5.0 (X11; Linux x86_64) AppleWebKit/537.36 (KHTML, like Gecko) Chrome/140.0.0.0 Safari/537.36" 2579 **2/2579739**
132.148.157.88 - - [15/Apr/2026:18:56:44 -0700] "POST /xmlrpc.php HTTP/1.1" 200 167 "-" "Mozilla/5.0 (X11; Linux x86_64) AppleWebKit/537.36 (KHTML, like Gecko) Chrome/140.0.0.0 Safari/537.36" 1908 **1/1908809**
66.234.148.51 - - [15/Apr/2026:18:57:30 -0700] "GET /hello-world/ HTTP/1.1" 200 6354 "https://neurodn.com/" "Mozilla/5.0 (X11; Linux x86_64; rv:147.0) Gecko/20100101 Firefox/147.0" 3846 **3/3846388**
66.234.148.51 - - [15/Apr/2026:18:57:35 -0700] "GET /wp-login.php?action=register HTTP/1.1" 302 1 "https://neurodn.com/hello-world/" "Mozilla/5.0 (Windows NT 6.3; Win64; x64) AppleWebKit/537.36 (KHTML, like Gecko) Chrome/103.0.0.0 Safari/537.36" 2471 **2/2471942**
66.234.148.51 - - [15/Apr/2026:18:57:38 -0700] "GET /wp-login.php?registration=disabled HTTP/1.1" 200 1975 "https://neurodn.com/wp-login.php?action=register" "Mozilla/5.0 (Windows NT 6.3; Win64; x64) AppleWebKit/537.36 (KHTML, like Gecko) Chrome/103.0.0.0 Safari/537.36" 2177 **2/2177120**
208.109.41.231 - - [15/Apr/2026:19:01:25 -0700] "POST /wp-cron.php?doing_wp_cron=1776304884.6857180595397949218750 HTTP/1.1" 200 - "-" "WordPress/6.9.4; https://neurodn.com" 202 **0/202514**
132.148.157.88 - - [15/Apr/2026:19:01:12 -0700] "POST /xmlrpc.php HTTP/1.1" 200 167 "-" "Mozilla/5.0 (X11; Linux x86_64) AppleWebKit/537.36 (KHTML, like Gecko) Chrome/140.0.0.0 Safari/537.36" 13048 **13/13048520**
132.148.157.88 - - [15/Apr/2026:19:05:44 -0700] "POST /xmlrpc.php HTTP/1.1" 200 167 "-" "Mozilla/5.0 (X11; Linux x86_64) AppleWebKit/537.36 (KHTML, like Gecko) Chrome/140.0.0.0 Safari/537.36" 18954 **18/18954272**
132.148.157.88 - - [15/Apr/2026:19:10:16 -0700] "POST /xmlrpc.php HTTP/1.1" 200 167 "-" "Mozilla/5.0 (X11; Linux x86_64) AppleWebKit/537.36 (KHTML, like Gecko) Chrome/140.0.0.0 Safari/537.36" 1656 **1/1656689**
132.148.157.88 - - [15/Apr/2026:19:14:50 -0700] "POST /xmlrpc.php HTTP/1.1" 200 167 "-" "Mozilla/5.0 (X11; Linux x86_64) AppleWebKit/537.36 (KHTML, like Gecko) Chrome/140.0.0.0 Safari/537.36" 8892 **8/8892322**
5.35.71.219 - - [15/Apr/2026:19:18:08 -0700] "GET /hello-world/ HTTP/1.0" 200 25799 "https://neurodn.com/hello-world/" "Mozilla/5.0 (Windows NT 10.0; Win64; x64) AppleWebKit/537.36 (KHTML, like Gecko) Chrome/130.0.0.0 Safari/537.36" 2425 **2/2425085**
5.35.71.219 - - [15/Apr/2026:19:18:11 -0700] "POST /wp-comments-post.php HTTP/1.0" 302 - "https://neurodn.com/hello-world/" "Mozilla/5.0 (Windows NT 10.0; Win64; x64) AppleWebKit/537.36 (KHTML, like Gecko) Chrome/130.0.0.0 Safari/537.36" 6180 **6/6180164**
5.35.71.219 - - [15/Apr/2026:19:18:18 -0700] "GET /hello-world/?unapproved=93926&moderation-hash=c7c283b812a3e864ea3335adfb67c95e HTTP/1.0" 200 27314 "https://neurodn.com/hello-world/?unapproved=93926&moderation-hash=c7c283b812a3e864ea3335adfb67c95e#comment-93926" "Mozilla/5.0 (Windows NT 10.0; Win64; x64) AppleWebKit/537.36 (KHTML, like Gecko) Chrome/130.0.0.0 Safari/537.36" 3309 **3/3309214**
132.148.157.88 - - [15/Apr/2026:19:19:23 -0700] "POST /xmlrpc.php HTTP/1.1" 200 167 "-" "Mozilla/5.0 (X11; Linux x86_64) AppleWebKit/537.36 (KHTML, like Gecko) Chrome/140.0.0.0 Safari/537.36" 2419 **2/2419876**
185.255.126.3 - - [15/Apr/2026:19:20:45 -0700] "GET /hello-world/?unapproved=93927&moderation-hash=d0d93080968710017fde3299841b34d3 HTTP/1.0" 200 27207 "https://neurodn.com/hello-world/?unapproved=93927&moderation-hash=d0d93080968710017fde3299841b34d3#comment-93927" "Mozilla/5.0 (Windows NT 10.0; Win64; x64) AppleWebKit/537.36 (KHTML, like Gecko) Chrome/131.0.0.0 Safari/537.36" 4674 **4/4674089**
132.148.157.88 - - [15/Apr/2026:19:23:55 -0700] "POST /xmlrpc.php HTTP/1.1" 200 167 "-" "Mozilla/5.0 (X11; Linux x86_64) AppleWebKit/537.36 (KHTML, like Gecko) Chrome/140.0.0.0 Safari/537.36" 1564 **1/1564748**
208.109.41.231 - - [15/Apr/2026:19:28:34 -0700] "POST /wp-cron.php?doing_wp_cron=1776306514.4672129154205322265625 HTTP/1.1" 200 - "-" "WordPress/6.9.4; https://neurodn.com" 195 **0/195342**
132.148.157.88 - - [15/Apr/2026:19:28:31 -0700] "POST /xmlrpc.php HTTP/1.1" 200 167 "-" "Mozilla/5.0 (X11; Linux x86_64) AppleWebKit/537.36 (KHTML, like Gecko) Chrome/140.0.0.0 Safari/537.36" 2974 **2/2974512**
114.119.165.226 - - [15/Apr/2026:19:32:27 -0700] "GET /products/10523731/ HTTP/1.1" 404 22009 "-" "Mozilla/5.0 (Linux; Android 7.0;) AppleWebKit/537.36 (KHTML, like Gecko) Mobile Safari/537.36 (compatible; PetalBot;+https://webmaster.petalsearch.com/site/petalbot)" 3653 **3/3653859**
132.148.157.88 - - [15/Apr/2026:19:33:06 -0700] "POST /xmlrpc.php HTTP/1.1" 200 167 "-" "Mozilla/5.0 (X11; Linux x86_64) AppleWebKit/537.36 (KHTML, like Gecko) Chrome/140.0.0.0 Safari/537.36" 2658 **2/2658772**
43.157.174.69 - - [15/Apr/2026:19:33:57 -0700] "GET / HTTP/1.1" 200 8706 "http://neurodn.com" "Mozilla/5.0 (iPhone; CPU iPhone OS 13_2_3 like Mac OS X) AppleWebKit/605.1.15 (KHTML, like Gecko) Version/13.0.3 Mobile/15E148 Safari/604.1" 4102 **4/4102938**
208.109.41.231 - - [15/Apr/2026:19:35:58 -0700] "POST /wp-cron.php?doing_wp_cron=1776306958.3668448925018310546875 HTTP/1.1" 200 - "-" "WordPress/6.9.4; https://neurodn.com" 301 **0/301507**
114.119.155.118 - - [15/Apr/2026:19:35:56 -0700] "GET /products/10153964/ HTTP/1.1" 404 22009 "-" "Mozilla/5.0 (Linux; Android 7.0;) AppleWebKit/537.36 (KHTML, like Gecko) Mobile Safari/537.36 (compatible; PetalBot;+https://webmaster.petalsearch.com/site/petalbot)" 2699 **2/2699702**
114.119.157.112 - - [15/Apr/2026:19:37:00 -0700] "GET /products/10049686 HTTP/1.1" 404 22009 "-" "Mozilla/5.0 (Linux; Android 7.0;) AppleWebKit/537.36 (KHTML, like Gecko) Mobile Safari/537.36 (compatible; PetalBot;+https://webmaster.petalsearch.com/site/petalbot)" 4368 **4/4368151**
132.148.157.88 - - [15/Apr/2026:19:37:45 -0700] "POST /xmlrpc.php HTTP/1.1" 200 167 "-" "Mozilla/5.0 (X11; Linux x86_64) AppleWebKit/537.36 (KHTML, like Gecko) Chrome/140.0.0.0 Safari/537.36" 1667 **1/1667018**
132.148.157.88 - - [15/Apr/2026:19:42:21 -0700] "POST /xmlrpc.php HTTP/1.1" 200 167 "-" "Mozilla/5.0 (X11; Linux x86_64) AppleWebKit/537.36 (KHTML, like Gecko) Chrome/140.0.0.0 Safari/537.36" 194 **0/194864**
132.148.157.88 - - [15/Apr/2026:19:46:57 -0700] "POST /xmlrpc.php HTTP/1.1" 200 167 "-" "Mozilla/5.0 (X11; Linux x86_64) AppleWebKit/537.36 (KHTML, like Gecko) Chrome/140.0.0.0 Safari/537.36" 852 **0/852559**
185.15.38.117 - - [15/Apr/2026:19:48:32 -0700] "GET /hello-world/ HTTP/1.0" 200 25799 "https://neurodn.com/hello-world/" "Mozilla/5.0 (Windows NT 10.0; Win64; x64) AppleWebKit/537.36 (KHTML, like Gecko) Chrome/129.0.0.0 Safari/537.36" 2283 **2/2283528**
185.15.38.117 - - [15/Apr/2026:19:48:33 -0700] "GET /hello-world/ HTTP/1.0" 200 25799 "https://neurodn.com/hello-world/" "Mozilla/5.0 (Windows NT 10.0; Win64; x64) AppleWebKit/537.36 (KHTML, like Gecko) Chrome/131.0.0.0 Safari/537.36" 2194 **2/2194789**
185.15.38.117 - - [15/Apr/2026:19:48:38 -0700] "POST /wp-comments-post.php HTTP/1.0" 404 22009 "https://neurodn.com/hello-world/" "Mozilla/5.0 (Windows NT 10.0; Win64; x64) AppleWebKit/537.36 (KHTML, like Gecko) Chrome/129.0.0.0 Safari/537.36" 2378 **2/2378325**
185.15.38.117 - - [15/Apr/2026:19:48:39 -0700] "POST /wp-comments-post.php HTTP/1.0" 404 22009 "https://neurodn.com/hello-world/" "Mozilla/5.0 (Windows NT 10.0; Win64; x64) AppleWebKit/537.36 (KHTML, like Gecko) Chrome/131.0.0.0 Safari/537.36" 2678 **2/2678252**
132.148.157.88 - - [15/Apr/2026:19:51:28 -0700] "POST /xmlrpc.php HTTP/1.1" 200 167 "-" "Mozilla/5.0 (X11; Linux x86_64) AppleWebKit/537.36 (KHTML, like Gecko) Chrome/140.0.0.0 Safari/537.36" 1498 **1/1498238**
43.154.140.188 - - [15/Apr/2026:19:51:37 -0700] "GET / HTTP/1.1" 200 8706 "http://www.neurodn.com" "Mozilla/5.0 (iPhone; CPU iPhone OS 13_2_3 like Mac OS X) AppleWebKit/605.1.15 (KHTML, like Gecko) Version/13.0.3 Mobile/15E148 Safari/604.1" 2464 **2/2464429**
185.15.38.117 - - [15/Apr/2026:19:55:19 -0700] "GET /hello-world/ HTTP/1.0" 200 25799 "https://neurodn.com/hello-world/" "Mozilla/5.0 (Windows NT 10.0; Win64; x64) AppleWebKit/537.36 (KHTML, like Gecko) Chrome/131.0.0.0 Safari/537.36 Avast/131.0.0.0" 3373 **3/3373427**
185.15.38.117 - - [15/Apr/2026:19:55:27 -0700] "POST /wp-comments-post.php HTTP/1.0" 404 22009 "https://neurodn.com/hello-world/" "Mozilla/5.0 (Windows NT 10.0; Win64; x64) AppleWebKit/537.36 (KHTML, like Gecko) Chrome/131.0.0.0 Safari/537.36 Avast/131.0.0.0" 13180 **13/13180612**
132.148.157.88 - - [15/Apr/2026:19:56:01 -0700] "POST /xmlrpc.php HTTP/1.1" 200 167 "-" "Mozilla/5.0 (X11; Linux x86_64) AppleWebKit/537.36 (KHTML, like Gecko) Chrome/140.0.0.0 Safari/537.36" 2632 **2/2632567**
132.148.157.88 - - [15/Apr/2026:20:00:36 -0700] "POST /xmlrpc.php HTTP/1.1" 200 167 "-" "Mozilla/5.0 (X11; Linux x86_64) AppleWebKit/537.36 (KHTML, like Gecko) Chrome/140.0.0.0 Safari/537.36" 3003 **3/3003878**
132.148.157.88 - - [15/Apr/2026:20:05:09 -0700] "POST /xmlrpc.php HTTP/1.1" 200 167 "-" "Mozilla/5.0 (X11; Linux x86_64) AppleWebKit/537.36 (KHTML, like Gecko) Chrome/140.0.0.0 Safari/537.36" 3796 **3/3796664**
132.148.157.88 - - [15/Apr/2026:20:09:47 -0700] "POST /xmlrpc.php HTTP/1.1" 200 167 "-" "Mozilla/5.0 (X11; Linux x86_64) AppleWebKit/537.36 (KHTML, like Gecko) Chrome/140.0.0.0 Safari/537.36" 16736 **16/16736534**
132.148.157.88 - - [15/Apr/2026:20:14:25 -0700] "POST /xmlrpc.php HTTP/1.1" 200 167 "-" "Mozilla/5.0 (X11; Linux x86_64) AppleWebKit/537.36 (KHTML, like Gecko) Chrome/140.0.0.0 Safari/537.36" 2643 **2/2643977**
132.148.157.88 - - [15/Apr/2026:20:19:04 -0700] "POST /xmlrpc.php HTTP/1.1" 200 167 "-" "Mozilla/5.0 (X11; Linux x86_64) AppleWebKit/537.36 (KHTML, like Gecko) Chrome/140.0.0.0 Safari/537.36" 804 **0/804227**
132.148.157.88 - - [15/Apr/2026:20:23:43 -0700] "POST /xmlrpc.php HTTP/1.1" 200 167 "-" "Mozilla/5.0 (X11; Linux x86_64) AppleWebKit/537.36 (KHTML, like Gecko) Chrome/140.0.0.0 Safari/537.36" 1787 **1/1787584**
208.109.41.231 - - [15/Apr/2026:20:28:28 -0700] "POST /wp-cron.php?doing_wp_cron=1776310107.7682058811187744140625 HTTP/1.1" 200 - "-" "WordPress/6.9.4; https://neurodn.com" 512 **0/512966**
132.148.157.88 - - [15/Apr/2026:20:28:24 -0700] "POST /xmlrpc.php HTTP/1.1" 200 167 "-" "Mozilla/5.0 (X11; Linux x86_64) AppleWebKit/537.36 (KHTML, like Gecko) Chrome/140.0.0.0 Safari/537.36" 3780 **3/3780054**
132.148.157.88 - - [15/Apr/2026:20:33:00 -0700] "POST /xmlrpc.php HTTP/1.1" 200 167 "-" "Mozilla/5.0 (X11; Linux x86_64) AppleWebKit/537.36 (KHTML, like Gecko) Chrome/140.0.0.0 Safari/537.36" 4824 **4/4824739**
132.148.157.88 - - [15/Apr/2026:20:37:39 -0700] "POST /xmlrpc.php HTTP/1.1" 200 167 "-" "Mozilla/5.0 (X11; Linux x86_64) AppleWebKit/537.36 (KHTML, like Gecko) Chrome/140.0.0.0 Safari/537.36" 2499 **2/2499173**
132.148.157.88 - - [15/Apr/2026:20:42:18 -0700] "POST /xmlrpc.php HTTP/1.1" 200 167 "-" "Mozilla/5.0 (X11; Linux x86_64) AppleWebKit/537.36 (KHTML, like Gecko) Chrome/140.0.0.0 Safari/537.36" 1831 **1/1831453**
132.148.157.88 - - [15/Apr/2026:20:46:57 -0700] "POST /xmlrpc.php HTTP/1.1" 200 167 "-" "Mozilla/5.0 (X11; Linux x86_64) AppleWebKit/537.36 (KHTML, like Gecko) Chrome/140.0.0.0 Safari/537.36" 135 **0/135688**
52.20.51.46 - - [15/Apr/2026:20:50:51 -0700] "GET /robots.txt HTTP/1.1" 200 65 "-" "Mozilla/5.0 (Macintosh; Intel Mac OS X 10_10_1) AppleWebKit/600.2.5 (KHTML, like Gecko) Version/8.0.2 Safari/600.2.5 (Gort)" 10 **0/10288**
132.148.157.88 - - [15/Apr/2026:20:51:36 -0700] "POST /xmlrpc.php HTTP/1.1" 200 167 "-" "Mozilla/5.0 (X11; Linux x86_64) AppleWebKit/537.36 (KHTML, like Gecko) Chrome/140.0.0.0 Safari/537.36" 15940 **15/15940897**
208.109.41.231 - - [15/Apr/2026:20:56:17 -0700] "POST /wp-cron.php?doing_wp_cron=1776311777.1654880046844482421875 HTTP/1.1" 200 - "-" "WordPress/6.9.4; https://neurodn.com" 420 **0/420596**
132.148.157.88 - - [15/Apr/2026:20:56:15 -0700] "POST /xmlrpc.php HTTP/1.1" 200 167 "-" "Mozilla/5.0 (X11; Linux x86_64) AppleWebKit/537.36 (KHTML, like Gecko) Chrome/140.0.0.0 Safari/537.36" 3101 **3/3101931**
107.189.12.178 - - [15/Apr/2026:20:59:23 -0700] "GET /wp-login.php HTTP/1.1" 200 1925 "-" "Mozilla/5.0 (Windows NT 10.0; Win64; x64) AppleWebKit/537.36 (KHTML, like Gecko) Chrome/134.0.0.0 Safari/537.36" 125 **0/125360**
132.148.157.88 - - [15/Apr/2026:21:00:53 -0700] "POST /xmlrpc.php HTTP/1.1" 200 167 "-" "Mozilla/5.0 (X11; Linux x86_64) AppleWebKit/537.36 (KHTML, like Gecko) Chrome/140.0.0.0 Safari/537.36" 13549 **13/13549662**
132.148.157.88 - - [15/Apr/2026:21:05:36 -0700] "POST /xmlrpc.php HTTP/1.1" 200 167 "-" "Mozilla/5.0 (X11; Linux x86_64) AppleWebKit/537.36 (KHTML, like Gecko) Chrome/140.0.0.0 Safari/537.36" 3576 **3/3576120**
132.148.157.88 - - [15/Apr/2026:21:10:16 -0700] "POST /xmlrpc.php HTTP/1.1" 200 167 "-" "Mozilla/5.0 (X11; Linux x86_64) AppleWebKit/537.36 (KHTML, like Gecko) Chrome/140.0.0.0 Safari/537.36" 12021 **12/12021166**
91.84.101.201 - - [15/Apr/2026:21:12:11 -0700] "GET /hello-world/ HTTP/1.0" 200 25799 "https://neurodn.com/hello-world/" "Mozilla/5.0 (Windows NT 10.0; Win64; x64) AppleWebKit/537.36 (KHTML, like Gecko) Chrome/130.0.0.0 Safari/537.36 CCleaner/130.0.0.0" 3350 **3/3350566**
91.84.101.201 - - [15/Apr/2026:21:12:15 -0700] "POST /wp-comments-post.php HTTP/1.0" 302 - "https://neurodn.com/hello-world/" "Mozilla/5.0 (Windows NT 10.0; Win64; x64) AppleWebKit/537.36 (KHTML, like Gecko) Chrome/130.0.0.0 Safari/537.36 CCleaner/130.0.0.0" 3986 **3/3986083**
91.84.101.201 - - [15/Apr/2026:21:12:20 -0700] "GET /hello-world/?unapproved=93928&moderation-hash=78826c53977a75573a959a1b43e60a23 HTTP/1.0" 200 27353 "https://neurodn.com/hello-world/?unapproved=93928&moderation-hash=78826c53977a75573a959a1b43e60a23#comment-93928" "Mozilla/5.0 (Windows NT 10.0; Win64; x64) AppleWebKit/537.36 (KHTML, like Gecko) Chrome/130.0.0.0 Safari/537.36 CCleaner/130.0.0.0" 3069 **3/3069720**
51.68.236.90 - - [15/Apr/2026:21:13:04 -0700] "GET /robots.txt HTTP/1.1" 200 67 "-" "Mozilla/5.0 (compatible; MJ12bot/v2.0.5; http://mj12bot.com/)" 6 **0/6832**
51.68.236.90 - - [15/Apr/2026:21:13:04 -0700] "GET / HTTP/1.1" 200 8224 "-" "Mozilla/5.0 (compatible; MJ12bot/v2.0.5; http://mj12bot.com/)" 3341 **3/3341832**
132.148.157.88 - - [15/Apr/2026:21:14:53 -0700] "POST /xmlrpc.php HTTP/1.1" 200 167 "-" "Mozilla/5.0 (X11; Linux x86_64) AppleWebKit/537.36 (KHTML, like Gecko) Chrome/140.0.0.0 Safari/537.36" 2006 **2/2006536**
132.148.157.88 - - [15/Apr/2026:21:19:31 -0700] "POST /xmlrpc.php HTTP/1.1" 200 167 "-" "Mozilla/5.0 (X11; Linux x86_64) AppleWebKit/537.36 (KHTML, like Gecko) Chrome/140.0.0.0 Safari/537.36" 16767 **16/16767580**
52.167.144.59 - - [15/Apr/2026:21:23:02 -0700] "GET /robots.txt HTTP/2.0" 200 67 "-" "Mozilla/5.0 AppleWebKit/537.36 (KHTML, like Gecko; compatible; bingbot/2.0; +http://www.bing.com/bingbot.htm) Chrome/116.0.1938.76 Safari/537.36" 12 **0/12594**
52.167.144.59 - - [15/Apr/2026:21:23:02 -0700] "GET /robots.txt HTTP/2.0" 200 67 "-" "Mozilla/5.0 AppleWebKit/537.36 (KHTML, like Gecko; compatible; bingbot/2.0; +http://www.bing.com/bingbot.htm) Chrome/116.0.1938.76 Safari/537.36" 12 **0/12116**
40.77.167.46 - - [15/Apr/2026:21:23:12 -0700] "GET /sitemap.xml HTTP/2.0" 301 1 "-" "Mozilla/5.0 AppleWebKit/537.36 (KHTML, like Gecko; compatible; bingbot/2.0; +http://www.bing.com/bingbot.htm) Chrome/116.0.1938.76 Safari/537.36" 878 **0/878703**
40.77.167.10 - - [15/Apr/2026:21:23:22 -0700] "GET /wp-sitemap.xml HTTP/2.0" 200 170 "-" "Mozilla/5.0 AppleWebKit/537.36 (KHTML, like Gecko; compatible; bingbot/2.0; +http://www.bing.com/bingbot.htm) Chrome/116.0.1938.76 Safari/537.36" 2330 **2/2330295**
132.148.157.88 - - [15/Apr/2026:21:24:09 -0700] "POST /xmlrpc.php HTTP/1.1" 200 167 "-" "Mozilla/5.0 (X11; Linux x86_64) AppleWebKit/537.36 (KHTML, like Gecko) Chrome/140.0.0.0 Safari/537.36" 2297 **2/2297489**
208.109.41.231 - - [15/Apr/2026:21:29:12 -0700] "POST /wp-cron.php?doing_wp_cron=1776313751.7712171077728271484375 HTTP/1.1" 200 - "-" "WordPress/6.9.4; https://neurodn.com" 503 **0/503405**
132.148.157.88 - - [15/Apr/2026:21:28:50 -0700] "POST /xmlrpc.php HTTP/1.1" 200 167 "-" "Mozilla/5.0 (X11; Linux x86_64) AppleWebKit/537.36 (KHTML, like Gecko) Chrome/140.0.0.0 Safari/537.36" 22543 **22/22543130**
132.148.157.88 - - [15/Apr/2026:21:33:28 -0700] "POST /xmlrpc.php HTTP/1.1" 200 167 "-" "Mozilla/5.0 (X11; Linux x86_64) AppleWebKit/537.36 (KHTML, like Gecko) Chrome/140.0.0.0 Safari/537.36" 2145 **2/2145921**
54.144.72.213 - - [15/Apr/2026:21:37:19 -0700] "GET / HTTP/1.1" 200 8706 "-" "Mozilla/5.0 (Windows NT 10.0; Win64; x64) AppleWebKit/537.36 (KHTML, like Gecko) Chrome/86.0.4240.75 Safari/537.36" 2561 **2/2561487**
132.148.157.88 - - [15/Apr/2026:21:38:11 -0700] "POST /xmlrpc.php HTTP/1.1" 200 167 "-" "Mozilla/5.0 (X11; Linux x86_64) AppleWebKit/537.36 (KHTML, like Gecko) Chrome/140.0.0.0 Safari/537.36" 1392 **1/1392382**
132.148.157.88 - - [15/Apr/2026:21:42:48 -0700] "POST /xmlrpc.php HTTP/1.1" 200 167 "-" "Mozilla/5.0 (X11; Linux x86_64) AppleWebKit/537.36 (KHTML, like Gecko) Chrome/140.0.0.0 Safari/537.36" 1759 **1/1759387**
132.148.157.88 - - [15/Apr/2026:21:47:27 -0700] "POST /xmlrpc.php HTTP/1.1" 200 167 "-" "Mozilla/5.0 (X11; Linux x86_64) AppleWebKit/537.36 (KHTML, like Gecko) Chrome/140.0.0.0 Safari/537.36" 1395 **1/1395812**
14.229.23.20 - - [15/Apr/2026:21:49:34 -0700] "GET /hello-world/ HTTP/1.1" 200 6354 "-" "Opera/9.84.(X11; Linux i686; ln-CD) Presto/2.9.169 Version/10.00" 954 **0/954666**
132.148.157.88 - - [15/Apr/2026:21:52:04 -0700] "POST /xmlrpc.php HTTP/1.1" 200 167 "-" "Mozilla/5.0 (X11; Linux x86_64) AppleWebKit/537.36 (KHTML, like Gecko) Chrome/140.0.0.0 Safari/537.36" 1445 **1/1445945**
132.148.157.88 - - [15/Apr/2026:21:56:41 -0700] "POST /xmlrpc.php HTTP/1.1" 200 167 "-" "Mozilla/5.0 (X11; Linux x86_64) AppleWebKit/537.36 (KHTML, like Gecko) Chrome/140.0.0.0 Safari/537.36" 1613 **1/1613766**
132.148.157.88 - - [15/Apr/2026:22:01:19 -0700] "POST /xmlrpc.php HTTP/1.1" 200 167 "-" "Mozilla/5.0 (X11; Linux x86_64) AppleWebKit/537.36 (KHTML, like Gecko) Chrome/140.0.0.0 Safari/537.36" 1048 **1/1048621**
132.148.157.88 - - [15/Apr/2026:22:05:59 -0700] "POST /xmlrpc.php HTTP/1.1" 200 167 "-" "Mozilla/5.0 (X11; Linux x86_64) AppleWebKit/537.36 (KHTML, like Gecko) Chrome/140.0.0.0 Safari/537.36" 14477 **14/14477569**
132.148.157.88 - - [15/Apr/2026:22:10:38 -0700] "POST /xmlrpc.php HTTP/1.1" 200 167 "-" "Mozilla/5.0 (X11; Linux x86_64) AppleWebKit/537.36 (KHTML, like Gecko) Chrome/140.0.0.0 Safari/537.36" 3405 **3/3405481**
132.148.157.88 - - [15/Apr/2026:22:15:18 -0700] "POST /xmlrpc.php HTTP/1.1" 200 167 "-" "Mozilla/5.0 (X11; Linux x86_64) AppleWebKit/537.36 (KHTML, like Gecko) Chrome/140.0.0.0 Safari/537.36" 2373 **2/2373281**