216.73.216.138 - - [14/Apr/2026:08:39:32 -0700] "GET /m/ridge71687014.htm HTTP/1.1" 200 1 "-" "Mozilla/5.0 AppleWebKit/537.36 (KHTML, like Gecko; compatible; ClaudeBot/1.0; +claudebot@anthropic.com)" 35 **0/35680**
20.43.19.237 - - [14/Apr/2026:08:39:32 -0700] "GET /wp-setting.php HTTP/1.1" 403 - "-" "-" 28 **0/28034**
74.7.242.48 - - [14/Apr/2026:08:39:33 -0700] "GET /m/cabba72452838.htm HTTP/1.1" 200 1 "http://biotekpanama.com/sitemaph.xml" "Mozilla/5.0 AppleWebKit/537.36 (KHTML, like Gecko; compatible; GPTBot/1.3; +https://openai.com/gptbot)" 37 **0/37746**
20.43.19.237 - - [14/Apr/2026:08:39:33 -0700] "GET /wp-comments-pos.php HTTP/1.1" 403 - "-" "-" 54 **0/54170**
20.43.19.237 - - [14/Apr/2026:08:39:34 -0700] "GET /wp-link.php HTTP/1.1" 403 - "-" "-" 39 **0/39102**
20.43.19.237 - - [14/Apr/2026:08:39:34 -0700] "GET /wp-cro.php HTTP/1.1" 403 - "-" "-" 21 **0/21675**
20.43.19.237 - - [14/Apr/2026:08:39:34 -0700] "GET /wp-includes/Requests/abou.php HTTP/1.1" 200 - "-" "-" 74 **0/74776**
20.43.19.237 - - [14/Apr/2026:08:39:34 -0700] "GET /map.php HTTP/1.1" 403 - "-" "-" 29 **0/29550**
20.43.19.237 - - [14/Apr/2026:08:39:34 -0700] "GET /wp-includes/ioxi-o.php HTTP/1.1" 200 - "-" "-" 55 **0/55039**
20.43.19.237 - - [14/Apr/2026:08:39:35 -0700] "GET /wp-mai.php HTTP/1.1" 403 - "-" "-" 136 **0/136174**
20.43.19.237 - - [14/Apr/2026:08:39:35 -0700] "GET /wp-taglin.php HTTP/1.1" 403 - "-" "-" 20 **0/20806**
20.43.19.237 - - [14/Apr/2026:08:39:35 -0700] "GET /wp-editor.php HTTP/1.1" 403 - "-" "-" 17 **0/17453**
20.43.19.237 - - [14/Apr/2026:08:39:35 -0700] "GET /wp-activat.php HTTP/1.1" 403 - "-" "-" 24 **0/24320**
20.43.19.237 - - [14/Apr/2026:08:39:35 -0700] "GET /c.php HTTP/1.1" 403 - "-" "-" 21 **0/21357**
20.43.19.237 - - [14/Apr/2026:08:39:35 -0700] "GET /c99.php HTTP/1.1" 403 - "-" "-" 92 **0/92487**
20.43.19.237 - - [14/Apr/2026:08:39:35 -0700] "GET /comfunctions.php HTTP/1.1" 200 - "-" "-" 137 **0/137486**
20.43.19.237 - - [14/Apr/2026:08:39:35 -0700] "GET /contact.php HTTP/1.1" 403 - "-" "-" 62 **0/62425**
20.43.19.237 - - [14/Apr/2026:08:39:36 -0700] "GET /credits.php HTTP/1.1" 403 - "-" "-" 24 **0/24468**
20.43.19.237 - - [14/Apr/2026:08:39:36 -0700] "GET /error.php HTTP/1.1" 403 - "-" "-" 134 **0/134213**
74.7.242.48 - - [14/Apr/2026:08:39:36 -0700] "GET /m/furry12889408.htm HTTP/1.1" 200 1 "http://biotekpanama.com/sitemap-12.xml" "Mozilla/5.0 AppleWebKit/537.36 (KHTML, like Gecko; compatible; GPTBot/1.3; +https://openai.com/gptbot)" 29 **0/29490**
20.43.19.237 - - [14/Apr/2026:08:39:36 -0700] "GET /favicon.php HTTP/1.1" 403 - "-" "-" 49 **0/49141**
216.73.216.138 - - [14/Apr/2026:08:39:36 -0700] "GET /m/claw11354832.htm HTTP/1.1" 200 1 "-" "Mozilla/5.0 AppleWebKit/537.36 (KHTML, like Gecko; compatible; ClaudeBot/1.0; +claudebot@anthropic.com)" 43 **0/43832**
20.43.19.237 - - [14/Apr/2026:08:39:37 -0700] "GET /header.php HTTP/1.1" 403 - "-" "-" 38 **0/38746**
20.43.19.237 - - [14/Apr/2026:08:39:37 -0700] "GET /home.php HTTP/1.1" 403 - "-" "-" 45 **0/45814**
20.43.19.237 - - [14/Apr/2026:08:39:37 -0700] "GET /wp-includes/rest-api/about.php HTTP/1.1" 200 - "-" "-" 98 **0/98829**
20.43.19.237 - - [14/Apr/2026:08:39:37 -0700] "GET /xmlrpc.php HTTP/1.1" 200 - "-" "-" 48 **0/48530**
20.43.19.237 - - [14/Apr/2026:08:39:37 -0700] "GET /admin.php HTTP/1.1" 200 - "-" "-" 35 **0/35521**
20.43.19.237 - - [14/Apr/2026:08:39:37 -0700] "GET /wp-content/admin.php HTTP/1.1" 200 - "-" "-" 128 **0/128771**
20.43.19.237 - - [14/Apr/2026:08:39:37 -0700] "GET /classwithtostring.php HTTP/1.1" 403 - "-" "-" 130 **0/130494**
20.43.19.237 - - [14/Apr/2026:08:39:38 -0700] "GET /content.php HTTP/1.1" 403 - "-" "-" 29 **0/29690**
20.43.19.237 - - [14/Apr/2026:08:39:38 -0700] "GET /dropdown.php HTTP/1.1" 403 - "-" "-" 43 **0/43671**
20.43.19.237 - - [14/Apr/2026:08:39:38 -0700] "GET /wp-content/uploads/index.php HTTP/1.1" 200 - "-" "-" 50 **0/50971**
20.43.19.237 - - [14/Apr/2026:08:39:38 -0700] "GET /atomlib.php HTTP/1.1" 403 - "-" "-" 70 **0/70826**
20.43.19.237 - - [14/Apr/2026:08:39:38 -0700] "GET /install.php HTTP/1.1" 403 - "-" "-" 57 **0/57099**
20.43.19.237 - - [14/Apr/2026:08:39:38 -0700] "GET /ws.php HTTP/1.1" 403 - "-" "-" 19 **0/19613**
20.43.19.237 - - [14/Apr/2026:08:39:38 -0700] "GET /about.php HTTP/1.1" 403 - "-" "-" 17 **0/17983**
20.43.19.237 - - [14/Apr/2026:08:39:38 -0700] "GET /cgi-bin/index.php HTTP/1.1" 200 - "-" "-" 28 **0/28817**
20.43.19.237 - - [14/Apr/2026:08:39:38 -0700] "GET /wp-content.php HTTP/1.1" 403 - "-" "-" 31 **0/31075**
20.43.19.237 - - [14/Apr/2026:08:39:39 -0700] "GET /wp-includes.php HTTP/1.1" 403 - "-" "-" 114 **0/114103**
20.43.19.237 - - [14/Apr/2026:08:39:39 -0700] "GET /edit.php HTTP/1.1" 200 - "-" "-" 143 **0/143223**
74.7.242.48 - - [14/Apr/2026:08:39:39 -0700] "GET /m/sympt42638219.htm HTTP/1.1" 200 1 "http://biotekpanama.com/sitemap-16.xml" "Mozilla/5.0 AppleWebKit/537.36 (KHTML, like Gecko; compatible; GPTBot/1.3; +https://openai.com/gptbot)" 77 **0/77163**
20.43.19.237 - - [14/Apr/2026:08:39:39 -0700] "GET /menu.php HTTP/1.1" 200 - "-" "-" 59 **0/59745**
20.43.19.237 - - [14/Apr/2026:08:39:40 -0700] "GET /plugins.php HTTP/1.1" 200 - "-" "-" 31 **0/31971**
20.43.19.237 - - [14/Apr/2026:08:39:40 -0700] "GET /post.php HTTP/1.1" 200 - "-" "-" 38 **0/38399**
20.43.19.237 - - [14/Apr/2026:08:39:40 -0700] "GET /tools.php HTTP/1.1" 403 - "-" "-" 17 **0/17794**
20.43.19.237 - - [14/Apr/2026:08:39:40 -0700] "GET /upload.php HTTP/1.1" 200 - "-" "-" 26 **0/26645**
20.43.19.237 - - [14/Apr/2026:08:39:40 -0700] "GET /themes.php HTTP/1.1" 200 - "-" "-" 33 **0/33811**
20.43.19.237 - - [14/Apr/2026:08:39:40 -0700] "GET /update.php HTTP/1.1" 403 - "-" "-" 32 **0/32829**
20.43.19.237 - - [14/Apr/2026:08:39:40 -0700] "GET /profile.php HTTP/1.1" 200 - "-" "-" 57 **0/57961**
216.73.216.138 - - [14/Apr/2026:08:39:40 -0700] "GET /m/face60620325.htm HTTP/1.1" 200 1 "-" "Mozilla/5.0 AppleWebKit/537.36 (KHTML, like Gecko; compatible; ClaudeBot/1.0; +claudebot@anthropic.com)" 66 **0/66116**
20.43.19.237 - - [14/Apr/2026:08:39:41 -0700] "GET /link.php HTTP/1.1" 200 - "-" "-" 46 **0/46442**
20.43.19.237 - - [14/Apr/2026:08:39:41 -0700] "GET /import.php HTTP/1.1" 403 - "-" "-" 40 **0/40939**
20.43.19.237 - - [14/Apr/2026:08:39:41 -0700] "GET /export.php HTTP/1.1" 200 - "-" "-" 50 **0/50345**
20.43.19.237 - - [14/Apr/2026:08:39:41 -0700] "GET /freedoms.php HTTP/1.1" 403 - "-" "-" 37 **0/37246**
20.43.19.237 - - [14/Apr/2026:08:39:41 -0700] "GET /wp-today.php HTTP/1.1" 403 - "-" "-" 65 **0/65870**
20.43.19.237 - - [14/Apr/2026:08:39:41 -0700] "GET /file.php HTTP/1.1" 403 - "-" "-" 46 **0/46499**
20.43.19.237 - - [14/Apr/2026:08:39:41 -0700] "GET /misc.php HTTP/1.1" 403 - "-" "-" 47 **0/47759**
20.43.19.237 - - [14/Apr/2026:08:39:41 -0700] "GET /widgets.php HTTP/1.1" 200 - "-" "-" 35 **0/35952**
20.43.19.237 - - [14/Apr/2026:08:39:42 -0700] "GET /noop.php HTTP/1.1" 403 - "-" "-" 23 **0/23238**
20.43.19.237 - - [14/Apr/2026:08:39:42 -0700] "GET /options.php HTTP/1.1" 200 - "-" "-" 23 **0/23373**
20.43.19.237 - - [14/Apr/2026:08:39:42 -0700] "GET /repair.php HTTP/1.1" 403 - "-" "-" 37 **0/37185**
20.43.19.237 - - [14/Apr/2026:08:39:42 -0700] "GET /wp-includes/block-patterns/admin.php HTTP/1.1" 200 - "-" "-" 54 **0/54527**
20.43.19.237 - - [14/Apr/2026:08:39:42 -0700] "GET /sites.php HTTP/1.1" 403 - "-" "-" 27 **0/27035**
74.7.242.48 - - [14/Apr/2026:08:39:42 -0700] "GET /m/chain71870894.htm HTTP/1.1" 200 1 "http://biotekpanama.com/sitemapc.xml" "Mozilla/5.0 AppleWebKit/537.36 (KHTML, like Gecko; compatible; GPTBot/1.3; +https://openai.com/gptbot)" 39 **0/39258**
216.73.216.138 - - [14/Apr/2026:08:39:44 -0700] "GET /m/robe42063931.htm HTTP/1.1" 200 1 "-" "Mozilla/5.0 AppleWebKit/537.36 (KHTML, like Gecko; compatible; ClaudeBot/1.0; +claudebot@anthropic.com)" 29 **0/29763**
74.7.242.48 - - [14/Apr/2026:08:39:45 -0700] "GET /m/justi31706338.htm HTTP/1.1" 200 1 "http://biotekpanama.com/sitemap-13.xml" "Mozilla/5.0 AppleWebKit/537.36 (KHTML, like Gecko; compatible; GPTBot/1.3; +https://openai.com/gptbot)" 272 **0/272721**
74.7.242.48 - - [14/Apr/2026:08:39:49 -0700] "GET /m/adequ62770157.htm HTTP/1.1" 200 1 "http://biotekpanama.com/sitemap-14.xml" "Mozilla/5.0 AppleWebKit/537.36 (KHTML, like Gecko; compatible; GPTBot/1.3; +https://openai.com/gptbot)" 118 **0/118537**
216.73.216.138 - - [14/Apr/2026:08:39:49 -0700] "GET /m/conne31480210.htm HTTP/1.1" 200 1 "-" "Mozilla/5.0 AppleWebKit/537.36 (KHTML, like Gecko; compatible; ClaudeBot/1.0; +claudebot@anthropic.com)" 158 **0/158523**
74.7.242.48 - - [14/Apr/2026:08:39:52 -0700] "GET /m/journ21338601.htm HTTP/1.1" 200 1 "http://biotekpanama.com/sitemap-17.xml" "Mozilla/5.0 AppleWebKit/537.36 (KHTML, like Gecko; compatible; GPTBot/1.3; +https://openai.com/gptbot)" 26 **0/26061**
216.73.216.138 - - [14/Apr/2026:08:39:52 -0700] "GET /m/usefu20256281.htm HTTP/1.1" 200 1 "-" "Mozilla/5.0 AppleWebKit/537.36 (KHTML, like Gecko; compatible; ClaudeBot/1.0; +claudebot@anthropic.com)" 57 **0/57177**
74.7.242.48 - - [14/Apr/2026:08:39:55 -0700] "GET /m/refor60891037.htm HTTP/1.1" 200 1 "http://biotekpanama.com/sitemapc.xml" "Mozilla/5.0 AppleWebKit/537.36 (KHTML, like Gecko; compatible; GPTBot/1.3; +https://openai.com/gptbot)" 64 **0/64400**
216.73.216.138 - - [14/Apr/2026:08:39:56 -0700] "GET /m/moist20259153.htm HTTP/1.1" 200 1 "-" "Mozilla/5.0 AppleWebKit/537.36 (KHTML, like Gecko; compatible; ClaudeBot/1.0; +claudebot@anthropic.com)" 61 **0/61701**
74.7.242.48 - - [14/Apr/2026:08:39:58 -0700] "GET /m/monke72384830.htm HTTP/1.1" 200 1 "http://biotekpanama.com/sitemap-15.xml" "Mozilla/5.0 AppleWebKit/537.36 (KHTML, like Gecko; compatible; GPTBot/1.3; +https://openai.com/gptbot)" 82 **0/82005**
216.73.216.138 - - [14/Apr/2026:08:40:00 -0700] "GET /m/stand10844104.htm HTTP/1.1" 200 1 "-" "Mozilla/5.0 AppleWebKit/537.36 (KHTML, like Gecko; compatible; ClaudeBot/1.0; +claudebot@anthropic.com)" 27 **0/27680**
74.7.242.48 - - [14/Apr/2026:08:40:01 -0700] "GET /m/jewel72795022.htm HTTP/1.1" 200 1 "http://biotekpanama.com/sitemap-11.xml" "Mozilla/5.0 AppleWebKit/537.36 (KHTML, like Gecko; compatible; GPTBot/1.3; +https://openai.com/gptbot)" 153 **0/153055**
216.73.216.138 - - [14/Apr/2026:08:40:03 -0700] "GET /m/marat20189401.htm HTTP/1.1" 200 1 "-" "Mozilla/5.0 AppleWebKit/537.36 (KHTML, like Gecko; compatible; ClaudeBot/1.0; +claudebot@anthropic.com)" 171 **0/171580**
74.7.242.48 - - [14/Apr/2026:08:40:04 -0700] "GET /m/range21090201.htm HTTP/1.1" 200 1 "http://biotekpanama.com/sitemapf.xml" "Mozilla/5.0 AppleWebKit/537.36 (KHTML, like Gecko; compatible; GPTBot/1.3; +https://openai.com/gptbot)" 86 **0/86656**
216.73.216.138 - - [14/Apr/2026:08:40:07 -0700] "GET /m/so30516770.htm HTTP/1.1" 200 1 "-" "Mozilla/5.0 AppleWebKit/537.36 (KHTML, like Gecko; compatible; ClaudeBot/1.0; +claudebot@anthropic.com)" 64 **0/64574**
74.7.242.48 - - [14/Apr/2026:08:40:07 -0700] "GET /m/cashi81231775.htm HTTP/1.1" 200 1 "http://biotekpanama.com/sitemaph.xml" "Mozilla/5.0 AppleWebKit/537.36 (KHTML, like Gecko; compatible; GPTBot/1.3; +https://openai.com/gptbot)" 111 **0/111562**
74.7.242.48 - - [14/Apr/2026:08:40:10 -0700] "GET /m/sandw10020232.htm HTTP/1.1" 200 1 "http://biotekpanama.com/sitemap-16.xml" "Mozilla/5.0 AppleWebKit/537.36 (KHTML, like Gecko; compatible; GPTBot/1.3; +https://openai.com/gptbot)" 84 **0/84589**
216.73.216.138 - - [14/Apr/2026:08:40:11 -0700] "GET /m/resum62310845.htm HTTP/1.1" 200 1 "-" "Mozilla/5.0 AppleWebKit/537.36 (KHTML, like Gecko; compatible; ClaudeBot/1.0; +claudebot@anthropic.com)" 33 **0/33221**
74.7.242.48 - - [14/Apr/2026:08:40:14 -0700] "GET /m/brist50374708.htm HTTP/1.1" 200 1 "http://biotekpanama.com/sitemap-12.xml" "Mozilla/5.0 AppleWebKit/537.36 (KHTML, like Gecko; compatible; GPTBot/1.3; +https://openai.com/gptbot)" 126 **0/126541**
216.73.216.138 - - [14/Apr/2026:08:40:15 -0700] "GET /m/prefe82001543.htm HTTP/1.1" 200 1 "-" "Mozilla/5.0 AppleWebKit/537.36 (KHTML, like Gecko; compatible; ClaudeBot/1.0; +claudebot@anthropic.com)" 169 **0/169300**
74.7.242.48 - - [14/Apr/2026:08:40:17 -0700] "GET /m/catal21626193.htm HTTP/1.1" 200 1 "http://biotekpanama.com/sitemap-13.xml" "Mozilla/5.0 AppleWebKit/537.36 (KHTML, like Gecko; compatible; GPTBot/1.3; +https://openai.com/gptbot)" 59 **0/59345**
216.73.216.138 - - [14/Apr/2026:08:40:19 -0700] "GET /m/bottl70224006.htm HTTP/1.1" 403 1 "-" "Mozilla/5.0 AppleWebKit/537.36 (KHTML, like Gecko; compatible; ClaudeBot/1.0; +claudebot@anthropic.com)" 164 **0/164759**
74.7.242.48 - - [14/Apr/2026:08:40:20 -0700] "GET /m/renew32197906.htm HTTP/1.1" 200 1 "http://biotekpanama.com/sitemap-14.xml" "Mozilla/5.0 AppleWebKit/537.36 (KHTML, like Gecko; compatible; GPTBot/1.3; +https://openai.com/gptbot)" 98 **0/98467**
216.73.216.138 - - [14/Apr/2026:08:40:23 -0700] "GET /m/due60306413.htm HTTP/1.1" 403 1 "-" "Mozilla/5.0 AppleWebKit/537.36 (KHTML, like Gecko; compatible; ClaudeBot/1.0; +claudebot@anthropic.com)" 42 **0/42362**
74.7.242.48 - - [14/Apr/2026:08:40:23 -0700] "GET /m/irrat31878322.htm HTTP/1.1" 200 1 "http://biotekpanama.com/sitemap-10.xml" "Mozilla/5.0 AppleWebKit/537.36 (KHTML, like Gecko; compatible; GPTBot/1.3; +https://openai.com/gptbot)" 164 **0/164520**
74.7.242.48 - - [14/Apr/2026:08:40:26 -0700] "GET /m/wicke81395335.htm HTTP/1.1" 200 1 "http://biotekpanama.com/sitemapj.xml" "Mozilla/5.0 AppleWebKit/537.36 (KHTML, like Gecko; compatible; GPTBot/1.3; +https://openai.com/gptbot)" 33 **0/33051**
216.73.216.138 - - [14/Apr/2026:08:40:27 -0700] "GET /m/dug72023942.htm HTTP/1.1" 403 1 "-" "Mozilla/5.0 AppleWebKit/537.36 (KHTML, like Gecko; compatible; ClaudeBot/1.0; +claudebot@anthropic.com)" 141 **0/141399**
74.7.242.48 - - [14/Apr/2026:08:40:29 -0700] "GET /m/philo72409838.htm HTTP/1.1" 200 1 "http://biotekpanama.com/sitemapl.xml" "Mozilla/5.0 AppleWebKit/537.36 (KHTML, like Gecko; compatible; GPTBot/1.3; +https://openai.com/gptbot)" 105 **0/105339**
216.73.216.138 - - [14/Apr/2026:08:40:30 -0700] "GET /m/rank70301686.htm HTTP/1.1" 403 1 "-" "Mozilla/5.0 AppleWebKit/537.36 (KHTML, like Gecko; compatible; ClaudeBot/1.0; +claudebot@anthropic.com)" 89 **0/89370**
74.7.242.48 - - [14/Apr/2026:08:40:32 -0700] "GET /m/fifth40369195.htm HTTP/1.1" 200 1 "http://biotekpanama.com/sitemaph.xml" "Mozilla/5.0 AppleWebKit/537.36 (KHTML, like Gecko; compatible; GPTBot/1.3; +https://openai.com/gptbot)" 76 **0/76743**
216.73.216.138 - - [14/Apr/2026:08:40:34 -0700] "GET /m/artic42784475.htm HTTP/1.1" 403 1 "-" "Mozilla/5.0 AppleWebKit/537.36 (KHTML, like Gecko; compatible; ClaudeBot/1.0; +claudebot@anthropic.com)" 61 **0/61010**
74.7.242.48 - - [14/Apr/2026:08:40:35 -0700] "GET /m/marke50172724.htm HTTP/1.1" 200 1 "http://biotekpanama.com/sitemap-11.xml" "Mozilla/5.0 AppleWebKit/537.36 (KHTML, like Gecko; compatible; GPTBot/1.3; +https://openai.com/gptbot)" 109 **0/109306**
216.73.216.138 - - [14/Apr/2026:08:40:38 -0700] "GET /m/lifes60073413.htm HTTP/1.1" 403 1 "-" "Mozilla/5.0 AppleWebKit/537.36 (KHTML, like Gecko; compatible; ClaudeBot/1.0; +claudebot@anthropic.com)" 26 **0/26949**
74.7.242.48 - - [14/Apr/2026:08:40:39 -0700] "GET /m/harve61550181.htm HTTP/1.1" 200 1 "http://biotekpanama.com/sitemapb.xml" "Mozilla/5.0 AppleWebKit/537.36 (KHTML, like Gecko; compatible; GPTBot/1.3; +https://openai.com/gptbot)" 24 **0/24363**
74.7.242.48 - - [14/Apr/2026:08:40:42 -0700] "GET /m/candy80312551.htm HTTP/1.1" 200 1 "http://biotekpanama.com/sitemap-13.xml" "Mozilla/5.0 AppleWebKit/537.36 (KHTML, like Gecko; compatible; GPTBot/1.3; +https://openai.com/gptbot)" 50 **0/50054**
74.7.242.48 - - [14/Apr/2026:08:40:45 -0700] "GET /m/rever40637971.htm HTTP/1.1" 200 1 "http://biotekpanama.com/sitemap-16.xml" "Mozilla/5.0 AppleWebKit/537.36 (KHTML, like Gecko; compatible; GPTBot/1.3; +https://openai.com/gptbot)" 79 **0/79044**
216.73.216.138 - - [14/Apr/2026:08:40:46 -0700] "GET /m/busy71752222.htm HTTP/1.1" 403 1 "-" "Mozilla/5.0 AppleWebKit/537.36 (KHTML, like Gecko; compatible; ClaudeBot/1.0; +claudebot@anthropic.com)" 63 **0/63626**
74.7.242.48 - - [14/Apr/2026:08:40:48 -0700] "GET /m/passi82797823.htm HTTP/1.1" 200 1 "http://biotekpanama.com/sitemap-17.xml" "Mozilla/5.0 AppleWebKit/537.36 (KHTML, like Gecko; compatible; GPTBot/1.3; +https://openai.com/gptbot)" 25 **0/25126**
216.73.216.138 - - [14/Apr/2026:08:40:50 -0700] "GET /m/those62652917.htm HTTP/1.1" 403 1 "-" "Mozilla/5.0 AppleWebKit/537.36 (KHTML, like Gecko; compatible; ClaudeBot/1.0; +claudebot@anthropic.com)" 25 **0/25159**
74.7.242.48 - - [14/Apr/2026:08:40:51 -0700] "GET /m/elimi71533990.htm HTTP/1.1" 200 1 "http://biotekpanama.com/sitemap-10.xml" "Mozilla/5.0 AppleWebKit/537.36 (KHTML, like Gecko; compatible; GPTBot/1.3; +https://openai.com/gptbot)" 35 **0/35282**
216.73.216.138 - - [14/Apr/2026:08:40:54 -0700] "GET /m/cafet30723458.htm HTTP/1.1" 403 1 "-" "Mozilla/5.0 AppleWebKit/537.36 (KHTML, like Gecko; compatible; ClaudeBot/1.0; +claudebot@anthropic.com)" 26 **0/26130**
74.7.242.48 - - [14/Apr/2026:08:40:54 -0700] "GET /m/share30845066.htm HTTP/1.1" 200 1 "http://biotekpanama.com/sitemap-12.xml" "Mozilla/5.0 AppleWebKit/537.36 (KHTML, like Gecko; compatible; GPTBot/1.3; +https://openai.com/gptbot)" 44 **0/44205**
74.7.242.48 - - [14/Apr/2026:08:40:57 -0700] "GET /m/asset61242309.htm HTTP/1.1" 200 1 "http://biotekpanama.com/sitemap-10.xml" "Mozilla/5.0 AppleWebKit/537.36 (KHTML, like Gecko; compatible; GPTBot/1.3; +https://openai.com/gptbot)" 78 **0/78419**
216.73.216.138 - - [14/Apr/2026:08:40:58 -0700] "GET /m/dag60391941.htm HTTP/1.1" 403 1 "-" "Mozilla/5.0 AppleWebKit/537.36 (KHTML, like Gecko; compatible; ClaudeBot/1.0; +claudebot@anthropic.com)" 52 **0/52425**
74.7.242.48 - - [14/Apr/2026:08:41:01 -0700] "GET /m/spont21478441.htm HTTP/1.1" 200 1 "http://biotekpanama.com/sitemap-12.xml" "Mozilla/5.0 AppleWebKit/537.36 (KHTML, like Gecko; compatible; GPTBot/1.3; +https://openai.com/gptbot)" 88 **0/88135**
216.73.216.138 - - [14/Apr/2026:08:41:02 -0700] "GET /m/menta32850634.htm HTTP/1.1" 200 1 "-" "Mozilla/5.0 AppleWebKit/537.36 (KHTML, like Gecko; compatible; ClaudeBot/1.0; +claudebot@anthropic.com)" 99 **0/99598**
74.7.242.48 - - [14/Apr/2026:08:41:04 -0700] "GET /m/outsi81892255.htm HTTP/1.1" 200 1 "http://biotekpanama.com/sitemap-17.xml" "Mozilla/5.0 AppleWebKit/537.36 (KHTML, like Gecko; compatible; GPTBot/1.3; +https://openai.com/gptbot)" 113 **0/113537**
216.73.216.138 - - [14/Apr/2026:08:41:06 -0700] "GET /m/up21768889.htm HTTP/1.1" 200 1 "-" "Mozilla/5.0 AppleWebKit/537.36 (KHTML, like Gecko; compatible; ClaudeBot/1.0; +claudebot@anthropic.com)" 72 **0/72751**
51.195.183.230 - - [14/Apr/2026:08:41:06 -0700] "GET /m/ant31721162.htm HTTP/1.1" 200 1 "-" "Mozilla/5.0 (compatible; AhrefsBot/7.0; +http://ahrefs.com/robot/)" 73 **0/73927**
74.7.242.48 - - [14/Apr/2026:08:41:07 -0700] "GET /m/thoug60828781.htm HTTP/1.1" 200 1 "http://biotekpanama.com/sitemap-12.xml" "Mozilla/5.0 AppleWebKit/537.36 (KHTML, like Gecko; compatible; GPTBot/1.3; +https://openai.com/gptbot)" 96 **0/96011**
216.73.216.138 - - [14/Apr/2026:08:41:10 -0700] "GET /m/viola30913930.htm HTTP/1.1" 200 1 "-" "Mozilla/5.0 AppleWebKit/537.36 (KHTML, like Gecko; compatible; ClaudeBot/1.0; +claudebot@anthropic.com)" 30 **0/30904**
74.7.242.48 - - [14/Apr/2026:08:41:10 -0700] "GET /m/flare52331148.htm HTTP/1.1" 200 1 "http://biotekpanama.com/sitemapi.xml" "Mozilla/5.0 AppleWebKit/537.36 (KHTML, like Gecko; compatible; GPTBot/1.3; +https://openai.com/gptbot)" 86 **0/86637**
74.7.242.48 - - [14/Apr/2026:08:41:13 -0700] "GET /m/hatch60358485.htm HTTP/1.1" 200 1 "http://biotekpanama.com/sitemap-11.xml" "Mozilla/5.0 AppleWebKit/537.36 (KHTML, like Gecko; compatible; GPTBot/1.3; +https://openai.com/gptbot)" 24 **0/24032**
216.73.216.138 - - [14/Apr/2026:08:41:14 -0700] "GET /m/those60060917.htm HTTP/1.1" 200 1 "-" "Mozilla/5.0 AppleWebKit/537.36 (KHTML, like Gecko; compatible; ClaudeBot/1.0; +claudebot@anthropic.com)" 27 **0/27863**
74.7.242.48 - - [14/Apr/2026:08:41:16 -0700] "GET /m/quest71429262.htm HTTP/1.1" 200 1 "http://biotekpanama.com/sitemap-17.xml" "Mozilla/5.0 AppleWebKit/537.36 (KHTML, like Gecko; compatible; GPTBot/1.3; +https://openai.com/gptbot)" 86 **0/86250**
216.73.216.138 - - [14/Apr/2026:08:41:17 -0700] "GET /m/stati61772605.htm HTTP/1.1" 200 1 "-" "Mozilla/5.0 AppleWebKit/537.36 (KHTML, like Gecko; compatible; ClaudeBot/1.0; +claudebot@anthropic.com)" 119 **0/119935**
74.7.242.48 - - [14/Apr/2026:08:41:19 -0700] "GET /m/denta10155696.htm HTTP/1.1" 200 1 "http://biotekpanama.com/sitemap-10.xml" "Mozilla/5.0 AppleWebKit/537.36 (KHTML, like Gecko; compatible; GPTBot/1.3; +https://openai.com/gptbot)" 34 **0/34082**
216.73.216.138 - - [14/Apr/2026:08:41:21 -0700] "GET /m/tonig21024377.htm HTTP/1.1" 200 1 "-" "Mozilla/5.0 AppleWebKit/537.36 (KHTML, like Gecko; compatible; ClaudeBot/1.0; +claudebot@anthropic.com)" 156 **0/156205**
74.7.242.48 - - [14/Apr/2026:08:41:22 -0700] "GET /m/queue82273791.htm HTTP/1.1" 200 1 "http://biotekpanama.com/sitemap-11.xml" "Mozilla/5.0 AppleWebKit/537.36 (KHTML, like Gecko; compatible; GPTBot/1.3; +https://openai.com/gptbot)" 30 **0/30273**
216.73.216.138 - - [14/Apr/2026:08:41:25 -0700] "GET /m/marxi11154592.htm HTTP/1.1" 200 1 "-" "Mozilla/5.0 AppleWebKit/537.36 (KHTML, like Gecko; compatible; ClaudeBot/1.0; +claudebot@anthropic.com)" 25 **0/25663**
74.7.242.48 - - [14/Apr/2026:08:41:25 -0700] "GET /m/cliff62266573.htm HTTP/1.1" 200 1 "http://biotekpanama.com/sitemapo.xml" "Mozilla/5.0 AppleWebKit/537.36 (KHTML, like Gecko; compatible; GPTBot/1.3; +https://openai.com/gptbot)" 49 **0/49315**
216.73.216.138 - - [14/Apr/2026:08:41:29 -0700] "GET /m/wax20386537.htm HTTP/1.1" 200 1 "-" "Mozilla/5.0 AppleWebKit/537.36 (KHTML, like Gecko; compatible; ClaudeBot/1.0; +claudebot@anthropic.com)" 57 **0/57808**
74.7.242.48 - - [14/Apr/2026:08:41:29 -0700] "GET /m/suffi31662290.htm HTTP/1.1" 200 1 "http://biotekpanama.com/sitemap-11.xml" "Mozilla/5.0 AppleWebKit/537.36 (KHTML, like Gecko; compatible; GPTBot/1.3; +https://openai.com/gptbot)" 116 **0/116911**
74.7.242.48 - - [14/Apr/2026:08:41:32 -0700] "GET /m/nonse62502653.htm HTTP/1.1" 200 1 "http://biotekpanama.com/sitemap-14.xml" "Mozilla/5.0 AppleWebKit/537.36 (KHTML, like Gecko; compatible; GPTBot/1.3; +https://openai.com/gptbot)" 119 **0/119558**
216.73.216.138 - - [14/Apr/2026:08:41:33 -0700] "GET /m/lad21019665.htm HTTP/1.1" 200 1 "-" "Mozilla/5.0 AppleWebKit/537.36 (KHTML, like Gecko; compatible; ClaudeBot/1.0; +claudebot@anthropic.com)" 60 **0/60309**
74.7.242.48 - - [14/Apr/2026:08:41:35 -0700] "GET /m/decep71335678.htm HTTP/1.1" 200 1 "http://biotekpanama.com/sitemapm.xml" "Mozilla/5.0 AppleWebKit/537.36 (KHTML, like Gecko; compatible; GPTBot/1.3; +https://openai.com/gptbot)" 31 **0/31350**
216.73.216.138 - - [14/Apr/2026:08:41:37 -0700] "GET /m/forwa12728560.htm HTTP/1.1" 200 1 "-" "Mozilla/5.0 AppleWebKit/537.36 (KHTML, like Gecko; compatible; ClaudeBot/1.0; +claudebot@anthropic.com)" 239 **0/239912**
74.7.242.48 - - [14/Apr/2026:08:41:38 -0700] "GET /m/inser60119101.htm HTTP/1.1" 200 1 "http://biotekpanama.com/sitemapf.xml" "Mozilla/5.0 AppleWebKit/537.36 (KHTML, like Gecko; compatible; GPTBot/1.3; +https://openai.com/gptbot)" 23 **0/23655**
216.73.216.138 - - [14/Apr/2026:08:41:41 -0700] "GET /m/inspe80534199.htm HTTP/1.1" 200 1 "-" "Mozilla/5.0 AppleWebKit/537.36 (KHTML, like Gecko; compatible; ClaudeBot/1.0; +claudebot@anthropic.com)" 125 **0/125661**
74.7.242.48 - - [14/Apr/2026:08:41:41 -0700] "GET /m/rapid41548795.htm HTTP/1.1" 200 1 "http://biotekpanama.com/sitemap-11.xml" "Mozilla/5.0 AppleWebKit/537.36 (KHTML, like Gecko; compatible; GPTBot/1.3; +https://openai.com/gptbot)" 31 **0/31589**
74.7.242.48 - - [14/Apr/2026:08:41:44 -0700] "GET /m/think71457390.htm HTTP/1.1" 200 1 "http://biotekpanama.com/sitemapi.xml" "Mozilla/5.0 AppleWebKit/537.36 (KHTML, like Gecko; compatible; GPTBot/1.3; +https://openai.com/gptbot)" 77 **0/77834**
216.73.216.138 - - [14/Apr/2026:08:41:45 -0700] "GET /m/inch81516431.htm HTTP/1.1" 200 1 "-" "Mozilla/5.0 AppleWebKit/537.36 (KHTML, like Gecko; compatible; ClaudeBot/1.0; +claudebot@anthropic.com)" 45 **0/45948**
74.7.242.48 - - [14/Apr/2026:08:41:47 -0700] "GET /m/watch62188357.htm HTTP/1.1" 200 1 "http://biotekpanama.com/sitemape.xml" "Mozilla/5.0 AppleWebKit/537.36 (KHTML, like Gecko; compatible; GPTBot/1.3; +https://openai.com/gptbot)" 77 **0/77935**
216.73.216.138 - - [14/Apr/2026:08:41:49 -0700] "GET /m/crisi71357950.htm HTTP/1.1" 200 1 "-" "Mozilla/5.0 AppleWebKit/537.36 (KHTML, like Gecko; compatible; ClaudeBot/1.0; +claudebot@anthropic.com)" 32 **0/32468**
74.7.242.48 - - [14/Apr/2026:08:41:51 -0700] "GET /m/telev12176984.htm HTTP/1.1" 200 1 "http://biotekpanama.com/sitemap-12.xml" "Mozilla/5.0 AppleWebKit/537.36 (KHTML, like Gecko; compatible; GPTBot/1.3; +https://openai.com/gptbot)" 55 **0/55775**
216.73.216.138 - - [14/Apr/2026:08:41:53 -0700] "GET /m/hills62270957.htm HTTP/1.1" 200 1 "-" "Mozilla/5.0 AppleWebKit/537.36 (KHTML, like Gecko; compatible; ClaudeBot/1.0; +claudebot@anthropic.com)" 63 **0/63513**
74.7.242.48 - - [14/Apr/2026:08:41:54 -0700] "GET /m/death22040145.htm HTTP/1.1" 200 1 "http://biotekpanama.com/sitemap-17.xml" "Mozilla/5.0 AppleWebKit/537.36 (KHTML, like Gecko; compatible; GPTBot/1.3; +https://openai.com/gptbot)" 29 **0/29452**
216.73.216.138 - - [14/Apr/2026:08:41:57 -0700] "GET /m/fragm72935518.htm HTTP/1.1" 200 1 "-" "Mozilla/5.0 AppleWebKit/537.36 (KHTML, like Gecko; compatible; ClaudeBot/1.0; +claudebot@anthropic.com)" 24 **0/24986**
74.7.242.48 - - [14/Apr/2026:08:41:57 -0700] "GET /m/reput12274016.htm HTTP/1.1" 200 1 "http://biotekpanama.com/sitemapi.xml" "Mozilla/5.0 AppleWebKit/537.36 (KHTML, like Gecko; compatible; GPTBot/1.3; +https://openai.com/gptbot)" 138 **0/138989**
74.7.242.48 - - [14/Apr/2026:08:42:00 -0700] "GET /m/exagg30142266.htm HTTP/1.1" 200 1 "http://biotekpanama.com/sitemapg.xml" "Mozilla/5.0 AppleWebKit/537.36 (KHTML, like Gecko; compatible; GPTBot/1.3; +https://openai.com/gptbot)" 133 **0/133971**
216.73.216.138 - - [14/Apr/2026:08:42:01 -0700] "GET /m/discu51260564.htm HTTP/1.1" 200 1 "-" "Mozilla/5.0 AppleWebKit/537.36 (KHTML, like Gecko; compatible; ClaudeBot/1.0; +claudebot@anthropic.com)" 174 **0/174062**
74.7.242.48 - - [14/Apr/2026:08:42:03 -0700] "GET /m/pause81598903.htm HTTP/1.1" 200 1 "http://biotekpanama.com/sitemapa.xml" "Mozilla/5.0 AppleWebKit/537.36 (KHTML, like Gecko; compatible; GPTBot/1.3; +https://openai.com/gptbot)" 222 **0/222597**
216.73.216.138 - - [14/Apr/2026:08:42:05 -0700] "GET /m/manua80034487.htm HTTP/1.1" 200 1 "-" "Mozilla/5.0 AppleWebKit/537.36 (KHTML, like Gecko; compatible; ClaudeBot/1.0; +claudebot@anthropic.com)" 140 **0/140417**
74.7.242.48 - - [14/Apr/2026:08:42:07 -0700] "GET /m/dange62368853.htm HTTP/1.1" 200 1 "http://biotekpanama.com/sitemapb.xml" "Mozilla/5.0 AppleWebKit/537.36 (KHTML, like Gecko; compatible; GPTBot/1.3; +https://openai.com/gptbot)" 34 **0/34836**
216.73.216.138 - - [14/Apr/2026:08:42:09 -0700] "GET /m/negro12039544.htm HTTP/1.1" 200 1 "-" "Mozilla/5.0 AppleWebKit/537.36 (KHTML, like Gecko; compatible; ClaudeBot/1.0; +claudebot@anthropic.com)" 80 **0/80300**
74.7.242.48 - - [14/Apr/2026:08:42:10 -0700] "GET /m/hotel22648673.htm HTTP/1.1" 200 1 "http://biotekpanama.com/sitemap-10.xml" "Mozilla/5.0 AppleWebKit/537.36 (KHTML, like Gecko; compatible; GPTBot/1.3; +https://openai.com/gptbot)" 25 **0/25059**
74.7.242.48 - - [14/Apr/2026:08:42:13 -0700] "GET /m/minor20518249.htm HTTP/1.1" 200 1 "http://biotekpanama.com/sitemap-17.xml" "Mozilla/5.0 AppleWebKit/537.36 (KHTML, like Gecko; compatible; GPTBot/1.3; +https://openai.com/gptbot)" 40 **0/40395**
216.73.216.138 - - [14/Apr/2026:08:42:15 -0700] "GET /m/sente31733242.htm HTTP/1.1" 200 1 "-" "Mozilla/5.0 AppleWebKit/537.36 (KHTML, like Gecko; compatible; ClaudeBot/1.0; +claudebot@anthropic.com)" 44 **0/44867**
74.7.242.48 - - [14/Apr/2026:08:42:16 -0700] "GET /m/contr61680797.htm HTTP/1.1" 200 1 "http://biotekpanama.com/sitemap-10.xml" "Mozilla/5.0 AppleWebKit/537.36 (KHTML, like Gecko; compatible; GPTBot/1.3; +https://openai.com/gptbot)" 80 **0/80916**
216.73.216.138 - - [14/Apr/2026:08:42:19 -0700] "GET /m/cream82729471.htm HTTP/1.1" 200 1 "-" "Mozilla/5.0 AppleWebKit/537.36 (KHTML, like Gecko; compatible; ClaudeBot/1.0; +claudebot@anthropic.com)" 57 **0/57547**
74.7.242.48 - - [14/Apr/2026:08:42:19 -0700] "GET /m/shall42481603.htm HTTP/1.1" 200 1 "http://biotekpanama.com/sitemapn.xml" "Mozilla/5.0 AppleWebKit/537.36 (KHTML, like Gecko; compatible; GPTBot/1.3; +https://openai.com/gptbot)" 54 **0/54037**
74.7.242.48 - - [14/Apr/2026:08:42:23 -0700] "GET /m/music40592923.htm HTTP/1.1" 200 1 "http://biotekpanama.com/sitemap-15.xml" "Mozilla/5.0 AppleWebKit/537.36 (KHTML, like Gecko; compatible; GPTBot/1.3; +https://openai.com/gptbot)" 36 **0/36175**
216.73.216.138 - - [14/Apr/2026:08:42:23 -0700] "GET /m/china81477111.htm HTTP/1.1" 200 1 "-" "Mozilla/5.0 AppleWebKit/537.36 (KHTML, like Gecko; compatible; ClaudeBot/1.0; +claudebot@anthropic.com)" 46 **0/46711**
74.7.242.48 - - [14/Apr/2026:08:42:26 -0700] "GET /m/earth10136704.htm HTTP/1.1" 200 1 "http://biotekpanama.com/sitemapg.xml" "Mozilla/5.0 AppleWebKit/537.36 (KHTML, like Gecko; compatible; GPTBot/1.3; +https://openai.com/gptbot)" 25 **0/25931**
216.73.216.138 - - [14/Apr/2026:08:42:27 -0700] "GET /m/waggo21239313.htm HTTP/1.1" 200 1 "-" "Mozilla/5.0 AppleWebKit/537.36 (KHTML, like Gecko; compatible; ClaudeBot/1.0; +claudebot@anthropic.com)" 40 **0/40965**
74.7.242.48 - - [14/Apr/2026:08:42:29 -0700] "GET /m/withd31863378.htm HTTP/1.1" 200 1 "http://biotekpanama.com/sitemap-13.xml" "Mozilla/5.0 AppleWebKit/537.36 (KHTML, like Gecko; compatible; GPTBot/1.3; +https://openai.com/gptbot)" 63 **0/63033**
216.73.216.138 - - [14/Apr/2026:08:42:31 -0700] "GET /m/loose42158867.htm HTTP/1.1" 200 1 "-" "Mozilla/5.0 AppleWebKit/537.36 (KHTML, like Gecko; compatible; ClaudeBot/1.0; +claudebot@anthropic.com)" 36 **0/36537**
74.7.242.48 - - [14/Apr/2026:08:42:32 -0700] "GET /m/monda71600622.htm HTTP/1.1" 200 1 "http://biotekpanama.com/sitemap-14.xml" "Mozilla/5.0 AppleWebKit/537.36 (KHTML, like Gecko; compatible; GPTBot/1.3; +https://openai.com/gptbot)" 25 **0/25025**
216.73.216.138 - - [14/Apr/2026:08:42:35 -0700] "GET /m/signa51445828.htm HTTP/1.1" 200 1 "-" "Mozilla/5.0 AppleWebKit/537.36 (KHTML, like Gecko; compatible; ClaudeBot/1.0; +claudebot@anthropic.com)" 24 **0/24929**
74.7.242.48 - - [14/Apr/2026:08:42:35 -0700] "GET /m/casse60407445.htm HTTP/1.1" 200 1 "http://biotekpanama.com/sitemap-10.xml" "Mozilla/5.0 AppleWebKit/537.36 (KHTML, like Gecko; compatible; GPTBot/1.3; +https://openai.com/gptbot)" 38 **0/38903**
74.7.242.48 - - [14/Apr/2026:08:42:38 -0700] "GET /m/pinch80399239.htm HTTP/1.1" 200 1 "http://biotekpanama.com/sitemap-12.xml" "Mozilla/5.0 AppleWebKit/537.36 (KHTML, like Gecko; compatible; GPTBot/1.3; +https://openai.com/gptbot)" 27 **0/27059**
216.73.216.138 - - [14/Apr/2026:08:42:39 -0700] "GET /m/keen80061663.htm HTTP/1.1" 200 1 "-" "Mozilla/5.0 AppleWebKit/537.36 (KHTML, like Gecko; compatible; ClaudeBot/1.0; +claudebot@anthropic.com)" 50 **0/50174**
74.7.242.48 - - [14/Apr/2026:08:42:42 -0700] "GET /m/categ81047815.htm HTTP/1.1" 200 1 "http://biotekpanama.com/sitemapj.xml" "Mozilla/5.0 AppleWebKit/537.36 (KHTML, like Gecko; compatible; GPTBot/1.3; +https://openai.com/gptbot)" 54 **0/54319**
216.73.216.138 - - [14/Apr/2026:08:42:43 -0700] "GET /m/taste50085180.htm HTTP/1.1" 200 1 "-" "Mozilla/5.0 AppleWebKit/537.36 (KHTML, like Gecko; compatible; ClaudeBot/1.0; +claudebot@anthropic.com)" 62 **0/62634**
74.7.242.48 - - [14/Apr/2026:08:42:45 -0700] "GET /m/fairl82443631.htm HTTP/1.1" 200 1 "http://biotekpanama.com/sitemapj.xml" "Mozilla/5.0 AppleWebKit/537.36 (KHTML, like Gecko; compatible; GPTBot/1.3; +https://openai.com/gptbot)" 31 **0/31563**
216.73.216.138 - - [14/Apr/2026:08:42:47 -0700] "GET /m/grave60878421.htm HTTP/1.1" 200 1 "-" "Mozilla/5.0 AppleWebKit/537.36 (KHTML, like Gecko; compatible; ClaudeBot/1.0; +claudebot@anthropic.com)" 86 **0/86612**
74.7.242.48 - - [14/Apr/2026:08:42:48 -0700] "GET /m/price31689282.htm HTTP/1.1" 200 1 "http://biotekpanama.com/sitemapf.xml" "Mozilla/5.0 AppleWebKit/537.36 (KHTML, like Gecko; compatible; GPTBot/1.3; +https://openai.com/gptbot)" 32 **0/32144**
74.7.242.48 - - [14/Apr/2026:08:42:51 -0700] "GET /m/termi80273991.htm HTTP/1.1" 200 1 "http://biotekpanama.com/sitemap-15.xml" "Mozilla/5.0 AppleWebKit/537.36 (KHTML, like Gecko; compatible; GPTBot/1.3; +https://openai.com/gptbot)" 156 **0/156093**
216.73.216.138 - - [14/Apr/2026:08:42:51 -0700] "GET /m/choic82576143.htm HTTP/1.1" 200 1 "-" "Mozilla/5.0 AppleWebKit/537.36 (KHTML, like Gecko; compatible; ClaudeBot/1.0; +claudebot@anthropic.com)" 74 **0/74048**
74.7.242.48 - - [14/Apr/2026:08:42:54 -0700] "GET /m/vital82445847.htm HTTP/1.1" 200 1 "http://biotekpanama.com/sitemap-17.xml" "Mozilla/5.0 AppleWebKit/537.36 (KHTML, like Gecko; compatible; GPTBot/1.3; +https://openai.com/gptbot)" 24 **0/24418**
216.73.216.138 - - [14/Apr/2026:08:42:55 -0700] "GET /m/dust32629850.htm HTTP/1.1" 200 1 "-" "Mozilla/5.0 AppleWebKit/537.36 (KHTML, like Gecko; compatible; ClaudeBot/1.0; +claudebot@anthropic.com)" 40 **0/40268**
74.7.242.48 - - [14/Apr/2026:08:42:57 -0700] "GET /m/daily11564712.htm HTTP/1.1" 200 1 "http://biotekpanama.com/sitemap-17.xml" "Mozilla/5.0 AppleWebKit/537.36 (KHTML, like Gecko; compatible; GPTBot/1.3; +https://openai.com/gptbot)" 32 **0/32534**
216.73.216.138 - - [14/Apr/2026:08:42:59 -0700] "GET /m/suspi72578582.htm HTTP/1.1" 200 1 "-" "Mozilla/5.0 AppleWebKit/537.36 (KHTML, like Gecko; compatible; ClaudeBot/1.0; +claudebot@anthropic.com)" 32 **0/32953**
74.7.242.48 - - [14/Apr/2026:08:43:00 -0700] "GET /m/halfw42683659.htm HTTP/1.1" 200 1 "http://biotekpanama.com/sitemap-17.xml" "Mozilla/5.0 AppleWebKit/537.36 (KHTML, like Gecko; compatible; GPTBot/1.3; +https://openai.com/gptbot)" 144 **0/144774**
216.73.216.138 - - [14/Apr/2026:08:43:03 -0700] "GET /m/glass70653022.htm HTTP/1.1" 200 1 "-" "Mozilla/5.0 AppleWebKit/537.36 (KHTML, like Gecko; compatible; ClaudeBot/1.0; +claudebot@anthropic.com)" 98 **0/98436**
74.7.242.48 - - [14/Apr/2026:08:43:04 -0700] "GET /m/conti10216080.htm HTTP/1.1" 200 1 "http://biotekpanama.com/sitemapc.xml" "Mozilla/5.0 AppleWebKit/537.36 (KHTML, like Gecko; compatible; GPTBot/1.3; +https://openai.com/gptbot)" 198 **0/198776**
74.7.242.48 - - [14/Apr/2026:08:43:07 -0700] "GET /m/walle60797421.htm HTTP/1.1" 200 1 "http://biotekpanama.com/sitemapj.xml" "Mozilla/5.0 AppleWebKit/537.36 (KHTML, like Gecko; compatible; GPTBot/1.3; +https://openai.com/gptbot)" 173 **0/173309**
216.73.216.138 - - [14/Apr/2026:08:43:07 -0700] "GET /m/waste72768814.htm HTTP/1.1" 403 1 "-" "Mozilla/5.0 AppleWebKit/537.36 (KHTML, like Gecko; compatible; ClaudeBot/1.0; +claudebot@anthropic.com)" 34 **0/34317**
74.7.242.48 - - [14/Apr/2026:08:43:10 -0700] "GET /m/assig72934006.htm HTTP/1.1" 200 1 "http://biotekpanama.com/sitemapa.xml" "Mozilla/5.0 AppleWebKit/537.36 (KHTML, like Gecko; compatible; GPTBot/1.3; +https://openai.com/gptbot)" 36 **0/36293**
74.7.242.48 - - [14/Apr/2026:08:43:13 -0700] "GET /m/clash21419785.htm HTTP/1.1" 200 1 "http://biotekpanama.com/sitemaph.xml" "Mozilla/5.0 AppleWebKit/537.36 (KHTML, like Gecko; compatible; GPTBot/1.3; +https://openai.com/gptbot)" 54 **0/54134**
216.73.216.138 - - [14/Apr/2026:08:43:14 -0700] "GET /m/carto80351799.htm HTTP/1.1" 403 1 "-" "Mozilla/5.0 AppleWebKit/537.36 (KHTML, like Gecko; compatible; ClaudeBot/1.0; +claudebot@anthropic.com)" 101 **0/101204**
74.7.242.48 - - [14/Apr/2026:08:43:16 -0700] "GET /m/angry60948445.htm HTTP/1.1" 200 1 "http://biotekpanama.com/sitemapc.xml" "Mozilla/5.0 AppleWebKit/537.36 (KHTML, like Gecko; compatible; GPTBot/1.3; +https://openai.com/gptbot)" 63 **0/63373**
216.73.216.138 - - [14/Apr/2026:08:43:16 -0700] "GET /m/kick10332600.htm HTTP/1.1" 403 1 "-" "Mozilla/5.0 AppleWebKit/537.36 (KHTML, like Gecko; compatible; ClaudeBot/1.0; +claudebot@anthropic.com)" 29 **0/29584**
74.7.242.48 - - [14/Apr/2026:08:43:19 -0700] "GET /m/corre21808841.htm HTTP/1.1" 200 1 "http://biotekpanama.com/sitemapb.xml" "Mozilla/5.0 AppleWebKit/537.36 (KHTML, like Gecko; compatible; GPTBot/1.3; +https://openai.com/gptbot)" 240 **0/240609**
216.73.216.138 - - [14/Apr/2026:08:43:20 -0700] "GET /m/kilog80458527.htm HTTP/1.1" 403 1 "-" "Mozilla/5.0 AppleWebKit/537.36 (KHTML, like Gecko; compatible; ClaudeBot/1.0; +claudebot@anthropic.com)" 144 **0/144165**
74.7.242.48 - - [14/Apr/2026:08:43:22 -0700] "GET /m/easil21617713.htm HTTP/1.1" 200 1 "http://biotekpanama.com/sitemap-16.xml" "Mozilla/5.0 AppleWebKit/537.36 (KHTML, like Gecko; compatible; GPTBot/1.3; +https://openai.com/gptbot)" 30 **0/30257**
216.73.216.138 - - [14/Apr/2026:08:43:24 -0700] "GET /m/resto12578336.htm HTTP/1.1" 403 1 "-" "Mozilla/5.0 AppleWebKit/537.36 (KHTML, like Gecko; compatible; ClaudeBot/1.0; +claudebot@anthropic.com)" 114 **0/114936**
74.7.242.48 - - [14/Apr/2026:08:43:25 -0700] "GET /m/benef72082094.htm HTTP/1.1" 200 1 "http://biotekpanama.com/sitemapb.xml" "Mozilla/5.0 AppleWebKit/537.36 (KHTML, like Gecko; compatible; GPTBot/1.3; +https://openai.com/gptbot)" 49 **0/49698**
216.73.216.138 - - [14/Apr/2026:08:43:28 -0700] "GET /m/primi72966134.htm HTTP/1.1" 403 1 "-" "Mozilla/5.0 AppleWebKit/537.36 (KHTML, like Gecko; compatible; ClaudeBot/1.0; +claudebot@anthropic.com)" 36 **0/36532**
74.7.242.48 - - [14/Apr/2026:08:43:28 -0700] "GET /m/pound42196979.htm HTTP/1.1" 200 1 "http://biotekpanama.com/sitemap-14.xml" "Mozilla/5.0 AppleWebKit/537.36 (KHTML, like Gecko; compatible; GPTBot/1.3; +https://openai.com/gptbot)" 28 **0/28833**
74.7.242.48 - - [14/Apr/2026:08:43:31 -0700] "GET /m/welco52020884.htm HTTP/1.1" 200 1 "http://biotekpanama.com/sitemap-15.xml" "Mozilla/5.0 AppleWebKit/537.36 (KHTML, like Gecko; compatible; GPTBot/1.3; +https://openai.com/gptbot)" 31 **0/31707**
216.73.216.138 - - [14/Apr/2026:08:43:32 -0700] "GET /m/indoo40037539.htm HTTP/1.1" 403 1 "-" "Mozilla/5.0 AppleWebKit/537.36 (KHTML, like Gecko; compatible; ClaudeBot/1.0; +claudebot@anthropic.com)" 50 **0/50145**
74.7.242.48 - - [14/Apr/2026:08:43:35 -0700] "GET /m/europ41016131.htm HTTP/1.1" 200 1 "http://biotekpanama.com/sitemap-12.xml" "Mozilla/5.0 AppleWebKit/537.36 (KHTML, like Gecko; compatible; GPTBot/1.3; +https://openai.com/gptbot)" 26 **0/26216**
216.73.216.138 - - [14/Apr/2026:08:43:36 -0700] "GET /m/namel71650398.htm HTTP/1.1" 403 1 "-" "Mozilla/5.0 AppleWebKit/537.36 (KHTML, like Gecko; compatible; ClaudeBot/1.0; +claudebot@anthropic.com)" 33 **0/33741**
74.7.242.48 - - [14/Apr/2026:08:43:38 -0700] "GET /m/there50436652.htm HTTP/1.1" 200 1 "http://biotekpanama.com/sitemap-15.xml" "Mozilla/5.0 AppleWebKit/537.36 (KHTML, like Gecko; compatible; GPTBot/1.3; +https://openai.com/gptbot)" 36 **0/36206**
216.73.216.138 - - [14/Apr/2026:08:43:40 -0700] "GET /m/noise31740410.htm HTTP/1.1" 403 1 "-" "Mozilla/5.0 AppleWebKit/537.36 (KHTML, like Gecko; compatible; ClaudeBot/1.0; +claudebot@anthropic.com)" 55 **0/55383**
74.7.242.48 - - [14/Apr/2026:08:43:41 -0700] "GET /m/paral41759443.htm HTTP/1.1" 200 1 "http://biotekpanama.com/sitemap-15.xml" "Mozilla/5.0 AppleWebKit/537.36 (KHTML, like Gecko; compatible; GPTBot/1.3; +https://openai.com/gptbot)" 29 **0/29512**
74.7.242.48 - - [14/Apr/2026:08:43:44 -0700] "GET /m/outco82886359.htm HTTP/1.1" 200 1 "http://biotekpanama.com/sitemapo.xml" "Mozilla/5.0 AppleWebKit/537.36 (KHTML, like Gecko; compatible; GPTBot/1.3; +https://openai.com/gptbot)" 29 **0/29524**
216.73.216.138 - - [14/Apr/2026:08:43:44 -0700] "GET /m/stimu21526409.htm HTTP/1.1" 403 1 "-" "Mozilla/5.0 AppleWebKit/537.36 (KHTML, like Gecko; compatible; ClaudeBot/1.0; +claudebot@anthropic.com)" 30 **0/30576**
74.7.242.48 - - [14/Apr/2026:08:43:47 -0700] "GET /m/joint11722416.htm HTTP/1.1" 200 1 "http://biotekpanama.com/sitemap-16.xml" "Mozilla/5.0 AppleWebKit/537.36 (KHTML, like Gecko; compatible; GPTBot/1.3; +https://openai.com/gptbot)" 101 **0/101751**
216.73.216.138 - - [14/Apr/2026:08:43:48 -0700] "GET /m/hurry81993231.htm HTTP/1.1" 200 1 "-" "Mozilla/5.0 AppleWebKit/537.36 (KHTML, like Gecko; compatible; ClaudeBot/1.0; +claudebot@anthropic.com)" 34 **0/34945**
74.7.242.48 - - [14/Apr/2026:08:43:50 -0700] "GET /m/outle12230920.htm HTTP/1.1" 200 1 "http://biotekpanama.com/sitemap-12.xml" "Mozilla/5.0 AppleWebKit/537.36 (KHTML, like Gecko; compatible; GPTBot/1.3; +https://openai.com/gptbot)" 23 **0/23676**
216.73.216.138 - - [14/Apr/2026:08:43:52 -0700] "GET /m/cherr32419594.htm HTTP/1.1" 200 1 "-" "Mozilla/5.0 AppleWebKit/537.36 (KHTML, like Gecko; compatible; ClaudeBot/1.0; +claudebot@anthropic.com)" 24 **0/24175**
74.7.242.48 - - [14/Apr/2026:08:43:53 -0700] "GET /m/darli61251605.htm HTTP/1.1" 200 1 "http://biotekpanama.com/sitemap-17.xml" "Mozilla/5.0 AppleWebKit/537.36 (KHTML, like Gecko; compatible; GPTBot/1.3; +https://openai.com/gptbot)" 35 **0/35082**
216.73.216.138 - - [14/Apr/2026:08:43:56 -0700] "GET /m/misun42157939.htm HTTP/1.1" 200 1 "-" "Mozilla/5.0 AppleWebKit/537.36 (KHTML, like Gecko; compatible; ClaudeBot/1.0; +claudebot@anthropic.com)" 34 **0/34244**
74.7.242.48 - - [14/Apr/2026:08:43:56 -0700] "GET /m/antiq20526433.htm HTTP/1.1" 200 1 "http://biotekpanama.com/sitemap-14.xml" "Mozilla/5.0 AppleWebKit/537.36 (KHTML, like Gecko; compatible; GPTBot/1.3; +https://openai.com/gptbot)" 34 **0/34886**
74.7.242.48 - - [14/Apr/2026:08:44:00 -0700] "GET /m/indiv51229836.htm HTTP/1.1" 200 1 "http://biotekpanama.com/sitemap-12.xml" "Mozilla/5.0 AppleWebKit/537.36 (KHTML, like Gecko; compatible; GPTBot/1.3; +https://openai.com/gptbot)" 23 **0/23539**
216.73.216.138 - - [14/Apr/2026:08:44:00 -0700] "GET /m/editi52638588.htm HTTP/1.1" 200 1 "-" "Mozilla/5.0 AppleWebKit/537.36 (KHTML, like Gecko; compatible; ClaudeBot/1.0; +claudebot@anthropic.com)" 28 **0/28088**
74.7.242.48 - - [14/Apr/2026:08:44:03 -0700] "GET /m/ornam32910506.htm HTTP/1.1" 200 1 "http://biotekpanama.com/sitemape.xml" "Mozilla/5.0 AppleWebKit/537.36 (KHTML, like Gecko; compatible; GPTBot/1.3; +https://openai.com/gptbot)" 43 **0/43894**
216.73.216.138 - - [14/Apr/2026:08:44:04 -0700] "GET /m/wrist11575016.htm HTTP/1.1" 200 1 "-" "Mozilla/5.0 AppleWebKit/537.36 (KHTML, like Gecko; compatible; ClaudeBot/1.0; +claudebot@anthropic.com)" 87 **0/87873**
74.7.242.48 - - [14/Apr/2026:08:44:06 -0700] "GET /m/watch61512357.htm HTTP/1.1" 200 1 "http://biotekpanama.com/sitemapo.xml" "Mozilla/5.0 AppleWebKit/537.36 (KHTML, like Gecko; compatible; GPTBot/1.3; +https://openai.com/gptbot)" 35 **0/35247**
216.73.216.138 - - [14/Apr/2026:08:44:08 -0700] "GET /m/madam10224688.htm HTTP/1.1" 200 1 "-" "Mozilla/5.0 AppleWebKit/537.36 (KHTML, like Gecko; compatible; ClaudeBot/1.0; +claudebot@anthropic.com)" 29 **0/29429**
74.7.242.48 - - [14/Apr/2026:08:44:09 -0700] "GET /m/stock40442075.htm HTTP/1.1" 200 1 "http://biotekpanama.com/sitemap-16.xml" "Mozilla/5.0 AppleWebKit/537.36 (KHTML, like Gecko; compatible; GPTBot/1.3; +https://openai.com/gptbot)" 28 **0/28165**
216.73.216.138 - - [14/Apr/2026:08:44:12 -0700] "GET /m/sense70525078.htm HTTP/1.1" 200 1 "-" "Mozilla/5.0 AppleWebKit/537.36 (KHTML, like Gecko; compatible; ClaudeBot/1.0; +claudebot@anthropic.com)" 38 **0/38158**
74.7.242.48 - - [14/Apr/2026:08:44:12 -0700] "GET /m/harmo81534367.htm HTTP/1.1" 200 1 "http://biotekpanama.com/sitemap-10.xml" "Mozilla/5.0 AppleWebKit/537.36 (KHTML, like Gecko; compatible; GPTBot/1.3; +https://openai.com/gptbot)" 38 **0/38206**
74.7.242.48 - - [14/Apr/2026:08:44:15 -0700] "GET /m/failu51599548.htm HTTP/1.1" 200 1 "http://biotekpanama.com/sitemap-11.xml" "Mozilla/5.0 AppleWebKit/537.36 (KHTML, like Gecko; compatible; GPTBot/1.3; +https://openai.com/gptbot)" 37 **0/37264**
216.73.216.138 - - [14/Apr/2026:08:44:16 -0700] "GET /m/audie10039200.htm HTTP/1.1" 200 1 "-" "Mozilla/5.0 AppleWebKit/537.36 (KHTML, like Gecko; compatible; ClaudeBot/1.0; +claudebot@anthropic.com)" 27 **0/27199**
74.7.242.48 - - [14/Apr/2026:08:44:18 -0700] "GET /m/onese60248845.htm HTTP/1.1" 200 1 "http://biotekpanama.com/sitemap-16.xml" "Mozilla/5.0 AppleWebKit/537.36 (KHTML, like Gecko; compatible; GPTBot/1.3; +https://openai.com/gptbot)" 76 **0/76395**
74.7.242.48 - - [14/Apr/2026:08:44:21 -0700] "GET /m/libra11885200.htm HTTP/1.1" 200 1 "http://biotekpanama.com/sitemap-16.xml" "Mozilla/5.0 AppleWebKit/537.36 (KHTML, like Gecko; compatible; GPTBot/1.3; +https://openai.com/gptbot)" 53 **0/53472**
216.73.216.138 - - [14/Apr/2026:08:44:22 -0700] "GET /m/alyss80035991.htm HTTP/1.1" 200 1 "-" "Mozilla/5.0 AppleWebKit/537.36 (KHTML, like Gecko; compatible; ClaudeBot/1.0; +claudebot@anthropic.com)" 68 **0/68278**
74.7.242.48 - - [14/Apr/2026:08:44:25 -0700] "GET /m/backg61733237.htm HTTP/1.1" 200 1 "http://biotekpanama.com/sitemap-10.xml" "Mozilla/5.0 AppleWebKit/537.36 (KHTML, like Gecko; compatible; GPTBot/1.3; +https://openai.com/gptbot)" 32 **0/32474**
216.73.216.138 - - [14/Apr/2026:08:44:26 -0700] "GET /m/relie22393881.htm HTTP/1.1" 200 1 "-" "Mozilla/5.0 AppleWebKit/537.36 (KHTML, like Gecko; compatible; ClaudeBot/1.0; +claudebot@anthropic.com)" 40 **0/40828**
74.7.242.48 - - [14/Apr/2026:08:44:28 -0700] "GET /m/conta31945922.htm HTTP/1.1" 200 1 "http://biotekpanama.com/sitemap-10.xml" "Mozilla/5.0 AppleWebKit/537.36 (KHTML, like Gecko; compatible; GPTBot/1.3; +https://openai.com/gptbot)" 32 **0/32828**
216.73.216.138 - - [14/Apr/2026:08:44:30 -0700] "GET /m/fit80168631.htm HTTP/1.1" 200 1 "-" "Mozilla/5.0 AppleWebKit/537.36 (KHTML, like Gecko; compatible; ClaudeBot/1.0; +claudebot@anthropic.com)" 235 **0/235215**
74.7.242.48 - - [14/Apr/2026:08:44:31 -0700] "GET /m/pound42216979.htm HTTP/1.1" 200 1 "http://biotekpanama.com/sitemap-17.xml" "Mozilla/5.0 AppleWebKit/537.36 (KHTML, like Gecko; compatible; GPTBot/1.3; +https://openai.com/gptbot)" 89 **0/89512**
216.73.216.138 - - [14/Apr/2026:08:44:34 -0700] "GET /m/past11308456.htm HTTP/1.1" 200 1 "-" "Mozilla/5.0 AppleWebKit/537.36 (KHTML, like Gecko; compatible; ClaudeBot/1.0; +claudebot@anthropic.com)" 28 **0/28301**
74.7.242.48 - - [14/Apr/2026:08:44:34 -0700] "GET /m/clums52637868.htm HTTP/1.1" 200 1 "http://biotekpanama.com/sitemap-12.xml" "Mozilla/5.0 AppleWebKit/537.36 (KHTML, like Gecko; compatible; GPTBot/1.3; +https://openai.com/gptbot)" 76 **0/76139**
74.7.242.48 - - [14/Apr/2026:08:44:37 -0700] "GET /m/mourn51719540.htm HTTP/1.1" 200 1 "http://biotekpanama.com/sitemapk.xml" "Mozilla/5.0 AppleWebKit/537.36 (KHTML, like Gecko; compatible; GPTBot/1.3; +https://openai.com/gptbot)" 40 **0/40446**
216.73.216.138 - - [14/Apr/2026:08:44:38 -0700] "GET /m/fathe12200592.htm HTTP/1.1" 200 1 "-" "Mozilla/5.0 AppleWebKit/537.36 (KHTML, like Gecko; compatible; ClaudeBot/1.0; +claudebot@anthropic.com)" 38 **0/38181**
74.7.242.48 - - [14/Apr/2026:08:44:40 -0700] "GET /m/flexi22850057.htm HTTP/1.1" 200 1 "http://biotekpanama.com/sitemape.xml" "Mozilla/5.0 AppleWebKit/537.36 (KHTML, like Gecko; compatible; GPTBot/1.3; +https://openai.com/gptbot)" 27 **0/27080**
216.73.216.138 - - [14/Apr/2026:08:44:42 -0700] "GET /m/strug10146328.htm HTTP/1.1" 200 1 "-" "Mozilla/5.0 AppleWebKit/537.36 (KHTML, like Gecko; compatible; ClaudeBot/1.0; +claudebot@anthropic.com)" 59 **0/59907**
74.7.242.48 - - [14/Apr/2026:08:44:44 -0700] "GET /m/heter31915690.htm HTTP/1.1" 200 1 "http://biotekpanama.com/sitemap-12.xml" "Mozilla/5.0 AppleWebKit/537.36 (KHTML, like Gecko; compatible; GPTBot/1.3; +https://openai.com/gptbot)" 46 **0/46647**
216.73.216.138 - - [14/Apr/2026:08:44:46 -0700] "GET /m/quiz42995675.htm HTTP/1.1" 200 1 "-" "Mozilla/5.0 AppleWebKit/537.36 (KHTML, like Gecko; compatible; ClaudeBot/1.0; +claudebot@anthropic.com)" 22 **0/22637**
74.7.242.48 - - [14/Apr/2026:08:44:47 -0700] "GET /m/sente32097242.htm HTTP/1.1" 200 1 "http://biotekpanama.com/sitemap-17.xml" "Mozilla/5.0 AppleWebKit/537.36 (KHTML, like Gecko; compatible; GPTBot/1.3; +https://openai.com/gptbot)" 26 **0/26390**
216.73.216.138 - - [14/Apr/2026:08:44:50 -0700] "GET /m/poet12507616.htm HTTP/1.1" 200 1 "-" "Mozilla/5.0 AppleWebKit/537.36 (KHTML, like Gecko; compatible; ClaudeBot/1.0; +claudebot@anthropic.com)" 24 **0/24573**
74.7.242.48 - - [14/Apr/2026:08:44:50 -0700] "GET /m/drago22570457.htm HTTP/1.1" 200 1 "http://biotekpanama.com/sitemapg.xml" "Mozilla/5.0 AppleWebKit/537.36 (KHTML, like Gecko; compatible; GPTBot/1.3; +https://openai.com/gptbot)" 46 **0/46801**
74.7.242.48 - - [14/Apr/2026:08:44:53 -0700] "GET /m/misun40801939.htm HTTP/1.1" 200 1 "http://biotekpanama.com/sitemap-17.xml" "Mozilla/5.0 AppleWebKit/537.36 (KHTML, like Gecko; compatible; GPTBot/1.3; +https://openai.com/gptbot)" 24 **0/24495**
216.73.216.138 - - [14/Apr/2026:08:44:54 -0700] "GET /m/singu70901750.htm HTTP/1.1" 200 1 "-" "Mozilla/5.0 AppleWebKit/537.36 (KHTML, like Gecko; compatible; ClaudeBot/1.0; +claudebot@anthropic.com)" 32 **0/32495**
74.7.242.48 - - [14/Apr/2026:08:44:56 -0700] "GET /m/teles30831234.htm HTTP/1.1" 200 1 "http://biotekpanama.com/sitemap-17.xml" "Mozilla/5.0 AppleWebKit/537.36 (KHTML, like Gecko; compatible; GPTBot/1.3; +https://openai.com/gptbot)" 28 **0/28394**
216.73.216.138 - - [14/Apr/2026:08:44:58 -0700] "GET /m/anybo52565324.htm HTTP/1.1" 200 1 "-" "Mozilla/5.0 AppleWebKit/537.36 (KHTML, like Gecko; compatible; ClaudeBot/1.0; +claudebot@anthropic.com)" 43 **0/43125**
74.7.242.48 - - [14/Apr/2026:08:44:59 -0700] "GET /m/arith80015183.htm HTTP/1.1" 200 1 "http://biotekpanama.com/sitemap-10.xml" "Mozilla/5.0 AppleWebKit/537.36 (KHTML, like Gecko; compatible; GPTBot/1.3; +https://openai.com/gptbot)" 28 **0/28453**
216.73.216.138 - - [14/Apr/2026:08:45:02 -0700] "GET /m/motio42863075.htm HTTP/1.1" 200 1 "-" "Mozilla/5.0 AppleWebKit/537.36 (KHTML, like Gecko; compatible; ClaudeBot/1.0; +claudebot@anthropic.com)" 57 **0/57296**
