File: /home/mediabou/access-logs/innomed.dcpty.com
114.119.139.183 - - [14/Apr/2026:05:12:35 -0700] "GET /products/224665825 HTTP/1.1" 301 - "http://www.innomed.com.pa/sitemap.xml" "Mozilla/5.0 (Linux; Android 7.0;) AppleWebKit/537.36 (KHTML, like Gecko) Mobile Safari/537.36 (compatible; PetalBot;+https://webmaster.petalsearch.com/site/petalbot)" 1292 **1/1292475**
114.119.132.61 - - [14/Apr/2026:05:13:39 -0700] "GET /products/1523991 HTTP/1.1" 301 - "http://www.innomed.com.pa/sitemap.xml" "Mozilla/5.0 (Linux; Android 7.0;) AppleWebKit/537.36 (KHTML, like Gecko) Mobile Safari/537.36 (compatible; PetalBot;+https://webmaster.petalsearch.com/site/petalbot)" 184 **0/184921**
43.155.129.131 - - [14/Apr/2026:05:17:46 -0700] "GET / HTTP/1.1" 200 5807 "-" "Mozilla/5.0 (iPhone; CPU iPhone OS 13_2_3 like Mac OS X) AppleWebKit/605.1.15 (KHTML, like Gecko) Version/13.0.3 Mobile/15E148 Safari/604.1" 151 **0/151242**
114.119.143.225 - - [14/Apr/2026:05:21:40 -0700] "GET /robots.txt HTTP/1.1" 200 68 "-" "Mozilla/5.0 (compatible;PetalBot;+https://webmaster.petalsearch.com/site/petalbot)" 9 **0/9035**
208.109.41.231 - - [14/Apr/2026:05:25:34 -0700] "POST /wp-cron.php?doing_wp_cron=1776169534.8117370605468750000000 HTTP/1.1" 200 - "-" "WordPress/6.7.5; http://innomed.com.pa" 19 **0/19353**
186.72.254.233 - - [14/Apr/2026:05:25:34 -0700] "GET / HTTP/1.1" 200 5807 "https://www.google.com/" "Mozilla/5.0 (Macintosh; Intel Mac OS X 10_15_7) AppleWebKit/537.36 (KHTML, like Gecko) Chrome/128.0.0.0 Safari/537.36" 175 **0/175097**
186.72.254.233 - - [14/Apr/2026:05:25:35 -0700] "GET /wp-includes/css/dist/block-library/style.min.css?ver=6.7.5 HTTP/1.1" 200 15177 "http://innomed.com.pa/" "Mozilla/5.0 (Macintosh; Intel Mac OS X 10_15_7) AppleWebKit/537.36 (KHTML, like Gecko) Chrome/128.0.0.0 Safari/537.36" 12 **0/12405**
186.72.254.233 - - [14/Apr/2026:05:25:35 -0700] "GET /wp-content/themes/hello-elementor/assets/css/reset.css?ver=3.4.6 HTTP/1.1" 200 1792 "http://innomed.com.pa/" "Mozilla/5.0 (Macintosh; Intel Mac OS X 10_15_7) AppleWebKit/537.36 (KHTML, like Gecko) Chrome/128.0.0.0 Safari/537.36" 12 **0/12148**
186.72.254.233 - - [14/Apr/2026:05:25:35 -0700] "GET /wp-content/uploads/elementor/thumbs/ceiling-clean-clinic-247786-npzd9fr4ipxx52s7flyj2oiv6kufixkznsf057l6s4.jpg HTTP/1.1" 200 105823 "http://innomed.com.pa/" "Mozilla/5.0 (Macintosh; Intel Mac OS X 10_15_7) AppleWebKit/537.36 (KHTML, like Gecko) Chrome/128.0.0.0 Safari/537.36" 11 **0/11246**
186.72.254.233 - - [14/Apr/2026:05:25:35 -0700] "GET /wp-content/uploads/2018/05/Captura-de-pantalla-2018-05-11-a-las-11.30.38-a.m..png HTTP/1.1" 200 80559 "http://innomed.com.pa/" "Mozilla/5.0 (Macintosh; Intel Mac OS X 10_15_7) AppleWebKit/537.36 (KHTML, like Gecko) Chrome/128.0.0.0 Safari/537.36" 11 **0/11216**
190.140.222.16 - - [14/Apr/2026:05:25:35 -0700] "GET /wp-content/uploads/2018/05/Captura-de-pantalla-2018-05-11-a-las-11.30.30-a.m..png HTTP/1.1" 200 130815 "http://innomed.com.pa/" "Mozilla/5.0 (Macintosh; Intel Mac OS X 10_15_7) AppleWebKit/537.36 (KHTML, like Gecko) Chrome/128.0.0.0 Safari/537.36" 13 **0/13037**
190.140.222.16 - - [14/Apr/2026:05:25:35 -0700] "GET /wp-content/themes/hello-elementor/assets/css/theme.css?ver=3.4.6 HTTP/1.1" 200 1271 "http://innomed.com.pa/" "Mozilla/5.0 (Macintosh; Intel Mac OS X 10_15_7) AppleWebKit/537.36 (KHTML, like Gecko) Chrome/128.0.0.0 Safari/537.36" 11 **0/11124**
190.140.222.16 - - [14/Apr/2026:05:25:35 -0700] "GET /wp-content/themes/hello-elementor/assets/css/header-footer.css?ver=3.4.6 HTTP/1.1" 200 1423 "http://innomed.com.pa/" "Mozilla/5.0 (Macintosh; Intel Mac OS X 10_15_7) AppleWebKit/537.36 (KHTML, like Gecko) Chrome/128.0.0.0 Safari/537.36" 16 **0/16397**
186.72.254.233 - - [14/Apr/2026:05:25:35 -0700] "GET /wp-includes/js/wp-emoji-release.min.js?ver=6.7.5 HTTP/1.1" 200 5062 "http://innomed.com.pa/" "Mozilla/5.0 (Macintosh; Intel Mac OS X 10_15_7) AppleWebKit/537.36 (KHTML, like Gecko) Chrome/128.0.0.0 Safari/537.36" 9 **0/9604**
186.72.254.233 - - [14/Apr/2026:05:25:35 -0700] "GET /wp-content/uploads/2022/05/cropped-Screen-Shot-2022-05-09-at-11.00.55-AM-32x32.png HTTP/1.1" 200 1166 "http://innomed.com.pa/" "Mozilla/5.0 (Macintosh; Intel Mac OS X 10_15_7) AppleWebKit/537.36 (KHTML, like Gecko) Chrome/128.0.0.0 Safari/537.36" 12 **0/12235**
190.140.222.16 - - [14/Apr/2026:05:26:28 -0700] "GET /productos/ HTTP/1.1" 200 5447 "http://innomed.com.pa/" "Mozilla/5.0 (Macintosh; Intel Mac OS X 10_15_7) AppleWebKit/537.36 (KHTML, like Gecko) Chrome/128.0.0.0 Safari/537.36" 170 **0/170531**
190.140.222.16 - - [14/Apr/2026:05:26:28 -0700] "GET /wp-content/uploads/2018/05/Captura-de-pantalla-2018-05-10-a-las-3.53.49-p.m..png HTTP/1.1" 200 93187 "http://innomed.com.pa/productos/" "Mozilla/5.0 (Macintosh; Intel Mac OS X 10_15_7) AppleWebKit/537.36 (KHTML, like Gecko) Chrome/128.0.0.0 Safari/537.36" 9 **0/9076**
186.72.254.233 - - [14/Apr/2026:05:26:28 -0700] "GET /wp-content/uploads/2018/05/Captura-de-pantalla-2018-05-10-a-las-3.54.48-p.m..png HTTP/1.1" 200 67581 "http://innomed.com.pa/productos/" "Mozilla/5.0 (Macintosh; Intel Mac OS X 10_15_7) AppleWebKit/537.36 (KHTML, like Gecko) Chrome/128.0.0.0 Safari/537.36" 15 **0/15280**
186.72.254.233 - - [14/Apr/2026:05:26:28 -0700] "GET /wp-content/uploads/2018/05/Captura-de-pantalla-2018-05-10-a-las-3.53.59-p.m..png HTTP/1.1" 200 82330 "http://innomed.com.pa/productos/" "Mozilla/5.0 (Macintosh; Intel Mac OS X 10_15_7) AppleWebKit/537.36 (KHTML, like Gecko) Chrome/128.0.0.0 Safari/537.36" 10 **0/10028**
190.140.222.16 - - [14/Apr/2026:05:26:28 -0700] "GET /wp-content/uploads/2018/05/Captura-de-pantalla-2018-05-10-a-las-3.54.39-p.m..png HTTP/1.1" 200 73309 "http://innomed.com.pa/productos/" "Mozilla/5.0 (Macintosh; Intel Mac OS X 10_15_7) AppleWebKit/537.36 (KHTML, like Gecko) Chrome/128.0.0.0 Safari/537.36" 12 **0/12000**
190.140.222.16 - - [14/Apr/2026:05:26:28 -0700] "GET /wp-content/uploads/2018/05/Captura-de-pantalla-2018-05-10-a-las-3.54.29-p.m..png HTTP/1.1" 200 83938 "http://innomed.com.pa/productos/" "Mozilla/5.0 (Macintosh; Intel Mac OS X 10_15_7) AppleWebKit/537.36 (KHTML, like Gecko) Chrome/128.0.0.0 Safari/537.36" 10 **0/10171**
190.140.222.16 - - [14/Apr/2026:05:26:28 -0700] "GET /wp-content/uploads/2018/05/Captura-de-pantalla-2018-05-10-a-las-3.54.11-p.m..png HTTP/1.1" 200 85750 "http://innomed.com.pa/productos/" "Mozilla/5.0 (Macintosh; Intel Mac OS X 10_15_7) AppleWebKit/537.36 (KHTML, like Gecko) Chrome/128.0.0.0 Safari/537.36" 18 **0/18172**
190.140.222.16 - - [14/Apr/2026:05:26:28 -0700] "GET /wp-content/uploads/2018/05/Captura-de-pantalla-2018-05-10-a-las-3.58.34-p.m..png HTTP/1.1" 200 93750 "http://innomed.com.pa/productos/" "Mozilla/5.0 (Macintosh; Intel Mac OS X 10_15_7) AppleWebKit/537.36 (KHTML, like Gecko) Chrome/128.0.0.0 Safari/537.36" 11 **0/11398**
186.72.254.233 - - [14/Apr/2026:05:26:28 -0700] "GET /wp-content/uploads/2018/05/Captura-de-pantalla-2018-05-10-a-las-3.58.59-p.m..png HTTP/1.1" 200 68205 "http://innomed.com.pa/productos/" "Mozilla/5.0 (Macintosh; Intel Mac OS X 10_15_7) AppleWebKit/537.36 (KHTML, like Gecko) Chrome/128.0.0.0 Safari/537.36" 9 **0/9467**
186.72.254.233 - - [14/Apr/2026:05:26:28 -0700] "GET /wp-content/uploads/2018/05/Captura-de-pantalla-2018-05-10-a-las-3.58.24-p.m..png HTTP/1.1" 200 95065 "http://innomed.com.pa/productos/" "Mozilla/5.0 (Macintosh; Intel Mac OS X 10_15_7) AppleWebKit/537.36 (KHTML, like Gecko) Chrome/128.0.0.0 Safari/537.36" 9 **0/9108**
190.140.222.16 - - [14/Apr/2026:05:26:28 -0700] "GET /wp-content/uploads/2018/05/Captura-de-pantalla-2018-05-10-a-las-3.58.43-p.m..png HTTP/1.1" 200 80617 "http://innomed.com.pa/productos/" "Mozilla/5.0 (Macintosh; Intel Mac OS X 10_15_7) AppleWebKit/537.36 (KHTML, like Gecko) Chrome/128.0.0.0 Safari/537.36" 11 **0/11300**
190.140.222.16 - - [14/Apr/2026:05:26:28 -0700] "GET /wp-content/uploads/2018/05/Captura-de-pantalla-2018-05-10-a-las-4.04.01-p.m..png HTTP/1.1" 200 154484 "http://innomed.com.pa/productos/" "Mozilla/5.0 (Macintosh; Intel Mac OS X 10_15_7) AppleWebKit/537.36 (KHTML, like Gecko) Chrome/128.0.0.0 Safari/537.36" 14 **0/14185**
190.140.222.16 - - [14/Apr/2026:05:26:28 -0700] "GET /wp-content/uploads/2018/05/Captura-de-pantalla-2018-05-10-a-las-3.59.15-p.m..png HTTP/1.1" 200 73641 "http://innomed.com.pa/productos/" "Mozilla/5.0 (Macintosh; Intel Mac OS X 10_15_7) AppleWebKit/537.36 (KHTML, like Gecko) Chrome/128.0.0.0 Safari/537.36" 10 **0/10960**
190.140.222.16 - - [14/Apr/2026:05:26:28 -0700] "GET /wp-content/uploads/2018/05/Captura-de-pantalla-2018-05-10-a-las-3.59.08-p.m..png HTTP/1.1" 200 89880 "http://innomed.com.pa/productos/" "Mozilla/5.0 (Macintosh; Intel Mac OS X 10_15_7) AppleWebKit/537.36 (KHTML, like Gecko) Chrome/128.0.0.0 Safari/537.36" 11 **0/11474**
190.140.222.16 - - [14/Apr/2026:05:26:30 -0700] "GET /contacto/ HTTP/1.1" 200 5267 "http://innomed.com.pa/productos/" "Mozilla/5.0 (Macintosh; Intel Mac OS X 10_15_7) AppleWebKit/537.36 (KHTML, like Gecko) Chrome/128.0.0.0 Safari/537.36" 223 **0/223532**
186.72.254.233 - - [14/Apr/2026:05:27:11 -0700] "GET /rse/guabas-arriba/ HTTP/1.1" 200 5222 "http://innomed.com.pa/" "Mozilla/5.0 (Macintosh; Intel Mac OS X 10_15_7) AppleWebKit/537.36 (KHTML, like Gecko) Chrome/128.0.0.0 Safari/537.36" 296 **0/296055**
186.72.254.233 - - [14/Apr/2026:05:27:12 -0700] "GET /wp-content/uploads/2018/06/RSE-InnoMed-Curvas.png HTTP/1.1" 200 12541 "http://innomed.com.pa/rse/guabas-arriba/" "Mozilla/5.0 (Macintosh; Intel Mac OS X 10_15_7) AppleWebKit/537.36 (KHTML, like Gecko) Chrome/128.0.0.0 Safari/537.36" 8 **0/8755**
186.72.254.233 - - [14/Apr/2026:05:27:12 -0700] "GET /wp-content/uploads/2018/06/Captura-de-pantalla-2018-06-07-a-las-4.05.16-p.m..png HTTP/1.1" 200 447071 "http://innomed.com.pa/rse/guabas-arriba/" "Mozilla/5.0 (Macintosh; Intel Mac OS X 10_15_7) AppleWebKit/537.36 (KHTML, like Gecko) Chrome/128.0.0.0 Safari/537.36" 114 **0/114429**
190.140.222.16 - - [14/Apr/2026:05:27:12 -0700] "GET /wp-content/uploads/2018/05/Captura-de-pantalla-2018-05-10-a-las-4.14.02-p.m..png HTTP/1.1" 200 657834 "http://innomed.com.pa/rse/guabas-arriba/" "Mozilla/5.0 (Macintosh; Intel Mac OS X 10_15_7) AppleWebKit/537.36 (KHTML, like Gecko) Chrome/128.0.0.0 Safari/537.36" 331 **0/331118**
186.72.254.233 - - [14/Apr/2026:05:27:33 -0700] "GET /rse/el-cauchal/ HTTP/1.1" 200 5310 "http://innomed.com.pa/" "Mozilla/5.0 (Macintosh; Intel Mac OS X 10_15_7) AppleWebKit/537.36 (KHTML, like Gecko) Chrome/128.0.0.0 Safari/537.36" 217 **0/217415**
186.72.254.233 - - [14/Apr/2026:05:27:33 -0700] "GET /wp-content/uploads/2018/06/Captura-de-pantalla-2018-06-07-a-las-4.01.40-p.m..png HTTP/1.1" 200 21556 "http://innomed.com.pa/rse/el-cauchal/" "Mozilla/5.0 (Macintosh; Intel Mac OS X 10_15_7) AppleWebKit/537.36 (KHTML, like Gecko) Chrome/128.0.0.0 Safari/537.36" 13 **0/13018**
190.140.222.16 - - [14/Apr/2026:05:27:33 -0700] "GET /wp-content/uploads/2018/05/Captura-de-pantalla-2018-05-16-a-las-11.01.24-a.m..png HTTP/1.1" 200 1078747 "http://innomed.com.pa/rse/el-cauchal/" "Mozilla/5.0 (Macintosh; Intel Mac OS X 10_15_7) AppleWebKit/537.36 (KHTML, like Gecko) Chrome/128.0.0.0 Safari/537.36" 350 **0/350579**
190.140.222.16 - - [14/Apr/2026:05:27:33 -0700] "GET /wp-content/uploads/2018/05/Captura-de-pantalla-2018-05-16-a-las-11.01.02-a.m..png HTTP/1.1" 200 880020 "http://innomed.com.pa/rse/el-cauchal/" "Mozilla/5.0 (Macintosh; Intel Mac OS X 10_15_7) AppleWebKit/537.36 (KHTML, like Gecko) Chrome/128.0.0.0 Safari/537.36" 1377 **1/1377252**
114.119.147.205 - - [14/Apr/2026:05:35:40 -0700] "GET /products/88468848 HTTP/1.1" 301 - "http://www.innomed.com.pa/sitemap.xml" "Mozilla/5.0 (Linux; Android 7.0;) AppleWebKit/537.36 (KHTML, like Gecko) Mobile Safari/537.36 (compatible; PetalBot;+https://webmaster.petalsearch.com/site/petalbot)" 1460 **1/1460537**
114.119.147.205 - - [14/Apr/2026:05:35:50 -0700] "GET /products/88468848 HTTP/1.1" 404 17281 "http://www.innomed.com.pa/sitemap.xml" "Mozilla/5.0 (Linux; Android 7.0;) AppleWebKit/537.36 (KHTML, like Gecko) Mobile Safari/537.36 (compatible; PetalBot;+https://webmaster.petalsearch.com/site/petalbot)" 175 **0/175491**
114.119.128.5 - - [14/Apr/2026:05:39:51 -0700] "GET /products/95114490 HTTP/1.1" 404 17281 "http://innomed.com.pa/sitemap.xml" "Mozilla/5.0 (Linux; Android 7.0;) AppleWebKit/537.36 (KHTML, like Gecko) Mobile Safari/537.36 (compatible; PetalBot;+https://webmaster.petalsearch.com/site/petalbot)" 163 **0/163947**
114.119.149.1 - - [14/Apr/2026:05:41:40 -0700] "GET /products/4923072 HTTP/1.1" 301 - "http://www.innomed.com.pa/sitemap.xml" "Mozilla/5.0 (Linux; Android 7.0;) AppleWebKit/537.36 (KHTML, like Gecko) Mobile Safari/537.36 (compatible; PetalBot;+https://webmaster.petalsearch.com/site/petalbot)" 130 **0/130377**
114.119.149.1 - - [14/Apr/2026:05:41:44 -0700] "GET /products/4923072 HTTP/1.1" 404 17281 "http://www.innomed.com.pa/sitemap.xml" "Mozilla/5.0 (Linux; Android 7.0;) AppleWebKit/537.36 (KHTML, like Gecko) Mobile Safari/537.36 (compatible; PetalBot;+https://webmaster.petalsearch.com/site/petalbot)" 127 **0/127700**
74.7.230.43 - - [14/Apr/2026:05:43:10 -0700] "GET /robots.txt HTTP/1.1" 200 67 "-" "Mozilla/5.0 (Macintosh; Intel Mac OS X 10_15_7) AppleWebKit/537.36 (KHTML, like Gecko) Chrome/131.0.0.0 Safari/537.36; compatible; OAI-SearchBot/1.3; robots.txt; +https://openai.com/searchbot" 7 **0/7251**
74.7.243.251 - - [14/Apr/2026:05:43:10 -0700] "GET /sitemap.xml HTTP/1.1" 301 1 "-" "Mozilla/5.0 AppleWebKit/537.36 (KHTML, like Gecko; compatible; GPTBot/1.3; +https://openai.com/gptbot)" 140 **0/140877**
74.7.243.251 - - [14/Apr/2026:05:43:10 -0700] "GET /wp-sitemap.xml HTTP/1.1" 200 184 "http://innomed.com.pa/sitemap.xml" "Mozilla/5.0 AppleWebKit/537.36 (KHTML, like Gecko; compatible; GPTBot/1.3; +https://openai.com/gptbot)" 147 **0/147129**
208.109.41.231 - - [14/Apr/2026:05:48:47 -0700] "POST /wp-cron.php?doing_wp_cron=1776170927.4130198955535888671875 HTTP/1.1" 200 - "-" "WordPress/6.7.5; http://innomed.com.pa" 24 **0/24223**
114.119.150.16 - - [14/Apr/2026:05:48:47 -0700] "GET /products/400543618 HTTP/1.1" 301 - "http://www.innomed.com.pa/sitemap.xml" "Mozilla/5.0 (Linux; Android 7.0;) AppleWebKit/537.36 (KHTML, like Gecko) Mobile Safari/537.36 (compatible; PetalBot;+https://webmaster.petalsearch.com/site/petalbot)" 206 **0/206713**
114.119.150.16 - - [14/Apr/2026:05:48:59 -0700] "GET /products/400543618 HTTP/1.1" 404 17281 "http://www.innomed.com.pa/sitemap.xml" "Mozilla/5.0 (Linux; Android 7.0;) AppleWebKit/537.36 (KHTML, like Gecko) Mobile Safari/537.36 (compatible; PetalBot;+https://webmaster.petalsearch.com/site/petalbot)" 365 **0/365234**
114.119.132.61 - - [14/Apr/2026:05:54:06 -0700] "GET /products/124078717 HTTP/1.1" 404 17281 "http://innomed.com.pa/sitemap.xml" "Mozilla/5.0 (Linux; Android 7.0;) AppleWebKit/537.36 (KHTML, like Gecko) Mobile Safari/537.36 (compatible; PetalBot;+https://webmaster.petalsearch.com/site/petalbot)" 657 **0/657196**
114.119.147.205 - - [14/Apr/2026:06:03:32 -0700] "GET /products/290683668 HTTP/1.1" 301 - "http://www.innomed.com.pa/sitemap.xml" "Mozilla/5.0 (Linux; Android 7.0;) AppleWebKit/537.36 (KHTML, like Gecko) Mobile Safari/537.36 (compatible; PetalBot;+https://webmaster.petalsearch.com/site/petalbot)" 1777 **1/1777500**
114.119.147.205 - - [14/Apr/2026:06:03:38 -0700] "GET /products/290683668 HTTP/1.1" 404 17281 "http://www.innomed.com.pa/sitemap.xml" "Mozilla/5.0 (Linux; Android 7.0;) AppleWebKit/537.36 (KHTML, like Gecko) Mobile Safari/537.36 (compatible; PetalBot;+https://webmaster.petalsearch.com/site/petalbot)" 430 **0/430118**
185.191.171.6 - - [14/Apr/2026:06:06:19 -0700] "GET /robots.txt HTTP/1.1" 200 68 "-" "Mozilla/5.0 (compatible; SemrushBot/7~bl; +http://www.semrush.com/bot.html)" 9 **0/9556**
85.208.96.201 - - [14/Apr/2026:06:06:20 -0700] "GET /capilla-nustra-sra-virgen-de-guadalupe/ HTTP/1.1" 200 5282 "-" "Mozilla/5.0 (compatible; SemrushBot/7~bl; +http://www.semrush.com/bot.html)" 455 **0/455832**
80.94.92.9 - - [14/Apr/2026:06:06:48 -0700] "GET / HTTP/1.1" 200 5807 "-" "Mozilla/5.0 (X11; Linux x86_64; rv:144.0) Gecko/20100101 Firefox/144.0" 13856 **13/13856540**
66.249.73.230 - - [14/Apr/2026:06:11:45 -0700] "GET /uncategorized/ruleta-rojo-o-negro-simulador/ HTTP/1.1" 200 6162 "-" "Mozilla/5.0 (Linux; Android 6.0.1; Nexus 5X Build/MMB29P) AppleWebKit/537.36 (KHTML, like Gecko) Chrome/146.0.7680.177 Mobile Safari/537.36 (compatible; Googlebot/2.1; +http://www.google.com/bot.html)" 425 **0/425583**
66.249.73.229 - - [14/Apr/2026:06:22:46 -0700] "GET /?p=9462 HTTP/1.1" 301 1 "-" "Mozilla/5.0 (Linux; Android 6.0.1; Nexus 5X Build/MMB29P) AppleWebKit/537.36 (KHTML, like Gecko) Chrome/146.0.7680.177 Mobile Safari/537.36 (compatible; Googlebot/2.1; +http://www.google.com/bot.html)" 1382 **1/1382730**
208.109.41.231 - - [14/Apr/2026:06:27:59 -0700] "POST /wp-cron.php?doing_wp_cron=1776173279.5699179172515869140625 HTTP/1.1" 200 - "-" "WordPress/6.7.5; http://innomed.com.pa" 63 **0/63812**
40.77.167.41 - - [14/Apr/2026:06:27:57 -0700] "GET /rse/guabas-arriba/ HTTP/1.1" 200 4863 "-" "Mozilla/5.0 AppleWebKit/537.36 (KHTML, like Gecko; compatible; bingbot/2.0; +http://www.bing.com/bingbot.htm) Chrome/116.0.1938.76 Safari/537.36" 2163 **2/2163206**
66.249.73.229 - - [14/Apr/2026:06:28:02 -0700] "GET /?p=13536 HTTP/1.1" 301 1 "-" "Mozilla/5.0 (Linux; Android 6.0.1; Nexus 5X Build/MMB29P) AppleWebKit/537.36 (KHTML, like Gecko) Chrome/146.0.7680.177 Mobile Safari/537.36 (compatible; Googlebot/2.1; +http://www.google.com/bot.html)" 281 **0/281590**
157.55.39.202 - - [14/Apr/2026:06:28:08 -0700] "GET /wp-includes/js/wp-emoji-release.min.js?ver=6.7.5 HTTP/1.1" 200 4667 "-" "Mozilla/5.0 AppleWebKit/537.36 (KHTML, like Gecko; compatible; bingbot/2.0; +http://www.bing.com/bingbot.htm) Chrome/116.0.1938.76 Safari/537.36" 14 **0/14642**
14.174.195.176 - - [14/Apr/2026:06:36:11 -0700] "GET http://www.innomed.com.pa/ HTTP/1.1" 301 - "-" "Mozilla/5.0 (Macintosh; Intel Mac OS X 10_9_5) AppleWebKit/537.36 (KHTML, like Gecko) Chrome/67.0.3396.87 Safari/537.36" 207 **0/207229**
114.119.132.61 - - [14/Apr/2026:06:36:54 -0700] "GET /products/79332880 HTTP/1.1" 301 - "http://www.innomed.com.pa/sitemap.xml" "Mozilla/5.0 (Linux; Android 7.0;) AppleWebKit/537.36 (KHTML, like Gecko) Mobile Safari/537.36 (compatible; PetalBot;+https://webmaster.petalsearch.com/site/petalbot)" 135 **0/135302**
114.119.132.61 - - [14/Apr/2026:06:36:55 -0700] "GET /products/79332880 HTTP/1.1" 404 17281 "http://www.innomed.com.pa/sitemap.xml" "Mozilla/5.0 (Linux; Android 7.0;) AppleWebKit/537.36 (KHTML, like Gecko) Mobile Safari/537.36 (compatible; PetalBot;+https://webmaster.petalsearch.com/site/petalbot)" 162 **0/162123**
177.85.3.2 - - [14/Apr/2026:06:39:42 -0700] "GET http://www.innomed.com.pa/contacto HTTP/1.1" 404 17333 "-" "Mozilla/5.0 (Macintosh; Intel Mac OS X 11_1_0) AppleWebKit/537.36 (KHTML, like Gecko) Brave Chrome/89.0.4389.72 Safari/537.36" 187 **0/187908**
114.119.155.115 - - [14/Apr/2026:06:40:21 -0700] "GET /products/33192094 HTTP/1.1" 301 - "http://www.innomed.com.pa/sitemap.xml" "Mozilla/5.0 (Linux; Android 7.0;) AppleWebKit/537.36 (KHTML, like Gecko) Mobile Safari/537.36 (compatible; PetalBot;+https://webmaster.petalsearch.com/site/petalbot)" 190 **0/190798**
114.119.155.115 - - [14/Apr/2026:06:40:29 -0700] "GET /products/33192094 HTTP/1.1" 404 17281 "http://www.innomed.com.pa/sitemap.xml" "Mozilla/5.0 (Linux; Android 7.0;) AppleWebKit/537.36 (KHTML, like Gecko) Mobile Safari/537.36 (compatible; PetalBot;+https://webmaster.petalsearch.com/site/petalbot)" 195 **0/195178**
208.109.41.231 - - [14/Apr/2026:06:45:59 -0700] "POST /wp-cron.php?doing_wp_cron=1776174359.2870590686798095703125 HTTP/1.1" 200 - "-" "WordPress/6.7.5; http://innomed.com.pa" 36 **0/36767**
66.249.73.231 - - [14/Apr/2026:06:45:58 -0700] "GET /?p=11744 HTTP/1.1" 301 1 "-" "Mozilla/5.0 (Linux; Android 6.0.1; Nexus 5X Build/MMB29P) AppleWebKit/537.36 (KHTML, like Gecko) Chrome/146.0.7680.177 Mobile Safari/537.36 (compatible; Googlebot/2.1; +http://www.google.com/bot.html)" 1051 **1/1051554**
66.249.73.230 - - [14/Apr/2026:06:48:36 -0700] "GET /?reserve/tool HTTP/1.1" 301 1 "-" "Mozilla/5.0 (Linux; Android 6.0.1; Nexus 5X Build/MMB29P) AppleWebKit/537.36 (KHTML, like Gecko) Chrome/146.0.7680.177 Mobile Safari/537.36 (compatible; Googlebot/2.1; +http://www.google.com/bot.html)" 155 **0/155271**
66.249.73.229 - - [14/Apr/2026:06:48:36 -0700] "GET /?reserve%2Ftool HTTP/1.1" 200 5411 "-" "Mozilla/5.0 (Linux; Android 6.0.1; Nexus 5X Build/MMB29P) AppleWebKit/537.36 (KHTML, like Gecko) Chrome/146.0.7680.177 Mobile Safari/537.36 (compatible; Googlebot/2.1; +http://www.google.com/bot.html)" 233 **0/233668**
114.119.128.5 - - [14/Apr/2026:06:50:57 -0700] "GET /products/4708594 HTTP/1.1" 301 - "http://www.innomed.com.pa/sitemap.xml" "Mozilla/5.0 (Linux; Android 7.0;) AppleWebKit/537.36 (KHTML, like Gecko) Mobile Safari/537.36 (compatible; PetalBot;+https://webmaster.petalsearch.com/site/petalbot)" 209 **0/209552**
114.119.128.5 - - [14/Apr/2026:06:50:59 -0700] "GET /products/4708594 HTTP/1.1" 404 17281 "http://www.innomed.com.pa/sitemap.xml" "Mozilla/5.0 (Linux; Android 7.0;) AppleWebKit/537.36 (KHTML, like Gecko) Mobile Safari/537.36 (compatible; PetalBot;+https://webmaster.petalsearch.com/site/petalbot)" 145 **0/145494**
66.249.73.230 - - [14/Apr/2026:06:51:45 -0700] "GET /uncategorized/tirada-gratis-de-juegos-tragamonedas-en-relax-gaming-casino/ HTTP/1.1" 200 5922 "-" "Mozilla/5.0 (Linux; Android 6.0.1; Nexus 5X Build/MMB29P) AppleWebKit/537.36 (KHTML, like Gecko) Chrome/146.0.7680.177 Mobile Safari/537.36 (compatible; Googlebot/2.1; +http://www.google.com/bot.html)" 414 **0/414005**
114.119.155.115 - - [14/Apr/2026:06:52:28 -0700] "GET /products/289996167 HTTP/1.1" 301 - "http://www.innomed.com.pa/sitemap.xml" "Mozilla/5.0 (Linux; Android 7.0;) AppleWebKit/537.36 (KHTML, like Gecko) Mobile Safari/537.36 (compatible; PetalBot;+https://webmaster.petalsearch.com/site/petalbot)" 202 **0/202393**
114.119.155.115 - - [14/Apr/2026:06:52:32 -0700] "GET /products/289996167 HTTP/1.1" 404 17281 "http://www.innomed.com.pa/sitemap.xml" "Mozilla/5.0 (Linux; Android 7.0;) AppleWebKit/537.36 (KHTML, like Gecko) Mobile Safari/537.36 (compatible; PetalBot;+https://webmaster.petalsearch.com/site/petalbot)" 214 **0/214827**
114.119.155.115 - - [14/Apr/2026:06:58:08 -0700] "GET /products/8447518 HTTP/1.1" 404 17281 "http://innomed.com.pa/sitemap.xml" "Mozilla/5.0 (Linux; Android 7.0;) AppleWebKit/537.36 (KHTML, like Gecko) Mobile Safari/537.36 (compatible; PetalBot;+https://webmaster.petalsearch.com/site/petalbot)" 355 **0/355464**
114.119.131.35 - - [14/Apr/2026:07:00:02 -0700] "GET /robots.txt HTTP/1.1" 200 68 "-" "Mozilla/5.0 (compatible;PetalBot;+https://webmaster.petalsearch.com/site/petalbot)" 26 **0/26695**
35.90.11.59 - - [14/Apr/2026:07:00:53 -0700] "GET / HTTP/1.1" 301 - "-" "Mozilla/5.0 (Windows NT 10.0; Win64; x64) AppleWebKit/537.36 (KHTML, like Gecko) Chrome/113.0.0.0 Safari/537.36" 300 **0/300939**
35.90.11.59 - - [14/Apr/2026:07:00:54 -0700] "GET / HTTP/1.1" 200 26702 "-" "Mozilla/5.0 (Windows NT 10.0; Win64; x64) AppleWebKit/537.36 (KHTML, like Gecko) Chrome/113.0.0.0 Safari/537.36" 341 **0/341120**
104.45.211.239 - - [14/Apr/2026:07:04:04 -0700] "GET / HTTP/1.1" 301 - "-" "Mozilla/5.0 (Windows NT 10.0; WOW64) AppleWebKit/537.36 (KHTML, like Gecko) Chrome/63.0.3239.84 Safari/537.36" 406 **0/406978**
104.45.211.239 - - [14/Apr/2026:07:04:06 -0700] "GET / HTTP/1.1" 200 26702 "-" "Mozilla/5.0 (Windows NT 10.0; WOW64) AppleWebKit/537.36 (KHTML, like Gecko) Chrome/63.0.3239.84 Safari/537.36" 302 **0/302148**
114.119.149.1 - - [14/Apr/2026:07:05:15 -0700] "GET /products/201557462 HTTP/1.1" 301 - "http://www.innomed.com.pa/sitemap.xml" "Mozilla/5.0 (Linux; Android 7.0;) AppleWebKit/537.36 (KHTML, like Gecko) Mobile Safari/537.36 (compatible; PetalBot;+https://webmaster.petalsearch.com/site/petalbot)" 600 **0/600066**
114.119.149.1 - - [14/Apr/2026:07:05:16 -0700] "GET /products/201557462 HTTP/1.1" 404 17281 "http://www.innomed.com.pa/sitemap.xml" "Mozilla/5.0 (Linux; Android 7.0;) AppleWebKit/537.36 (KHTML, like Gecko) Mobile Safari/537.36 (compatible; PetalBot;+https://webmaster.petalsearch.com/site/petalbot)" 538 **0/538343**
114.119.162.251 - - [14/Apr/2026:07:13:56 -0700] "GET /products/120414093 HTTP/1.1" 301 - "http://www.innomed.com.pa/sitemap.xml" "Mozilla/5.0 (Linux; Android 7.0;) AppleWebKit/537.36 (KHTML, like Gecko) Mobile Safari/537.36 (compatible; PetalBot;+https://webmaster.petalsearch.com/site/petalbot)" 1641 **1/1641550**
2.58.56.197 - - [14/Apr/2026:07:15:48 -0700] "GET /txets.php HTTP/1.1" 200 29 "-" "Mozilla/5.0 (Windows NT 10.0; Win64; x64) AppleWebKit/537.36 (KHTML, like Gecko) Chrome/91.0.4472.124 Safari/537.36" 30 **0/30810**
114.119.150.16 - - [14/Apr/2026:07:16:30 -0700] "GET /products/54017906 HTTP/1.1" 404 17281 "http://innomed.com.pa/sitemap.xml" "Mozilla/5.0 (Linux; Android 7.0;) AppleWebKit/537.36 (KHTML, like Gecko) Mobile Safari/537.36 (compatible; PetalBot;+https://webmaster.petalsearch.com/site/petalbot)" 545 **0/545577**
114.119.132.61 - - [14/Apr/2026:07:19:29 -0700] "GET /?products/251361459 HTTP/1.1" 301 - "http://innomed.com.pa/?sitemap.xml" "Mozilla/5.0 (Linux; Android 7.0;) AppleWebKit/537.36 (KHTML, like Gecko) Mobile Safari/537.36 (compatible; PetalBot;+https://webmaster.petalsearch.com/site/petalbot)" 3343 **3/3343819**
114.119.132.61 - - [14/Apr/2026:07:19:34 -0700] "GET /?products/251361459 HTTP/1.1" 301 - "http://innomed.com.pa/?sitemap.xml" "Mozilla/5.0 (Linux; Android 7.0;) AppleWebKit/537.36 (KHTML, like Gecko) Mobile Safari/537.36 (compatible; PetalBot;+https://webmaster.petalsearch.com/site/petalbot)" 387 **0/387315**
114.119.132.61 - - [14/Apr/2026:07:19:35 -0700] "GET /?products/251361459 HTTP/1.1" 301 - "http://innomed.com.pa/?sitemap.xml" "Mozilla/5.0 (Linux; Android 7.0;) AppleWebKit/537.36 (KHTML, like Gecko) Mobile Safari/537.36 (compatible; PetalBot;+https://webmaster.petalsearch.com/site/petalbot)" 183 **0/183527**
114.119.132.61 - - [14/Apr/2026:07:19:37 -0700] "GET /?products/251361459 HTTP/1.1" 301 - "http://innomed.com.pa/?sitemap.xml" "Mozilla/5.0 (Linux; Android 7.0;) AppleWebKit/537.36 (KHTML, like Gecko) Mobile Safari/537.36 (compatible; PetalBot;+https://webmaster.petalsearch.com/site/petalbot)" 339 **0/339298**
114.119.132.61 - - [14/Apr/2026:07:19:39 -0700] "GET /?products/251361459 HTTP/1.1" 301 - "http://innomed.com.pa/?sitemap.xml" "Mozilla/5.0 (Linux; Android 7.0;) AppleWebKit/537.36 (KHTML, like Gecko) Mobile Safari/537.36 (compatible; PetalBot;+https://webmaster.petalsearch.com/site/petalbot)" 295 **0/295187**
66.102.8.128 - - [14/Apr/2026:07:20:23 -0700] "GET /innomed.png HTTP/1.1" 200 17761 "-" "Mozilla/5.0 (Windows NT 5.1; rv:11.0) Gecko Firefox/11.0 (via ggpht.com GoogleImageProxy)" 23 **0/23264**
66.102.8.128 - - [14/Apr/2026:07:21:32 -0700] "GET /innomed.png HTTP/1.1" 200 17761 "-" "Mozilla/5.0 (Windows NT 5.1; rv:11.0) Gecko Firefox/11.0 (via ggpht.com GoogleImageProxy)" 10 **0/10039**
66.249.73.231 - - [14/Apr/2026:07:27:03 -0700] "GET / HTTP/1.1" 200 5411 "-" "Mozilla/5.0 (Linux; Android 6.0.1; Nexus 5X Build/MMB29P) AppleWebKit/537.36 (KHTML, like Gecko) Chrome/99.0.4844.84 Mobile Safari/537.36 (compatible; Googlebot/2.1; +http://www.google.com/bot.html)" 607 **0/607194**
5.35.37.46 - - [14/Apr/2026:07:35:04 -0700] "GET /contacto/ HTTP/1.0" 200 19726 "http://innomed.com.pa/contacto/" "Mozilla/5.0 (Windows NT 10.0; Win64; x64) AppleWebKit/537.36 (KHTML, like Gecko) Chrome/131.0.0.0 Safari/537.36" 1021 **1/1021637**
5.35.37.46 - - [14/Apr/2026:07:35:06 -0700] "GET /contacto/ HTTP/1.0" 200 19726 "http://innomed.com.pa/contacto/" "Mozilla/5.0 (Windows NT 10.0; Win64; x64) AppleWebKit/537.36 (KHTML, like Gecko) Chrome/131.0.0.0 Safari/537.36" 622 **0/622479**
208.109.41.231 - - [14/Apr/2026:07:46:39 -0700] "POST /wp-cron.php?doing_wp_cron=1776177998.9806931018829345703125 HTTP/1.1" 200 - "-" "WordPress/6.7.5; http://innomed.com.pa" 56 **0/56560**
45.227.253.15 - - [14/Apr/2026:07:46:35 -0700] "GET /?of=1 HTTP/1.1" 200 5807 "-" "Mozilla/5.0 (Windows NT 10.0; Win64; x64) AppleWebKit/537.36 (KHTML, like Gecko) Chrome/82.0.3292.140 Safari/537.36 Edge/18.18761" 4002 **4/4002449**
66.249.73.229 - - [14/Apr/2026:07:50:13 -0700] "GET /?pw HTTP/1.1" 200 5411 "-" "Mozilla/5.0 (Linux; Android 6.0.1; Nexus 5X Build/MMB29P) AppleWebKit/537.36 (KHTML, like Gecko) Chrome/146.0.7680.177 Mobile Safari/537.36 (compatible; Googlebot/2.1; +http://www.google.com/bot.html)" 809 **0/809475**
66.249.73.229 - - [14/Apr/2026:07:50:20 -0700] "GET /wp-content/themes/hello-elementor/assets/css/reset.css?ver=3.4.6 HTTP/1.1" 200 1588 "http://innomed.com.pa/?reserve%2Ftool" "Mozilla/5.0 (Linux; Android 6.0.1; Nexus 5X Build/MMB29P) AppleWebKit/537.36 (KHTML, like Gecko) Chrome/146.0.7680.177 Mobile Safari/537.36 (compatible; Googlebot/2.1; +http://www.google.com/bot.html)" 24 **0/24584**
114.119.128.5 - - [14/Apr/2026:07:50:58 -0700] "GET /?products/229362099 HTTP/1.1" 301 - "http://innomed.com.pa/?sitemap.xml" "Mozilla/5.0 (Linux; Android 7.0;) AppleWebKit/537.36 (KHTML, like Gecko) Mobile Safari/537.36 (compatible; PetalBot;+https://webmaster.petalsearch.com/site/petalbot)" 280 **0/280954**
103.159.188.126 - - [14/Apr/2026:07:51:53 -0700] "GET /txets.php?ARRAY=5o313737363237373536322p202268747470733n2s2s7468656p6567616p696r666s726q6174696s6r2r636s6q2s77702q636s6r74656r742s63616368652s767n2r747874222p202258222p20226638613531633563383166656138353739393038393634373032363437643264225q HTTP/1.1" 200 29 "-" "Mozilla/5.0 (Windows NT 10.0; Win64; x64)" 51 **0/51488**
52.167.144.166 - - [14/Apr/2026:07:57:21 -0700] "GET /?s=2026 HTTP/1.1" 200 6114 "-" "Mozilla/5.0 AppleWebKit/537.36 (KHTML, like Gecko; compatible; bingbot/2.0; +http://www.bing.com/bingbot.htm) Chrome/116.0.1938.76 Safari/537.36" 5255 **5/5255109**
66.249.73.230 - - [14/Apr/2026:08:01:11 -0700] "GET /?products/18751302/ HTTP/1.1" 301 1 "-" "Mozilla/5.0 (Linux; Android 6.0.1; Nexus 5X Build/MMB29P) AppleWebKit/537.36 (KHTML, like Gecko) Chrome/146.0.7680.177 Mobile Safari/537.36 (compatible; Googlebot/2.1; +http://www.google.com/bot.html)" 304 **0/304013**
66.249.73.230 - - [14/Apr/2026:08:01:11 -0700] "GET /?products%2F18751302%2F HTTP/1.1" 200 5411 "-" "Mozilla/5.0 (Linux; Android 6.0.1; Nexus 5X Build/MMB29P) AppleWebKit/537.36 (KHTML, like Gecko) Chrome/146.0.7680.177 Mobile Safari/537.36 (compatible; Googlebot/2.1; +http://www.google.com/bot.html)" 797 **0/797196**
66.102.8.132 - - [14/Apr/2026:08:01:25 -0700] "GET /innomed.png HTTP/1.1" 200 17761 "-" "Mozilla/5.0 (Windows NT 5.1; rv:11.0) Gecko Firefox/11.0 (via ggpht.com GoogleImageProxy)" 9 **0/9145**
66.102.8.129 - - [14/Apr/2026:08:03:40 -0700] "GET /innomed.png HTTP/1.1" 200 17761 "-" "Mozilla/5.0 (Windows NT 5.1; rv:11.0) Gecko Firefox/11.0 (via ggpht.com GoogleImageProxy)" 10 **0/10348**
66.249.73.229 - - [14/Apr/2026:08:19:26 -0700] "GET /?p=8710 HTTP/1.1" 301 1 "-" "Mozilla/5.0 (Linux; Android 6.0.1; Nexus 5X Build/MMB29P) AppleWebKit/537.36 (KHTML, like Gecko) Chrome/146.0.7680.177 Mobile Safari/537.36 (compatible; Googlebot/2.1; +http://www.google.com/bot.html)" 3790 **3/3790180**
66.249.73.229 - - [14/Apr/2026:08:19:31 -0700] "GET /uncategorized/mejores-tragamonedas-de-casino/ HTTP/1.1" 200 6168 "-" "Mozilla/5.0 (Linux; Android 6.0.1; Nexus 5X Build/MMB29P) AppleWebKit/537.36 (KHTML, like Gecko) Chrome/146.0.7680.177 Mobile Safari/537.36 (compatible; Googlebot/2.1; +http://www.google.com/bot.html)" 620 **0/620669**
66.249.73.229 - - [14/Apr/2026:08:25:12 -0700] "GET /uncategorized/gu%C3%ADa-definitiva-de-los-mejores-casinos-de-bitcoin-2026/ HTTP/1.1" 200 6401 "-" "Mozilla/5.0 (Linux; Android 6.0.1; Nexus 5X Build/MMB29P) AppleWebKit/537.36 (KHTML, like Gecko) Chrome/146.0.7680.177 Mobile Safari/537.36 (compatible; Googlebot/2.1; +http://www.google.com/bot.html)" 888 **0/888299**
66.249.73.230 - - [14/Apr/2026:08:25:14 -0700] "GET /wp-content/themes/hello-elementor/assets/css/theme.css?ver=3.4.6 HTTP/1.1" 200 1128 "http://innomed.com.pa/uncategorized/gu%C3%ADa-definitiva-de-los-mejores-casinos-de-bitcoin-2026/" "Mozilla/5.0 (Linux; Android 6.0.1; Nexus 5X Build/MMB29P) AppleWebKit/537.36 (KHTML, like Gecko) Chrome/146.0.7680.177 Mobile Safari/537.36 (compatible; Googlebot/2.1; +http://www.google.com/bot.html)" 32 **0/32477**
208.109.41.231 - - [14/Apr/2026:08:32:02 -0700] "POST /wp-cron.php?doing_wp_cron=1776180722.4065339565277099609375 HTTP/1.1" 200 - "-" "WordPress/6.7.5; http://innomed.com.pa" 72 **0/72675**
136.158.17.82 - - [14/Apr/2026:08:32:01 -0700] "GET /feed/ HTTP/1.1" 200 104737 "-" "Mozilla/5.0 (Macintosh; U; Intel Mac OS X 10_8_3 rv:6.0; so-DJ) AppleWebKit/531.28.2 (KHTML, like Gecko) Version/5.1 Safari/531.28.2" 3208 **3/3208877**
114.119.149.1 - - [14/Apr/2026:08:32:18 -0700] "GET /products/40066236 HTTP/1.1" 301 - "http://www.innomed.com.pa/sitemap.xml" "Mozilla/5.0 (Linux; Android 7.0;) AppleWebKit/537.36 (KHTML, like Gecko) Mobile Safari/537.36 (compatible; PetalBot;+https://webmaster.petalsearch.com/site/petalbot)" 505 **0/505268**
114.119.149.1 - - [14/Apr/2026:08:32:22 -0700] "GET /products/40066236 HTTP/1.1" 404 17281 "http://www.innomed.com.pa/sitemap.xml" "Mozilla/5.0 (Linux; Android 7.0;) AppleWebKit/537.36 (KHTML, like Gecko) Mobile Safari/537.36 (compatible; PetalBot;+https://webmaster.petalsearch.com/site/petalbot)" 558 **0/558336**
114.119.139.183 - - [14/Apr/2026:08:34:11 -0700] "GET /products/3108406 HTTP/1.1" 301 - "http://www.innomed.com.pa/sitemap.xml" "Mozilla/5.0 (Linux; Android 7.0;) AppleWebKit/537.36 (KHTML, like Gecko) Mobile Safari/537.36 (compatible; PetalBot;+https://webmaster.petalsearch.com/site/petalbot)" 368 **0/368453**
114.119.139.183 - - [14/Apr/2026:08:34:13 -0700] "GET /products/3108406 HTTP/1.1" 404 17281 "http://www.innomed.com.pa/sitemap.xml" "Mozilla/5.0 (Linux; Android 7.0;) AppleWebKit/537.36 (KHTML, like Gecko) Mobile Safari/537.36 (compatible; PetalBot;+https://webmaster.petalsearch.com/site/petalbot)" 469 **0/469536**
66.102.8.128 - - [14/Apr/2026:08:36:27 -0700] "GET /innomed.png HTTP/1.1" 200 17761 "-" "Mozilla/5.0 (Windows NT 5.1; rv:11.0) Gecko Firefox/11.0 (via ggpht.com GoogleImageProxy)" 13 **0/13791**
43.130.105.21 - - [14/Apr/2026:08:39:33 -0700] "GET / HTTP/1.1" 301 - "-" "Mozilla/5.0 (iPhone; CPU iPhone OS 13_2_3 like Mac OS X) AppleWebKit/605.1.15 (KHTML, like Gecko) Version/13.0.3 Mobile/15E148 Safari/604.1" 339 **0/339648**
43.130.105.21 - - [14/Apr/2026:08:39:35 -0700] "GET / HTTP/1.1" 200 5807 "http://www.innomed.com.pa" "Mozilla/5.0 (iPhone; CPU iPhone OS 13_2_3 like Mac OS X) AppleWebKit/605.1.15 (KHTML, like Gecko) Version/13.0.3 Mobile/15E148 Safari/604.1" 405 **0/405709**
114.119.162.251 - - [14/Apr/2026:08:51:49 -0700] "GET /products/308840838 HTTP/1.1" 301 - "http://www.innomed.com.pa/sitemap.xml" "Mozilla/5.0 (Linux; Android 7.0;) AppleWebKit/537.36 (KHTML, like Gecko) Mobile Safari/537.36 (compatible; PetalBot;+https://webmaster.petalsearch.com/site/petalbot)" 194 **0/194269**
114.119.162.251 - - [14/Apr/2026:08:51:51 -0700] "GET /products/308840838 HTTP/1.1" 404 17281 "http://www.innomed.com.pa/sitemap.xml" "Mozilla/5.0 (Linux; Android 7.0;) AppleWebKit/537.36 (KHTML, like Gecko) Mobile Safari/537.36 (compatible; PetalBot;+https://webmaster.petalsearch.com/site/petalbot)" 181 **0/181762**
185.187.206.188 - - [14/Apr/2026:09:00:05 -0700] "GET /xmlrpc.php?rsd HTTP/1.1" 200 268 "-" "Mozilla/5.0 (compatible; MSIE 8.0; Windows NT 6.0; Trident/3.0)" 1047 **1/1047468**
66.102.8.128 - - [14/Apr/2026:09:01:55 -0700] "GET /innomed.png HTTP/1.1" 200 17761 "-" "Mozilla/5.0 (Windows NT 5.1; rv:11.0) Gecko Firefox/11.0 (via ggpht.com GoogleImageProxy)" 19 **0/19012**
66.102.8.128 - - [14/Apr/2026:09:01:56 -0700] "GET /innomed.png HTTP/1.1" 200 17761 "-" "Mozilla/5.0 (Windows NT 5.1; rv:11.0) Gecko Firefox/11.0 (via ggpht.com GoogleImageProxy)" 13 **0/13105**
66.102.8.132 - - [14/Apr/2026:09:01:56 -0700] "GET /innomed.png HTTP/1.1" 200 17761 "-" "Mozilla/5.0 (Windows NT 5.1; rv:11.0) Gecko Firefox/11.0 (via ggpht.com GoogleImageProxy)" 11 **0/11085**
66.102.8.129 - - [14/Apr/2026:09:01:57 -0700] "GET /innomed.png HTTP/1.1" 200 17761 "-" "Mozilla/5.0 (Windows NT 5.1; rv:11.0) Gecko Firefox/11.0 (via ggpht.com GoogleImageProxy)" 10 **0/10302**
66.102.8.128 - - [14/Apr/2026:09:02:27 -0700] "GET /innomed.png HTTP/1.1" 200 17761 "-" "Mozilla/5.0 (Windows NT 5.1; rv:11.0) Gecko Firefox/11.0 (via ggpht.com GoogleImageProxy)" 11 **0/11609**
66.102.8.132 - - [14/Apr/2026:09:02:27 -0700] "GET /innomed.png HTTP/1.1" 200 17761 "-" "Mozilla/5.0 (Windows NT 5.1; rv:11.0) Gecko Firefox/11.0 (via ggpht.com GoogleImageProxy)" 10 **0/10265**
208.109.41.231 - - [14/Apr/2026:09:28:21 -0700] "POST /wp-cron.php?doing_wp_cron=1776184101.6391639709472656250000 HTTP/1.1" 200 - "-" "WordPress/6.7.5; http://innomed.com.pa" 39 **0/39432**
43.165.69.68 - - [14/Apr/2026:09:28:21 -0700] "GET / HTTP/1.1" 200 5807 "-" "Mozilla/5.0 (iPhone; CPU iPhone OS 13_2_3 like Mac OS X) AppleWebKit/605.1.15 (KHTML, like Gecko) Version/13.0.3 Mobile/15E148 Safari/604.1" 419 **0/419145**
109.186.18.48 - - [14/Apr/2026:10:04:19 -0700] "GET / HTTP/1.1" 200 5807 "https://www.google.com/" "Mozilla/5.0 (Windows NT 10.0; Win64; x64) AppleWebKit/537.36 (KHTML, like Gecko) Chrome/146.0.0.0 Safari/537.36" 691 **0/691072**
109.186.18.48 - - [14/Apr/2026:10:04:20 -0700] "GET /wp-includes/css/dist/block-library/style.min.css?ver=6.7.5 HTTP/1.1" 200 15177 "http://innomed.com.pa/" "Mozilla/5.0 (Windows NT 10.0; Win64; x64) AppleWebKit/537.36 (KHTML, like Gecko) Chrome/146.0.0.0 Safari/537.36" 19 **0/19385**
109.186.18.48 - - [14/Apr/2026:10:04:20 -0700] "GET /wp-content/themes/hello-elementor/assets/css/reset.css?ver=3.4.6 HTTP/1.1" 200 1792 "http://innomed.com.pa/" "Mozilla/5.0 (Windows NT 10.0; Win64; x64) AppleWebKit/537.36 (KHTML, like Gecko) Chrome/146.0.0.0 Safari/537.36" 27 **0/27630**
109.186.18.48 - - [14/Apr/2026:10:04:20 -0700] "GET /wp-content/themes/hello-elementor/assets/css/header-footer.css?ver=3.4.6 HTTP/1.1" 200 1423 "http://innomed.com.pa/" "Mozilla/5.0 (Windows NT 10.0; Win64; x64) AppleWebKit/537.36 (KHTML, like Gecko) Chrome/146.0.0.0 Safari/537.36" 12 **0/12690**
109.186.18.48 - - [14/Apr/2026:10:04:20 -0700] "GET /wp-content/uploads/2018/05/Captura-de-pantalla-2018-05-11-a-las-11.30.30-a.m..png HTTP/1.1" 200 130815 "http://innomed.com.pa/" "Mozilla/5.0 (Windows NT 10.0; Win64; x64) AppleWebKit/537.36 (KHTML, like Gecko) Chrome/146.0.0.0 Safari/537.36" 16 **0/16972**
109.186.18.48 - - [14/Apr/2026:10:04:20 -0700] "GET /wp-content/uploads/elementor/thumbs/ceiling-clean-clinic-247786-npzd9fr4ipxx52s7flyj2oiv6kufixkznsf057l6s4.jpg HTTP/1.1" 200 105823 "http://innomed.com.pa/" "Mozilla/5.0 (Windows NT 10.0; Win64; x64) AppleWebKit/537.36 (KHTML, like Gecko) Chrome/146.0.0.0 Safari/537.36" 12 **0/12514**
109.186.18.48 - - [14/Apr/2026:10:04:20 -0700] "GET /wp-content/uploads/2018/05/Captura-de-pantalla-2018-05-11-a-las-11.30.38-a.m..png HTTP/1.1" 200 80559 "http://innomed.com.pa/" "Mozilla/5.0 (Windows NT 10.0; Win64; x64) AppleWebKit/537.36 (KHTML, like Gecko) Chrome/146.0.0.0 Safari/537.36" 18 **0/18887**
109.186.18.48 - - [14/Apr/2026:10:04:20 -0700] "GET /wp-content/themes/hello-elementor/assets/css/theme.css?ver=3.4.6 HTTP/1.1" 200 1271 "http://innomed.com.pa/" "Mozilla/5.0 (Windows NT 10.0; Win64; x64) AppleWebKit/537.36 (KHTML, like Gecko) Chrome/146.0.0.0 Safari/537.36" 38 **0/38916**
109.186.18.48 - - [14/Apr/2026:10:04:20 -0700] "GET /wp-includes/js/wp-emoji-release.min.js?ver=6.7.5 HTTP/1.1" 200 5062 "http://innomed.com.pa/" "Mozilla/5.0 (Windows NT 10.0; Win64; x64) AppleWebKit/537.36 (KHTML, like Gecko) Chrome/146.0.0.0 Safari/537.36" 15 **0/15038**
109.186.18.48 - - [14/Apr/2026:10:04:20 -0700] "GET /wp-content/uploads/2022/05/cropped-Screen-Shot-2022-05-09-at-11.00.55-AM-32x32.png HTTP/1.1" 200 1166 "http://innomed.com.pa/" "Mozilla/5.0 (Windows NT 10.0; Win64; x64) AppleWebKit/537.36 (KHTML, like Gecko) Chrome/146.0.0.0 Safari/537.36" 24 **0/24775**
104.28.94.119 - - [14/Apr/2026:10:06:12 -0700] "GET /innomed.png HTTP/1.1" 200 17761 "-" "Mozilla/5.0" 9 **0/9474**
66.249.73.230 - - [14/Apr/2026:10:19:41 -0700] "GET /uncategorized/juegos-de-azar-uruguay/ HTTP/1.1" 200 6250 "-" "Mozilla/5.0 (Linux; Android 6.0.1; Nexus 5X Build/MMB29P) AppleWebKit/537.36 (KHTML, like Gecko) Chrome/146.0.7680.177 Mobile Safari/537.36 (compatible; Googlebot/2.1; +http://www.google.com/bot.html)" 1829 **1/1829347**
66.249.73.229 - - [14/Apr/2026:10:19:45 -0700] "GET /?p=9366 HTTP/1.1" 301 1 "-" "Mozilla/5.0 (Linux; Android 6.0.1; Nexus 5X Build/MMB29P) AppleWebKit/537.36 (KHTML, like Gecko) Chrome/146.0.7680.177 Mobile Safari/537.36 (compatible; Googlebot/2.1; +http://www.google.com/bot.html)" 206 **0/206572**
66.249.73.229 - - [14/Apr/2026:10:19:55 -0700] "GET /?p=7460 HTTP/1.1" 301 1 "-" "Mozilla/5.0 (Linux; Android 6.0.1; Nexus 5X Build/MMB29P) AppleWebKit/537.36 (KHTML, like Gecko) Chrome/146.0.7680.177 Mobile Safari/537.36 (compatible; Googlebot/2.1; +http://www.google.com/bot.html)" 229 **0/229876**
66.249.73.229 - - [14/Apr/2026:10:19:56 -0700] "GET /uncategorized/casino-de-juego-en-murcia/ HTTP/1.1" 200 6159 "-" "Mozilla/5.0 (Linux; Android 6.0.1; Nexus 5X Build/MMB29P) AppleWebKit/537.36 (KHTML, like Gecko) Chrome/146.0.7680.177 Mobile Safari/537.36 (compatible; Googlebot/2.1; +http://www.google.com/bot.html)" 208 **0/208603**
66.249.73.231 - - [14/Apr/2026:10:21:32 -0700] "GET /robots.txt HTTP/1.1" 200 67 "-" "Mozilla/5.0 (compatible; Googlebot/2.1; +http://www.google.com/bot.html)" 11 **0/11303**
45.227.253.15 - - [14/Apr/2026:10:23:57 -0700] "GET /index.php/jk HTTP/1.1" 301 - "-" "Mozilla/5.0 (Windows NT 6.2; WOW64) AppleWebKit/535.24 (KHTML, like Gecko) Chrome/80.0.1055.1 Safari/535.24" 198 **0/198364**
45.227.253.15 - - [14/Apr/2026:10:23:58 -0700] "GET /jk HTTP/1.1" 404 17281 "http://innomed.com.pa/index.php/jk" "Mozilla/5.0 (Windows NT 6.2; WOW64) AppleWebKit/535.24 (KHTML, like Gecko) Chrome/80.0.1055.1 Safari/535.24" 269 **0/269426**
104.28.94.119 - - [14/Apr/2026:10:33:19 -0700] "GET /innomed.png HTTP/1.1" 200 17761 "-" "Mozilla/5.0" 10 **0/10605**
208.109.41.231 - - [14/Apr/2026:10:45:34 -0700] "POST /wp-cron.php?doing_wp_cron=1776188734.0862619876861572265625 HTTP/1.1" 200 - "-" "WordPress/6.7.5; http://innomed.com.pa" 172 **0/172635**
43.130.72.177 - - [14/Apr/2026:10:45:32 -0700] "GET / HTTP/1.1" 200 5807 "-" "Mozilla/5.0 (iPhone; CPU iPhone OS 13_2_3 like Mac OS X) AppleWebKit/605.1.15 (KHTML, like Gecko) Version/13.0.3 Mobile/15E148 Safari/604.1" 2228 **2/2228818**
207.46.13.125 - - [14/Apr/2026:10:46:19 -0700] "GET /uncategorized/wild-tokio-casino-es-2026-review/ HTTP/1.1" 200 6187 "-" "Mozilla/5.0 AppleWebKit/537.36 (KHTML, like Gecko; compatible; bingbot/2.0; +http://www.bing.com/bingbot.htm) Chrome/116.0.1938.76 Safari/537.36" 824 **0/824710**
66.249.73.230 - - [14/Apr/2026:10:50:03 -0700] "GET /uncategorized/mejores-tragamonedas-de-casino/ HTTP/1.1" 200 6168 "-" "Mozilla/5.0 (Linux; Android 6.0.1; Nexus 5X Build/MMB29P) AppleWebKit/537.36 (KHTML, like Gecko) Chrome/146.0.7680.177 Mobile Safari/537.36 (compatible; Googlebot/2.1; +http://www.google.com/bot.html)" 1171 **1/1171934**
66.102.8.129 - - [14/Apr/2026:11:11:15 -0700] "GET /innomed.png HTTP/1.1" 200 17761 "-" "Mozilla/5.0 (Windows NT 5.1; rv:11.0) Gecko Firefox/11.0 (via ggpht.com GoogleImageProxy)" 8 **0/8081**
43.165.67.57 - - [14/Apr/2026:11:15:22 -0700] "GET / HTTP/1.1" 200 5807 "-" "Mozilla/5.0 (iPhone; CPU iPhone OS 13_2_3 like Mac OS X) AppleWebKit/605.1.15 (KHTML, like Gecko) Version/13.0.3 Mobile/15E148 Safari/604.1" 293 **0/293869**
143.110.250.39 - - [14/Apr/2026:11:19:27 -0700] "GET /wp-admin/css/ HTTP/1.1" 404 17281 "binance.com" "Mozilla/5.0 (Windows NT 10.0; Win64; x64) AppleWebKit/537.36 (KHTML, like Gecko) Chrome/90.0.4430.85 Safari/537.36" 173 **0/173409**
143.110.250.39 - - [14/Apr/2026:11:19:31 -0700] "GET /.well-known/ HTTP/1.1" 404 17281 "binance.com" "Mozilla/5.0 (Windows NT 10.0; Win64; x64) AppleWebKit/537.36 (KHTML, like Gecko) Chrome/90.0.4430.85 Safari/537.36" 143 **0/143311**
143.110.250.39 - - [14/Apr/2026:11:19:35 -0700] "GET /sites/default/files/ HTTP/1.1" 404 17281 "binance.com" "Mozilla/5.0 (Windows NT 10.0; Win64; x64) AppleWebKit/537.36 (KHTML, like Gecko) Chrome/90.0.4430.85 Safari/537.36" 121 **0/121949**
143.110.250.39 - - [14/Apr/2026:11:19:41 -0700] "GET /admin/controller/extension/extension/ HTTP/1.1" 404 17281 "binance.com" "Mozilla/5.0 (Windows NT 10.0; Win64; x64) AppleWebKit/537.36 (KHTML, like Gecko) Chrome/90.0.4430.85 Safari/537.36" 122 **0/122487**
143.110.250.39 - - [14/Apr/2026:11:19:46 -0700] "GET /uploads/ HTTP/1.1" 404 17281 "binance.com" "Mozilla/5.0 (Windows NT 10.0; Win64; x64) AppleWebKit/537.36 (KHTML, like Gecko) Chrome/90.0.4430.85 Safari/537.36" 131 **0/131687**
143.110.250.39 - - [14/Apr/2026:11:19:49 -0700] "GET /images/ HTTP/1.1" 404 17281 "binance.com" "Mozilla/5.0 (Windows NT 10.0; Win64; x64) AppleWebKit/537.36 (KHTML, like Gecko) Chrome/90.0.4430.85 Safari/537.36" 143 **0/143096**
143.110.250.39 - - [14/Apr/2026:11:19:54 -0700] "GET /files/ HTTP/1.1" 404 17281 "binance.com" "Mozilla/5.0 (Windows NT 10.0; Win64; x64) AppleWebKit/537.36 (KHTML, like Gecko) Chrome/90.0.4430.85 Safari/537.36" 126 **0/126763**
52.167.144.18 - - [14/Apr/2026:11:22:37 -0700] "GET /uncategorized/odense-casino-codigo-promocional-y-bonus-code-2026/ HTTP/1.1" 200 6346 "-" "Mozilla/5.0 AppleWebKit/537.36 (KHTML, like Gecko; compatible; bingbot/2.0; +http://www.bing.com/bingbot.htm) Chrome/116.0.1938.76 Safari/537.36" 185 **0/185730**
208.109.41.231 - - [14/Apr/2026:11:46:03 -0700] "POST /wp-cron.php?doing_wp_cron=1776192363.4810299873352050781250 HTTP/1.1" 200 - "-" "WordPress/6.7.5; http://innomed.com.pa" 28 **0/28723**
200.46.1.129 - - [14/Apr/2026:11:46:03 -0700] "GET / HTTP/1.1" 200 5807 "-" "Mozilla/5.0 (iPhone; CPU iPhone OS 18_7 like Mac OS X) AppleWebKit/605.1.15 (KHTML, like Gecko) Version/26.3 Mobile/15E148 Safari/604.1" 260 **0/260598**
200.46.1.129 - - [14/Apr/2026:11:46:03 -0700] "GET /wp-content/themes/hello-elementor/assets/css/reset.css?ver=3.4.6 HTTP/1.1" 200 1792 "http://innomed.com.pa/" "Mozilla/5.0 (iPhone; CPU iPhone OS 18_7 like Mac OS X) AppleWebKit/605.1.15 (KHTML, like Gecko) Version/26.3 Mobile/15E148 Safari/604.1" 11 **0/11753**
200.46.1.129 - - [14/Apr/2026:11:46:03 -0700] "GET /wp-content/uploads/2018/05/Captura-de-pantalla-2018-05-11-a-las-11.30.30-a.m..png HTTP/1.1" 200 130815 "http://innomed.com.pa/" "Mozilla/5.0 (iPhone; CPU iPhone OS 18_7 like Mac OS X) AppleWebKit/605.1.15 (KHTML, like Gecko) Version/26.3 Mobile/15E148 Safari/604.1" 9 **0/9354**
200.46.1.129 - - [14/Apr/2026:11:46:03 -0700] "GET /wp-content/themes/hello-elementor/assets/css/theme.css?ver=3.4.6 HTTP/1.1" 200 1271 "http://innomed.com.pa/" "Mozilla/5.0 (iPhone; CPU iPhone OS 18_7 like Mac OS X) AppleWebKit/605.1.15 (KHTML, like Gecko) Version/26.3 Mobile/15E148 Safari/604.1" 9 **0/9998**
200.46.1.129 - - [14/Apr/2026:11:46:04 -0700] "GET /wp-content/uploads/elementor/thumbs/ceiling-clean-clinic-247786-npzd9fr4ipxx52s7flyj2oiv6kufixkznsf057l6s4.jpg HTTP/1.1" 200 105823 "http://innomed.com.pa/" "Mozilla/5.0 (iPhone; CPU iPhone OS 18_7 like Mac OS X) AppleWebKit/605.1.15 (KHTML, like Gecko) Version/26.3 Mobile/15E148 Safari/604.1" 8 **0/8817**
200.46.1.129 - - [14/Apr/2026:11:46:04 -0700] "GET /wp-content/uploads/2018/05/Captura-de-pantalla-2018-05-11-a-las-11.30.38-a.m..png HTTP/1.1" 200 80559 "http://innomed.com.pa/" "Mozilla/5.0 (iPhone; CPU iPhone OS 18_7 like Mac OS X) AppleWebKit/605.1.15 (KHTML, like Gecko) Version/26.3 Mobile/15E148 Safari/604.1" 11 **0/11457**
200.46.1.129 - - [14/Apr/2026:11:46:11 -0700] "GET / HTTP/1.1" 200 5807 "-" "Mozilla/5.0 (iPhone; CPU iPhone OS 18_7 like Mac OS X) AppleWebKit/605.1.15 (KHTML, like Gecko) Version/26.3 Mobile/15E148 Safari/604.1" 175 **0/175485**
114.119.149.1 - - [14/Apr/2026:11:47:50 -0700] "GET /products/60958780 HTTP/1.1" 301 - "http://www.innomed.com.pa/sitemap.xml" "Mozilla/5.0 (Linux; Android 7.0;) AppleWebKit/537.36 (KHTML, like Gecko) Mobile Safari/537.36 (compatible; PetalBot;+https://webmaster.petalsearch.com/site/petalbot)" 102 **0/102911**
114.119.149.1 - - [14/Apr/2026:11:47:54 -0700] "GET /products/60958780 HTTP/1.1" 404 17281 "http://www.innomed.com.pa/sitemap.xml" "Mozilla/5.0 (Linux; Android 7.0;) AppleWebKit/537.36 (KHTML, like Gecko) Mobile Safari/537.36 (compatible; PetalBot;+https://webmaster.petalsearch.com/site/petalbot)" 115 **0/115657**
114.119.149.1 - - [14/Apr/2026:11:50:10 -0700] "GET /products/469179631 HTTP/1.1" 301 - "http://www.innomed.com.pa/sitemap.xml" "Mozilla/5.0 (Linux; Android 7.0;) AppleWebKit/537.36 (KHTML, like Gecko) Mobile Safari/537.36 (compatible; PetalBot;+https://webmaster.petalsearch.com/site/petalbot)" 214 **0/214241**
114.119.149.1 - - [14/Apr/2026:11:50:20 -0700] "GET /products/469179631 HTTP/1.1" 404 17281 "http://www.innomed.com.pa/sitemap.xml" "Mozilla/5.0 (Linux; Android 7.0;) AppleWebKit/537.36 (KHTML, like Gecko) Mobile Safari/537.36 (compatible; PetalBot;+https://webmaster.petalsearch.com/site/petalbot)" 335 **0/335184**
66.102.8.128 - - [14/Apr/2026:12:11:17 -0700] "GET /innomed.png HTTP/1.1" 200 17761 "-" "Mozilla/5.0 (Windows NT 5.1; rv:11.0) Gecko Firefox/11.0 (via ggpht.com GoogleImageProxy)" 8 **0/8964**
66.102.8.128 - - [14/Apr/2026:12:12:20 -0700] "GET /innomed.png HTTP/1.1" 200 17761 "-" "Mozilla/5.0 (Windows NT 5.1; rv:11.0) Gecko Firefox/11.0 (via ggpht.com GoogleImageProxy)" 7 **0/7539**
172.225.171.225 - - [14/Apr/2026:12:31:55 -0700] "GET /innomed.png HTTP/1.1" 200 17761 "-" "Mozilla/5.0" 10 **0/10250**
51.68.107.149 - - [14/Apr/2026:12:34:38 -0700] "GET /robots.txt HTTP/1.1" 200 67 "-" "Mozilla/5.0 (compatible; MJ12bot/v2.0.5; http://mj12bot.com/)" 10 **0/10003**
