216.73.216.38 - - [14/Apr/2026:08:36:12 -0700] "GET /item/briti52959300.shtml HTTP/1.1" 200 1 "-" "Mozilla/5.0 AppleWebKit/537.36 (KHTML, like Gecko; compatible; ClaudeBot/1.0; +claudebot@anthropic.com)" 34 **0/34922**
57.141.14.104 - - [14/Apr/2026:08:36:12 -0700] "GET /item/spill61303069.shtml HTTP/1.1" 403 - "-" "meta-externalagent/1.1 (+https://developers.facebook.com/docs/sharing/webmasters/crawler)" 55 **0/55203**
74.7.241.10 - - [14/Apr/2026:08:36:12 -0700] "GET /item/weath61924333.shtml HTTP/1.1" 200 1 "http://cam.edu.pa/sitemap-3.xml" "Mozilla/5.0 AppleWebKit/537.36 (KHTML, like Gecko; compatible; GPTBot/1.3; +https://openai.com/gptbot)" 32 **0/32248**
57.141.14.20 - - [14/Apr/2026:08:36:12 -0700] "GET /item/howev42504379.shtml HTTP/1.1" 403 - "-" "meta-externalagent/1.1 (+https://developers.facebook.com/docs/sharing/webmasters/crawler)" 101 **0/101519**
57.141.14.64 - - [14/Apr/2026:08:36:12 -0700] "GET /item/wood71737166.shtml HTTP/1.1" 403 - "-" "meta-externalagent/1.1 (+https://developers.facebook.com/docs/sharing/webmasters/crawler)" 70 **0/70088**
216.73.216.38 - - [14/Apr/2026:08:36:15 -0700] "GET /item/trage81881391.shtml HTTP/1.1" 200 1 "-" "Mozilla/5.0 AppleWebKit/537.36 (KHTML, like Gecko; compatible; ClaudeBot/1.0; +claudebot@anthropic.com)" 26 **0/26144**
74.7.241.10 - - [14/Apr/2026:08:36:15 -0700] "GET /item/impri42931555.shtml HTTP/1.1" 200 1 "http://cam.edu.pa/sitemap-4.xml" "Mozilla/5.0 AppleWebKit/537.36 (KHTML, like Gecko; compatible; GPTBot/1.3; +https://openai.com/gptbot)" 37 **0/37497**
216.73.216.38 - - [14/Apr/2026:08:36:18 -0700] "GET /item/natio10444968.shtml HTTP/1.1" 200 1 "-" "Mozilla/5.0 AppleWebKit/537.36 (KHTML, like Gecko; compatible; ClaudeBot/1.0; +claudebot@anthropic.com)" 33 **0/33151**
74.7.241.10 - - [14/Apr/2026:08:36:18 -0700] "GET /item/enter51633308.shtml HTTP/1.1" 200 1 "http://cam.edu.pa/sitemap-7.xml" "Mozilla/5.0 AppleWebKit/537.36 (KHTML, like Gecko; compatible; GPTBot/1.3; +https://openai.com/gptbot)" 26 **0/26836**
216.73.216.38 - - [14/Apr/2026:08:36:21 -0700] "GET /item/gulf10383352.shtml HTTP/1.1" 200 1 "-" "Mozilla/5.0 AppleWebKit/537.36 (KHTML, like Gecko; compatible; ClaudeBot/1.0; +claudebot@anthropic.com)" 114 **0/114001**
74.7.241.10 - - [14/Apr/2026:08:36:21 -0700] "GET /item/outli40802227.shtml HTTP/1.1" 200 1 "http://cam.edu.pa/sitemap-6.xml" "Mozilla/5.0 AppleWebKit/537.36 (KHTML, like Gecko; compatible; GPTBot/1.3; +https://openai.com/gptbot)" 90 **0/90453**
216.73.216.38 - - [14/Apr/2026:08:36:24 -0700] "GET /item/discl32783282.shtml HTTP/1.1" 200 1 "-" "Mozilla/5.0 AppleWebKit/537.36 (KHTML, like Gecko; compatible; ClaudeBot/1.0; +claudebot@anthropic.com)" 38 **0/38350**
74.7.241.10 - - [14/Apr/2026:08:36:24 -0700] "GET /item/herse83000703.shtml HTTP/1.1" 200 1 "http://cam.edu.pa/sitemap-6.xml" "Mozilla/5.0 AppleWebKit/537.36 (KHTML, like Gecko; compatible; GPTBot/1.3; +https://openai.com/gptbot)" 42 **0/42607**
114.119.132.122 - - [14/Apr/2026:08:36:25 -0700] "GET /item/gene41703763.shtml HTTP/1.1" 200 - "http://cam.edu.pa/sitemap-6.xml" "Mozilla/5.0 (Linux; Android 7.0;) AppleWebKit/537.36 (KHTML, like Gecko) Mobile Safari/537.36 (compatible; PetalBot;+https://webmaster.petalsearch.com/site/petalbot)" 25 **0/25369**
216.73.216.38 - - [14/Apr/2026:08:36:27 -0700] "GET /item/atmos51574164.shtml HTTP/1.1" 200 1 "-" "Mozilla/5.0 AppleWebKit/537.36 (KHTML, like Gecko; compatible; ClaudeBot/1.0; +claudebot@anthropic.com)" 25 **0/25486**
74.7.241.10 - - [14/Apr/2026:08:36:28 -0700] "GET /item/carel10141000.shtml HTTP/1.1" 200 1 "http://cam.edu.pa/sitemap-1.xml" "Mozilla/5.0 AppleWebKit/537.36 (KHTML, like Gecko; compatible; GPTBot/1.3; +https://openai.com/gptbot)" 33 **0/33572**
216.73.216.38 - - [14/Apr/2026:08:36:30 -0700] "GET /item/live10336144.shtml HTTP/1.1" 403 1 "-" "Mozilla/5.0 AppleWebKit/537.36 (KHTML, like Gecko; compatible; ClaudeBot/1.0; +claudebot@anthropic.com)" 25 **0/25817**
74.7.241.10 - - [14/Apr/2026:08:36:31 -0700] "GET /item/battl61026333.shtml HTTP/1.1" 200 1 "http://cam.edu.pa/sitemap-8.xml" "Mozilla/5.0 AppleWebKit/537.36 (KHTML, like Gecko; compatible; GPTBot/1.3; +https://openai.com/gptbot)" 27 **0/27568**
216.73.216.38 - - [14/Apr/2026:08:36:33 -0700] "GET /item/outdo82173503.shtml HTTP/1.1" 403 1 "-" "Mozilla/5.0 AppleWebKit/537.36 (KHTML, like Gecko; compatible; ClaudeBot/1.0; +claudebot@anthropic.com)" 49 **0/49240**
74.7.241.10 - - [14/Apr/2026:08:36:34 -0700] "GET /item/hatch62666485.shtml HTTP/1.1" 200 1 "http://cam.edu.pa/sitemape.xml" "Mozilla/5.0 AppleWebKit/537.36 (KHTML, like Gecko; compatible; GPTBot/1.3; +https://openai.com/gptbot)" 21 **0/21210**
216.73.216.38 - - [14/Apr/2026:08:36:36 -0700] "GET /item/abnor21366889.shtml HTTP/1.1" 403 1 "-" "Mozilla/5.0 AppleWebKit/537.36 (KHTML, like Gecko; compatible; ClaudeBot/1.0; +claudebot@anthropic.com)" 23 **0/23345**
74.7.241.10 - - [14/Apr/2026:08:36:37 -0700] "GET /item/elimi72729990.shtml HTTP/1.1" 200 1 "http://cam.edu.pa/sitemap-1.xml" "Mozilla/5.0 AppleWebKit/537.36 (KHTML, like Gecko; compatible; GPTBot/1.3; +https://openai.com/gptbot)" 30 **0/30309**
216.73.216.38 - - [14/Apr/2026:08:36:39 -0700] "GET /item/drawi51718644.shtml HTTP/1.1" 403 1 "-" "Mozilla/5.0 AppleWebKit/537.36 (KHTML, like Gecko; compatible; ClaudeBot/1.0; +claudebot@anthropic.com)" 30 **0/30538**
74.7.241.10 - - [14/Apr/2026:08:36:40 -0700] "GET /item/ruler70777134.shtml HTTP/1.1" 200 1 "http://cam.edu.pa/sitemap-8.xml" "Mozilla/5.0 AppleWebKit/537.36 (KHTML, like Gecko; compatible; GPTBot/1.3; +https://openai.com/gptbot)" 46 **0/46260**
216.73.216.38 - - [14/Apr/2026:08:36:42 -0700] "GET /item/dyne50107964.shtml HTTP/1.1" 403 1 "-" "Mozilla/5.0 AppleWebKit/537.36 (KHTML, like Gecko; compatible; ClaudeBot/1.0; +claudebot@anthropic.com)" 40 **0/40177**
74.7.241.10 - - [14/Apr/2026:08:36:44 -0700] "GET /item/knife42229707.shtml HTTP/1.1" 200 1 "http://cam.edu.pa/sitemap-2.xml" "Mozilla/5.0 AppleWebKit/537.36 (KHTML, like Gecko; compatible; GPTBot/1.3; +https://openai.com/gptbot)" 57 **0/57376**
74.7.241.10 - - [14/Apr/2026:08:36:47 -0700] "GET /item/modes72777438.shtml HTTP/1.1" 200 1 "http://cam.edu.pa/sitemapa.xml" "Mozilla/5.0 AppleWebKit/537.36 (KHTML, like Gecko; compatible; GPTBot/1.3; +https://openai.com/gptbot)" 37 **0/37899**
216.73.216.38 - - [14/Apr/2026:08:36:47 -0700] "GET /item/loan40742267.shtml HTTP/1.1" 403 1 "-" "Mozilla/5.0 AppleWebKit/537.36 (KHTML, like Gecko; compatible; ClaudeBot/1.0; +claudebot@anthropic.com)" 33 **0/33643**
74.7.241.10 - - [14/Apr/2026:08:36:50 -0700] "GET /item/tired42000291.shtml HTTP/1.1" 200 1 "http://cam.edu.pa/sitemap-9.xml" "Mozilla/5.0 AppleWebKit/537.36 (KHTML, like Gecko; compatible; GPTBot/1.3; +https://openai.com/gptbot)" 32 **0/32215**
216.73.216.38 - - [14/Apr/2026:08:36:50 -0700] "GET /item/defin21006137.shtml HTTP/1.1" 403 1 "-" "Mozilla/5.0 AppleWebKit/537.36 (KHTML, like Gecko; compatible; ClaudeBot/1.0; +claudebot@anthropic.com)" 27 **0/27112**
74.7.241.10 - - [14/Apr/2026:08:36:53 -0700] "GET /item/prime30591114.shtml HTTP/1.1" 200 1 "http://cam.edu.pa/sitemap-4.xml" "Mozilla/5.0 AppleWebKit/537.36 (KHTML, like Gecko; compatible; GPTBot/1.3; +https://openai.com/gptbot)" 27 **0/27004**
216.73.216.38 - - [14/Apr/2026:08:36:53 -0700] "GET /item/worth82561119.shtml HTTP/1.1" 403 1 "-" "Mozilla/5.0 AppleWebKit/537.36 (KHTML, like Gecko; compatible; ClaudeBot/1.0; +claudebot@anthropic.com)" 35 **0/35610**
74.7.241.10 - - [14/Apr/2026:08:36:56 -0700] "GET /item/suppo11109144.shtml HTTP/1.1" 200 1 "http://cam.edu.pa/sitemap-8.xml" "Mozilla/5.0 AppleWebKit/537.36 (KHTML, like Gecko; compatible; GPTBot/1.3; +https://openai.com/gptbot)" 67 **0/67332**
216.73.216.38 - - [14/Apr/2026:08:36:56 -0700] "GET /item/pork50128828.shtml HTTP/1.1" 403 1 "-" "Mozilla/5.0 AppleWebKit/537.36 (KHTML, like Gecko; compatible; ClaudeBot/1.0; +claudebot@anthropic.com)" 39 **0/39737**
74.7.241.10 - - [14/Apr/2026:08:36:59 -0700] "GET /item/china81273111.shtml HTTP/1.1" 200 1 "http://cam.edu.pa/sitemap-3.xml" "Mozilla/5.0 AppleWebKit/537.36 (KHTML, like Gecko; compatible; GPTBot/1.3; +https://openai.com/gptbot)" 21 **0/21462**
216.73.216.38 - - [14/Apr/2026:08:36:59 -0700] "GET /item/impat80015415.shtml HTTP/1.1" 403 1 "-" "Mozilla/5.0 AppleWebKit/537.36 (KHTML, like Gecko; compatible; ClaudeBot/1.0; +claudebot@anthropic.com)" 25 **0/25344**
74.7.241.10 - - [14/Apr/2026:08:37:02 -0700] "GET /item/enclo21999505.shtml HTTP/1.1" 200 1 "http://cam.edu.pa/sitemap-7.xml" "Mozilla/5.0 AppleWebKit/537.36 (KHTML, like Gecko; compatible; GPTBot/1.3; +https://openai.com/gptbot)" 74 **0/74322**
216.73.216.38 - - [14/Apr/2026:08:37:02 -0700] "GET /item/prime31219114.shtml HTTP/1.1" 403 1 "-" "Mozilla/5.0 AppleWebKit/537.36 (KHTML, like Gecko; compatible; ClaudeBot/1.0; +claudebot@anthropic.com)" 76 **0/76918**
114.119.132.122 - - [14/Apr/2026:08:37:03 -0700] "GET /item/gel72011934.shtml HTTP/1.1" 200 - "http://cam.edu.pa/sitemap-13.xml" "Mozilla/5.0 (Linux; Android 7.0;) AppleWebKit/537.36 (KHTML, like Gecko) Mobile Safari/537.36 (compatible; PetalBot;+https://webmaster.petalsearch.com/site/petalbot)" 41 **0/41160**
216.73.216.38 - - [14/Apr/2026:08:37:05 -0700] "GET /item/parro42205723.shtml HTTP/1.1" 403 1 "-" "Mozilla/5.0 AppleWebKit/537.36 (KHTML, like Gecko; compatible; ClaudeBot/1.0; +claudebot@anthropic.com)" 94 **0/94205**
74.7.241.10 - - [14/Apr/2026:08:37:06 -0700] "GET /item/carve60595557.shtml HTTP/1.1" 200 1 "http://cam.edu.pa/sitemap-6.xml" "Mozilla/5.0 AppleWebKit/537.36 (KHTML, like Gecko; compatible; GPTBot/1.3; +https://openai.com/gptbot)" 31 **0/31640**
43.133.220.37 - - [14/Apr/2026:08:37:06 -0700] "GET / HTTP/1.1" 200 708 "-" "Mozilla/5.0 (iPhone; CPU iPhone OS 13_2_3 like Mac OS X) AppleWebKit/605.1.15 (KHTML, like Gecko) Version/13.0.3 Mobile/15E148 Safari/604.1" 19 **0/19997**
216.73.216.38 - - [14/Apr/2026:08:37:08 -0700] "GET /item/spiri70716534.shtml HTTP/1.1" 403 1 "-" "Mozilla/5.0 AppleWebKit/537.36 (KHTML, like Gecko; compatible; ClaudeBot/1.0; +claudebot@anthropic.com)" 29 **0/29688**
74.7.241.10 - - [14/Apr/2026:08:37:09 -0700] "GET /item/remem72000262.shtml HTTP/1.1" 200 1 "http://cam.edu.pa/sitemap-5.xml" "Mozilla/5.0 AppleWebKit/537.36 (KHTML, like Gecko; compatible; GPTBot/1.3; +https://openai.com/gptbot)" 64 **0/64448**
216.73.216.38 - - [14/Apr/2026:08:37:12 -0700] "GET /item/breas81462807.shtml HTTP/1.1" 200 1 "-" "Mozilla/5.0 AppleWebKit/537.36 (KHTML, like Gecko; compatible; ClaudeBot/1.0; +claudebot@anthropic.com)" 33 **0/33247**
74.7.241.10 - - [14/Apr/2026:08:37:12 -0700] "GET /item/prolo60555725.shtml HTTP/1.1" 200 1 "http://cam.edu.pa/sitemap-7.xml" "Mozilla/5.0 AppleWebKit/537.36 (KHTML, like Gecko; compatible; GPTBot/1.3; +https://openai.com/gptbot)" 31 **0/31826**
216.73.216.38 - - [14/Apr/2026:08:37:14 -0700] "GET /item/catal20382193.shtml HTTP/1.1" 200 1 "-" "Mozilla/5.0 AppleWebKit/537.36 (KHTML, like Gecko; compatible; ClaudeBot/1.0; +claudebot@anthropic.com)" 36 **0/36511**
74.7.241.10 - - [14/Apr/2026:08:37:15 -0700] "GET /item/stabi41383339.shtml HTTP/1.1" 200 1 "http://cam.edu.pa/sitemap-8.xml" "Mozilla/5.0 AppleWebKit/537.36 (KHTML, like Gecko; compatible; GPTBot/1.3; +https://openai.com/gptbot)" 22 **0/22325**
216.73.216.38 - - [14/Apr/2026:08:37:17 -0700] "GET /item/worth82641119.shtml HTTP/1.1" 200 1 "-" "Mozilla/5.0 AppleWebKit/537.36 (KHTML, like Gecko; compatible; ClaudeBot/1.0; +claudebot@anthropic.com)" 49 **0/49436**
74.7.241.10 - - [14/Apr/2026:08:37:18 -0700] "GET /item/fairy80555735.shtml HTTP/1.1" 200 1 "http://cam.edu.pa/sitemap-9.xml" "Mozilla/5.0 AppleWebKit/537.36 (KHTML, like Gecko; compatible; GPTBot/1.3; +https://openai.com/gptbot)" 60 **0/60316**
216.73.216.38 - - [14/Apr/2026:08:37:20 -0700] "GET /item/radiu70023038.shtml HTTP/1.1" 200 1 "-" "Mozilla/5.0 AppleWebKit/537.36 (KHTML, like Gecko; compatible; ClaudeBot/1.0; +claudebot@anthropic.com)" 25 **0/25016**
74.7.241.10 - - [14/Apr/2026:08:37:21 -0700] "GET /item/shape11168752.shtml HTTP/1.1" 200 1 "http://cam.edu.pa/sitemap-5.xml" "Mozilla/5.0 AppleWebKit/537.36 (KHTML, like Gecko; compatible; GPTBot/1.3; +https://openai.com/gptbot)" 31 **0/31890**
216.73.216.38 - - [14/Apr/2026:08:37:23 -0700] "GET /item/benef72498094.shtml HTTP/1.1" 200 1 "-" "Mozilla/5.0 AppleWebKit/537.36 (KHTML, like Gecko; compatible; ClaudeBot/1.0; +claudebot@anthropic.com)" 33 **0/33841**
74.7.241.10 - - [14/Apr/2026:08:37:25 -0700] "GET /item/endle10690888.shtml HTTP/1.1" 200 1 "http://cam.edu.pa/sitemap-4.xml" "Mozilla/5.0 AppleWebKit/537.36 (KHTML, like Gecko; compatible; GPTBot/1.3; +https://openai.com/gptbot)" 79 **0/79689**
216.73.216.38 - - [14/Apr/2026:08:37:26 -0700] "GET /item/bookc51801748.shtml HTTP/1.1" 200 1 "-" "Mozilla/5.0 AppleWebKit/537.36 (KHTML, like Gecko; compatible; ClaudeBot/1.0; +claudebot@anthropic.com)" 41 **0/41166**
74.7.241.10 - - [14/Apr/2026:08:37:28 -0700] "GET /item/outgo62345333.shtml HTTP/1.1" 200 1 "http://cam.edu.pa/sitemap-8.xml" "Mozilla/5.0 AppleWebKit/537.36 (KHTML, like Gecko; compatible; GPTBot/1.3; +https://openai.com/gptbot)" 78 **0/78516**
216.73.216.38 - - [14/Apr/2026:08:37:29 -0700] "GET /item/durin80509127.shtml HTTP/1.1" 200 1 "-" "Mozilla/5.0 AppleWebKit/537.36 (KHTML, like Gecko; compatible; ClaudeBot/1.0; +claudebot@anthropic.com)" 65 **0/65154**
74.7.241.10 - - [14/Apr/2026:08:37:31 -0700] "GET /item/commi22470001.shtml HTTP/1.1" 200 1 "http://cam.edu.pa/sitemap-1.xml" "Mozilla/5.0 AppleWebKit/537.36 (KHTML, like Gecko; compatible; GPTBot/1.3; +https://openai.com/gptbot)" 30 **0/30960**
74.7.241.10 - - [14/Apr/2026:08:37:34 -0700] "GET /item/figur61666221.shtml HTTP/1.1" 200 1 "http://cam.edu.pa/sitemap-1.xml" "Mozilla/5.0 AppleWebKit/537.36 (KHTML, like Gecko; compatible; GPTBot/1.3; +https://openai.com/gptbot)" 30 **0/30816**
216.73.216.38 - - [14/Apr/2026:08:37:35 -0700] "GET /item/unaff41486027.shtml HTTP/1.1" 200 1 "-" "Mozilla/5.0 AppleWebKit/537.36 (KHTML, like Gecko; compatible; ClaudeBot/1.0; +claudebot@anthropic.com)" 59 **0/59765**
74.7.241.10 - - [14/Apr/2026:08:37:37 -0700] "GET /item/attit51853444.shtml HTTP/1.1" 200 1 "http://cam.edu.pa/sitemap-8.xml" "Mozilla/5.0 AppleWebKit/537.36 (KHTML, like Gecko; compatible; GPTBot/1.3; +https://openai.com/gptbot)" 31 **0/31808**
216.73.216.38 - - [14/Apr/2026:08:37:38 -0700] "GET /item/clerk60885741.shtml HTTP/1.1" 200 1 "-" "Mozilla/5.0 AppleWebKit/537.36 (KHTML, like Gecko; compatible; ClaudeBot/1.0; +claudebot@anthropic.com)" 24 **0/24475**
74.7.241.10 - - [14/Apr/2026:08:37:40 -0700] "GET /item/sound32444722.shtml HTTP/1.1" 200 1 "http://cam.edu.pa/sitemap-5.xml" "Mozilla/5.0 AppleWebKit/537.36 (KHTML, like Gecko; compatible; GPTBot/1.3; +https://openai.com/gptbot)" 23 **0/23956**
216.73.216.38 - - [14/Apr/2026:08:37:41 -0700] "GET /item/miner50190444.shtml HTTP/1.1" 200 1 "-" "Mozilla/5.0 AppleWebKit/537.36 (KHTML, like Gecko; compatible; ClaudeBot/1.0; +claudebot@anthropic.com)" 52 **0/52894**
74.7.241.10 - - [14/Apr/2026:08:37:43 -0700] "GET /item/tessa11171992.shtml HTTP/1.1" 200 1 "http://cam.edu.pa/sitemap-4.xml" "Mozilla/5.0 AppleWebKit/537.36 (KHTML, like Gecko; compatible; GPTBot/1.3; +https://openai.com/gptbot)" 43 **0/43122**
216.73.216.38 - - [14/Apr/2026:08:37:44 -0700] "GET /item/dange60116853.shtml HTTP/1.1" 200 1 "-" "Mozilla/5.0 AppleWebKit/537.36 (KHTML, like Gecko; compatible; ClaudeBot/1.0; +claudebot@anthropic.com)" 27 **0/27567**
74.7.241.10 - - [14/Apr/2026:08:37:47 -0700] "GET /item/ident11742000.shtml HTTP/1.1" 200 1 "http://cam.edu.pa/sitemap-7.xml" "Mozilla/5.0 AppleWebKit/537.36 (KHTML, like Gecko; compatible; GPTBot/1.3; +https://openai.com/gptbot)" 27 **0/27306**
216.73.216.38 - - [14/Apr/2026:08:37:47 -0700] "GET /item/revis52282276.shtml HTTP/1.1" 200 1 "-" "Mozilla/5.0 AppleWebKit/537.36 (KHTML, like Gecko; compatible; ClaudeBot/1.0; +claudebot@anthropic.com)" 44 **0/44113**
74.7.241.10 - - [14/Apr/2026:08:37:50 -0700] "GET /item/disea22108881.shtml HTTP/1.1" 200 1 "http://cam.edu.pa/sitemapa.xml" "Mozilla/5.0 AppleWebKit/537.36 (KHTML, like Gecko; compatible; GPTBot/1.3; +https://openai.com/gptbot)" 26 **0/26545**
216.73.216.38 - - [14/Apr/2026:08:37:50 -0700] "GET /item/owl61942933.shtml HTTP/1.1" 200 1 "-" "Mozilla/5.0 AppleWebKit/537.36 (KHTML, like Gecko; compatible; ClaudeBot/1.0; +claudebot@anthropic.com)" 35 **0/35124**
74.7.241.10 - - [14/Apr/2026:08:37:53 -0700] "GET /item/by81541151.shtml HTTP/1.1" 200 1 "http://cam.edu.pa/sitemap-3.xml" "Mozilla/5.0 AppleWebKit/537.36 (KHTML, like Gecko; compatible; GPTBot/1.3; +https://openai.com/gptbot)" 59 **0/59119**
216.73.216.38 - - [14/Apr/2026:08:37:53 -0700] "GET /item/liter70538022.shtml HTTP/1.1" 200 1 "-" "Mozilla/5.0 AppleWebKit/537.36 (KHTML, like Gecko; compatible; ClaudeBot/1.0; +claudebot@anthropic.com)" 58 **0/58702**
74.7.241.10 - - [14/Apr/2026:08:37:56 -0700] "GET /item/if41040043.shtml HTTP/1.1" 200 1 "http://cam.edu.pa/sitemap-3.xml" "Mozilla/5.0 AppleWebKit/537.36 (KHTML, like Gecko; compatible; GPTBot/1.3; +https://openai.com/gptbot)" 60 **0/60002**
216.73.216.38 - - [14/Apr/2026:08:37:56 -0700] "GET /item/gloom40450059.shtml HTTP/1.1" 200 1 "-" "Mozilla/5.0 AppleWebKit/537.36 (KHTML, like Gecko; compatible; ClaudeBot/1.0; +claudebot@anthropic.com)" 32 **0/32988**
74.7.241.10 - - [14/Apr/2026:08:37:59 -0700] "GET /item/is61413717.shtml HTTP/1.1" 200 1 "http://cam.edu.pa/sitemap-4.xml" "Mozilla/5.0 AppleWebKit/537.36 (KHTML, like Gecko; compatible; GPTBot/1.3; +https://openai.com/gptbot)" 25 **0/25417**
216.73.216.38 - - [14/Apr/2026:08:37:59 -0700] "GET /item/xray80841551.shtml HTTP/1.1" 200 1 "-" "Mozilla/5.0 AppleWebKit/537.36 (KHTML, like Gecko; compatible; ClaudeBot/1.0; +claudebot@anthropic.com)" 23 **0/23370**
74.7.241.10 - - [14/Apr/2026:08:38:02 -0700] "GET /item/me21100721.shtml HTTP/1.1" 200 1 "http://cam.edu.pa/sitemapa.xml" "Mozilla/5.0 AppleWebKit/537.36 (KHTML, like Gecko; compatible; GPTBot/1.3; +https://openai.com/gptbot)" 62 **0/62068**
216.73.216.38 - - [14/Apr/2026:08:38:02 -0700] "GET /item/impos72261406.shtml HTTP/1.1" 200 1 "-" "Mozilla/5.0 AppleWebKit/537.36 (KHTML, like Gecko; compatible; ClaudeBot/1.0; +claudebot@anthropic.com)" 49 **0/49340**
74.7.241.10 - - [14/Apr/2026:08:38:05 -0700] "GET /item/hi22974745.shtml HTTP/1.1" 200 1 "http://cam.edu.pa/sitemap-1.xml" "Mozilla/5.0 AppleWebKit/537.36 (KHTML, like Gecko; compatible; GPTBot/1.3; +https://openai.com/gptbot)" 33 **0/33697**
216.73.216.38 - - [14/Apr/2026:08:38:05 -0700] "GET /item/dayli60322917.shtml HTTP/1.1" 200 1 "-" "Mozilla/5.0 AppleWebKit/537.36 (KHTML, like Gecko; compatible; ClaudeBot/1.0; +claudebot@anthropic.com)" 40 **0/40316**
216.73.216.38 - - [14/Apr/2026:08:38:08 -0700] "GET /item/cloth51836372.shtml HTTP/1.1" 200 1 "-" "Mozilla/5.0 AppleWebKit/537.36 (KHTML, like Gecko; compatible; ClaudeBot/1.0; +claudebot@anthropic.com)" 29 **0/29063**
74.7.241.10 - - [14/Apr/2026:08:38:09 -0700] "GET /item/me21416721.shtml HTTP/1.1" 200 1 "http://cam.edu.pa/sitemap-7.xml" "Mozilla/5.0 AppleWebKit/537.36 (KHTML, like Gecko; compatible; GPTBot/1.3; +https://openai.com/gptbot)" 26 **0/26234**
216.73.216.38 - - [14/Apr/2026:08:38:11 -0700] "GET /item/natio10912968.shtml HTTP/1.1" 200 1 "-" "Mozilla/5.0 AppleWebKit/537.36 (KHTML, like Gecko; compatible; ClaudeBot/1.0; +claudebot@anthropic.com)" 23 **0/23612**
74.7.241.10 - - [14/Apr/2026:08:38:12 -0700] "GET /item/me21652721.shtml HTTP/1.1" 200 1 "http://cam.edu.pa/sitemap-1.xml" "Mozilla/5.0 AppleWebKit/537.36 (KHTML, like Gecko; compatible; GPTBot/1.3; +https://openai.com/gptbot)" 27 **0/27339**
216.73.216.38 - - [14/Apr/2026:08:38:14 -0700] "GET /item/billi70227606.shtml HTTP/1.1" 200 1 "-" "Mozilla/5.0 AppleWebKit/537.36 (KHTML, like Gecko; compatible; ClaudeBot/1.0; +claudebot@anthropic.com)" 24 **0/24187**
74.7.241.10 - - [14/Apr/2026:08:38:15 -0700] "GET /item/ox30383530.shtml HTTP/1.1" 200 1 "http://cam.edu.pa/sitemap-6.xml" "Mozilla/5.0 AppleWebKit/537.36 (KHTML, like Gecko; compatible; GPTBot/1.3; +https://openai.com/gptbot)" 33 **0/33315**
216.73.216.38 - - [14/Apr/2026:08:38:17 -0700] "GET /item/okay40502899.shtml HTTP/1.1" 200 1 "-" "Mozilla/5.0 AppleWebKit/537.36 (KHTML, like Gecko; compatible; ClaudeBot/1.0; +claudebot@anthropic.com)" 24 **0/24691**
74.7.241.10 - - [14/Apr/2026:08:38:18 -0700] "GET /item/deadl51386220.shtml HTTP/1.1" 200 1 "http://cam.edu.pa/sitemap-1.xml" "Mozilla/5.0 AppleWebKit/537.36 (KHTML, like Gecko; compatible; GPTBot/1.3; +https://openai.com/gptbot)" 21 **0/21068**
216.73.216.38 - - [14/Apr/2026:08:38:20 -0700] "GET /item/nail30155418.shtml HTTP/1.1" 200 1 "-" "Mozilla/5.0 AppleWebKit/537.36 (KHTML, like Gecko; compatible; ClaudeBot/1.0; +claudebot@anthropic.com)" 23 **0/23822**
74.7.241.10 - - [14/Apr/2026:08:38:21 -0700] "GET /item/janua51061124.shtml HTTP/1.1" 200 1 "http://cam.edu.pa/sitemap-3.xml" "Mozilla/5.0 AppleWebKit/537.36 (KHTML, like Gecko; compatible; GPTBot/1.3; +https://openai.com/gptbot)" 26 **0/26337**
216.73.216.38 - - [14/Apr/2026:08:38:23 -0700] "GET /item/villa62677277.shtml HTTP/1.1" 200 1 "-" "Mozilla/5.0 AppleWebKit/537.36 (KHTML, like Gecko; compatible; ClaudeBot/1.0; +claudebot@anthropic.com)" 29 **0/29624**
74.7.241.10 - - [14/Apr/2026:08:38:24 -0700] "GET /item/unple50653476.shtml HTTP/1.1" 200 1 "http://cam.edu.pa/sitemap-2.xml" "Mozilla/5.0 AppleWebKit/537.36 (KHTML, like Gecko; compatible; GPTBot/1.3; +https://openai.com/gptbot)" 33 **0/33620**
216.73.216.38 - - [14/Apr/2026:08:38:26 -0700] "GET /item/fop31791954.shtml HTTP/1.1" 200 1 "-" "Mozilla/5.0 AppleWebKit/537.36 (KHTML, like Gecko; compatible; ClaudeBot/1.0; +claudebot@anthropic.com)" 44 **0/44227**
74.7.241.10 - - [14/Apr/2026:08:38:27 -0700] "GET /item/alway62412197.shtml HTTP/1.1" 200 1 "http://cam.edu.pa/sitemapa.xml" "Mozilla/5.0 AppleWebKit/537.36 (KHTML, like Gecko; compatible; GPTBot/1.3; +https://openai.com/gptbot)" 34 **0/34391**
216.73.216.38 - - [14/Apr/2026:08:38:29 -0700] "GET /item/desir80665967.shtml HTTP/1.1" 200 1 "-" "Mozilla/5.0 AppleWebKit/537.36 (KHTML, like Gecko; compatible; ClaudeBot/1.0; +claudebot@anthropic.com)" 43 **0/43677**
74.7.241.10 - - [14/Apr/2026:08:38:31 -0700] "GET /item/nouri60891709.shtml HTTP/1.1" 200 1 "http://cam.edu.pa/sitemap-5.xml" "Mozilla/5.0 AppleWebKit/537.36 (KHTML, like Gecko; compatible; GPTBot/1.3; +https://openai.com/gptbot)" 67 **0/67719**
216.73.216.38 - - [14/Apr/2026:08:38:32 -0700] "GET /item/june30044146.shtml HTTP/1.1" 200 1 "-" "Mozilla/5.0 AppleWebKit/537.36 (KHTML, like Gecko; compatible; ClaudeBot/1.0; +claudebot@anthropic.com)" 24 **0/24717**
74.7.241.10 - - [14/Apr/2026:08:38:34 -0700] "GET /item/stand11728104.shtml HTTP/1.1" 200 1 "http://cam.edu.pa/sitemapa.xml" "Mozilla/5.0 AppleWebKit/537.36 (KHTML, like Gecko; compatible; GPTBot/1.3; +https://openai.com/gptbot)" 64 **0/64118**
216.73.216.38 - - [14/Apr/2026:08:38:35 -0700] "GET /item/suspe81766103.shtml HTTP/1.1" 200 1 "-" "Mozilla/5.0 AppleWebKit/537.36 (KHTML, like Gecko; compatible; ClaudeBot/1.0; +claudebot@anthropic.com)" 49 **0/49655**
74.7.241.10 - - [14/Apr/2026:08:38:37 -0700] "GET /item/unbea10874344.shtml HTTP/1.1" 200 1 "http://cam.edu.pa/sitemap-7.xml" "Mozilla/5.0 AppleWebKit/537.36 (KHTML, like Gecko; compatible; GPTBot/1.3; +https://openai.com/gptbot)" 38 **0/38275**
216.73.216.38 - - [14/Apr/2026:08:38:38 -0700] "GET /item/possi31724890.shtml HTTP/1.1" 200 1 "-" "Mozilla/5.0 AppleWebKit/537.36 (KHTML, like Gecko; compatible; ClaudeBot/1.0; +claudebot@anthropic.com)" 23 **0/23595**
74.7.241.10 - - [14/Apr/2026:08:38:40 -0700] "GET /item/surge50491428.shtml HTTP/1.1" 200 1 "http://cam.edu.pa/sitemap-7.xml" "Mozilla/5.0 AppleWebKit/537.36 (KHTML, like Gecko; compatible; GPTBot/1.3; +https://openai.com/gptbot)" 41 **0/41425**
216.73.216.38 - - [14/Apr/2026:08:38:41 -0700] "GET /item/hones62820821.shtml HTTP/1.1" 200 1 "-" "Mozilla/5.0 AppleWebKit/537.36 (KHTML, like Gecko; compatible; ClaudeBot/1.0; +claudebot@anthropic.com)" 46 **0/46278**
74.7.241.10 - - [14/Apr/2026:08:38:43 -0700] "GET /item/anyon62708213.shtml HTTP/1.1" 200 1 "http://cam.edu.pa/sitemap-9.xml" "Mozilla/5.0 AppleWebKit/537.36 (KHTML, like Gecko; compatible; GPTBot/1.3; +https://openai.com/gptbot)" 55 **0/55810**
216.73.216.38 - - [14/Apr/2026:08:38:44 -0700] "GET /item/china82033111.shtml HTTP/1.1" 200 1 "-" "Mozilla/5.0 AppleWebKit/537.36 (KHTML, like Gecko; compatible; ClaudeBot/1.0; +claudebot@anthropic.com)" 31 **0/31688**
74.7.241.10 - - [14/Apr/2026:08:38:47 -0700] "GET /item/workm60174629.shtml HTTP/1.1" 200 1 "http://cam.edu.pa/sitemap-2.xml" "Mozilla/5.0 AppleWebKit/537.36 (KHTML, like Gecko; compatible; GPTBot/1.3; +https://openai.com/gptbot)" 24 **0/24288**
216.73.216.38 - - [14/Apr/2026:08:38:47 -0700] "GET /item/coal70780846.shtml HTTP/1.1" 403 1 "-" "Mozilla/5.0 AppleWebKit/537.36 (KHTML, like Gecko; compatible; ClaudeBot/1.0; +claudebot@anthropic.com)" 58 **0/58099**
74.7.241.10 - - [14/Apr/2026:08:38:50 -0700] "GET /item/savin60179765.shtml HTTP/1.1" 200 1 "http://cam.edu.pa/sitemap-7.xml" "Mozilla/5.0 AppleWebKit/537.36 (KHTML, like Gecko; compatible; GPTBot/1.3; +https://openai.com/gptbot)" 23 **0/23542**
216.73.216.38 - - [14/Apr/2026:08:38:50 -0700] "GET /item/allia42579691.shtml HTTP/1.1" 403 1 "-" "Mozilla/5.0 AppleWebKit/537.36 (KHTML, like Gecko; compatible; ClaudeBot/1.0; +claudebot@anthropic.com)" 25 **0/25440**
74.7.241.10 - - [14/Apr/2026:08:38:53 -0700] "GET /item/negat40657795.shtml HTTP/1.1" 200 1 "http://cam.edu.pa/sitemap-7.xml" "Mozilla/5.0 AppleWebKit/537.36 (KHTML, like Gecko; compatible; GPTBot/1.3; +https://openai.com/gptbot)" 36 **0/36262**
216.73.216.38 - - [14/Apr/2026:08:38:53 -0700] "GET /item/angry61252445.shtml HTTP/1.1" 403 1 "-" "Mozilla/5.0 AppleWebKit/537.36 (KHTML, like Gecko; compatible; ClaudeBot/1.0; +claudebot@anthropic.com)" 24 **0/24808**
74.7.241.10 - - [14/Apr/2026:08:38:56 -0700] "GET /item/halfw40783659.shtml HTTP/1.1" 200 1 "http://cam.edu.pa/sitemap-4.xml" "Mozilla/5.0 AppleWebKit/537.36 (KHTML, like Gecko; compatible; GPTBot/1.3; +https://openai.com/gptbot)" 25 **0/25294**
216.73.216.38 - - [14/Apr/2026:08:38:56 -0700] "GET /item/frame80542039.shtml HTTP/1.1" 403 1 "-" "Mozilla/5.0 AppleWebKit/537.36 (KHTML, like Gecko; compatible; ClaudeBot/1.0; +claudebot@anthropic.com)" 104 **0/104022**
74.7.241.10 - - [14/Apr/2026:08:38:59 -0700] "GET /item/skyro80050183.shtml HTTP/1.1" 200 1 "http://cam.edu.pa/sitemap-7.xml" "Mozilla/5.0 AppleWebKit/537.36 (KHTML, like Gecko; compatible; GPTBot/1.3; +https://openai.com/gptbot)" 63 **0/63438**
216.73.216.38 - - [14/Apr/2026:08:38:59 -0700] "GET /item/meld41095859.shtml HTTP/1.1" 403 1 "-" "Mozilla/5.0 AppleWebKit/537.36 (KHTML, like Gecko; compatible; ClaudeBot/1.0; +claudebot@anthropic.com)" 82 **0/82692**
74.7.241.10 - - [14/Apr/2026:08:39:02 -0700] "GET /item/unwil11914368.shtml HTTP/1.1" 200 1 "http://cam.edu.pa/sitemap-7.xml" "Mozilla/5.0 AppleWebKit/537.36 (KHTML, like Gecko; compatible; GPTBot/1.3; +https://openai.com/gptbot)" 135 **0/135337**
216.73.216.38 - - [14/Apr/2026:08:39:02 -0700] "GET /item/heari31943698.shtml HTTP/1.1" 403 1 "-" "Mozilla/5.0 AppleWebKit/537.36 (KHTML, like Gecko; compatible; ClaudeBot/1.0; +claudebot@anthropic.com)" 335 **0/335304**
74.7.241.10 - - [14/Apr/2026:08:39:05 -0700] "GET /item/curta60394765.shtml HTTP/1.1" 200 1 "http://cam.edu.pa/sitemap-7.xml" "Mozilla/5.0 AppleWebKit/537.36 (KHTML, like Gecko; compatible; GPTBot/1.3; +https://openai.com/gptbot)" 69 **0/69304**
216.73.216.38 - - [14/Apr/2026:08:39:05 -0700] "GET /item/stoma40272099.shtml HTTP/1.1" 403 1 "-" "Mozilla/5.0 AppleWebKit/537.36 (KHTML, like Gecko; compatible; ClaudeBot/1.0; +claudebot@anthropic.com)" 119 **0/119306**
216.73.216.38 - - [14/Apr/2026:08:39:08 -0700] "GET /item/speci22960113.shtml HTTP/1.1" 403 1 "-" "Mozilla/5.0 AppleWebKit/537.36 (KHTML, like Gecko; compatible; ClaudeBot/1.0; +claudebot@anthropic.com)" 31 **0/31522**
74.7.241.10 - - [14/Apr/2026:08:39:08 -0700] "GET /item/surpr22721065.shtml HTTP/1.1" 200 1 "http://cam.edu.pa/sitemap-2.xml" "Mozilla/5.0 AppleWebKit/537.36 (KHTML, like Gecko; compatible; GPTBot/1.3; +https://openai.com/gptbot)" 46 **0/46307**
74.7.241.10 - - [14/Apr/2026:08:39:11 -0700] "GET /item/convi72533942.shtml HTTP/1.1" 200 1 "http://cam.edu.pa/sitemap-1.xml" "Mozilla/5.0 AppleWebKit/537.36 (KHTML, like Gecko; compatible; GPTBot/1.3; +https://openai.com/gptbot)" 24 **0/24743**
216.73.216.38 - - [14/Apr/2026:08:39:11 -0700] "GET /item/aunt50788220.shtml HTTP/1.1" 403 1 "-" "Mozilla/5.0 AppleWebKit/537.36 (KHTML, like Gecko; compatible; ClaudeBot/1.0; +claudebot@anthropic.com)" 30 **0/30198**
216.73.216.38 - - [14/Apr/2026:08:39:14 -0700] "GET /item/sourc40682283.shtml HTTP/1.1" 403 1 "-" "Mozilla/5.0 AppleWebKit/537.36 (KHTML, like Gecko; compatible; ClaudeBot/1.0; +claudebot@anthropic.com)" 21 **0/21701**
74.7.241.10 - - [14/Apr/2026:08:39:15 -0700] "GET /item/wreck20767249.shtml HTTP/1.1" 200 1 "http://cam.edu.pa/sitemapa.xml" "Mozilla/5.0 AppleWebKit/537.36 (KHTML, like Gecko; compatible; GPTBot/1.3; +https://openai.com/gptbot)" 33 **0/33117**
216.73.216.38 - - [14/Apr/2026:08:39:17 -0700] "GET /item/curio80238223.shtml HTTP/1.1" 403 1 "-" "Mozilla/5.0 AppleWebKit/537.36 (KHTML, like Gecko; compatible; ClaudeBot/1.0; +claudebot@anthropic.com)" 25 **0/25015**
74.7.241.10 - - [14/Apr/2026:08:39:18 -0700] "GET /item/dying52850732.shtml HTTP/1.1" 200 1 "http://cam.edu.pa/sitemap-3.xml" "Mozilla/5.0 AppleWebKit/537.36 (KHTML, like Gecko; compatible; GPTBot/1.3; +https://openai.com/gptbot)" 31 **0/31529**
216.73.216.38 - - [14/Apr/2026:08:39:20 -0700] "GET /item/chill42911251.shtml HTTP/1.1" 403 1 "-" "Mozilla/5.0 AppleWebKit/537.36 (KHTML, like Gecko; compatible; ClaudeBot/1.0; +claudebot@anthropic.com)" 23 **0/23429**
74.7.241.10 - - [14/Apr/2026:08:39:21 -0700] "GET /item/playg11369224.shtml HTTP/1.1" 200 1 "http://cam.edu.pa/sitemap-3.xml" "Mozilla/5.0 AppleWebKit/537.36 (KHTML, like Gecko; compatible; GPTBot/1.3; +https://openai.com/gptbot)" 40 **0/40722**
216.73.216.38 - - [14/Apr/2026:08:39:23 -0700] "GET /item/retur50404468.shtml HTTP/1.1" 403 1 "-" "Mozilla/5.0 AppleWebKit/537.36 (KHTML, like Gecko; compatible; ClaudeBot/1.0; +claudebot@anthropic.com)" 23 **0/23064**
74.7.241.10 - - [14/Apr/2026:08:39:24 -0700] "GET /item/revol10658296.shtml HTTP/1.1" 200 1 "http://cam.edu.pa/sitemap-8.xml" "Mozilla/5.0 AppleWebKit/537.36 (KHTML, like Gecko; compatible; GPTBot/1.3; +https://openai.com/gptbot)" 39 **0/39803**
74.7.241.10 - - [14/Apr/2026:08:39:27 -0700] "GET /item/singe40109587.shtml HTTP/1.1" 200 1 "http://cam.edu.pa/sitemap-3.xml" "Mozilla/5.0 AppleWebKit/537.36 (KHTML, like Gecko; compatible; GPTBot/1.3; +https://openai.com/gptbot)" 25 **0/25033**
216.73.216.38 - - [14/Apr/2026:08:39:27 -0700] "GET /item/color82957639.shtml HTTP/1.1" 200 1 "-" "Mozilla/5.0 AppleWebKit/537.36 (KHTML, like Gecko; compatible; ClaudeBot/1.0; +claudebot@anthropic.com)" 50 **0/50515**
74.7.241.10 - - [14/Apr/2026:08:39:30 -0700] "GET /item/enqui40483779.shtml HTTP/1.1" 200 1 "http://cam.edu.pa/sitemap-4.xml" "Mozilla/5.0 AppleWebKit/537.36 (KHTML, like Gecko; compatible; GPTBot/1.3; +https://openai.com/gptbot)" 41 **0/41835**
216.73.216.38 - - [14/Apr/2026:08:39:30 -0700] "GET /item/welco50312884.shtml HTTP/1.1" 200 1 "-" "Mozilla/5.0 AppleWebKit/537.36 (KHTML, like Gecko; compatible; ClaudeBot/1.0; +claudebot@anthropic.com)" 39 **0/39913**
74.7.241.10 - - [14/Apr/2026:08:39:33 -0700] "GET /item/sugar12576216.shtml HTTP/1.1" 200 1 "http://cam.edu.pa/sitemap-6.xml" "Mozilla/5.0 AppleWebKit/537.36 (KHTML, like Gecko; compatible; GPTBot/1.3; +https://openai.com/gptbot)" 43 **0/43476**
74.7.241.10 - - [14/Apr/2026:08:39:36 -0700] "GET /item/brand32631002.shtml HTTP/1.1" 200 1 "http://cam.edu.pa/sitemape.xml" "Mozilla/5.0 AppleWebKit/537.36 (KHTML, like Gecko; compatible; GPTBot/1.3; +https://openai.com/gptbot)" 39 **0/39155**
74.7.241.10 - - [14/Apr/2026:08:39:40 -0700] "GET /item/sidew82154279.shtml HTTP/1.1" 200 1 "http://cam.edu.pa/sitemap-4.xml" "Mozilla/5.0 AppleWebKit/537.36 (KHTML, like Gecko; compatible; GPTBot/1.3; +https://openai.com/gptbot)" 28 **0/28251**
74.7.241.10 - - [14/Apr/2026:08:39:43 -0700] "GET /item/naked40063379.shtml HTTP/1.1" 200 1 "http://cam.edu.pa/sitemap-6.xml" "Mozilla/5.0 AppleWebKit/537.36 (KHTML, like Gecko; compatible; GPTBot/1.3; +https://openai.com/gptbot)" 55 **0/55008**
74.7.241.10 - - [14/Apr/2026:08:39:46 -0700] "GET /item/quick60108021.shtml HTTP/1.1" 200 1 "http://cam.edu.pa/sitemape.xml" "Mozilla/5.0 AppleWebKit/537.36 (KHTML, like Gecko; compatible; GPTBot/1.3; +https://openai.com/gptbot)" 570 **0/570602**
74.7.241.10 - - [14/Apr/2026:08:39:49 -0700] "GET /item/secto32691802.shtml HTTP/1.1" 200 1 "http://cam.edu.pa/sitemap-1.xml" "Mozilla/5.0 AppleWebKit/537.36 (KHTML, like Gecko; compatible; GPTBot/1.3; +https://openai.com/gptbot)" 77 **0/77744**
74.7.241.10 - - [14/Apr/2026:08:39:52 -0700] "GET /item/monke72900830.shtml HTTP/1.1" 200 1 "http://cam.edu.pa/sitemape.xml" "Mozilla/5.0 AppleWebKit/537.36 (KHTML, like Gecko; compatible; GPTBot/1.3; +https://openai.com/gptbot)" 77 **0/77167**
74.7.241.10 - - [14/Apr/2026:08:39:55 -0700] "GET /item/cross70992854.shtml HTTP/1.1" 200 1 "http://cam.edu.pa/sitemap-5.xml" "Mozilla/5.0 AppleWebKit/537.36 (KHTML, like Gecko; compatible; GPTBot/1.3; +https://openai.com/gptbot)" 58 **0/58531**
74.7.241.10 - - [14/Apr/2026:08:39:59 -0700] "GET /item/joyfu50031484.shtml HTTP/1.1" 200 1 "http://cam.edu.pa/sitemap-3.xml" "Mozilla/5.0 AppleWebKit/537.36 (KHTML, like Gecko; compatible; GPTBot/1.3; +https://openai.com/gptbot)" 95 **0/95962**
74.7.241.10 - - [14/Apr/2026:08:40:02 -0700] "GET /item/sourc40242283.shtml HTTP/1.1" 200 1 "http://cam.edu.pa/sitemap-8.xml" "Mozilla/5.0 AppleWebKit/537.36 (KHTML, like Gecko; compatible; GPTBot/1.3; +https://openai.com/gptbot)" 95 **0/95548**
74.7.241.10 - - [14/Apr/2026:08:40:05 -0700] "GET /item/grass71200518.shtml HTTP/1.1" 200 1 "http://cam.edu.pa/sitemap-1.xml" "Mozilla/5.0 AppleWebKit/537.36 (KHTML, like Gecko; compatible; GPTBot/1.3; +https://openai.com/gptbot)" 95 **0/95822**
74.7.241.10 - - [14/Apr/2026:08:40:08 -0700] "GET /item/conve21940089.shtml HTTP/1.1" 200 1 "http://cam.edu.pa/sitemap-6.xml" "Mozilla/5.0 AppleWebKit/537.36 (KHTML, like Gecko; compatible; GPTBot/1.3; +https://openai.com/gptbot)" 115 **0/115672**
74.7.241.10 - - [14/Apr/2026:08:40:12 -0700] "GET /item/valid30098162.shtml HTTP/1.1" 200 1 "http://cam.edu.pa/sitemap-9.xml" "Mozilla/5.0 AppleWebKit/537.36 (KHTML, like Gecko; compatible; GPTBot/1.3; +https://openai.com/gptbot)" 101 **0/101570**
74.7.241.10 - - [14/Apr/2026:08:40:15 -0700] "GET /item/branc81871103.shtml HTTP/1.1" 200 1 "http://cam.edu.pa/sitemap-8.xml" "Mozilla/5.0 AppleWebKit/537.36 (KHTML, like Gecko; compatible; GPTBot/1.3; +https://openai.com/gptbot)" 157 **0/157138**
74.7.241.10 - - [14/Apr/2026:08:40:18 -0700] "GET /item/drawi50470644.shtml HTTP/1.1" 200 1 "http://cam.edu.pa/sitemap-8.xml" "Mozilla/5.0 AppleWebKit/537.36 (KHTML, like Gecko; compatible; GPTBot/1.3; +https://openai.com/gptbot)" 62 **0/62432**
74.7.241.10 - - [14/Apr/2026:08:40:21 -0700] "GET /item/early32565154.shtml HTTP/1.1" 200 1 "http://cam.edu.pa/sitemape.xml" "Mozilla/5.0 AppleWebKit/537.36 (KHTML, like Gecko; compatible; GPTBot/1.3; +https://openai.com/gptbot)" 143 **0/143016**
74.7.241.10 - - [14/Apr/2026:08:40:24 -0700] "GET /item/breat20964257.shtml HTTP/1.1" 200 1 "http://cam.edu.pa/sitemap-7.xml" "Mozilla/5.0 AppleWebKit/537.36 (KHTML, like Gecko; compatible; GPTBot/1.3; +https://openai.com/gptbot)" 45 **0/45876**
142.44.228.187 - - [14/Apr/2026:08:40:25 -0700] "GET /sitemap.xml HTTP/1.1" 200 154 "-" "Mozilla/5.0 (compatible; AhrefsBot/7.0; +http://ahrefs.com/robot/)" 250 **0/250117**
74.7.241.10 - - [14/Apr/2026:08:40:27 -0700] "GET /item/contr62560797.shtml HTTP/1.1" 200 1 "http://cam.edu.pa/sitemap-9.xml" "Mozilla/5.0 AppleWebKit/537.36 (KHTML, like Gecko; compatible; GPTBot/1.3; +https://openai.com/gptbot)" 48 **0/48631**
15.235.98.129 - - [14/Apr/2026:08:40:28 -0700] "GET /sitemapa.xml HTTP/1.1" 200 14356 "-" "Mozilla/5.0 (compatible; AhrefsBot/7.0; +http://ahrefs.com/robot/)" 397 **0/397581**
74.7.241.10 - - [14/Apr/2026:08:40:30 -0700] "GET /item/avoid52040684.shtml HTTP/1.1" 200 1 "http://cam.edu.pa/sitemap-8.xml" "Mozilla/5.0 AppleWebKit/537.36 (KHTML, like Gecko; compatible; GPTBot/1.3; +https://openai.com/gptbot)" 52 **0/52271**
142.44.233.70 - - [14/Apr/2026:08:40:32 -0700] "GET /sitemapb.xml HTTP/1.1" 200 9865 "-" "Mozilla/5.0 (compatible; AhrefsBot/7.0; +http://ahrefs.com/robot/)" 371 **0/371990**
74.7.241.10 - - [14/Apr/2026:08:40:34 -0700] "GET /item/margi30425866.shtml HTTP/1.1" 200 1 "http://cam.edu.pa/sitemap-7.xml" "Mozilla/5.0 AppleWebKit/537.36 (KHTML, like Gecko; compatible; GPTBot/1.3; +https://openai.com/gptbot)" 84 **0/84373**
142.44.233.203 - - [14/Apr/2026:08:40:36 -0700] "GET /sitemapc.xml HTTP/1.1" 200 11407 "-" "Mozilla/5.0 (compatible; AhrefsBot/7.0; +http://ahrefs.com/robot/)" 405 **0/405903**
74.7.241.10 - - [14/Apr/2026:08:40:37 -0700] "GET /item/visua50346628.shtml HTTP/1.1" 200 1 "http://cam.edu.pa/sitemap-1.xml" "Mozilla/5.0 AppleWebKit/537.36 (KHTML, like Gecko; compatible; GPTBot/1.3; +https://openai.com/gptbot)" 39 **0/39988**
54.39.6.104 - - [14/Apr/2026:08:40:40 -0700] "GET /sitemapd.xml HTTP/1.1" 200 15279 "-" "Mozilla/5.0 (compatible; AhrefsBot/7.0; +http://ahrefs.com/robot/)" 428 **0/428708**
74.7.241.10 - - [14/Apr/2026:08:40:40 -0700] "GET /item/weekl72371654.shtml HTTP/1.1" 200 1 "http://cam.edu.pa/sitemap-8.xml" "Mozilla/5.0 AppleWebKit/537.36 (KHTML, like Gecko; compatible; GPTBot/1.3; +https://openai.com/gptbot)" 36 **0/36170**
74.7.241.10 - - [14/Apr/2026:08:40:43 -0700] "GET /item/sword82863023.shtml HTTP/1.1" 200 1 "http://cam.edu.pa/sitemap-8.xml" "Mozilla/5.0 AppleWebKit/537.36 (KHTML, like Gecko; compatible; GPTBot/1.3; +https://openai.com/gptbot)" 38 **0/38427**
142.44.233.111 - - [14/Apr/2026:08:40:43 -0700] "GET /sitemape.xml HTTP/1.1" 200 9905 "-" "Mozilla/5.0 (compatible; AhrefsBot/7.0; +http://ahrefs.com/robot/)" 400 **0/400836**
202.70.133.25 - - [14/Apr/2026:08:40:46 -0700] "POST /wp/wp-login.php/wp-login.php HTTP/1.1" 200 - "-" "Mozilla/5.0 (Windows NT 10.0; Win64; x64; rv:95.0) Gecko/20100101 Firefox/95.0" 41 **0/41783**
74.7.241.10 - - [14/Apr/2026:08:40:46 -0700] "GET /item/bound70818790.shtml HTTP/1.1" 200 1 "http://cam.edu.pa/sitemap-8.xml" "Mozilla/5.0 AppleWebKit/537.36 (KHTML, like Gecko; compatible; GPTBot/1.3; +https://openai.com/gptbot)" 32 **0/32926**
51.222.168.155 - - [14/Apr/2026:08:40:47 -0700] "GET /sitemapf.xml HTTP/1.1" 200 11992 "-" "Mozilla/5.0 (compatible; AhrefsBot/7.0; +http://ahrefs.com/robot/)" 446 **0/446873**
74.7.241.10 - - [14/Apr/2026:08:40:50 -0700] "GET /item/magic21496857.shtml HTTP/1.1" 200 1 "http://cam.edu.pa/sitemap-1.xml" "Mozilla/5.0 AppleWebKit/537.36 (KHTML, like Gecko; compatible; GPTBot/1.3; +https://openai.com/gptbot)" 59 **0/59883**
54.39.0.73 - - [14/Apr/2026:08:40:51 -0700] "GET /sitemapg.xml HTTP/1.1" 200 12711 "-" "Mozilla/5.0 (compatible; AhrefsBot/7.0; +http://ahrefs.com/robot/)" 386 **0/386037**
74.7.241.10 - - [14/Apr/2026:08:40:53 -0700] "GET /item/gestu71898302.shtml HTTP/1.1" 200 1 "http://cam.edu.pa/sitemap-5.xml" "Mozilla/5.0 AppleWebKit/537.36 (KHTML, like Gecko; compatible; GPTBot/1.3; +https://openai.com/gptbot)" 37 **0/37619**
216.73.216.38 - - [14/Apr/2026:08:40:55 -0700] "GET /item/kilog80742527.shtml HTTP/1.1" 200 1 "-" "Mozilla/5.0 AppleWebKit/537.36 (KHTML, like Gecko; compatible; ClaudeBot/1.0; +claudebot@anthropic.com)" 29 **0/29810**
142.44.225.19 - - [14/Apr/2026:08:40:55 -0700] "GET /sitemaph.xml HTTP/1.1" 200 14324 "-" "Mozilla/5.0 (compatible; AhrefsBot/7.0; +http://ahrefs.com/robot/)" 388 **0/388762**
74.7.241.10 - - [14/Apr/2026:08:40:56 -0700] "GET /item/blast61659437.shtml HTTP/1.1" 200 1 "http://cam.edu.pa/sitemap-4.xml" "Mozilla/5.0 AppleWebKit/537.36 (KHTML, like Gecko; compatible; GPTBot/1.3; +https://openai.com/gptbot)" 62 **0/62080**
66.249.90.168 - - [14/Apr/2026:08:40:58 -0700] "GET / HTTP/1.1" 200 539 "-" "Google-Edu" 16 **0/16400**
15.235.98.239 - - [14/Apr/2026:08:40:59 -0700] "GET /sitemapi.xml HTTP/1.1" 200 15489 "-" "Mozilla/5.0 (compatible; AhrefsBot/7.0; +http://ahrefs.com/robot/)" 424 **0/424329**
74.7.241.10 - - [14/Apr/2026:08:40:59 -0700] "GET /item/repai72781054.shtml HTTP/1.1" 200 1 "http://cam.edu.pa/sitemap-1.xml" "Mozilla/5.0 AppleWebKit/537.36 (KHTML, like Gecko; compatible; GPTBot/1.3; +https://openai.com/gptbot)" 31 **0/31898**
74.7.241.10 - - [14/Apr/2026:08:41:02 -0700] "GET /item/enjoy10744792.shtml HTTP/1.1" 200 1 "http://cam.edu.pa/sitemap-1.xml" "Mozilla/5.0 AppleWebKit/537.36 (KHTML, like Gecko; compatible; GPTBot/1.3; +https://openai.com/gptbot)" 51 **0/51951**
142.44.233.226 - - [14/Apr/2026:08:41:02 -0700] "GET /sitemapj.xml HTTP/1.1" 200 11100 "-" "Mozilla/5.0 (compatible; AhrefsBot/7.0; +http://ahrefs.com/robot/)" 424 **0/424098**
74.7.241.10 - - [14/Apr/2026:08:41:05 -0700] "GET /item/parti22805433.shtml HTTP/1.1" 200 1 "http://cam.edu.pa/sitemapa.xml" "Mozilla/5.0 AppleWebKit/537.36 (KHTML, like Gecko; compatible; GPTBot/1.3; +https://openai.com/gptbot)" 38 **0/38734**
54.39.203.141 - - [14/Apr/2026:08:41:06 -0700] "GET /sitemapk.xml HTTP/1.1" 200 15907 "-" "Mozilla/5.0 (compatible; AhrefsBot/7.0; +http://ahrefs.com/robot/)" 528 **0/528525**
74.7.241.10 - - [14/Apr/2026:08:41:09 -0700] "GET /item/typis52987132.shtml HTTP/1.1" 200 1 "http://cam.edu.pa/sitemape.xml" "Mozilla/5.0 AppleWebKit/537.36 (KHTML, like Gecko; compatible; GPTBot/1.3; +https://openai.com/gptbot)" 69 **0/69944**
51.222.168.141 - - [14/Apr/2026:08:41:10 -0700] "GET /sitemapl.xml HTTP/1.1" 200 11439 "-" "Mozilla/5.0 (compatible; AhrefsBot/7.0; +http://ahrefs.com/robot/)" 362 **0/362174**
74.7.241.10 - - [14/Apr/2026:08:41:12 -0700] "GET /item/credi22802641.shtml HTTP/1.1" 200 1 "http://cam.edu.pa/sitemap-8.xml" "Mozilla/5.0 AppleWebKit/537.36 (KHTML, like Gecko; compatible; GPTBot/1.3; +https://openai.com/gptbot)" 74 **0/74940**
142.44.225.228 - - [14/Apr/2026:08:41:14 -0700] "GET /sitemapm.xml HTTP/1.1" 200 17290 "-" "Mozilla/5.0 (compatible; AhrefsBot/7.0; +http://ahrefs.com/robot/)" 454 **0/454178**
74.7.241.10 - - [14/Apr/2026:08:41:15 -0700] "GET /item/roman42347139.shtml HTTP/1.1" 200 1 "http://cam.edu.pa/sitemape.xml" "Mozilla/5.0 AppleWebKit/537.36 (KHTML, like Gecko; compatible; GPTBot/1.3; +https://openai.com/gptbot)" 42 **0/42403**
74.7.241.10 - - [14/Apr/2026:08:41:18 -0700] "GET /item/bruis21470689.shtml HTTP/1.1" 200 1 "http://cam.edu.pa/sitemap-5.xml" "Mozilla/5.0 AppleWebKit/537.36 (KHTML, like Gecko; compatible; GPTBot/1.3; +https://openai.com/gptbot)" 26 **0/26300**
51.161.65.209 - - [14/Apr/2026:08:41:18 -0700] "GET /sitemapn.xml HTTP/1.1" 200 14372 "-" "Mozilla/5.0 (compatible; AhrefsBot/7.0; +http://ahrefs.com/robot/)" 428 **0/428003**
74.7.241.10 - - [14/Apr/2026:08:41:21 -0700] "GET /item/surpl52371676.shtml HTTP/1.1" 200 1 "http://cam.edu.pa/sitemap-2.xml" "Mozilla/5.0 AppleWebKit/537.36 (KHTML, like Gecko; compatible; GPTBot/1.3; +https://openai.com/gptbot)" 113 **0/113123**
148.113.130.101 - - [14/Apr/2026:08:41:22 -0700] "GET /sitemapo.xml HTTP/1.1" 200 14128 "-" "Mozilla/5.0 (compatible; AhrefsBot/7.0; +http://ahrefs.com/robot/)" 389 **0/389230**
74.7.241.10 - - [14/Apr/2026:08:41:24 -0700] "GET /item/reduc81934423.shtml HTTP/1.1" 200 1 "http://cam.edu.pa/sitemap-5.xml" "Mozilla/5.0 AppleWebKit/537.36 (KHTML, like Gecko; compatible; GPTBot/1.3; +https://openai.com/gptbot)" 53 **0/53625**
74.7.241.10 - - [14/Apr/2026:08:41:28 -0700] "GET /item/potat32173098.shtml HTTP/1.1" 200 1 "http://cam.edu.pa/sitemap-2.xml" "Mozilla/5.0 AppleWebKit/537.36 (KHTML, like Gecko; compatible; GPTBot/1.3; +https://openai.com/gptbot)" 97 **0/97112**
74.7.241.10 - - [14/Apr/2026:08:41:31 -0700] "GET /item/ferti32014898.shtml HTTP/1.1" 200 1 "http://cam.edu.pa/sitemap-5.xml" "Mozilla/5.0 AppleWebKit/537.36 (KHTML, like Gecko; compatible; GPTBot/1.3; +https://openai.com/gptbot)" 47 **0/47366**
74.7.241.10 - - [14/Apr/2026:08:41:34 -0700] "GET /item/watch61100357.shtml HTTP/1.1" 200 1 "http://cam.edu.pa/sitemap-4.xml" "Mozilla/5.0 AppleWebKit/537.36 (KHTML, like Gecko; compatible; GPTBot/1.3; +https://openai.com/gptbot)" 31 **0/31564**
74.7.241.10 - - [14/Apr/2026:08:41:37 -0700] "GET /item/carry52308388.shtml HTTP/1.1" 200 1 "http://cam.edu.pa/sitemape.xml" "Mozilla/5.0 AppleWebKit/537.36 (KHTML, like Gecko; compatible; GPTBot/1.3; +https://openai.com/gptbot)" 31 **0/31771**
74.7.241.10 - - [14/Apr/2026:08:41:40 -0700] "GET /item/confi60953589.shtml HTTP/1.1" 200 1 "http://cam.edu.pa/sitemap-1.xml" "Mozilla/5.0 AppleWebKit/537.36 (KHTML, like Gecko; compatible; GPTBot/1.3; +https://openai.com/gptbot)" 47 **0/47059**
74.7.241.10 - - [14/Apr/2026:08:41:43 -0700] "GET /item/bunch40511371.shtml HTTP/1.1" 200 1 "http://cam.edu.pa/sitemap-3.xml" "Mozilla/5.0 AppleWebKit/537.36 (KHTML, like Gecko; compatible; GPTBot/1.3; +https://openai.com/gptbot)" 39 **0/39423**
74.7.241.10 - - [14/Apr/2026:08:41:46 -0700] "GET /item/floor51644380.shtml HTTP/1.1" 200 1 "http://cam.edu.pa/sitemap-2.xml" "Mozilla/5.0 AppleWebKit/537.36 (KHTML, like Gecko; compatible; GPTBot/1.3; +https://openai.com/gptbot)" 61 **0/61538**
74.7.241.10 - - [14/Apr/2026:08:41:49 -0700] "GET /item/corre21956841.shtml HTTP/1.1" 200 1 "http://cam.edu.pa/sitemap-4.xml" "Mozilla/5.0 AppleWebKit/537.36 (KHTML, like Gecko; compatible; GPTBot/1.3; +https://openai.com/gptbot)" 59 **0/59963**
74.7.241.10 - - [14/Apr/2026:08:41:53 -0700] "GET /item/begin31681722.shtml HTTP/1.1" 200 1 "http://cam.edu.pa/sitemap-7.xml" "Mozilla/5.0 AppleWebKit/537.36 (KHTML, like Gecko; compatible; GPTBot/1.3; +https://openai.com/gptbot)" 74 **0/74122**
74.7.241.10 - - [14/Apr/2026:08:41:56 -0700] "GET /item/disor60402117.shtml HTTP/1.1" 200 1 "http://cam.edu.pa/sitemap-2.xml" "Mozilla/5.0 AppleWebKit/537.36 (KHTML, like Gecko; compatible; GPTBot/1.3; +https://openai.com/gptbot)" 46 **0/46906**
74.7.241.10 - - [14/Apr/2026:08:41:59 -0700] "GET /item/ankle61438925.shtml HTTP/1.1" 200 1 "http://cam.edu.pa/sitemap-9.xml" "Mozilla/5.0 AppleWebKit/537.36 (KHTML, like Gecko; compatible; GPTBot/1.3; +https://openai.com/gptbot)" 38 **0/38236**
74.7.241.10 - - [14/Apr/2026:08:42:02 -0700] "GET /item/yogur31669778.shtml HTTP/1.1" 200 1 "http://cam.edu.pa/sitemap-1.xml" "Mozilla/5.0 AppleWebKit/537.36 (KHTML, like Gecko; compatible; GPTBot/1.3; +https://openai.com/gptbot)" 32 **0/32497**
74.7.241.10 - - [14/Apr/2026:08:42:05 -0700] "GET /item/promo42717899.shtml HTTP/1.1" 200 1 "http://cam.edu.pa/sitemapa.xml" "Mozilla/5.0 AppleWebKit/537.36 (KHTML, like Gecko; compatible; GPTBot/1.3; +https://openai.com/gptbot)" 66 **0/66274**
114.119.157.178 - - [14/Apr/2026:08:42:06 -0700] "GET /item/hunt71583110.shtml HTTP/1.1" 200 - "http://cam.edu.pa/sitemapa.xml" "Mozilla/5.0 (Linux; Android 7.0;) AppleWebKit/537.36 (KHTML, like Gecko) Mobile Safari/537.36 (compatible; PetalBot;+https://webmaster.petalsearch.com/site/petalbot)" 40 **0/40158**
74.7.241.10 - - [14/Apr/2026:08:42:09 -0700] "GET /item/accou10978952.shtml HTTP/1.1" 200 1 "http://cam.edu.pa/sitemap-4.xml" "Mozilla/5.0 AppleWebKit/537.36 (KHTML, like Gecko; compatible; GPTBot/1.3; +https://openai.com/gptbot)" 40 **0/40692**
74.7.241.10 - - [14/Apr/2026:08:42:12 -0700] "GET /item/dirty71740862.shtml HTTP/1.1" 200 1 "http://cam.edu.pa/sitemap-4.xml" "Mozilla/5.0 AppleWebKit/537.36 (KHTML, like Gecko; compatible; GPTBot/1.3; +https://openai.com/gptbot)" 105 **0/105478**
216.73.216.38 - - [14/Apr/2026:08:42:12 -0700] "GET /item/fibre70411286.shtml HTTP/1.1" 200 1 "-" "Mozilla/5.0 AppleWebKit/537.36 (KHTML, like Gecko; compatible; ClaudeBot/1.0; +claudebot@anthropic.com)" 122 **0/122989**
74.7.241.10 - - [14/Apr/2026:08:42:15 -0700] "GET /item/cheek61305845.shtml HTTP/1.1" 200 1 "http://cam.edu.pa/sitemap-7.xml" "Mozilla/5.0 AppleWebKit/537.36 (KHTML, like Gecko; compatible; GPTBot/1.3; +https://openai.com/gptbot)" 99 **0/99086**
216.73.216.38 - - [14/Apr/2026:08:42:16 -0700] "GET /item/potat32177098.shtml HTTP/1.1" 200 1 "-" "Mozilla/5.0 AppleWebKit/537.36 (KHTML, like Gecko; compatible; ClaudeBot/1.0; +claudebot@anthropic.com)" 38 **0/38382**
74.7.241.10 - - [14/Apr/2026:08:42:18 -0700] "GET /item/solar80722647.shtml HTTP/1.1" 200 1 "http://cam.edu.pa/sitemap-1.xml" "Mozilla/5.0 AppleWebKit/537.36 (KHTML, like Gecko; compatible; GPTBot/1.3; +https://openai.com/gptbot)" 36 **0/36746**
74.7.241.10 - - [14/Apr/2026:08:42:21 -0700] "GET /item/profe10337616.shtml HTTP/1.1" 200 1 "http://cam.edu.pa/sitemap-3.xml" "Mozilla/5.0 AppleWebKit/537.36 (KHTML, like Gecko; compatible; GPTBot/1.3; +https://openai.com/gptbot)" 27 **0/27362**
74.7.241.10 - - [14/Apr/2026:08:42:25 -0700] "GET /item/tower70425182.shtml HTTP/1.1" 200 1 "http://cam.edu.pa/sitemap-8.xml" "Mozilla/5.0 AppleWebKit/537.36 (KHTML, like Gecko; compatible; GPTBot/1.3; +https://openai.com/gptbot)" 47 **0/47703**
74.7.241.10 - - [14/Apr/2026:08:42:28 -0700] "GET /item/trump12906520.shtml HTTP/1.1" 200 1 "http://cam.edu.pa/sitemap-1.xml" "Mozilla/5.0 AppleWebKit/537.36 (KHTML, like Gecko; compatible; GPTBot/1.3; +https://openai.com/gptbot)" 70 **0/70542**
74.7.241.10 - - [14/Apr/2026:08:42:31 -0700] "GET /item/frien30492362.shtml HTTP/1.1" 200 1 "http://cam.edu.pa/sitemap-8.xml" "Mozilla/5.0 AppleWebKit/537.36 (KHTML, like Gecko; compatible; GPTBot/1.3; +https://openai.com/gptbot)" 37 **0/37288**
74.7.241.10 - - [14/Apr/2026:08:42:34 -0700] "GET /item/acros42537179.shtml HTTP/1.1" 200 1 "http://cam.edu.pa/sitemapa.xml" "Mozilla/5.0 AppleWebKit/537.36 (KHTML, like Gecko; compatible; GPTBot/1.3; +https://openai.com/gptbot)" 25 **0/25190**
