74.7.241.10 - - [14/Apr/2026:06:56:52 -0700] "GET /item/drum41712107.shtml HTTP/1.1" 200 1 "http://cam.edu.pa/sitemape.xml" "Mozilla/5.0 AppleWebKit/537.36 (KHTML, like Gecko; compatible; GPTBot/1.3; +https://openai.com/gptbot)" 26 **0/26341**
216.73.216.38 - - [14/Apr/2026:06:56:53 -0700] "GET /item/rust70807382.shtml HTTP/1.1" 200 1 "-" "Mozilla/5.0 AppleWebKit/537.36 (KHTML, like Gecko; compatible; ClaudeBot/1.0; +claudebot@anthropic.com)" 21 **0/21339**
54.39.203.19 - - [14/Apr/2026:06:56:54 -0700] "GET /sitemapi.xml HTTP/1.1" 200 12659 "-" "Mozilla/5.0 (compatible; AhrefsBot/7.0; +http://ahrefs.com/robot/)" 261 **0/261033**
74.7.241.10 - - [14/Apr/2026:06:56:55 -0700] "GET /item/chap42254403.shtml HTTP/1.1" 200 1 "http://cam.edu.pa/sitemap-8.xml" "Mozilla/5.0 AppleWebKit/537.36 (KHTML, like Gecko; compatible; GPTBot/1.3; +https://openai.com/gptbot)" 31 **0/31871**
216.73.216.38 - - [14/Apr/2026:06:56:56 -0700] "GET /item/squee42110187.shtml HTTP/1.1" 200 1 "-" "Mozilla/5.0 AppleWebKit/537.36 (KHTML, like Gecko; compatible; ClaudeBot/1.0; +claudebot@anthropic.com)" 34 **0/34440**
142.44.225.223 - - [14/Apr/2026:06:56:58 -0700] "GET /sitemapj.xml HTTP/1.1" 200 17353 "-" "Mozilla/5.0 (compatible; AhrefsBot/7.0; +http://ahrefs.com/robot/)" 289 **0/289392**
74.7.241.10 - - [14/Apr/2026:06:56:58 -0700] "GET /item/echo60039405.shtml HTTP/1.1" 200 1 "http://cam.edu.pa/sitemap-2.xml" "Mozilla/5.0 AppleWebKit/537.36 (KHTML, like Gecko; compatible; GPTBot/1.3; +https://openai.com/gptbot)" 30 **0/30495**
216.73.216.38 - - [14/Apr/2026:06:56:59 -0700] "GET /item/sunsh30891722.shtml HTTP/1.1" 200 1 "-" "Mozilla/5.0 AppleWebKit/537.36 (KHTML, like Gecko; compatible; ClaudeBot/1.0; +claudebot@anthropic.com)" 58 **0/58302**
74.7.241.10 - - [14/Apr/2026:06:57:01 -0700] "GET /item/full71561102.shtml HTTP/1.1" 200 1 "http://cam.edu.pa/sitemape.xml" "Mozilla/5.0 AppleWebKit/537.36 (KHTML, like Gecko; compatible; GPTBot/1.3; +https://openai.com/gptbot)" 45 **0/45806**
148.113.128.117 - - [14/Apr/2026:06:57:02 -0700] "GET /sitemapk.xml HTTP/1.1" 200 14433 "-" "Mozilla/5.0 (compatible; AhrefsBot/7.0; +http://ahrefs.com/robot/)" 282 **0/282367**
216.73.216.38 - - [14/Apr/2026:06:57:02 -0700] "GET /item/fool10817696.shtml HTTP/1.1" 200 1 "-" "Mozilla/5.0 AppleWebKit/537.36 (KHTML, like Gecko; compatible; ClaudeBot/1.0; +claudebot@anthropic.com)" 44 **0/44863**
74.7.241.10 - - [14/Apr/2026:06:57:04 -0700] "GET /item/nice40649059.shtml HTTP/1.1" 200 1 "http://cam.edu.pa/sitemap-3.xml" "Mozilla/5.0 AppleWebKit/537.36 (KHTML, like Gecko; compatible; GPTBot/1.3; +https://openai.com/gptbot)" 119 **0/119350**
216.73.216.38 - - [14/Apr/2026:06:57:05 -0700] "GET /item/lab41328883.shtml HTTP/1.1" 200 1 "-" "Mozilla/5.0 AppleWebKit/537.36 (KHTML, like Gecko; compatible; ClaudeBot/1.0; +claudebot@anthropic.com)" 94 **0/94471**
142.44.225.192 - - [14/Apr/2026:06:57:05 -0700] "GET /sitemapl.xml HTTP/1.1" 200 14753 "-" "Mozilla/5.0 (compatible; AhrefsBot/7.0; +http://ahrefs.com/robot/)" 1222 **1/1222266**
74.7.241.10 - - [14/Apr/2026:06:57:07 -0700] "GET /item/goes82911839.shtml HTTP/1.1" 200 1 "http://cam.edu.pa/sitemape.xml" "Mozilla/5.0 AppleWebKit/537.36 (KHTML, like Gecko; compatible; GPTBot/1.3; +https://openai.com/gptbot)" 37 **0/37411**
216.73.216.38 - - [14/Apr/2026:06:57:08 -0700] "GET /item/combi22097489.shtml HTTP/1.1" 200 1 "-" "Mozilla/5.0 AppleWebKit/537.36 (KHTML, like Gecko; compatible; ClaudeBot/1.0; +claudebot@anthropic.com)" 89 **0/89813**
142.44.233.39 - - [14/Apr/2026:06:57:10 -0700] "GET /sitemapm.xml HTTP/1.1" 200 16394 "-" "Mozilla/5.0 (compatible; AhrefsBot/7.0; +http://ahrefs.com/robot/)" 290 **0/290584**
74.7.241.10 - - [14/Apr/2026:06:57:11 -0700] "GET /item/glad52404284.shtml HTTP/1.1" 200 1 "http://cam.edu.pa/sitemap-6.xml" "Mozilla/5.0 AppleWebKit/537.36 (KHTML, like Gecko; compatible; GPTBot/1.3; +https://openai.com/gptbot)" 32 **0/32506**
216.73.216.38 - - [14/Apr/2026:06:57:11 -0700] "GET /item/solid81984751.shtml HTTP/1.1" 200 1 "-" "Mozilla/5.0 AppleWebKit/537.36 (KHTML, like Gecko; compatible; ClaudeBot/1.0; +claudebot@anthropic.com)" 24 **0/24578**
74.7.241.10 - - [14/Apr/2026:06:57:14 -0700] "GET /item/zest30159914.shtml HTTP/1.1" 200 1 "http://cam.edu.pa/sitemap-8.xml" "Mozilla/5.0 AppleWebKit/537.36 (KHTML, like Gecko; compatible; GPTBot/1.3; +https://openai.com/gptbot)" 111 **0/111148**
216.73.216.38 - - [14/Apr/2026:06:57:14 -0700] "GET /item/multi50678724.shtml HTTP/1.1" 200 1 "-" "Mozilla/5.0 AppleWebKit/537.36 (KHTML, like Gecko; compatible; ClaudeBot/1.0; +claudebot@anthropic.com)" 85 **0/85142**
142.44.233.82 - - [14/Apr/2026:06:57:14 -0700] "GET /sitemapn.xml HTTP/1.1" 200 15481 "-" "Mozilla/5.0 (compatible; AhrefsBot/7.0; +http://ahrefs.com/robot/)" 424 **0/424639**
74.7.241.10 - - [14/Apr/2026:06:57:17 -0700] "GET /item/left61672469.shtml HTTP/1.1" 200 1 "http://cam.edu.pa/sitemap-6.xml" "Mozilla/5.0 AppleWebKit/537.36 (KHTML, like Gecko; compatible; GPTBot/1.3; +https://openai.com/gptbot)" 66 **0/66253**
167.114.139.21 - - [14/Apr/2026:06:57:17 -0700] "GET /sitemapo.xml HTTP/1.1" 200 10201 "-" "Mozilla/5.0 (compatible; AhrefsBot/7.0; +http://ahrefs.com/robot/)" 211 **0/211364**
74.7.241.10 - - [14/Apr/2026:06:57:20 -0700] "GET /item/tail82932007.shtml HTTP/1.1" 200 1 "http://cam.edu.pa/sitemap-5.xml" "Mozilla/5.0 AppleWebKit/537.36 (KHTML, like Gecko; compatible; GPTBot/1.3; +https://openai.com/gptbot)" 26 **0/26849**
74.7.241.10 - - [14/Apr/2026:06:57:23 -0700] "GET /item/tree72344390.shtml HTTP/1.1" 200 1 "http://cam.edu.pa/sitemap-6.xml" "Mozilla/5.0 AppleWebKit/537.36 (KHTML, like Gecko; compatible; GPTBot/1.3; +https://openai.com/gptbot)" 26 **0/26086**
216.73.216.38 - - [14/Apr/2026:06:57:25 -0700] "GET /item/topic50029668.shtml HTTP/1.1" 200 1 "-" "Mozilla/5.0 AppleWebKit/537.36 (KHTML, like Gecko; compatible; ClaudeBot/1.0; +claudebot@anthropic.com)" 94 **0/94384**
74.7.241.10 - - [14/Apr/2026:06:57:26 -0700] "GET /item/real12116848.shtml HTTP/1.1" 200 1 "http://cam.edu.pa/sitemap-9.xml" "Mozilla/5.0 AppleWebKit/537.36 (KHTML, like Gecko; compatible; GPTBot/1.3; +https://openai.com/gptbot)" 49 **0/49702**
216.73.216.38 - - [14/Apr/2026:06:57:28 -0700] "GET /item/else10125304.shtml HTTP/1.1" 200 1 "-" "Mozilla/5.0 AppleWebKit/537.36 (KHTML, like Gecko; compatible; ClaudeBot/1.0; +claudebot@anthropic.com)" 26 **0/26314**
74.7.241.10 - - [14/Apr/2026:06:57:29 -0700] "GET /item/type40829779.shtml HTTP/1.1" 200 1 "http://cam.edu.pa/sitemap-4.xml" "Mozilla/5.0 AppleWebKit/537.36 (KHTML, like Gecko; compatible; GPTBot/1.3; +https://openai.com/gptbot)" 47 **0/47470**
216.73.216.38 - - [14/Apr/2026:06:57:31 -0700] "GET /item/pool11260872.shtml HTTP/1.1" 200 1 "-" "Mozilla/5.0 AppleWebKit/537.36 (KHTML, like Gecko; compatible; ClaudeBot/1.0; +claudebot@anthropic.com)" 48 **0/48564**
74.7.241.10 - - [14/Apr/2026:06:57:32 -0700] "GET /item/seed20271513.shtml HTTP/1.1" 200 1 "http://cam.edu.pa/sitemap-8.xml" "Mozilla/5.0 AppleWebKit/537.36 (KHTML, like Gecko; compatible; GPTBot/1.3; +https://openai.com/gptbot)" 101 **0/101194**
216.73.216.38 - - [14/Apr/2026:06:57:34 -0700] "GET /item/tenth82833303.shtml HTTP/1.1" 200 1 "-" "Mozilla/5.0 AppleWebKit/537.36 (KHTML, like Gecko; compatible; ClaudeBot/1.0; +claudebot@anthropic.com)" 32 **0/32007**
74.7.241.10 - - [14/Apr/2026:06:57:35 -0700] "GET /item/zest32515914.shtml HTTP/1.1" 200 1 "http://cam.edu.pa/sitemap-3.xml" "Mozilla/5.0 AppleWebKit/537.36 (KHTML, like Gecko; compatible; GPTBot/1.3; +https://openai.com/gptbot)" 31 **0/31459**
216.73.216.38 - - [14/Apr/2026:06:57:37 -0700] "GET /item/weld32243602.shtml HTTP/1.1" 403 1 "-" "Mozilla/5.0 AppleWebKit/537.36 (KHTML, like Gecko; compatible; ClaudeBot/1.0; +claudebot@anthropic.com)" 26 **0/26969**
74.7.241.10 - - [14/Apr/2026:06:57:39 -0700] "GET /item/lava32315922.shtml HTTP/1.1" 200 1 "http://cam.edu.pa/sitemap-3.xml" "Mozilla/5.0 AppleWebKit/537.36 (KHTML, like Gecko; compatible; GPTBot/1.3; +https://openai.com/gptbot)" 29 **0/29028**
216.73.216.38 - - [14/Apr/2026:06:57:40 -0700] "GET /item/behin81701167.shtml HTTP/1.1" 403 1 "-" "Mozilla/5.0 AppleWebKit/537.36 (KHTML, like Gecko; compatible; ClaudeBot/1.0; +claudebot@anthropic.com)" 34 **0/34590**
74.7.241.10 - - [14/Apr/2026:06:57:42 -0700] "GET /item/mood20394097.shtml HTTP/1.1" 200 1 "http://cam.edu.pa/sitemap-3.xml" "Mozilla/5.0 AppleWebKit/537.36 (KHTML, like Gecko; compatible; GPTBot/1.3; +https://openai.com/gptbot)" 32 **0/32382**
216.73.216.38 - - [14/Apr/2026:06:57:43 -0700] "GET /item/simil82348919.shtml HTTP/1.1" 403 1 "-" "Mozilla/5.0 AppleWebKit/537.36 (KHTML, like Gecko; compatible; ClaudeBot/1.0; +claudebot@anthropic.com)" 34 **0/34654**
74.7.241.10 - - [14/Apr/2026:06:57:45 -0700] "GET /item/farm40949051.shtml HTTP/1.1" 200 1 "http://cam.edu.pa/sitemap-9.xml" "Mozilla/5.0 AppleWebKit/537.36 (KHTML, like Gecko; compatible; GPTBot/1.3; +https://openai.com/gptbot)" 34 **0/34287**
216.73.216.38 - - [14/Apr/2026:06:57:46 -0700] "GET /item/boost41386203.shtml HTTP/1.1" 403 1 "-" "Mozilla/5.0 AppleWebKit/537.36 (KHTML, like Gecko; compatible; ClaudeBot/1.0; +claudebot@anthropic.com)" 26 **0/26282**
74.7.241.10 - - [14/Apr/2026:06:57:48 -0700] "GET /item/wase62119925.shtml HTTP/1.1" 200 1 "http://cam.edu.pa/sitemapa.xml" "Mozilla/5.0 AppleWebKit/537.36 (KHTML, like Gecko; compatible; GPTBot/1.3; +https://openai.com/gptbot)" 82 **0/82250**
74.7.241.10 - - [14/Apr/2026:06:57:52 -0700] "GET /item/vent11315904.shtml HTTP/1.1" 200 1 "http://cam.edu.pa/sitemap-7.xml" "Mozilla/5.0 AppleWebKit/537.36 (KHTML, like Gecko; compatible; GPTBot/1.3; +https://openai.com/gptbot)" 39 **0/39901**
216.73.216.38 - - [14/Apr/2026:06:57:52 -0700] "GET /item/frequ71826526.shtml HTTP/1.1" 403 1 "-" "Mozilla/5.0 AppleWebKit/537.36 (KHTML, like Gecko; compatible; ClaudeBot/1.0; +claudebot@anthropic.com)" 51 **0/51833**
74.7.241.10 - - [14/Apr/2026:06:57:55 -0700] "GET /item/harm22745921.shtml HTTP/1.1" 200 1 "http://cam.edu.pa/sitemap-1.xml" "Mozilla/5.0 AppleWebKit/537.36 (KHTML, like Gecko; compatible; GPTBot/1.3; +https://openai.com/gptbot)" 35 **0/35230**
216.73.216.38 - - [14/Apr/2026:06:57:55 -0700] "GET /item/exist82286919.shtml HTTP/1.1" 403 1 "-" "Mozilla/5.0 AppleWebKit/537.36 (KHTML, like Gecko; compatible; ClaudeBot/1.0; +claudebot@anthropic.com)" 26 **0/26192**
216.73.216.38 - - [14/Apr/2026:06:57:58 -0700] "GET /item/explo82522287.shtml HTTP/1.1" 403 1 "-" "Mozilla/5.0 AppleWebKit/537.36 (KHTML, like Gecko; compatible; ClaudeBot/1.0; +claudebot@anthropic.com)" 64 **0/64718**
74.7.241.10 - - [14/Apr/2026:06:57:58 -0700] "GET /item/live10828144.shtml HTTP/1.1" 200 1 "http://cam.edu.pa/sitemap-2.xml" "Mozilla/5.0 AppleWebKit/537.36 (KHTML, like Gecko; compatible; GPTBot/1.3; +https://openai.com/gptbot)" 74 **0/74393**
216.73.216.38 - - [14/Apr/2026:06:58:01 -0700] "GET /item/base52134892.shtml HTTP/1.1" 403 1 "-" "Mozilla/5.0 AppleWebKit/537.36 (KHTML, like Gecko; compatible; ClaudeBot/1.0; +claudebot@anthropic.com)" 28 **0/28955**
74.7.241.10 - - [14/Apr/2026:06:58:01 -0700] "GET /item/jail21994913.shtml HTTP/1.1" 200 1 "http://cam.edu.pa/sitemap-7.xml" "Mozilla/5.0 AppleWebKit/537.36 (KHTML, like Gecko; compatible; GPTBot/1.3; +https://openai.com/gptbot)" 78 **0/78731**
216.73.216.38 - - [14/Apr/2026:06:58:04 -0700] "GET /item/fail30200810.shtml HTTP/1.1" 403 1 "-" "Mozilla/5.0 AppleWebKit/537.36 (KHTML, like Gecko; compatible; ClaudeBot/1.0; +claudebot@anthropic.com)" 81 **0/81720**
74.7.241.10 - - [14/Apr/2026:06:58:04 -0700] "GET /item/onto42723419.shtml HTTP/1.1" 200 1 "http://cam.edu.pa/sitemap-5.xml" "Mozilla/5.0 AppleWebKit/537.36 (KHTML, like Gecko; compatible; GPTBot/1.3; +https://openai.com/gptbot)" 44 **0/44742**
216.73.216.38 - - [14/Apr/2026:06:58:07 -0700] "GET /item/theme52125420.shtml HTTP/1.1" 403 1 "-" "Mozilla/5.0 AppleWebKit/537.36 (KHTML, like Gecko; compatible; ClaudeBot/1.0; +claudebot@anthropic.com)" 25 **0/25073**
74.7.241.10 - - [14/Apr/2026:06:58:07 -0700] "GET /item/grow62926949.shtml HTTP/1.1" 200 1 "http://cam.edu.pa/sitemap-6.xml" "Mozilla/5.0 AppleWebKit/537.36 (KHTML, like Gecko; compatible; GPTBot/1.3; +https://openai.com/gptbot)" 33 **0/33522**
216.73.216.38 - - [14/Apr/2026:06:58:10 -0700] "GET /item/deter81949879.shtml HTTP/1.1" 403 1 "-" "Mozilla/5.0 AppleWebKit/537.36 (KHTML, like Gecko; compatible; ClaudeBot/1.0; +claudebot@anthropic.com)" 29 **0/29316**
74.7.241.10 - - [14/Apr/2026:06:58:10 -0700] "GET /item/serb72995918.shtml HTTP/1.1" 200 1 "http://cam.edu.pa/sitemap-1.xml" "Mozilla/5.0 AppleWebKit/537.36 (KHTML, like Gecko; compatible; GPTBot/1.3; +https://openai.com/gptbot)" 42 **0/42618**
216.73.216.38 - - [14/Apr/2026:06:58:13 -0700] "GET /item/gener41409019.shtml HTTP/1.1" 403 1 "-" "Mozilla/5.0 AppleWebKit/537.36 (KHTML, like Gecko; compatible; ClaudeBot/1.0; +claudebot@anthropic.com)" 21 **0/21452**
74.7.241.10 - - [14/Apr/2026:06:58:13 -0700] "GET /item/mind82045287.shtml HTTP/1.1" 200 1 "http://cam.edu.pa/sitemap-7.xml" "Mozilla/5.0 AppleWebKit/537.36 (KHTML, like Gecko; compatible; GPTBot/1.3; +https://openai.com/gptbot)" 36 **0/36871**
74.7.241.10 - - [14/Apr/2026:06:58:16 -0700] "GET /item/hand10309040.shtml HTTP/1.1" 200 1 "http://cam.edu.pa/sitemap-6.xml" "Mozilla/5.0 AppleWebKit/537.36 (KHTML, like Gecko; compatible; GPTBot/1.3; +https://openai.com/gptbot)" 23 **0/23813**
74.7.241.10 - - [14/Apr/2026:06:58:19 -0700] "GET /item/limp70219814.shtml HTTP/1.1" 200 1 "http://cam.edu.pa/sitemap-9.xml" "Mozilla/5.0 AppleWebKit/537.36 (KHTML, like Gecko; compatible; GPTBot/1.3; +https://openai.com/gptbot)" 68 **0/68965**
74.7.241.10 - - [14/Apr/2026:06:58:22 -0700] "GET /item/room81868311.shtml HTTP/1.1" 200 1 "http://cam.edu.pa/sitemap-9.xml" "Mozilla/5.0 AppleWebKit/537.36 (KHTML, like Gecko; compatible; GPTBot/1.3; +https://openai.com/gptbot)" 40 **0/40228**
74.7.241.10 - - [14/Apr/2026:06:58:26 -0700] "GET /item/safe70657278.shtml HTTP/1.1" 200 1 "http://cam.edu.pa/sitemape.xml" "Mozilla/5.0 AppleWebKit/537.36 (KHTML, like Gecko; compatible; GPTBot/1.3; +https://openai.com/gptbot)" 40 **0/40504**
216.73.216.38 - - [14/Apr/2026:06:58:28 -0700] "GET /item/hide82957727.shtml HTTP/1.1" 200 1 "-" "Mozilla/5.0 AppleWebKit/537.36 (KHTML, like Gecko; compatible; ClaudeBot/1.0; +claudebot@anthropic.com)" 25 **0/25895**
74.7.241.10 - - [14/Apr/2026:06:58:29 -0700] "GET /item/tape52772964.shtml HTTP/1.1" 200 1 "http://cam.edu.pa/sitemape.xml" "Mozilla/5.0 AppleWebKit/537.36 (KHTML, like Gecko; compatible; GPTBot/1.3; +https://openai.com/gptbot)" 43 **0/43179**
216.73.216.38 - - [14/Apr/2026:06:58:31 -0700] "GET /item/tip40934475.shtml HTTP/1.1" 200 1 "-" "Mozilla/5.0 AppleWebKit/537.36 (KHTML, like Gecko; compatible; ClaudeBot/1.0; +claudebot@anthropic.com)" 42 **0/42440**
74.7.241.10 - - [14/Apr/2026:06:58:32 -0700] "GET /item/edge71636150.shtml HTTP/1.1" 200 1 "http://cam.edu.pa/sitemap-6.xml" "Mozilla/5.0 AppleWebKit/537.36 (KHTML, like Gecko; compatible; GPTBot/1.3; +https://openai.com/gptbot)" 24 **0/24492**
216.73.216.38 - - [14/Apr/2026:06:58:34 -0700] "GET /item/weekd22472769.shtml HTTP/1.1" 200 1 "-" "Mozilla/5.0 AppleWebKit/537.36 (KHTML, like Gecko; compatible; ClaudeBot/1.0; +claudebot@anthropic.com)" 43 **0/43112**
74.7.241.10 - - [14/Apr/2026:06:58:35 -0700] "GET /item/well41049339.shtml HTTP/1.1" 200 1 "http://cam.edu.pa/sitemap-8.xml" "Mozilla/5.0 AppleWebKit/537.36 (KHTML, like Gecko; compatible; GPTBot/1.3; +https://openai.com/gptbot)" 28 **0/28345**
216.73.216.38 - - [14/Apr/2026:06:58:37 -0700] "GET /item/combi20117489.shtml HTTP/1.1" 200 1 "-" "Mozilla/5.0 AppleWebKit/537.36 (KHTML, like Gecko; compatible; ClaudeBot/1.0; +claudebot@anthropic.com)" 23 **0/23405**
74.7.241.10 - - [14/Apr/2026:06:58:38 -0700] "GET /item/nine22756897.shtml HTTP/1.1" 200 1 "http://cam.edu.pa/sitemap-3.xml" "Mozilla/5.0 AppleWebKit/537.36 (KHTML, like Gecko; compatible; GPTBot/1.3; +https://openai.com/gptbot)" 40 **0/40366**
216.73.216.38 - - [14/Apr/2026:06:58:40 -0700] "GET /item/setti30982154.shtml HTTP/1.1" 200 1 "-" "Mozilla/5.0 AppleWebKit/537.36 (KHTML, like Gecko; compatible; ClaudeBot/1.0; +claudebot@anthropic.com)" 30 **0/30392**
74.7.241.10 - - [14/Apr/2026:06:58:41 -0700] "GET /item/liar11674784.shtml HTTP/1.1" 200 1 "http://cam.edu.pa/sitemap-6.xml" "Mozilla/5.0 AppleWebKit/537.36 (KHTML, like Gecko; compatible; GPTBot/1.3; +https://openai.com/gptbot)" 39 **0/39618**
216.73.216.38 - - [14/Apr/2026:06:58:43 -0700] "GET /item/send82465799.shtml HTTP/1.1" 200 1 "-" "Mozilla/5.0 AppleWebKit/537.36 (KHTML, like Gecko; compatible; ClaudeBot/1.0; +claudebot@anthropic.com)" 25 **0/25417**
74.7.241.10 - - [14/Apr/2026:06:58:44 -0700] "GET /item/high20372633.shtml HTTP/1.1" 200 1 "http://cam.edu.pa/sitemap-3.xml" "Mozilla/5.0 AppleWebKit/537.36 (KHTML, like Gecko; compatible; GPTBot/1.3; +https://openai.com/gptbot)" 32 **0/32719**
216.73.216.38 - - [14/Apr/2026:06:58:46 -0700] "GET /item/maths60745693.shtml HTTP/1.1" 200 1 "-" "Mozilla/5.0 AppleWebKit/537.36 (KHTML, like Gecko; compatible; ClaudeBot/1.0; +claudebot@anthropic.com)" 41 **0/41344**
74.7.241.10 - - [14/Apr/2026:06:58:48 -0700] "GET /item/feet50463836.shtml HTTP/1.1" 200 1 "http://cam.edu.pa/sitemap-5.xml" "Mozilla/5.0 AppleWebKit/537.36 (KHTML, like Gecko; compatible; GPTBot/1.3; +https://openai.com/gptbot)" 51 **0/51593**
216.73.216.38 - - [14/Apr/2026:06:58:49 -0700] "GET /item/click61355653.shtml HTTP/1.1" 200 1 "-" "Mozilla/5.0 AppleWebKit/537.36 (KHTML, like Gecko; compatible; ClaudeBot/1.0; +claudebot@anthropic.com)" 35 **0/35880**
74.7.241.10 - - [14/Apr/2026:06:58:51 -0700] "GET /item/joke70072022.shtml HTTP/1.1" 200 1 "http://cam.edu.pa/sitemap-6.xml" "Mozilla/5.0 AppleWebKit/537.36 (KHTML, like Gecko; compatible; GPTBot/1.3; +https://openai.com/gptbot)" 43 **0/43916**
74.7.241.10 - - [14/Apr/2026:06:58:54 -0700] "GET /item/loft22519849.shtml HTTP/1.1" 200 1 "http://cam.edu.pa/sitemap-7.xml" "Mozilla/5.0 AppleWebKit/537.36 (KHTML, like Gecko; compatible; GPTBot/1.3; +https://openai.com/gptbot)" 24 **0/24959**
74.7.241.10 - - [14/Apr/2026:06:58:57 -0700] "GET /item/tick10979896.shtml HTTP/1.1" 200 1 "http://cam.edu.pa/sitemap-9.xml" "Mozilla/5.0 AppleWebKit/537.36 (KHTML, like Gecko; compatible; GPTBot/1.3; +https://openai.com/gptbot)" 104 **0/104554**
74.7.241.10 - - [14/Apr/2026:06:59:00 -0700] "GET /item/rise20221641.shtml HTTP/1.1" 200 1 "http://cam.edu.pa/sitemap-3.xml" "Mozilla/5.0 AppleWebKit/537.36 (KHTML, like Gecko; compatible; GPTBot/1.3; +https://openai.com/gptbot)" 55 **0/55825**
74.7.241.10 - - [14/Apr/2026:06:59:03 -0700] "GET /item/here70692214.shtml HTTP/1.1" 200 1 "http://cam.edu.pa/sitemap-8.xml" "Mozilla/5.0 AppleWebKit/537.36 (KHTML, like Gecko; compatible; GPTBot/1.3; +https://openai.com/gptbot)" 32 **0/32583**
74.7.241.10 - - [14/Apr/2026:06:59:07 -0700] "GET /item/lion10060392.shtml HTTP/1.1" 200 1 "http://cam.edu.pa/sitemap-5.xml" "Mozilla/5.0 AppleWebKit/537.36 (KHTML, like Gecko; compatible; GPTBot/1.3; +https://openai.com/gptbot)" 22 **0/22040**
74.7.241.10 - - [14/Apr/2026:06:59:10 -0700] "GET /item/roll82886535.shtml HTTP/1.1" 200 1 "http://cam.edu.pa/sitemap-2.xml" "Mozilla/5.0 AppleWebKit/537.36 (KHTML, like Gecko; compatible; GPTBot/1.3; +https://openai.com/gptbot)" 39 **0/39493**
74.7.241.10 - - [14/Apr/2026:06:59:13 -0700] "GET /item/flow72370278.shtml HTTP/1.1" 200 1 "http://cam.edu.pa/sitemap-9.xml" "Mozilla/5.0 AppleWebKit/537.36 (KHTML, like Gecko; compatible; GPTBot/1.3; +https://openai.com/gptbot)" 24 **0/24783**
74.7.241.10 - - [14/Apr/2026:06:59:16 -0700] "GET /item/wing72636286.shtml HTTP/1.1" 200 1 "http://cam.edu.pa/sitemap-1.xml" "Mozilla/5.0 AppleWebKit/537.36 (KHTML, like Gecko; compatible; GPTBot/1.3; +https://openai.com/gptbot)" 30 **0/30445**
74.7.241.10 - - [14/Apr/2026:06:59:19 -0700] "GET /item/rust72583382.shtml HTTP/1.1" 200 1 "http://cam.edu.pa/sitemap-4.xml" "Mozilla/5.0 AppleWebKit/537.36 (KHTML, like Gecko; compatible; GPTBot/1.3; +https://openai.com/gptbot)" 49 **0/49505**
74.7.241.10 - - [14/Apr/2026:06:59:22 -0700] "GET /item/able60533085.shtml HTTP/1.1" 200 1 "http://cam.edu.pa/sitemap-8.xml" "Mozilla/5.0 AppleWebKit/537.36 (KHTML, like Gecko; compatible; GPTBot/1.3; +https://openai.com/gptbot)" 105 **0/105470**
74.7.241.10 - - [14/Apr/2026:06:59:25 -0700] "GET /item/tiro31215898.shtml HTTP/1.1" 200 1 "http://cam.edu.pa/sitemapa.xml" "Mozilla/5.0 AppleWebKit/537.36 (KHTML, like Gecko; compatible; GPTBot/1.3; +https://openai.com/gptbot)" 47 **0/47970**
74.7.241.10 - - [14/Apr/2026:06:59:28 -0700] "GET /item/pole70147190.shtml HTTP/1.1" 200 1 "http://cam.edu.pa/sitemap-3.xml" "Mozilla/5.0 AppleWebKit/537.36 (KHTML, like Gecko; compatible; GPTBot/1.3; +https://openai.com/gptbot)" 26 **0/26379**
74.7.241.10 - - [14/Apr/2026:06:59:32 -0700] "GET /item/dump30842282.shtml HTTP/1.1" 200 1 "http://cam.edu.pa/sitemap-1.xml" "Mozilla/5.0 AppleWebKit/537.36 (KHTML, like Gecko; compatible; GPTBot/1.3; +https://openai.com/gptbot)" 23 **0/23535**
74.7.241.10 - - [14/Apr/2026:06:59:35 -0700] "GET /item/fist82215039.shtml HTTP/1.1" 200 1 "http://cam.edu.pa/sitemapa.xml" "Mozilla/5.0 AppleWebKit/537.36 (KHTML, like Gecko; compatible; GPTBot/1.3; +https://openai.com/gptbot)" 27 **0/27643**
216.73.216.38 - - [14/Apr/2026:06:59:37 -0700] "GET /item/zigza61209749.shtml HTTP/1.1" 200 1 "-" "Mozilla/5.0 AppleWebKit/537.36 (KHTML, like Gecko; compatible; ClaudeBot/1.0; +claudebot@anthropic.com)" 26 **0/26198**
74.7.241.10 - - [14/Apr/2026:06:59:38 -0700] "GET /item/dull51585612.shtml HTTP/1.1" 200 1 "http://cam.edu.pa/sitemape.xml" "Mozilla/5.0 AppleWebKit/537.36 (KHTML, like Gecko; compatible; GPTBot/1.3; +https://openai.com/gptbot)" 45 **0/45281**
216.73.216.38 - - [14/Apr/2026:06:59:40 -0700] "GET /item/upper12135296.shtml HTTP/1.1" 200 1 "-" "Mozilla/5.0 AppleWebKit/537.36 (KHTML, like Gecko; compatible; ClaudeBot/1.0; +claudebot@anthropic.com)" 28 **0/28495**
74.7.241.10 - - [14/Apr/2026:06:59:41 -0700] "GET /item/herd40155611.shtml HTTP/1.1" 200 1 "http://cam.edu.pa/sitemap-7.xml" "Mozilla/5.0 AppleWebKit/537.36 (KHTML, like Gecko; compatible; GPTBot/1.3; +https://openai.com/gptbot)" 33 **0/33107**
216.73.216.38 - - [14/Apr/2026:06:59:43 -0700] "GET /item/telev10360984.shtml HTTP/1.1" 200 1 "-" "Mozilla/5.0 AppleWebKit/537.36 (KHTML, like Gecko; compatible; ClaudeBot/1.0; +claudebot@anthropic.com)" 51 **0/51277**
74.7.241.10 - - [14/Apr/2026:06:59:44 -0700] "GET /item/kill31501034.shtml HTTP/1.1" 200 1 "http://cam.edu.pa/sitemap-1.xml" "Mozilla/5.0 AppleWebKit/537.36 (KHTML, like Gecko; compatible; GPTBot/1.3; +https://openai.com/gptbot)" 23 **0/23242**
216.73.216.38 - - [14/Apr/2026:06:59:46 -0700] "GET /item/thin11613208.shtml HTTP/1.1" 200 1 "-" "Mozilla/5.0 AppleWebKit/537.36 (KHTML, like Gecko; compatible; ClaudeBot/1.0; +claudebot@anthropic.com)" 53 **0/53487**
74.7.241.10 - - [14/Apr/2026:06:59:47 -0700] "GET /item/half30240506.shtml HTTP/1.1" 200 1 "http://cam.edu.pa/sitemap-3.xml" "Mozilla/5.0 AppleWebKit/537.36 (KHTML, like Gecko; compatible; GPTBot/1.3; +https://openai.com/gptbot)" 33 **0/33744**
114.119.137.220 - - [14/Apr/2026:06:59:48 -0700] "GET /item/hear52833740.shtml HTTP/1.1" 200 - "http://cam.edu.pa/sitemap-18.xml" "Mozilla/5.0 (Linux; Android 7.0;) AppleWebKit/537.36 (KHTML, like Gecko) Mobile Safari/537.36 (compatible; PetalBot;+https://webmaster.petalsearch.com/site/petalbot)" 54 **0/54224**
216.73.216.38 - - [14/Apr/2026:06:59:49 -0700] "GET /item/cousi80240719.shtml HTTP/1.1" 200 1 "-" "Mozilla/5.0 AppleWebKit/537.36 (KHTML, like Gecko; compatible; ClaudeBot/1.0; +claudebot@anthropic.com)" 22 **0/22618**
74.7.241.10 - - [14/Apr/2026:06:59:50 -0700] "GET /item/sass21639889.shtml HTTP/1.1" 200 1 "http://cam.edu.pa/sitemap-9.xml" "Mozilla/5.0 AppleWebKit/537.36 (KHTML, like Gecko; compatible; GPTBot/1.3; +https://openai.com/gptbot)" 21 **0/21320**
216.73.216.38 - - [14/Apr/2026:06:59:52 -0700] "GET /item/unhap21921345.shtml HTTP/1.1" 200 1 "-" "Mozilla/5.0 AppleWebKit/537.36 (KHTML, like Gecko; compatible; ClaudeBot/1.0; +claudebot@anthropic.com)" 25 **0/25020**
74.7.241.10 - - [14/Apr/2026:06:59:54 -0700] "GET /item/fall32841538.shtml HTTP/1.1" 200 1 "http://cam.edu.pa/sitemap-1.xml" "Mozilla/5.0 AppleWebKit/537.36 (KHTML, like Gecko; compatible; GPTBot/1.3; +https://openai.com/gptbot)" 22 **0/22035**
216.73.216.38 - - [14/Apr/2026:06:59:55 -0700] "GET /item/atten40932243.shtml HTTP/1.1" 200 1 "-" "Mozilla/5.0 AppleWebKit/537.36 (KHTML, like Gecko; compatible; ClaudeBot/1.0; +claudebot@anthropic.com)" 22 **0/22835**
74.7.241.10 - - [14/Apr/2026:06:59:57 -0700] "GET /item/sell51497788.shtml HTTP/1.1" 200 1 "http://cam.edu.pa/sitemapa.xml" "Mozilla/5.0 AppleWebKit/537.36 (KHTML, like Gecko; compatible; GPTBot/1.3; +https://openai.com/gptbot)" 34 **0/34821**
74.7.241.10 - - [14/Apr/2026:07:00:00 -0700] "GET /item/skim71302670.shtml HTTP/1.1" 200 1 "http://cam.edu.pa/sitemap-5.xml" "Mozilla/5.0 AppleWebKit/537.36 (KHTML, like Gecko; compatible; GPTBot/1.3; +https://openai.com/gptbot)" 47 **0/47437**
216.73.216.38 - - [14/Apr/2026:07:00:01 -0700] "GET /item/echo62351405.shtml HTTP/1.1" 200 1 "-" "Mozilla/5.0 AppleWebKit/537.36 (KHTML, like Gecko; compatible; ClaudeBot/1.0; +claudebot@anthropic.com)" 24 **0/24699**
74.7.241.10 - - [14/Apr/2026:07:00:03 -0700] "GET /item/pace21311033.shtml HTTP/1.1" 200 1 "http://cam.edu.pa/sitemapa.xml" "Mozilla/5.0 AppleWebKit/537.36 (KHTML, like Gecko; compatible; GPTBot/1.3; +https://openai.com/gptbot)" 70 **0/70154**
216.73.216.38 - - [14/Apr/2026:07:00:03 -0700] "GET /item/hatef60118877.shtml HTTP/1.1" 200 1 "-" "Mozilla/5.0 AppleWebKit/537.36 (KHTML, like Gecko; compatible; ClaudeBot/1.0; +claudebot@anthropic.com)" 96 **0/96632**
74.7.241.10 - - [14/Apr/2026:07:00:06 -0700] "GET /item/cope12471344.shtml HTTP/1.1" 200 1 "http://cam.edu.pa/sitemap-4.xml" "Mozilla/5.0 AppleWebKit/537.36 (KHTML, like Gecko; compatible; GPTBot/1.3; +https://openai.com/gptbot)" 53 **0/53240**
216.73.216.38 - - [14/Apr/2026:07:00:06 -0700] "GET /item/stoop12827600.shtml HTTP/1.1" 200 1 "-" "Mozilla/5.0 AppleWebKit/537.36 (KHTML, like Gecko; compatible; ClaudeBot/1.0; +claudebot@anthropic.com)" 296 **0/296641**
74.7.241.10 - - [14/Apr/2026:07:00:09 -0700] "GET /item/must30652346.shtml HTTP/1.1" 200 1 "http://cam.edu.pa/sitemap-8.xml" "Mozilla/5.0 AppleWebKit/537.36 (KHTML, like Gecko; compatible; GPTBot/1.3; +https://openai.com/gptbot)" 68 **0/68611**
216.73.216.38 - - [14/Apr/2026:07:00:09 -0700] "GET /item/micro62965501.shtml HTTP/1.1" 200 1 "-" "Mozilla/5.0 AppleWebKit/537.36 (KHTML, like Gecko; compatible; ClaudeBot/1.0; +claudebot@anthropic.com)" 135 **0/135423**
74.7.241.10 - - [14/Apr/2026:07:00:12 -0700] "GET /item/meek21123865.shtml HTTP/1.1" 200 1 "http://cam.edu.pa/sitemap-8.xml" "Mozilla/5.0 AppleWebKit/537.36 (KHTML, like Gecko; compatible; GPTBot/1.3; +https://openai.com/gptbot)" 27 **0/27226**
216.73.216.38 - - [14/Apr/2026:07:00:12 -0700] "GET /item/atom%2021339817.shtml HTTP/1.1" 200 1 "-" "Mozilla/5.0 AppleWebKit/537.36 (KHTML, like Gecko; compatible; ClaudeBot/1.0; +claudebot@anthropic.com)" 46 **0/46013**
216.73.216.38 - - [14/Apr/2026:07:00:15 -0700] "GET /item/span31311370.shtml HTTP/1.1" 200 1 "-" "Mozilla/5.0 AppleWebKit/537.36 (KHTML, like Gecko; compatible; ClaudeBot/1.0; +claudebot@anthropic.com)" 65 **0/65094**
74.7.241.10 - - [14/Apr/2026:07:00:16 -0700] "GET /item/seam40591883.shtml HTTP/1.1" 200 1 "http://cam.edu.pa/sitemap-2.xml" "Mozilla/5.0 AppleWebKit/537.36 (KHTML, like Gecko; compatible; GPTBot/1.3; +https://openai.com/gptbot)" 30 **0/30665**
216.73.216.38 - - [14/Apr/2026:07:00:18 -0700] "GET /item/choco22860977.shtml HTTP/1.1" 200 1 "-" "Mozilla/5.0 AppleWebKit/537.36 (KHTML, like Gecko; compatible; ClaudeBot/1.0; +claudebot@anthropic.com)" 88 **0/88920**
74.7.241.10 - - [14/Apr/2026:07:00:19 -0700] "GET /item/deep60504557.shtml HTTP/1.1" 200 1 "http://cam.edu.pa/sitemapa.xml" "Mozilla/5.0 AppleWebKit/537.36 (KHTML, like Gecko; compatible; GPTBot/1.3; +https://openai.com/gptbot)" 48 **0/48915**
216.73.216.38 - - [14/Apr/2026:07:00:21 -0700] "GET /item/close50104580.shtml HTTP/1.1" 200 1 "-" "Mozilla/5.0 AppleWebKit/537.36 (KHTML, like Gecko; compatible; ClaudeBot/1.0; +claudebot@anthropic.com)" 29 **0/29299**
74.7.241.10 - - [14/Apr/2026:07:00:22 -0700] "GET /item/meet10157448.shtml HTTP/1.1" 200 1 "http://cam.edu.pa/sitemap-7.xml" "Mozilla/5.0 AppleWebKit/537.36 (KHTML, like Gecko; compatible; GPTBot/1.3; +https://openai.com/gptbot)" 24 **0/24262**
74.7.241.10 - - [14/Apr/2026:07:00:25 -0700] "GET /item/brow60039093.shtml HTTP/1.1" 200 1 "http://cam.edu.pa/sitemap-7.xml" "Mozilla/5.0 AppleWebKit/537.36 (KHTML, like Gecko; compatible; GPTBot/1.3; +https://openai.com/gptbot)" 36 **0/36516**
74.7.241.10 - - [14/Apr/2026:07:00:28 -0700] "GET /item/math50428172.shtml HTTP/1.1" 200 1 "http://cam.edu.pa/sitemap-9.xml" "Mozilla/5.0 AppleWebKit/537.36 (KHTML, like Gecko; compatible; GPTBot/1.3; +https://openai.com/gptbot)" 69 **0/69111**
74.7.241.10 - - [14/Apr/2026:07:00:32 -0700] "GET /item/nest70398486.shtml HTTP/1.1" 200 1 "http://cam.edu.pa/sitemap-2.xml" "Mozilla/5.0 AppleWebKit/537.36 (KHTML, like Gecko; compatible; GPTBot/1.3; +https://openai.com/gptbot)" 43 **0/43647**
74.7.241.10 - - [14/Apr/2026:07:00:35 -0700] "GET /item/mess32909498.shtml HTTP/1.1" 200 1 "http://cam.edu.pa/sitemap-3.xml" "Mozilla/5.0 AppleWebKit/537.36 (KHTML, like Gecko; compatible; GPTBot/1.3; +https://openai.com/gptbot)" 29 **0/29011**
74.7.241.10 - - [14/Apr/2026:07:00:38 -0700] "GET /item/foul50775972.shtml HTTP/1.1" 200 1 "http://cam.edu.pa/sitemap-3.xml" "Mozilla/5.0 AppleWebKit/537.36 (KHTML, like Gecko; compatible; GPTBot/1.3; +https://openai.com/gptbot)" 20 **0/20151**
54.39.6.84 - - [14/Apr/2026:07:00:39 -0700] "GET /sitemap-13.xml HTTP/1.1" 200 9961 "-" "Mozilla/5.0 (compatible; AhrefsBot/7.0; +http://ahrefs.com/robot/)" 216 **0/216485**
74.7.241.10 - - [14/Apr/2026:07:00:41 -0700] "GET /item/wall41596995.shtml HTTP/1.1" 200 1 "http://cam.edu.pa/sitemap-2.xml" "Mozilla/5.0 AppleWebKit/537.36 (KHTML, like Gecko; compatible; GPTBot/1.3; +https://openai.com/gptbot)" 31 **0/31678**
74.7.241.10 - - [14/Apr/2026:07:00:44 -0700] "GET /item/pine52551180.shtml HTTP/1.1" 200 1 "http://cam.edu.pa/sitemap-7.xml" "Mozilla/5.0 AppleWebKit/537.36 (KHTML, like Gecko; compatible; GPTBot/1.3; +https://openai.com/gptbot)" 24 **0/24166**
114.119.132.122 - - [14/Apr/2026:07:00:47 -0700] "GET /item/head62776805.shtml HTTP/1.1" 200 - "http://cam.edu.pa/sitemap-1.xml" "Mozilla/5.0 (Linux; Android 7.0;) AppleWebKit/537.36 (KHTML, like Gecko) Mobile Safari/537.36 (compatible; PetalBot;+https://webmaster.petalsearch.com/site/petalbot)" 31 **0/31710**
216.73.216.38 - - [14/Apr/2026:07:00:48 -0700] "GET /item/base51558892.shtml HTTP/1.1" 200 1 "-" "Mozilla/5.0 AppleWebKit/537.36 (KHTML, like Gecko; compatible; ClaudeBot/1.0; +claudebot@anthropic.com)" 22 **0/22404**
74.7.241.10 - - [14/Apr/2026:07:00:48 -0700] "GET /item/cart31355610.shtml HTTP/1.1" 200 1 "http://cam.edu.pa/sitemapa.xml" "Mozilla/5.0 AppleWebKit/537.36 (KHTML, like Gecko; compatible; GPTBot/1.3; +https://openai.com/gptbot)" 54 **0/54272**
216.73.216.38 - - [14/Apr/2026:07:00:50 -0700] "GET /item/outer10655304.shtml HTTP/1.1" 200 1 "-" "Mozilla/5.0 AppleWebKit/537.36 (KHTML, like Gecko; compatible; ClaudeBot/1.0; +claudebot@anthropic.com)" 32 **0/32779**
74.7.241.10 - - [14/Apr/2026:07:00:51 -0700] "GET /item/zero62536733.shtml HTTP/1.1" 200 1 "http://cam.edu.pa/sitemap-9.xml" "Mozilla/5.0 AppleWebKit/537.36 (KHTML, like Gecko; compatible; GPTBot/1.3; +https://openai.com/gptbot)" 24 **0/24715**
216.73.216.38 - - [14/Apr/2026:07:00:53 -0700] "GET /item/fetch31524338.shtml HTTP/1.1" 200 1 "-" "Mozilla/5.0 AppleWebKit/537.36 (KHTML, like Gecko; compatible; ClaudeBot/1.0; +claudebot@anthropic.com)" 31 **0/31118**
74.7.241.10 - - [14/Apr/2026:07:00:54 -0700] "GET /item/ride42477579.shtml HTTP/1.1" 200 1 "http://cam.edu.pa/sitemap-1.xml" "Mozilla/5.0 AppleWebKit/537.36 (KHTML, like Gecko; compatible; GPTBot/1.3; +https://openai.com/gptbot)" 21 **0/21936**
216.73.216.38 - - [14/Apr/2026:07:00:56 -0700] "GET /item/undo52063052.shtml HTTP/1.1" 200 1 "-" "Mozilla/5.0 AppleWebKit/537.36 (KHTML, like Gecko; compatible; ClaudeBot/1.0; +claudebot@anthropic.com)" 28 **0/28326**
74.7.241.10 - - [14/Apr/2026:07:00:57 -0700] "GET /item/jest81255847.shtml HTTP/1.1" 200 1 "http://cam.edu.pa/sitemap-1.xml" "Mozilla/5.0 AppleWebKit/537.36 (KHTML, like Gecko; compatible; GPTBot/1.3; +https://openai.com/gptbot)" 22 **0/22101**
216.73.216.38 - - [14/Apr/2026:07:00:59 -0700] "GET /item/shape11836752.shtml HTTP/1.1" 200 1 "-" "Mozilla/5.0 AppleWebKit/537.36 (KHTML, like Gecko; compatible; ClaudeBot/1.0; +claudebot@anthropic.com)" 32 **0/32330**
74.7.241.10 - - [14/Apr/2026:07:01:00 -0700] "GET /item/gift40572827.shtml HTTP/1.1" 200 1 "http://cam.edu.pa/sitemap-3.xml" "Mozilla/5.0 AppleWebKit/537.36 (KHTML, like Gecko; compatible; GPTBot/1.3; +https://openai.com/gptbot)" 30 **0/30473**
216.73.216.38 - - [14/Apr/2026:07:01:02 -0700] "GET /item/openi72043582.shtml HTTP/1.1" 200 1 "-" "Mozilla/5.0 AppleWebKit/537.36 (KHTML, like Gecko; compatible; ClaudeBot/1.0; +claudebot@anthropic.com)" 57 **0/57247**
74.7.241.10 - - [14/Apr/2026:07:01:03 -0700] "GET /item/veer81783903.shtml HTTP/1.1" 200 1 "http://cam.edu.pa/sitemap-3.xml" "Mozilla/5.0 AppleWebKit/537.36 (KHTML, like Gecko; compatible; GPTBot/1.3; +https://openai.com/gptbot)" 24 **0/24422**
216.73.216.38 - - [14/Apr/2026:07:01:05 -0700] "GET /item/deter81593879.shtml HTTP/1.1" 200 1 "-" "Mozilla/5.0 AppleWebKit/537.36 (KHTML, like Gecko; compatible; ClaudeBot/1.0; +claudebot@anthropic.com)" 84 **0/84938**
74.7.241.10 - - [14/Apr/2026:07:01:07 -0700] "GET /item/kiss51720028.shtml HTTP/1.1" 200 1 "http://cam.edu.pa/sitemap-7.xml" "Mozilla/5.0 AppleWebKit/537.36 (KHTML, like Gecko; compatible; GPTBot/1.3; +https://openai.com/gptbot)" 26 **0/26221**
216.73.216.38 - - [14/Apr/2026:07:01:08 -0700] "GET /item/help30952522.shtml HTTP/1.1" 200 1 "-" "Mozilla/5.0 AppleWebKit/537.36 (KHTML, like Gecko; compatible; ClaudeBot/1.0; +claudebot@anthropic.com)" 47 **0/47768**
74.7.241.10 - - [14/Apr/2026:07:01:10 -0700] "GET /item/lump62030613.shtml HTTP/1.1" 200 1 "http://cam.edu.pa/sitemap-3.xml" "Mozilla/5.0 AppleWebKit/537.36 (KHTML, like Gecko; compatible; GPTBot/1.3; +https://openai.com/gptbot)" 41 **0/41269**
74.7.241.10 - - [14/Apr/2026:07:01:13 -0700] "GET /item/wise61249021.shtml HTTP/1.1" 200 1 "http://cam.edu.pa/sitemap-5.xml" "Mozilla/5.0 AppleWebKit/537.36 (KHTML, like Gecko; compatible; GPTBot/1.3; +https://openai.com/gptbot)" 33 **0/33168**
74.7.241.10 - - [14/Apr/2026:07:01:16 -0700] "GET /item/love51944988.shtml HTTP/1.1" 200 1 "http://cam.edu.pa/sitemape.xml" "Mozilla/5.0 AppleWebKit/537.36 (KHTML, like Gecko; compatible; GPTBot/1.3; +https://openai.com/gptbot)" 36 **0/36371**
74.7.241.10 - - [14/Apr/2026:07:01:19 -0700] "GET /item/skin62857477.shtml HTTP/1.1" 200 1 "http://cam.edu.pa/sitemap-3.xml" "Mozilla/5.0 AppleWebKit/537.36 (KHTML, like Gecko; compatible; GPTBot/1.3; +https://openai.com/gptbot)" 39 **0/39307**
74.7.241.10 - - [14/Apr/2026:07:01:22 -0700] "GET /item/dosk20427929.shtml HTTP/1.1" 200 1 "http://cam.edu.pa/sitemap-7.xml" "Mozilla/5.0 AppleWebKit/537.36 (KHTML, like Gecko; compatible; GPTBot/1.3; +https://openai.com/gptbot)" 28 **0/28807**
216.73.216.38 - - [14/Apr/2026:07:01:24 -0700] "GET /item/elast22842529.shtml HTTP/1.1" 403 1 "-" "Mozilla/5.0 AppleWebKit/537.36 (KHTML, like Gecko; compatible; ClaudeBot/1.0; +claudebot@anthropic.com)" 39 **0/39462**
74.7.241.10 - - [14/Apr/2026:07:01:25 -0700] "GET /item/seal20601737.shtml HTTP/1.1" 200 1 "http://cam.edu.pa/sitemap-9.xml" "Mozilla/5.0 AppleWebKit/537.36 (KHTML, like Gecko; compatible; GPTBot/1.3; +https://openai.com/gptbot)" 26 **0/26095**
216.73.216.38 - - [14/Apr/2026:07:01:27 -0700] "GET /item/off32812778.shtml HTTP/1.1" 403 1 "-" "Mozilla/5.0 AppleWebKit/537.36 (KHTML, like Gecko; compatible; ClaudeBot/1.0; +claudebot@anthropic.com)" 30 **0/30013**
74.7.241.10 - - [14/Apr/2026:07:01:28 -0700] "GET /item/cept12639920.shtml HTTP/1.1" 200 1 "http://cam.edu.pa/sitemap-5.xml" "Mozilla/5.0 AppleWebKit/537.36 (KHTML, like Gecko; compatible; GPTBot/1.3; +https://openai.com/gptbot)" 39 **0/39690**
216.73.216.38 - - [14/Apr/2026:07:01:30 -0700] "GET /item/drift22990649.shtml HTTP/1.1" 403 1 "-" "Mozilla/5.0 AppleWebKit/537.36 (KHTML, like Gecko; compatible; ClaudeBot/1.0; +claudebot@anthropic.com)" 50 **0/50260**
74.7.241.10 - - [14/Apr/2026:07:01:31 -0700] "GET /item/gift40908827.shtml HTTP/1.1" 200 1 "http://cam.edu.pa/sitemap-3.xml" "Mozilla/5.0 AppleWebKit/537.36 (KHTML, like Gecko; compatible; GPTBot/1.3; +https://openai.com/gptbot)" 29 **0/29312**
216.73.216.38 - - [14/Apr/2026:07:01:33 -0700] "GET /item/same62576405.shtml HTTP/1.1" 403 1 "-" "Mozilla/5.0 AppleWebKit/537.36 (KHTML, like Gecko; compatible; ClaudeBot/1.0; +claudebot@anthropic.com)" 73 **0/73372**
74.7.241.10 - - [14/Apr/2026:07:01:35 -0700] "GET /item/slip30767746.shtml HTTP/1.1" 200 1 "http://cam.edu.pa/sitemap-6.xml" "Mozilla/5.0 AppleWebKit/537.36 (KHTML, like Gecko; compatible; GPTBot/1.3; +https://openai.com/gptbot)" 31 **0/31955**
216.73.216.38 - - [14/Apr/2026:07:01:36 -0700] "GET /item/split52530940.shtml HTTP/1.1" 403 1 "-" "Mozilla/5.0 AppleWebKit/537.36 (KHTML, like Gecko; compatible; ClaudeBot/1.0; +claudebot@anthropic.com)" 37 **0/37806**
74.7.241.10 - - [14/Apr/2026:07:01:38 -0700] "GET /item/post42304403.shtml HTTP/1.1" 200 1 "http://cam.edu.pa/sitemap-4.xml" "Mozilla/5.0 AppleWebKit/537.36 (KHTML, like Gecko; compatible; GPTBot/1.3; +https://openai.com/gptbot)" 30 **0/30314**
216.73.216.38 - - [14/Apr/2026:07:01:39 -0700] "GET /item/knee40468459.shtml HTTP/1.1" 403 1 "-" "Mozilla/5.0 AppleWebKit/537.36 (KHTML, like Gecko; compatible; ClaudeBot/1.0; +claudebot@anthropic.com)" 41 **0/41799**
74.7.241.10 - - [14/Apr/2026:07:01:41 -0700] "GET /item/move11256416.shtml HTTP/1.1" 200 1 "http://cam.edu.pa/sitemap-4.xml" "Mozilla/5.0 AppleWebKit/537.36 (KHTML, like Gecko; compatible; GPTBot/1.3; +https://openai.com/gptbot)" 32 **0/32353**
74.7.241.10 - - [14/Apr/2026:07:01:44 -0700] "GET /item/bill82004791.shtml HTTP/1.1" 200 1 "http://cam.edu.pa/sitemap-1.xml" "Mozilla/5.0 AppleWebKit/537.36 (KHTML, like Gecko; compatible; GPTBot/1.3; +https://openai.com/gptbot)" 24 **0/24092**
74.7.241.10 - - [14/Apr/2026:07:01:47 -0700] "GET /item/seam40551883.shtml HTTP/1.1" 200 1 "http://cam.edu.pa/sitemapa.xml" "Mozilla/5.0 AppleWebKit/537.36 (KHTML, like Gecko; compatible; GPTBot/1.3; +https://openai.com/gptbot)" 26 **0/26483**
74.7.241.10 - - [14/Apr/2026:07:01:50 -0700] "GET /item/stir40746355.shtml HTTP/1.1" 200 1 "http://cam.edu.pa/sitemap-1.xml" "Mozilla/5.0 AppleWebKit/537.36 (KHTML, like Gecko; compatible; GPTBot/1.3; +https://openai.com/gptbot)" 25 **0/25038**
74.7.241.10 - - [14/Apr/2026:07:01:54 -0700] "GET /item/aunt50800220.shtml HTTP/1.1" 200 1 "http://cam.edu.pa/sitemap-5.xml" "Mozilla/5.0 AppleWebKit/537.36 (KHTML, like Gecko; compatible; GPTBot/1.3; +https://openai.com/gptbot)" 27 **0/27460**
74.7.241.10 - - [14/Apr/2026:07:01:57 -0700] "GET /item/seek12649752.shtml HTTP/1.1" 200 1 "http://cam.edu.pa/sitemap-2.xml" "Mozilla/5.0 AppleWebKit/537.36 (KHTML, like Gecko; compatible; GPTBot/1.3; +https://openai.com/gptbot)" 80 **0/80350**
74.7.241.10 - - [14/Apr/2026:07:02:00 -0700] "GET /item/heat71552910.shtml HTTP/1.1" 200 1 "http://cam.edu.pa/sitemap-4.xml" "Mozilla/5.0 AppleWebKit/537.36 (KHTML, like Gecko; compatible; GPTBot/1.3; +https://openai.com/gptbot)" 46 **0/46057**
74.7.241.10 - - [14/Apr/2026:07:02:03 -0700] "GET /item/cave32039330.shtml HTTP/1.1" 200 1 "http://cam.edu.pa/sitemap-4.xml" "Mozilla/5.0 AppleWebKit/537.36 (KHTML, like Gecko; compatible; GPTBot/1.3; +https://openai.com/gptbot)" 46 **0/46188**
74.7.241.10 - - [14/Apr/2026:07:02:06 -0700] "GET /item/cool81196231.shtml HTTP/1.1" 200 1 "http://cam.edu.pa/sitemap-7.xml" "Mozilla/5.0 AppleWebKit/537.36 (KHTML, like Gecko; compatible; GPTBot/1.3; +https://openai.com/gptbot)" 38 **0/38501**
74.7.241.10 - - [14/Apr/2026:07:02:09 -0700] "GET /item/rosy10771880.shtml HTTP/1.1" 200 1 "http://cam.edu.pa/sitemap-7.xml" "Mozilla/5.0 AppleWebKit/537.36 (KHTML, like Gecko; compatible; GPTBot/1.3; +https://openai.com/gptbot)" 56 **0/56477**
74.7.241.10 - - [14/Apr/2026:07:02:12 -0700] "GET /item/will22569809.shtml HTTP/1.1" 200 1 "http://cam.edu.pa/sitemap-2.xml" "Mozilla/5.0 AppleWebKit/537.36 (KHTML, like Gecko; compatible; GPTBot/1.3; +https://openai.com/gptbot)" 30 **0/30081**
74.7.241.10 - - [14/Apr/2026:07:02:16 -0700] "GET /item/vile32027906.shtml HTTP/1.1" 200 1 "http://cam.edu.pa/sitemap-9.xml" "Mozilla/5.0 AppleWebKit/537.36 (KHTML, like Gecko; compatible; GPTBot/1.3; +https://openai.com/gptbot)" 32 **0/32696**
74.7.241.10 - - [14/Apr/2026:07:02:19 -0700] "GET /item/part30492090.shtml HTTP/1.1" 200 1 "http://cam.edu.pa/sitemap-3.xml" "Mozilla/5.0 AppleWebKit/537.36 (KHTML, like Gecko; compatible; GPTBot/1.3; +https://openai.com/gptbot)" 34 **0/34184**
216.73.216.38 - - [14/Apr/2026:07:02:20 -0700] "GET /robots.txt HTTP/1.1" 200 96 "-" "Mozilla/5.0 AppleWebKit/537.36 (KHTML, like Gecko; compatible; ClaudeBot/1.0; +claudebot@anthropic.com)" 8 **0/8327**
216.73.216.38 - - [14/Apr/2026:07:02:20 -0700] "GET /item/works20522897.shtml HTTP/1.1" 200 1 "-" "Mozilla/5.0 AppleWebKit/537.36 (KHTML, like Gecko; compatible; ClaudeBot/1.0; +claudebot@anthropic.com)" 32 **0/32264**
74.7.241.10 - - [14/Apr/2026:07:02:22 -0700] "GET /item/wise62901021.shtml HTTP/1.1" 200 1 "http://cam.edu.pa/sitemap-6.xml" "Mozilla/5.0 AppleWebKit/537.36 (KHTML, like Gecko; compatible; GPTBot/1.3; +https://openai.com/gptbot)" 22 **0/22010**
216.73.216.38 - - [14/Apr/2026:07:02:23 -0700] "GET /item/physi71528958.shtml HTTP/1.1" 200 1 "-" "Mozilla/5.0 AppleWebKit/537.36 (KHTML, like Gecko; compatible; ClaudeBot/1.0; +claudebot@anthropic.com)" 26 **0/26158**
74.7.241.10 - - [14/Apr/2026:07:02:25 -0700] "GET /item/bore52055036.shtml HTTP/1.1" 200 1 "http://cam.edu.pa/sitemap-6.xml" "Mozilla/5.0 AppleWebKit/537.36 (KHTML, like Gecko; compatible; GPTBot/1.3; +https://openai.com/gptbot)" 30 **0/30341**
216.73.216.38 - - [14/Apr/2026:07:02:26 -0700] "GET /item/repla80829911.shtml HTTP/1.1" 200 1 "-" "Mozilla/5.0 AppleWebKit/537.36 (KHTML, like Gecko; compatible; ClaudeBot/1.0; +claudebot@anthropic.com)" 30 **0/30995**
74.7.241.10 - - [14/Apr/2026:07:02:28 -0700] "GET /item/monk51459924.shtml HTTP/1.1" 200 1 "http://cam.edu.pa/sitemap-4.xml" "Mozilla/5.0 AppleWebKit/537.36 (KHTML, like Gecko; compatible; GPTBot/1.3; +https://openai.com/gptbot)" 31 **0/31406**
216.73.216.38 - - [14/Apr/2026:07:02:29 -0700] "GET /item/ray82075615.shtml HTTP/1.1" 200 1 "-" "Mozilla/5.0 AppleWebKit/537.36 (KHTML, like Gecko; compatible; ClaudeBot/1.0; +claudebot@anthropic.com)" 21 **0/21606**
74.7.241.10 - - [14/Apr/2026:07:02:31 -0700] "GET /item/edge70780150.shtml HTTP/1.1" 200 1 "http://cam.edu.pa/sitemap-4.xml" "Mozilla/5.0 AppleWebKit/537.36 (KHTML, like Gecko; compatible; GPTBot/1.3; +https://openai.com/gptbot)" 18 **0/18238**
216.73.216.38 - - [14/Apr/2026:07:02:32 -0700] "GET /item/note51276460.shtml HTTP/1.1" 200 1 "-" "Mozilla/5.0 AppleWebKit/537.36 (KHTML, like Gecko; compatible; ClaudeBot/1.0; +claudebot@anthropic.com)" 47 **0/47773**
74.7.241.10 - - [14/Apr/2026:07:02:35 -0700] "GET /item/fist80271039.shtml HTTP/1.1" 200 1 "http://cam.edu.pa/sitemapa.xml" "Mozilla/5.0 AppleWebKit/537.36 (KHTML, like Gecko; compatible; GPTBot/1.3; +https://openai.com/gptbot)" 21 **0/21132**
216.73.216.38 - - [14/Apr/2026:07:02:35 -0700] "GET /item/insid60128901.shtml HTTP/1.1" 200 1 "-" "Mozilla/5.0 AppleWebKit/537.36 (KHTML, like Gecko; compatible; ClaudeBot/1.0; +claudebot@anthropic.com)" 20 **0/20070**
74.7.241.10 - - [14/Apr/2026:07:02:38 -0700] "GET /item/mold61291757.shtml HTTP/1.1" 200 1 "http://cam.edu.pa/sitemap-9.xml" "Mozilla/5.0 AppleWebKit/537.36 (KHTML, like Gecko; compatible; GPTBot/1.3; +https://openai.com/gptbot)" 42 **0/42062**
216.73.216.38 - - [14/Apr/2026:07:02:40 -0700] "GET /item/fall31817538.shtml HTTP/1.1" 200 1 "-" "Mozilla/5.0 AppleWebKit/537.36 (KHTML, like Gecko; compatible; ClaudeBot/1.0; +claudebot@anthropic.com)" 20 **0/20472**
74.7.241.10 - - [14/Apr/2026:07:02:41 -0700] "GET /item/wake60565357.shtml HTTP/1.1" 200 1 "http://cam.edu.pa/sitemap-1.xml" "Mozilla/5.0 AppleWebKit/537.36 (KHTML, like Gecko; compatible; GPTBot/1.3; +https://openai.com/gptbot)" 28 **0/28562**
216.73.216.38 - - [14/Apr/2026:07:02:43 -0700] "GET /item/crazy32212666.shtml HTTP/1.1" 200 1 "-" "Mozilla/5.0 AppleWebKit/537.36 (KHTML, like Gecko; compatible; ClaudeBot/1.0; +claudebot@anthropic.com)" 30 **0/30421**
74.7.241.10 - - [14/Apr/2026:07:02:44 -0700] "GET /item/town21944209.shtml HTTP/1.1" 200 1 "http://cam.edu.pa/sitemap-7.xml" "Mozilla/5.0 AppleWebKit/537.36 (KHTML, like Gecko; compatible; GPTBot/1.3; +https://openai.com/gptbot)" 22 **0/22219**
43.153.122.30 - - [14/Apr/2026:07:02:45 -0700] "GET / HTTP/1.1" 200 708 "-" "Mozilla/5.0 (iPhone; CPU iPhone OS 13_2_3 like Mac OS X) AppleWebKit/605.1.15 (KHTML, like Gecko) Version/13.0.3 Mobile/15E148 Safari/604.1" 10 **0/10577**
216.73.216.38 - - [14/Apr/2026:07:02:46 -0700] "GET /item/bat82183071.shtml HTTP/1.1" 200 1 "-" "Mozilla/5.0 AppleWebKit/537.36 (KHTML, like Gecko; compatible; ClaudeBot/1.0; +claudebot@anthropic.com)" 21 **0/21086**
74.7.241.10 - - [14/Apr/2026:07:02:47 -0700] "GET /item/sick12268992.shtml HTTP/1.1" 200 1 "http://cam.edu.pa/sitemap-8.xml" "Mozilla/5.0 AppleWebKit/537.36 (KHTML, like Gecko; compatible; GPTBot/1.3; +https://openai.com/gptbot)" 23 **0/23709**
216.73.216.38 - - [14/Apr/2026:07:02:49 -0700] "GET /item/feder70486950.shtml HTTP/1.1" 200 1 "-" "Mozilla/5.0 AppleWebKit/537.36 (KHTML, like Gecko; compatible; ClaudeBot/1.0; +claudebot@anthropic.com)" 25 **0/25194**
74.7.241.10 - - [14/Apr/2026:07:02:50 -0700] "GET /item/heir72171254.shtml HTTP/1.1" 200 1 "http://cam.edu.pa/sitemap-2.xml" "Mozilla/5.0 AppleWebKit/537.36 (KHTML, like Gecko; compatible; GPTBot/1.3; +https://openai.com/gptbot)" 20 **0/20565**
216.73.216.38 - - [14/Apr/2026:07:02:52 -0700] "GET /item/upset21853473.shtml HTTP/1.1" 200 1 "-" "Mozilla/5.0 AppleWebKit/537.36 (KHTML, like Gecko; compatible; ClaudeBot/1.0; +claudebot@anthropic.com)" 24 **0/24965**
74.7.241.10 - - [14/Apr/2026:07:02:53 -0700] "GET /item/over22092449.shtml HTTP/1.1" 200 1 "http://cam.edu.pa/sitemap-8.xml" "Mozilla/5.0 AppleWebKit/537.36 (KHTML, like Gecko; compatible; GPTBot/1.3; +https://openai.com/gptbot)" 33 **0/33393**
216.73.216.38 - - [14/Apr/2026:07:02:55 -0700] "GET /item/seize31910346.shtml HTTP/1.1" 200 1 "-" "Mozilla/5.0 AppleWebKit/537.36 (KHTML, like Gecko; compatible; ClaudeBot/1.0; +claudebot@anthropic.com)" 20 **0/20165**
74.7.241.10 - - [14/Apr/2026:07:02:56 -0700] "GET /item/omen11623872.shtml HTTP/1.1" 200 1 "http://cam.edu.pa/sitemap-3.xml" "Mozilla/5.0 AppleWebKit/537.36 (KHTML, like Gecko; compatible; GPTBot/1.3; +https://openai.com/gptbot)" 66 **0/66589**
74.7.241.10 - - [14/Apr/2026:07:03:00 -0700] "GET /item/dime80087831.shtml HTTP/1.1" 200 1 "http://cam.edu.pa/sitemapa.xml" "Mozilla/5.0 AppleWebKit/537.36 (KHTML, like Gecko; compatible; GPTBot/1.3; +https://openai.com/gptbot)" 21 **0/21564**
74.7.241.10 - - [14/Apr/2026:07:03:03 -0700] "GET /item/hint61002605.shtml HTTP/1.1" 200 1 "http://cam.edu.pa/sitemapa.xml" "Mozilla/5.0 AppleWebKit/537.36 (KHTML, like Gecko; compatible; GPTBot/1.3; +https://openai.com/gptbot)" 74 **0/74620**
74.7.241.10 - - [14/Apr/2026:07:03:06 -0700] "GET /item/what41408803.shtml HTTP/1.1" 200 1 "http://cam.edu.pa/sitemap-2.xml" "Mozilla/5.0 AppleWebKit/537.36 (KHTML, like Gecko; compatible; GPTBot/1.3; +https://openai.com/gptbot)" 29 **0/29398**
74.7.241.10 - - [14/Apr/2026:07:03:09 -0700] "GET /item/tyre42327547.shtml HTTP/1.1" 200 1 "http://cam.edu.pa/sitemap-2.xml" "Mozilla/5.0 AppleWebKit/537.36 (KHTML, like Gecko; compatible; GPTBot/1.3; +https://openai.com/gptbot)" 44 **0/44293**
216.73.216.38 - - [14/Apr/2026:07:03:11 -0700] "GET /item/any31108138.shtml HTTP/1.1" 200 1 "-" "Mozilla/5.0 AppleWebKit/537.36 (KHTML, like Gecko; compatible; ClaudeBot/1.0; +claudebot@anthropic.com)" 81 **0/81145**
74.7.241.10 - - [14/Apr/2026:07:03:12 -0700] "GET /item/melt50306420.shtml HTTP/1.1" 200 1 "http://cam.edu.pa/sitemap-7.xml" "Mozilla/5.0 AppleWebKit/537.36 (KHTML, like Gecko; compatible; GPTBot/1.3; +https://openai.com/gptbot)" 76 **0/76330**
216.73.216.38 - - [14/Apr/2026:07:03:14 -0700] "GET /item/quite10784632.shtml HTTP/1.1" 200 1 "-" "Mozilla/5.0 AppleWebKit/537.36 (KHTML, like Gecko; compatible; ClaudeBot/1.0; +claudebot@anthropic.com)" 19 **0/19555**
74.7.241.10 - - [14/Apr/2026:07:03:16 -0700] "GET /item/dust30525850.shtml HTTP/1.1" 200 1 "http://cam.edu.pa/sitemap-8.xml" "Mozilla/5.0 AppleWebKit/537.36 (KHTML, like Gecko; compatible; GPTBot/1.3; +https://openai.com/gptbot)" 19 **0/19716**
216.73.216.38 - - [14/Apr/2026:07:03:17 -0700] "GET /item/overw20361841.shtml HTTP/1.1" 200 1 "-" "Mozilla/5.0 AppleWebKit/537.36 (KHTML, like Gecko; compatible; ClaudeBot/1.0; +claudebot@anthropic.com)" 23 **0/23067**
74.7.241.10 - - [14/Apr/2026:07:03:19 -0700] "GET /item/limb81602983.shtml HTTP/1.1" 200 1 "http://cam.edu.pa/sitemapa.xml" "Mozilla/5.0 AppleWebKit/537.36 (KHTML, like Gecko; compatible; GPTBot/1.3; +https://openai.com/gptbot)" 31 **0/31511**
216.73.216.38 - - [14/Apr/2026:07:03:20 -0700] "GET /item/hoax30855842.shtml HTTP/1.1" 200 1 "-" "Mozilla/5.0 AppleWebKit/537.36 (KHTML, like Gecko; compatible; ClaudeBot/1.0; +claudebot@anthropic.com)" 30 **0/30036**
74.7.241.10 - - [14/Apr/2026:07:03:22 -0700] "GET /item/poll11829952.shtml HTTP/1.1" 200 1 "http://cam.edu.pa/sitemap-7.xml" "Mozilla/5.0 AppleWebKit/537.36 (KHTML, like Gecko; compatible; GPTBot/1.3; +https://openai.com/gptbot)" 21 **0/21645**
