74.7.241.10 - - [14/Apr/2026:06:51:12 -0700] "GET /item/wall40012995.shtml HTTP/1.1" 200 1 "http://cam.edu.pa/sitemap-9.xml" "Mozilla/5.0 AppleWebKit/537.36 (KHTML, like Gecko; compatible; GPTBot/1.3; +https://openai.com/gptbot)" 20 **0/20374**
216.73.216.38 - - [14/Apr/2026:06:51:15 -0700] "GET /item/chap42350403.shtml HTTP/1.1" 200 1 "-" "Mozilla/5.0 AppleWebKit/537.36 (KHTML, like Gecko; compatible; ClaudeBot/1.0; +claudebot@anthropic.com)" 19 **0/19316**
74.7.241.10 - - [14/Apr/2026:06:51:15 -0700] "GET /item/gilt32779978.shtml HTTP/1.1" 200 1 "http://cam.edu.pa/sitemap-5.xml" "Mozilla/5.0 AppleWebKit/537.36 (KHTML, like Gecko; compatible; GPTBot/1.3; +https://openai.com/gptbot)" 22 **0/22932**
216.73.216.38 - - [14/Apr/2026:06:51:18 -0700] "GET /item/luck40256579.shtml HTTP/1.1" 200 1 "-" "Mozilla/5.0 AppleWebKit/537.36 (KHTML, like Gecko; compatible; ClaudeBot/1.0; +claudebot@anthropic.com)" 18 **0/18889**
74.7.241.10 - - [14/Apr/2026:06:51:18 -0700] "GET /item/waft80039911.shtml HTTP/1.1" 200 1 "http://cam.edu.pa/sitemap-8.xml" "Mozilla/5.0 AppleWebKit/537.36 (KHTML, like Gecko; compatible; GPTBot/1.3; +https://openai.com/gptbot)" 27 **0/27550**
216.73.216.38 - - [14/Apr/2026:06:51:21 -0700] "GET /item/wool41919363.shtml HTTP/1.1" 200 1 "-" "Mozilla/5.0 AppleWebKit/537.36 (KHTML, like Gecko; compatible; ClaudeBot/1.0; +claudebot@anthropic.com)" 40 **0/40375**
74.7.241.10 - - [14/Apr/2026:06:51:22 -0700] "GET /item/bolt32527626.shtml HTTP/1.1" 200 1 "http://cam.edu.pa/sitemapa.xml" "Mozilla/5.0 AppleWebKit/537.36 (KHTML, like Gecko; compatible; GPTBot/1.3; +https://openai.com/gptbot)" 21 **0/21692**
216.73.216.38 - - [14/Apr/2026:06:51:24 -0700] "GET /item/drill71618990.shtml HTTP/1.1" 200 1 "-" "Mozilla/5.0 AppleWebKit/537.36 (KHTML, like Gecko; compatible; ClaudeBot/1.0; +claudebot@anthropic.com)" 19 **0/19766**
74.7.241.10 - - [14/Apr/2026:06:51:25 -0700] "GET /item/soil81499311.shtml HTTP/1.1" 200 1 "http://cam.edu.pa/sitemapa.xml" "Mozilla/5.0 AppleWebKit/537.36 (KHTML, like Gecko; compatible; GPTBot/1.3; +https://openai.com/gptbot)" 20 **0/20834**
216.73.216.38 - - [14/Apr/2026:06:51:27 -0700] "GET /item/act70392350.shtml HTTP/1.1" 200 1 "-" "Mozilla/5.0 AppleWebKit/537.36 (KHTML, like Gecko; compatible; ClaudeBot/1.0; +claudebot@anthropic.com)" 21 **0/21674**
74.7.241.10 - - [14/Apr/2026:06:51:28 -0700] "GET /item/wolf22301521.shtml HTTP/1.1" 200 1 "http://cam.edu.pa/sitemap-3.xml" "Mozilla/5.0 AppleWebKit/537.36 (KHTML, like Gecko; compatible; GPTBot/1.3; +https://openai.com/gptbot)" 21 **0/21096**
216.73.216.38 - - [14/Apr/2026:06:51:30 -0700] "GET /item/fello41695531.shtml HTTP/1.1" 200 1 "-" "Mozilla/5.0 AppleWebKit/537.36 (KHTML, like Gecko; compatible; ClaudeBot/1.0; +claudebot@anthropic.com)" 34 **0/34566**
74.7.241.10 - - [14/Apr/2026:06:51:31 -0700] "GET /item/game20037281.shtml HTTP/1.1" 200 1 "http://cam.edu.pa/sitemap-2.xml" "Mozilla/5.0 AppleWebKit/537.36 (KHTML, like Gecko; compatible; GPTBot/1.3; +https://openai.com/gptbot)" 31 **0/31139**
216.73.216.38 - - [14/Apr/2026:06:51:33 -0700] "GET /item/erron50007772.shtml HTTP/1.1" 200 1 "-" "Mozilla/5.0 AppleWebKit/537.36 (KHTML, like Gecko; compatible; ClaudeBot/1.0; +claudebot@anthropic.com)" 19 **0/19587**
74.7.241.10 - - [14/Apr/2026:06:51:35 -0700] "GET /item/ever50669084.shtml HTTP/1.1" 200 1 "http://cam.edu.pa/sitemap-6.xml" "Mozilla/5.0 AppleWebKit/537.36 (KHTML, like Gecko; compatible; GPTBot/1.3; +https://openai.com/gptbot)" 20 **0/20553**
216.73.216.38 - - [14/Apr/2026:06:51:36 -0700] "GET /item/overc82048247.shtml HTTP/1.1" 200 1 "-" "Mozilla/5.0 AppleWebKit/537.36 (KHTML, like Gecko; compatible; ClaudeBot/1.0; +claudebot@anthropic.com)" 19 **0/19222**
74.7.241.10 - - [14/Apr/2026:06:51:38 -0700] "GET /item/dude62023829.shtml HTTP/1.1" 200 1 "http://cam.edu.pa/sitemap-9.xml" "Mozilla/5.0 AppleWebKit/537.36 (KHTML, like Gecko; compatible; GPTBot/1.3; +https://openai.com/gptbot)" 18 **0/18069**
216.73.216.38 - - [14/Apr/2026:06:51:39 -0700] "GET /item/dose51270692.shtml HTTP/1.1" 200 1 "-" "Mozilla/5.0 AppleWebKit/537.36 (KHTML, like Gecko; compatible; ClaudeBot/1.0; +claudebot@anthropic.com)" 21 **0/21140**
74.7.241.10 - - [14/Apr/2026:06:51:41 -0700] "GET /item/gilt30567978.shtml HTTP/1.1" 200 1 "http://cam.edu.pa/sitemap-8.xml" "Mozilla/5.0 AppleWebKit/537.36 (KHTML, like Gecko; compatible; GPTBot/1.3; +https://openai.com/gptbot)" 19 **0/19308**
216.73.216.38 - - [14/Apr/2026:06:51:42 -0700] "GET /item/glory12883640.shtml HTTP/1.1" 200 1 "-" "Mozilla/5.0 AppleWebKit/537.36 (KHTML, like Gecko; compatible; ClaudeBot/1.0; +claudebot@anthropic.com)" 20 **0/20663**
74.7.241.10 - - [14/Apr/2026:06:51:44 -0700] "GET /item/knot52558748.shtml HTTP/1.1" 200 1 "http://cam.edu.pa/sitemap-1.xml" "Mozilla/5.0 AppleWebKit/537.36 (KHTML, like Gecko; compatible; GPTBot/1.3; +https://openai.com/gptbot)" 20 **0/20818**
216.73.216.38 - - [14/Apr/2026:06:51:45 -0700] "GET /item/scarc80487095.shtml HTTP/1.1" 200 1 "-" "Mozilla/5.0 AppleWebKit/537.36 (KHTML, like Gecko; compatible; ClaudeBot/1.0; +claudebot@anthropic.com)" 106 **0/106631**
74.7.241.10 - - [14/Apr/2026:06:51:47 -0700] "GET /item/find80881487.shtml HTTP/1.1" 200 1 "http://cam.edu.pa/sitemap-1.xml" "Mozilla/5.0 AppleWebKit/537.36 (KHTML, like Gecko; compatible; GPTBot/1.3; +https://openai.com/gptbot)" 17 **0/17066**
216.73.216.38 - - [14/Apr/2026:06:51:48 -0700] "GET /item/bunch40199371.shtml HTTP/1.1" 200 1 "-" "Mozilla/5.0 AppleWebKit/537.36 (KHTML, like Gecko; compatible; ClaudeBot/1.0; +claudebot@anthropic.com)" 25 **0/25645**
74.7.241.10 - - [14/Apr/2026:06:51:51 -0700] "GET /item/feet50979836.shtml HTTP/1.1" 200 1 "http://cam.edu.pa/sitemap-6.xml" "Mozilla/5.0 AppleWebKit/537.36 (KHTML, like Gecko; compatible; GPTBot/1.3; +https://openai.com/gptbot)" 35 **0/35231**
216.73.216.38 - - [14/Apr/2026:06:51:51 -0700] "GET /item/recom11218216.shtml HTTP/1.1" 200 1 "-" "Mozilla/5.0 AppleWebKit/537.36 (KHTML, like Gecko; compatible; ClaudeBot/1.0; +claudebot@anthropic.com)" 22 **0/22951**
74.7.241.10 - - [14/Apr/2026:06:51:54 -0700] "GET /item/male72655334.shtml HTTP/1.1" 200 1 "http://cam.edu.pa/sitemap-5.xml" "Mozilla/5.0 AppleWebKit/537.36 (KHTML, like Gecko; compatible; GPTBot/1.3; +https://openai.com/gptbot)" 22 **0/22493**
216.73.216.38 - - [14/Apr/2026:06:51:54 -0700] "GET /item/nothi30404898.shtml HTTP/1.1" 200 1 "-" "Mozilla/5.0 AppleWebKit/537.36 (KHTML, like Gecko; compatible; ClaudeBot/1.0; +claudebot@anthropic.com)" 19 **0/19054**
74.7.241.10 - - [14/Apr/2026:06:51:57 -0700] "GET /item/swim61249405.shtml HTTP/1.1" 200 1 "http://cam.edu.pa/sitemap-1.xml" "Mozilla/5.0 AppleWebKit/537.36 (KHTML, like Gecko; compatible; GPTBot/1.3; +https://openai.com/gptbot)" 30 **0/30327**
216.73.216.38 - - [14/Apr/2026:06:51:57 -0700] "GET /item/scene20025745.shtml HTTP/1.1" 200 1 "-" "Mozilla/5.0 AppleWebKit/537.36 (KHTML, like Gecko; compatible; ClaudeBot/1.0; +claudebot@anthropic.com)" 22 **0/22083**
74.7.241.10 - - [14/Apr/2026:06:52:00 -0700] "GET /item/seat31588106.shtml HTTP/1.1" 200 1 "http://cam.edu.pa/sitemap-8.xml" "Mozilla/5.0 AppleWebKit/537.36 (KHTML, like Gecko; compatible; GPTBot/1.3; +https://openai.com/gptbot)" 21 **0/21694**
216.73.216.38 - - [14/Apr/2026:06:52:00 -0700] "GET /item/adj71093694.shtml HTTP/1.1" 200 1 "-" "Mozilla/5.0 AppleWebKit/537.36 (KHTML, like Gecko; compatible; ClaudeBot/1.0; +claudebot@anthropic.com)" 23 **0/23998**
74.7.241.10 - - [14/Apr/2026:06:52:03 -0700] "GET /item/upto50635660.shtml HTTP/1.1" 200 1 "http://cam.edu.pa/sitemap-2.xml" "Mozilla/5.0 AppleWebKit/537.36 (KHTML, like Gecko; compatible; GPTBot/1.3; +https://openai.com/gptbot)" 28 **0/28976**
216.73.216.38 - - [14/Apr/2026:06:52:03 -0700] "GET /item/now12400856.shtml HTTP/1.1" 200 1 "-" "Mozilla/5.0 AppleWebKit/537.36 (KHTML, like Gecko; compatible; ClaudeBot/1.0; +claudebot@anthropic.com)" 21 **0/21999**
74.7.241.10 - - [14/Apr/2026:06:52:06 -0700] "GET /item/game22173281.shtml HTTP/1.1" 200 1 "http://cam.edu.pa/sitemap-9.xml" "Mozilla/5.0 AppleWebKit/537.36 (KHTML, like Gecko; compatible; GPTBot/1.3; +https://openai.com/gptbot)" 20 **0/20439**
216.73.216.38 - - [14/Apr/2026:06:52:06 -0700] "GET /item/failu50051548.shtml HTTP/1.1" 200 1 "-" "Mozilla/5.0 AppleWebKit/537.36 (KHTML, like Gecko; compatible; ClaudeBot/1.0; +claudebot@anthropic.com)" 24 **0/24598**
74.7.241.10 - - [14/Apr/2026:06:52:09 -0700] "GET /item/bolt31383626.shtml HTTP/1.1" 200 1 "http://cam.edu.pa/sitemap-7.xml" "Mozilla/5.0 AppleWebKit/537.36 (KHTML, like Gecko; compatible; GPTBot/1.3; +https://openai.com/gptbot)" 19 **0/19015**
74.7.241.10 - - [14/Apr/2026:06:52:12 -0700] "GET /item/lane10770464.shtml HTTP/1.1" 200 1 "http://cam.edu.pa/sitemapa.xml" "Mozilla/5.0 AppleWebKit/537.36 (KHTML, like Gecko; compatible; GPTBot/1.3; +https://openai.com/gptbot)" 25 **0/25901**
74.7.241.10 - - [14/Apr/2026:06:52:15 -0700] "GET /item/five31073002.shtml HTTP/1.1" 200 1 "http://cam.edu.pa/sitemapa.xml" "Mozilla/5.0 AppleWebKit/537.36 (KHTML, like Gecko; compatible; GPTBot/1.3; +https://openai.com/gptbot)" 22 **0/22932**
74.7.241.10 - - [14/Apr/2026:06:52:19 -0700] "GET /item/poll11257952.shtml HTTP/1.1" 200 1 "http://cam.edu.pa/sitemap-9.xml" "Mozilla/5.0 AppleWebKit/537.36 (KHTML, like Gecko; compatible; GPTBot/1.3; +https://openai.com/gptbot)" 19 **0/19976**
74.7.241.10 - - [14/Apr/2026:06:52:22 -0700] "GET /item/flap21295969.shtml HTTP/1.1" 200 1 "http://cam.edu.pa/sitemap-3.xml" "Mozilla/5.0 AppleWebKit/537.36 (KHTML, like Gecko; compatible; GPTBot/1.3; +https://openai.com/gptbot)" 18 **0/18970**
74.7.241.10 - - [14/Apr/2026:06:52:25 -0700] "GET /item/till42760523.shtml HTTP/1.1" 200 1 "http://cam.edu.pa/sitemap-1.xml" "Mozilla/5.0 AppleWebKit/537.36 (KHTML, like Gecko; compatible; GPTBot/1.3; +https://openai.com/gptbot)" 46 **0/46405**
74.7.241.10 - - [14/Apr/2026:06:52:28 -0700] "GET /item/here72952214.shtml HTTP/1.1" 200 1 "http://cam.edu.pa/sitemap-5.xml" "Mozilla/5.0 AppleWebKit/537.36 (KHTML, like Gecko; compatible; GPTBot/1.3; +https://openai.com/gptbot)" 29 **0/29557**
74.7.241.10 - - [14/Apr/2026:06:52:31 -0700] "GET /item/feel42901483.shtml HTTP/1.1" 200 1 "http://cam.edu.pa/sitemap-4.xml" "Mozilla/5.0 AppleWebKit/537.36 (KHTML, like Gecko; compatible; GPTBot/1.3; +https://openai.com/gptbot)" 29 **0/29667**
74.7.241.10 - - [14/Apr/2026:06:52:35 -0700] "GET /item/live10284144.shtml HTTP/1.1" 200 1 "http://cam.edu.pa/sitemapa.xml" "Mozilla/5.0 AppleWebKit/537.36 (KHTML, like Gecko; compatible; GPTBot/1.3; +https://openai.com/gptbot)" 22 **0/22354**
74.7.241.10 - - [14/Apr/2026:06:52:38 -0700] "GET /item/play21440433.shtml HTTP/1.1" 200 1 "http://cam.edu.pa/sitemapa.xml" "Mozilla/5.0 AppleWebKit/537.36 (KHTML, like Gecko; compatible; GPTBot/1.3; +https://openai.com/gptbot)" 20 **0/20714**
74.7.241.10 - - [14/Apr/2026:06:52:41 -0700] "GET /item/pare81971879.shtml HTTP/1.1" 200 1 "http://cam.edu.pa/sitemap-9.xml" "Mozilla/5.0 AppleWebKit/537.36 (KHTML, like Gecko; compatible; GPTBot/1.3; +https://openai.com/gptbot)" 22 **0/22948**
216.73.216.38 - - [14/Apr/2026:06:52:42 -0700] "GET /item/orche22370585.shtml HTTP/1.1" 200 1 "-" "Mozilla/5.0 AppleWebKit/537.36 (KHTML, like Gecko; compatible; ClaudeBot/1.0; +claudebot@anthropic.com)" 27 **0/27172**
74.7.241.10 - - [14/Apr/2026:06:52:44 -0700] "GET /item/need22908017.shtml HTTP/1.1" 200 1 "http://cam.edu.pa/sitemap-9.xml" "Mozilla/5.0 AppleWebKit/537.36 (KHTML, like Gecko; compatible; GPTBot/1.3; +https://openai.com/gptbot)" 18 **0/18788**
216.73.216.38 - - [14/Apr/2026:06:52:45 -0700] "GET /item/brief12186936.shtml HTTP/1.1" 200 1 "-" "Mozilla/5.0 AppleWebKit/537.36 (KHTML, like Gecko; compatible; ClaudeBot/1.0; +claudebot@anthropic.com)" 22 **0/22840**
74.7.241.10 - - [14/Apr/2026:06:52:47 -0700] "GET /item/tree71588390.shtml HTTP/1.1" 200 1 "http://cam.edu.pa/sitemap-8.xml" "Mozilla/5.0 AppleWebKit/537.36 (KHTML, like Gecko; compatible; GPTBot/1.3; +https://openai.com/gptbot)" 29 **0/29289**
216.73.216.38 - - [14/Apr/2026:06:52:48 -0700] "GET /item/fine70237318.shtml HTTP/1.1" 200 1 "-" "Mozilla/5.0 AppleWebKit/537.36 (KHTML, like Gecko; compatible; ClaudeBot/1.0; +claudebot@anthropic.com)" 29 **0/29862**
74.7.241.10 - - [14/Apr/2026:06:52:50 -0700] "GET /item/week51052156.shtml HTTP/1.1" 200 1 "http://cam.edu.pa/sitemap-4.xml" "Mozilla/5.0 AppleWebKit/537.36 (KHTML, like Gecko; compatible; GPTBot/1.3; +https://openai.com/gptbot)" 21 **0/21859**
216.73.216.38 - - [14/Apr/2026:06:52:51 -0700] "GET /item/devel10144808.shtml HTTP/1.1" 403 1 "-" "Mozilla/5.0 AppleWebKit/537.36 (KHTML, like Gecko; compatible; ClaudeBot/1.0; +claudebot@anthropic.com)" 24 **0/24969**
74.7.241.10 - - [14/Apr/2026:06:52:53 -0700] "GET /item/whom81428335.shtml HTTP/1.1" 200 1 "http://cam.edu.pa/sitemape.xml" "Mozilla/5.0 AppleWebKit/537.36 (KHTML, like Gecko; compatible; GPTBot/1.3; +https://openai.com/gptbot)" 23 **0/23032**
216.73.216.38 - - [14/Apr/2026:06:52:54 -0700] "GET /item/ad12611320.shtml HTTP/1.1" 403 1 "-" "Mozilla/5.0 AppleWebKit/537.36 (KHTML, like Gecko; compatible; ClaudeBot/1.0; +claudebot@anthropic.com)" 30 **0/30245**
74.7.241.10 - - [14/Apr/2026:06:52:57 -0700] "GET /item/cool81028231.shtml HTTP/1.1" 200 1 "http://cam.edu.pa/sitemape.xml" "Mozilla/5.0 AppleWebKit/537.36 (KHTML, like Gecko; compatible; GPTBot/1.3; +https://openai.com/gptbot)" 16 **0/16639**
216.73.216.38 - - [14/Apr/2026:06:52:57 -0700] "GET /item/engin42940251.shtml HTTP/1.1" 403 1 "-" "Mozilla/5.0 AppleWebKit/537.36 (KHTML, like Gecko; compatible; ClaudeBot/1.0; +claudebot@anthropic.com)" 20 **0/20524**
74.7.241.10 - - [14/Apr/2026:06:53:00 -0700] "GET /item/last52657204.shtml HTTP/1.1" 200 1 "http://cam.edu.pa/sitemap-5.xml" "Mozilla/5.0 AppleWebKit/537.36 (KHTML, like Gecko; compatible; GPTBot/1.3; +https://openai.com/gptbot)" 24 **0/24464**
216.73.216.38 - - [14/Apr/2026:06:53:00 -0700] "GET /item/than70132638.shtml HTTP/1.1" 403 1 "-" "Mozilla/5.0 AppleWebKit/537.36 (KHTML, like Gecko; compatible; ClaudeBot/1.0; +claudebot@anthropic.com)" 37 **0/37921**
74.7.241.10 - - [14/Apr/2026:06:53:03 -0700] "GET /item/pass42636691.shtml HTTP/1.1" 200 1 "http://cam.edu.pa/sitemap-7.xml" "Mozilla/5.0 AppleWebKit/537.36 (KHTML, like Gecko; compatible; GPTBot/1.3; +https://openai.com/gptbot)" 64 **0/64798**
216.73.216.38 - - [14/Apr/2026:06:53:03 -0700] "GET /item/ride42005579.shtml HTTP/1.1" 403 1 "-" "Mozilla/5.0 AppleWebKit/537.36 (KHTML, like Gecko; compatible; ClaudeBot/1.0; +claudebot@anthropic.com)" 52 **0/52306**
74.7.241.10 - - [14/Apr/2026:06:53:06 -0700] "GET /item/mere52382516.shtml HTTP/1.1" 200 1 "http://cam.edu.pa/sitemap-3.xml" "Mozilla/5.0 AppleWebKit/537.36 (KHTML, like Gecko; compatible; GPTBot/1.3; +https://openai.com/gptbot)" 23 **0/23426**
216.73.216.38 - - [14/Apr/2026:06:53:06 -0700] "GET /item/minim80154495.shtml HTTP/1.1" 403 1 "-" "Mozilla/5.0 AppleWebKit/537.36 (KHTML, like Gecko; compatible; ClaudeBot/1.0; +claudebot@anthropic.com)" 20 **0/20530**
216.73.216.38 - - [14/Apr/2026:06:53:09 -0700] "GET /item/colle40512115.shtml HTTP/1.1" 403 1 "-" "Mozilla/5.0 AppleWebKit/537.36 (KHTML, like Gecko; compatible; ClaudeBot/1.0; +claudebot@anthropic.com)" 19 **0/19970**
74.7.241.10 - - [14/Apr/2026:06:53:09 -0700] "GET /item/bolt32847626.shtml HTTP/1.1" 200 1 "http://cam.edu.pa/sitemap-3.xml" "Mozilla/5.0 AppleWebKit/537.36 (KHTML, like Gecko; compatible; GPTBot/1.3; +https://openai.com/gptbot)" 25 **0/25382**
216.73.216.38 - - [14/Apr/2026:06:53:12 -0700] "GET /item/agree60265109.shtml HTTP/1.1" 403 1 "-" "Mozilla/5.0 AppleWebKit/537.36 (KHTML, like Gecko; compatible; ClaudeBot/1.0; +claudebot@anthropic.com)" 24 **0/24171**
74.7.241.10 - - [14/Apr/2026:06:53:12 -0700] "GET /item/soft60725029.shtml HTTP/1.1" 200 1 "http://cam.edu.pa/sitemap-2.xml" "Mozilla/5.0 AppleWebKit/537.36 (KHTML, like Gecko; compatible; GPTBot/1.3; +https://openai.com/gptbot)" 30 **0/30443**
114.119.152.34 - - [14/Apr/2026:06:53:14 -0700] "GET /robots.txt HTTP/1.1" 200 113 "-" "Mozilla/5.0 (compatible;PetalBot;+https://webmaster.petalsearch.com/site/petalbot)" 7 **0/7388**
216.73.216.38 - - [14/Apr/2026:06:53:15 -0700] "GET /item/hards71539182.shtml HTTP/1.1" 403 1 "-" "Mozilla/5.0 AppleWebKit/537.36 (KHTML, like Gecko; compatible; ClaudeBot/1.0; +claudebot@anthropic.com)" 29 **0/29774**
74.7.241.10 - - [14/Apr/2026:06:53:15 -0700] "GET /item/lurk62883853.shtml HTTP/1.1" 200 1 "http://cam.edu.pa/sitemap-4.xml" "Mozilla/5.0 AppleWebKit/537.36 (KHTML, like Gecko; compatible; GPTBot/1.3; +https://openai.com/gptbot)" 25 **0/25465**
216.73.216.38 - - [14/Apr/2026:06:53:18 -0700] "GET /item/mist50382620.shtml HTTP/1.1" 403 1 "-" "Mozilla/5.0 AppleWebKit/537.36 (KHTML, like Gecko; compatible; ClaudeBot/1.0; +claudebot@anthropic.com)" 21 **0/21219**
74.7.241.10 - - [14/Apr/2026:06:53:18 -0700] "GET /item/what42384803.shtml HTTP/1.1" 200 1 "http://cam.edu.pa/sitemap-2.xml" "Mozilla/5.0 AppleWebKit/537.36 (KHTML, like Gecko; compatible; GPTBot/1.3; +https://openai.com/gptbot)" 21 **0/21365**
216.73.216.38 - - [14/Apr/2026:06:53:21 -0700] "GET /item/coach60152973.shtml HTTP/1.1" 403 1 "-" "Mozilla/5.0 AppleWebKit/537.36 (KHTML, like Gecko; compatible; ClaudeBot/1.0; +claudebot@anthropic.com)" 19 **0/19943**
74.7.241.10 - - [14/Apr/2026:06:53:22 -0700] "GET /item/must32292346.shtml HTTP/1.1" 200 1 "http://cam.edu.pa/sitemap-3.xml" "Mozilla/5.0 AppleWebKit/537.36 (KHTML, like Gecko; compatible; GPTBot/1.3; +https://openai.com/gptbot)" 23 **0/23843**
216.73.216.38 - - [14/Apr/2026:06:53:24 -0700] "GET /item/scout20543409.shtml HTTP/1.1" 403 1 "-" "Mozilla/5.0 AppleWebKit/537.36 (KHTML, like Gecko; compatible; ClaudeBot/1.0; +claudebot@anthropic.com)" 44 **0/44227**
74.7.241.10 - - [14/Apr/2026:06:53:25 -0700] "GET /item/five32153002.shtml HTTP/1.1" 200 1 "http://cam.edu.pa/sitemap-7.xml" "Mozilla/5.0 AppleWebKit/537.36 (KHTML, like Gecko; compatible; GPTBot/1.3; +https://openai.com/gptbot)" 42 **0/42551**
216.73.216.38 - - [14/Apr/2026:06:53:27 -0700] "GET /item/abili40648323.shtml HTTP/1.1" 403 1 "-" "Mozilla/5.0 AppleWebKit/537.36 (KHTML, like Gecko; compatible; ClaudeBot/1.0; +claudebot@anthropic.com)" 33 **0/33240**
74.7.241.10 - - [14/Apr/2026:06:53:28 -0700] "GET /item/hell42779091.shtml HTTP/1.1" 200 1 "http://cam.edu.pa/sitemape.xml" "Mozilla/5.0 AppleWebKit/537.36 (KHTML, like Gecko; compatible; GPTBot/1.3; +https://openai.com/gptbot)" 22 **0/22560**
216.73.216.38 - - [14/Apr/2026:06:53:30 -0700] "GET /item/plast82036671.shtml HTTP/1.1" 403 1 "-" "Mozilla/5.0 AppleWebKit/537.36 (KHTML, like Gecko; compatible; ClaudeBot/1.0; +claudebot@anthropic.com)" 42 **0/42457**
74.7.241.10 - - [14/Apr/2026:06:53:31 -0700] "GET /item/seam42539883.shtml HTTP/1.1" 200 1 "http://cam.edu.pa/sitemapa.xml" "Mozilla/5.0 AppleWebKit/537.36 (KHTML, like Gecko; compatible; GPTBot/1.3; +https://openai.com/gptbot)" 18 **0/18951**
216.73.216.38 - - [14/Apr/2026:06:53:33 -0700] "GET /item/disap62885805.shtml HTTP/1.1" 200 1 "-" "Mozilla/5.0 AppleWebKit/537.36 (KHTML, like Gecko; compatible; ClaudeBot/1.0; +claudebot@anthropic.com)" 34 **0/34140**
74.7.241.10 - - [14/Apr/2026:06:53:34 -0700] "GET /item/gain50351252.shtml HTTP/1.1" 200 1 "http://cam.edu.pa/sitemap-3.xml" "Mozilla/5.0 AppleWebKit/537.36 (KHTML, like Gecko; compatible; GPTBot/1.3; +https://openai.com/gptbot)" 18 **0/18654**
216.73.216.38 - - [14/Apr/2026:06:53:36 -0700] "GET /item/sear60959885.shtml HTTP/1.1" 200 1 "-" "Mozilla/5.0 AppleWebKit/537.36 (KHTML, like Gecko; compatible; ClaudeBot/1.0; +claudebot@anthropic.com)" 17 **0/17745**
74.7.241.10 - - [14/Apr/2026:06:53:38 -0700] "GET /item/lion11972392.shtml HTTP/1.1" 200 1 "http://cam.edu.pa/sitemap-9.xml" "Mozilla/5.0 AppleWebKit/537.36 (KHTML, like Gecko; compatible; GPTBot/1.3; +https://openai.com/gptbot)" 18 **0/18149**
216.73.216.38 - - [14/Apr/2026:06:53:39 -0700] "GET /item/cotta10115192.shtml HTTP/1.1" 200 1 "-" "Mozilla/5.0 AppleWebKit/537.36 (KHTML, like Gecko; compatible; ClaudeBot/1.0; +claudebot@anthropic.com)" 26 **0/26872**
74.7.241.10 - - [14/Apr/2026:06:53:41 -0700] "GET /item/fast40732603.shtml HTTP/1.1" 200 1 "http://cam.edu.pa/sitemap-9.xml" "Mozilla/5.0 AppleWebKit/537.36 (KHTML, like Gecko; compatible; GPTBot/1.3; +https://openai.com/gptbot)" 25 **0/25700**
216.73.216.38 - - [14/Apr/2026:06:53:42 -0700] "GET /item/evolu51354100.shtml HTTP/1.1" 200 1 "-" "Mozilla/5.0 AppleWebKit/537.36 (KHTML, like Gecko; compatible; ClaudeBot/1.0; +claudebot@anthropic.com)" 23 **0/23948**
74.7.241.10 - - [14/Apr/2026:06:53:44 -0700] "GET /item/miss80764375.shtml HTTP/1.1" 200 1 "http://cam.edu.pa/sitemap-9.xml" "Mozilla/5.0 AppleWebKit/537.36 (KHTML, like Gecko; compatible; GPTBot/1.3; +https://openai.com/gptbot)" 22 **0/22559**
216.73.216.38 - - [14/Apr/2026:06:53:45 -0700] "GET /item/overw20565841.shtml HTTP/1.1" 200 1 "-" "Mozilla/5.0 AppleWebKit/537.36 (KHTML, like Gecko; compatible; ClaudeBot/1.0; +claudebot@anthropic.com)" 21 **0/21479**
74.7.241.10 - - [14/Apr/2026:06:53:47 -0700] "GET /item/just42441083.shtml HTTP/1.1" 200 1 "http://cam.edu.pa/sitemap-5.xml" "Mozilla/5.0 AppleWebKit/537.36 (KHTML, like Gecko; compatible; GPTBot/1.3; +https://openai.com/gptbot)" 18 **0/18806**
216.73.216.38 - - [14/Apr/2026:06:53:48 -0700] "GET /item/patte10122096.shtml HTTP/1.1" 200 1 "-" "Mozilla/5.0 AppleWebKit/537.36 (KHTML, like Gecko; compatible; ClaudeBot/1.0; +claudebot@anthropic.com)" 20 **0/20810**
74.7.241.10 - - [14/Apr/2026:06:53:50 -0700] "GET /item/lamb62244565.shtml HTTP/1.1" 200 1 "http://cam.edu.pa/sitemapa.xml" "Mozilla/5.0 AppleWebKit/537.36 (KHTML, like Gecko; compatible; GPTBot/1.3; +https://openai.com/gptbot)" 21 **0/21426**
216.73.216.38 - - [14/Apr/2026:06:53:51 -0700] "GET /item/round10128584.shtml HTTP/1.1" 200 1 "-" "Mozilla/5.0 AppleWebKit/537.36 (KHTML, like Gecko; compatible; ClaudeBot/1.0; +claudebot@anthropic.com)" 21 **0/21375**
74.7.241.10 - - [14/Apr/2026:06:53:53 -0700] "GET /item/hall72512366.shtml HTTP/1.1" 200 1 "http://cam.edu.pa/sitemap-7.xml" "Mozilla/5.0 AppleWebKit/537.36 (KHTML, like Gecko; compatible; GPTBot/1.3; +https://openai.com/gptbot)" 23 **0/23785**
216.73.216.38 - - [14/Apr/2026:06:53:54 -0700] "GET /item/rapid41988795.shtml HTTP/1.1" 200 1 "-" "Mozilla/5.0 AppleWebKit/537.36 (KHTML, like Gecko; compatible; ClaudeBot/1.0; +claudebot@anthropic.com)" 22 **0/22031**
74.7.241.10 - - [14/Apr/2026:06:53:56 -0700] "GET /item/pipe82526519.shtml HTTP/1.1" 200 1 "http://cam.edu.pa/sitemap-3.xml" "Mozilla/5.0 AppleWebKit/537.36 (KHTML, like Gecko; compatible; GPTBot/1.3; +https://openai.com/gptbot)" 21 **0/21460**
216.73.216.38 - - [14/Apr/2026:06:53:57 -0700] "GET /item/indus40893163.shtml HTTP/1.1" 200 1 "-" "Mozilla/5.0 AppleWebKit/537.36 (KHTML, like Gecko; compatible; ClaudeBot/1.0; +claudebot@anthropic.com)" 21 **0/21326**
74.7.241.10 - - [14/Apr/2026:06:53:59 -0700] "GET /item/tail82616007.shtml HTTP/1.1" 200 1 "http://cam.edu.pa/sitemap-4.xml" "Mozilla/5.0 AppleWebKit/537.36 (KHTML, like Gecko; compatible; GPTBot/1.3; +https://openai.com/gptbot)" 22 **0/22022**
216.73.216.38 - - [14/Apr/2026:06:54:00 -0700] "GET /item/item82373943.shtml HTTP/1.1" 200 1 "-" "Mozilla/5.0 AppleWebKit/537.36 (KHTML, like Gecko; compatible; ClaudeBot/1.0; +claudebot@anthropic.com)" 32 **0/32084**
74.7.241.10 - - [14/Apr/2026:06:54:02 -0700] "GET /item/seal20389737.shtml HTTP/1.1" 200 1 "http://cam.edu.pa/sitemap-9.xml" "Mozilla/5.0 AppleWebKit/537.36 (KHTML, like Gecko; compatible; GPTBot/1.3; +https://openai.com/gptbot)" 28 **0/28942**
216.73.216.38 - - [14/Apr/2026:06:54:03 -0700] "GET /item/panda31396538.shtml HTTP/1.1" 200 1 "-" "Mozilla/5.0 AppleWebKit/537.36 (KHTML, like Gecko; compatible; ClaudeBot/1.0; +claudebot@anthropic.com)" 23 **0/23341**
74.7.241.10 - - [14/Apr/2026:06:54:05 -0700] "GET /item/fill41628427.shtml HTTP/1.1" 200 1 "http://cam.edu.pa/sitemap-8.xml" "Mozilla/5.0 AppleWebKit/537.36 (KHTML, like Gecko; compatible; GPTBot/1.3; +https://openai.com/gptbot)" 22 **0/22711**
216.73.216.38 - - [14/Apr/2026:06:54:06 -0700] "GET /item/cance41108011.shtml HTTP/1.1" 200 1 "-" "Mozilla/5.0 AppleWebKit/537.36 (KHTML, like Gecko; compatible; ClaudeBot/1.0; +claudebot@anthropic.com)" 23 **0/23009**
74.7.241.10 - - [14/Apr/2026:06:54:09 -0700] "GET /item/zing51575916.shtml HTTP/1.1" 200 1 "http://cam.edu.pa/sitemapa.xml" "Mozilla/5.0 AppleWebKit/537.36 (KHTML, like Gecko; compatible; GPTBot/1.3; +https://openai.com/gptbot)" 21 **0/21959**
216.73.216.38 - - [14/Apr/2026:06:54:09 -0700] "GET /item/miner52534444.shtml HTTP/1.1" 200 1 "-" "Mozilla/5.0 AppleWebKit/537.36 (KHTML, like Gecko; compatible; ClaudeBot/1.0; +claudebot@anthropic.com)" 24 **0/24325**
74.7.241.10 - - [14/Apr/2026:06:54:12 -0700] "GET /item/chef32110226.shtml HTTP/1.1" 200 1 "http://cam.edu.pa/sitemap-5.xml" "Mozilla/5.0 AppleWebKit/537.36 (KHTML, like Gecko; compatible; GPTBot/1.3; +https://openai.com/gptbot)" 35 **0/35769**
216.73.216.38 - - [14/Apr/2026:06:54:12 -0700] "GET /item/pants82651791.shtml HTTP/1.1" 200 1 "-" "Mozilla/5.0 AppleWebKit/537.36 (KHTML, like Gecko; compatible; ClaudeBot/1.0; +claudebot@anthropic.com)" 21 **0/21441**
74.7.241.10 - - [14/Apr/2026:06:54:15 -0700] "GET /item/lead10904800.shtml HTTP/1.1" 200 1 "http://cam.edu.pa/sitemap-8.xml" "Mozilla/5.0 AppleWebKit/537.36 (KHTML, like Gecko; compatible; GPTBot/1.3; +https://openai.com/gptbot)" 27 **0/27874**
216.73.216.38 - - [14/Apr/2026:06:54:16 -0700] "GET /item/wile51967908.shtml HTTP/1.1" 200 1 "-" "Mozilla/5.0 AppleWebKit/537.36 (KHTML, like Gecko; compatible; ClaudeBot/1.0; +claudebot@anthropic.com)" 22 **0/22936**
74.7.241.10 - - [14/Apr/2026:06:54:18 -0700] "GET /item/pull82464183.shtml HTTP/1.1" 200 1 "http://cam.edu.pa/sitemap-3.xml" "Mozilla/5.0 AppleWebKit/537.36 (KHTML, like Gecko; compatible; GPTBot/1.3; +https://openai.com/gptbot)" 34 **0/34630**
216.73.216.38 - - [14/Apr/2026:06:54:19 -0700] "GET /item/nervo50533268.shtml HTTP/1.1" 200 1 "-" "Mozilla/5.0 AppleWebKit/537.36 (KHTML, like Gecko; compatible; ClaudeBot/1.0; +claudebot@anthropic.com)" 23 **0/23855**
74.7.241.10 - - [14/Apr/2026:06:54:21 -0700] "GET /item/seal21557737.shtml HTTP/1.1" 200 1 "http://cam.edu.pa/sitemap-7.xml" "Mozilla/5.0 AppleWebKit/537.36 (KHTML, like Gecko; compatible; GPTBot/1.3; +https://openai.com/gptbot)" 31 **0/31512**
216.73.216.38 - - [14/Apr/2026:06:54:22 -0700] "GET /item/ticke31757186.shtml HTTP/1.1" 200 1 "-" "Mozilla/5.0 AppleWebKit/537.36 (KHTML, like Gecko; compatible; ClaudeBot/1.0; +claudebot@anthropic.com)" 60 **0/60562**
74.7.241.10 - - [14/Apr/2026:06:54:24 -0700] "GET /item/volt21362881.shtml HTTP/1.1" 200 1 "http://cam.edu.pa/sitemap-6.xml" "Mozilla/5.0 AppleWebKit/537.36 (KHTML, like Gecko; compatible; GPTBot/1.3; +https://openai.com/gptbot)" 23 **0/23109**
216.73.216.38 - - [14/Apr/2026:06:54:25 -0700] "GET /item/cauti11282032.shtml HTTP/1.1" 200 1 "-" "Mozilla/5.0 AppleWebKit/537.36 (KHTML, like Gecko; compatible; ClaudeBot/1.0; +claudebot@anthropic.com)" 21 **0/21847**
74.7.241.10 - - [14/Apr/2026:06:54:27 -0700] "GET /item/ally10115760.shtml HTTP/1.1" 200 1 "http://cam.edu.pa/sitemap-8.xml" "Mozilla/5.0 AppleWebKit/537.36 (KHTML, like Gecko; compatible; GPTBot/1.3; +https://openai.com/gptbot)" 24 **0/24592**
216.73.216.38 - - [14/Apr/2026:06:54:28 -0700] "GET /item/bosom60391421.shtml HTTP/1.1" 200 1 "-" "Mozilla/5.0 AppleWebKit/537.36 (KHTML, like Gecko; compatible; ClaudeBot/1.0; +claudebot@anthropic.com)" 27 **0/27486**
74.7.241.10 - - [14/Apr/2026:06:54:30 -0700] "GET /item/kilo51148180.shtml HTTP/1.1" 200 1 "http://cam.edu.pa/sitemape.xml" "Mozilla/5.0 AppleWebKit/537.36 (KHTML, like Gecko; compatible; GPTBot/1.3; +https://openai.com/gptbot)" 28 **0/28494**
216.73.216.38 - - [14/Apr/2026:06:54:31 -0700] "GET /item/neck80616863.shtml HTTP/1.1" 200 1 "-" "Mozilla/5.0 AppleWebKit/537.36 (KHTML, like Gecko; compatible; ClaudeBot/1.0; +claudebot@anthropic.com)" 27 **0/27280**
74.7.241.10 - - [14/Apr/2026:06:54:34 -0700] "GET /item/mere52650516.shtml HTTP/1.1" 200 1 "http://cam.edu.pa/sitemap-1.xml" "Mozilla/5.0 AppleWebKit/537.36 (KHTML, like Gecko; compatible; GPTBot/1.3; +https://openai.com/gptbot)" 29 **0/29514**
216.73.216.38 - - [14/Apr/2026:06:54:34 -0700] "GET /item/argue81605775.shtml HTTP/1.1" 200 1 "-" "Mozilla/5.0 AppleWebKit/537.36 (KHTML, like Gecko; compatible; ClaudeBot/1.0; +claudebot@anthropic.com)" 25 **0/25437**
74.7.241.10 - - [14/Apr/2026:06:54:37 -0700] "GET /item/data22767353.shtml HTTP/1.1" 200 1 "http://cam.edu.pa/sitemap-4.xml" "Mozilla/5.0 AppleWebKit/537.36 (KHTML, like Gecko; compatible; GPTBot/1.3; +https://openai.com/gptbot)" 53 **0/53443**
216.73.216.38 - - [14/Apr/2026:06:54:37 -0700] "GET /item/suitc60173525.shtml HTTP/1.1" 200 1 "-" "Mozilla/5.0 AppleWebKit/537.36 (KHTML, like Gecko; compatible; ClaudeBot/1.0; +claudebot@anthropic.com)" 25 **0/25748**
216.73.216.38 - - [14/Apr/2026:06:54:40 -0700] "GET /item/assem21858353.shtml HTTP/1.1" 200 1 "-" "Mozilla/5.0 AppleWebKit/537.36 (KHTML, like Gecko; compatible; ClaudeBot/1.0; +claudebot@anthropic.com)" 25 **0/25836**
74.7.241.10 - - [14/Apr/2026:06:54:40 -0700] "GET /item/brim72202998.shtml HTTP/1.1" 200 1 "http://cam.edu.pa/sitemapa.xml" "Mozilla/5.0 AppleWebKit/537.36 (KHTML, like Gecko; compatible; GPTBot/1.3; +https://openai.com/gptbot)" 27 **0/27735**
216.73.216.38 - - [14/Apr/2026:06:54:43 -0700] "GET /item/shock82973439.shtml HTTP/1.1" 200 1 "-" "Mozilla/5.0 AppleWebKit/537.36 (KHTML, like Gecko; compatible; ClaudeBot/1.0; +claudebot@anthropic.com)" 24 **0/24115**
74.7.241.10 - - [14/Apr/2026:06:54:43 -0700] "GET /item/soft61197029.shtml HTTP/1.1" 200 1 "http://cam.edu.pa/sitemapa.xml" "Mozilla/5.0 AppleWebKit/537.36 (KHTML, like Gecko; compatible; GPTBot/1.3; +https://openai.com/gptbot)" 42 **0/42603**
216.73.216.38 - - [14/Apr/2026:06:54:46 -0700] "GET /item/retai70126190.shtml HTTP/1.1" 200 1 "-" "Mozilla/5.0 AppleWebKit/537.36 (KHTML, like Gecko; compatible; ClaudeBot/1.0; +claudebot@anthropic.com)" 23 **0/23215**
74.7.241.10 - - [14/Apr/2026:06:54:46 -0700] "GET /item/coat20044609.shtml HTTP/1.1" 200 1 "http://cam.edu.pa/sitemap-1.xml" "Mozilla/5.0 AppleWebKit/537.36 (KHTML, like Gecko; compatible; GPTBot/1.3; +https://openai.com/gptbot)" 22 **0/22179**
74.7.241.10 - - [14/Apr/2026:06:54:50 -0700] "GET /item/pile82495119.shtml HTTP/1.1" 200 1 "http://cam.edu.pa/sitemap-8.xml" "Mozilla/5.0 AppleWebKit/537.36 (KHTML, like Gecko; compatible; GPTBot/1.3; +https://openai.com/gptbot)" 22 **0/22972**
216.73.216.38 - - [14/Apr/2026:06:54:50 -0700] "GET /item/sexua20643809.shtml HTTP/1.1" 200 1 "-" "Mozilla/5.0 AppleWebKit/537.36 (KHTML, like Gecko; compatible; ClaudeBot/1.0; +claudebot@anthropic.com)" 26 **0/26493**
74.7.241.10 - - [14/Apr/2026:06:54:53 -0700] "GET /item/cold20273225.shtml HTTP/1.1" 200 1 "http://cam.edu.pa/sitemap-2.xml" "Mozilla/5.0 AppleWebKit/537.36 (KHTML, like Gecko; compatible; GPTBot/1.3; +https://openai.com/gptbot)" 22 **0/22455**
216.73.216.38 - - [14/Apr/2026:06:54:53 -0700] "GET /item/sexua22827809.shtml HTTP/1.1" 200 1 "-" "Mozilla/5.0 AppleWebKit/537.36 (KHTML, like Gecko; compatible; ClaudeBot/1.0; +claudebot@anthropic.com)" 24 **0/24403**
74.7.241.10 - - [14/Apr/2026:06:54:56 -0700] "GET /item/gene41775763.shtml HTTP/1.1" 200 1 "http://cam.edu.pa/sitemap-1.xml" "Mozilla/5.0 AppleWebKit/537.36 (KHTML, like Gecko; compatible; GPTBot/1.3; +https://openai.com/gptbot)" 23 **0/23643**
216.73.216.38 - - [14/Apr/2026:06:54:56 -0700] "GET /item/food11921288.shtml HTTP/1.1" 200 1 "-" "Mozilla/5.0 AppleWebKit/537.36 (KHTML, like Gecko; compatible; ClaudeBot/1.0; +claudebot@anthropic.com)" 22 **0/22263**
216.73.216.38 - - [14/Apr/2026:06:54:59 -0700] "GET /item/bike50236644.shtml HTTP/1.1" 200 1 "-" "Mozilla/5.0 AppleWebKit/537.36 (KHTML, like Gecko; compatible; ClaudeBot/1.0; +claudebot@anthropic.com)" 23 **0/23461**
74.7.241.10 - - [14/Apr/2026:06:54:59 -0700] "GET /item/mild32654946.shtml HTTP/1.1" 200 1 "http://cam.edu.pa/sitemap-9.xml" "Mozilla/5.0 AppleWebKit/537.36 (KHTML, like Gecko; compatible; GPTBot/1.3; +https://openai.com/gptbot)" 22 **0/22861**
216.73.216.38 - - [14/Apr/2026:06:55:02 -0700] "GET /item/porri42853659.shtml HTTP/1.1" 200 1 "-" "Mozilla/5.0 AppleWebKit/537.36 (KHTML, like Gecko; compatible; ClaudeBot/1.0; +claudebot@anthropic.com)" 51 **0/51989**
74.7.241.10 - - [14/Apr/2026:06:55:02 -0700] "GET /item/spot11393584.shtml HTTP/1.1" 200 1 "http://cam.edu.pa/sitemap-1.xml" "Mozilla/5.0 AppleWebKit/537.36 (KHTML, like Gecko; compatible; GPTBot/1.3; +https://openai.com/gptbot)" 82 **0/82083**
216.73.216.38 - - [14/Apr/2026:06:55:05 -0700] "GET /item/repor71896206.shtml HTTP/1.1" 200 1 "-" "Mozilla/5.0 AppleWebKit/537.36 (KHTML, like Gecko; compatible; ClaudeBot/1.0; +claudebot@anthropic.com)" 156 **0/156925**
74.7.241.10 - - [14/Apr/2026:06:55:05 -0700] "GET /item/rear52495020.shtml HTTP/1.1" 200 1 "http://cam.edu.pa/sitemap-1.xml" "Mozilla/5.0 AppleWebKit/537.36 (KHTML, like Gecko; compatible; GPTBot/1.3; +https://openai.com/gptbot)" 91 **0/91135**
216.73.216.38 - - [14/Apr/2026:06:55:08 -0700] "GET /item/album51301676.shtml HTTP/1.1" 403 1 "-" "Mozilla/5.0 AppleWebKit/537.36 (KHTML, like Gecko; compatible; ClaudeBot/1.0; +claudebot@anthropic.com)" 28 **0/28435**
74.7.241.10 - - [14/Apr/2026:06:55:08 -0700] "GET /item/sent60767917.shtml HTTP/1.1" 200 1 "http://cam.edu.pa/sitemap-4.xml" "Mozilla/5.0 AppleWebKit/537.36 (KHTML, like Gecko; compatible; GPTBot/1.3; +https://openai.com/gptbot)" 37 **0/37856**
216.73.216.38 - - [14/Apr/2026:06:55:11 -0700] "GET /item/food11361288.shtml HTTP/1.1" 403 1 "-" "Mozilla/5.0 AppleWebKit/537.36 (KHTML, like Gecko; compatible; ClaudeBot/1.0; +claudebot@anthropic.com)" 51 **0/51431**
74.7.241.10 - - [14/Apr/2026:06:55:11 -0700] "GET /item/span30235370.shtml HTTP/1.1" 200 1 "http://cam.edu.pa/sitemapa.xml" "Mozilla/5.0 AppleWebKit/537.36 (KHTML, like Gecko; compatible; GPTBot/1.3; +https://openai.com/gptbot)" 41 **0/41682**
216.73.216.38 - - [14/Apr/2026:06:55:14 -0700] "GET /item/vocab82533567.shtml HTTP/1.1" 403 1 "-" "Mozilla/5.0 AppleWebKit/537.36 (KHTML, like Gecko; compatible; ClaudeBot/1.0; +claudebot@anthropic.com)" 28 **0/28183**
74.7.241.10 - - [14/Apr/2026:06:55:15 -0700] "GET /item/sure12317136.shtml HTTP/1.1" 200 1 "http://cam.edu.pa/sitemap-9.xml" "Mozilla/5.0 AppleWebKit/537.36 (KHTML, like Gecko; compatible; GPTBot/1.3; +https://openai.com/gptbot)" 77 **0/77623**
216.73.216.38 - - [14/Apr/2026:06:55:17 -0700] "GET /item/famil72913094.shtml HTTP/1.1" 403 1 "-" "Mozilla/5.0 AppleWebKit/537.36 (KHTML, like Gecko; compatible; ClaudeBot/1.0; +claudebot@anthropic.com)" 51 **0/51298**
74.7.241.10 - - [14/Apr/2026:06:55:18 -0700] "GET /item/flee21057801.shtml HTTP/1.1" 200 1 "http://cam.edu.pa/sitemape.xml" "Mozilla/5.0 AppleWebKit/537.36 (KHTML, like Gecko; compatible; GPTBot/1.3; +https://openai.com/gptbot)" 61 **0/61319**
216.73.216.38 - - [14/Apr/2026:06:55:20 -0700] "GET /item/jew12341392.shtml HTTP/1.1" 403 1 "-" "Mozilla/5.0 AppleWebKit/537.36 (KHTML, like Gecko; compatible; ClaudeBot/1.0; +claudebot@anthropic.com)" 136 **0/136813**
74.7.241.10 - - [14/Apr/2026:06:55:21 -0700] "GET /item/vast71099158.shtml HTTP/1.1" 200 1 "http://cam.edu.pa/sitemapa.xml" "Mozilla/5.0 AppleWebKit/537.36 (KHTML, like Gecko; compatible; GPTBot/1.3; +https://openai.com/gptbot)" 108 **0/108338**
216.73.216.38 - - [14/Apr/2026:06:55:23 -0700] "GET /item/wife12564512.shtml HTTP/1.1" 403 1 "-" "Mozilla/5.0 AppleWebKit/537.36 (KHTML, like Gecko; compatible; ClaudeBot/1.0; +claudebot@anthropic.com)" 198 **0/198766**
74.7.241.10 - - [14/Apr/2026:06:55:24 -0700] "GET /item/lump62842613.shtml HTTP/1.1" 200 1 "http://cam.edu.pa/sitemap-8.xml" "Mozilla/5.0 AppleWebKit/537.36 (KHTML, like Gecko; compatible; GPTBot/1.3; +https://openai.com/gptbot)" 32 **0/32310**
216.73.216.38 - - [14/Apr/2026:06:55:26 -0700] "GET /item/unloa12035168.shtml HTTP/1.1" 403 1 "-" "Mozilla/5.0 AppleWebKit/537.36 (KHTML, like Gecko; compatible; ClaudeBot/1.0; +claudebot@anthropic.com)" 70 **0/70948**
74.7.241.10 - - [14/Apr/2026:06:55:27 -0700] "GET /item/lust71187854.shtml HTTP/1.1" 200 1 "http://cam.edu.pa/sitemap-3.xml" "Mozilla/5.0 AppleWebKit/537.36 (KHTML, like Gecko; compatible; GPTBot/1.3; +https://openai.com/gptbot)" 39 **0/39640**
216.73.216.38 - - [14/Apr/2026:06:55:29 -0700] "GET /item/hair12884936.shtml HTTP/1.1" 403 1 "-" "Mozilla/5.0 AppleWebKit/537.36 (KHTML, like Gecko; compatible; ClaudeBot/1.0; +claudebot@anthropic.com)" 100 **0/100528**
74.7.241.10 - - [14/Apr/2026:06:55:30 -0700] "GET /item/cept10723920.shtml HTTP/1.1" 200 1 "http://cam.edu.pa/sitemap-3.xml" "Mozilla/5.0 AppleWebKit/537.36 (KHTML, like Gecko; compatible; GPTBot/1.3; +https://openai.com/gptbot)" 102 **0/102919**
216.73.216.38 - - [14/Apr/2026:06:55:32 -0700] "GET /item/growt61259373.shtml HTTP/1.1" 403 1 "-" "Mozilla/5.0 AppleWebKit/537.36 (KHTML, like Gecko; compatible; ClaudeBot/1.0; +claudebot@anthropic.com)" 137 **0/137196**
74.7.241.10 - - [14/Apr/2026:06:55:33 -0700] "GET /item/calm41657627.shtml HTTP/1.1" 200 1 "http://cam.edu.pa/sitemapa.xml" "Mozilla/5.0 AppleWebKit/537.36 (KHTML, like Gecko; compatible; GPTBot/1.3; +https://openai.com/gptbot)" 28 **0/28166**
216.73.216.38 - - [14/Apr/2026:06:55:35 -0700] "GET /item/steel11876920.shtml HTTP/1.1" 403 1 "-" "Mozilla/5.0 AppleWebKit/537.36 (KHTML, like Gecko; compatible; ClaudeBot/1.0; +claudebot@anthropic.com)" 85 **0/85119**
74.7.241.10 - - [14/Apr/2026:06:55:36 -0700] "GET /item/cock52706772.shtml HTTP/1.1" 200 1 "http://cam.edu.pa/sitemap-7.xml" "Mozilla/5.0 AppleWebKit/537.36 (KHTML, like Gecko; compatible; GPTBot/1.3; +https://openai.com/gptbot)" 27 **0/27052**
216.73.216.38 - - [14/Apr/2026:06:55:38 -0700] "GET /item/inhab42166531.shtml HTTP/1.1" 403 1 "-" "Mozilla/5.0 AppleWebKit/537.36 (KHTML, like Gecko; compatible; ClaudeBot/1.0; +claudebot@anthropic.com)" 30 **0/30041**
74.7.241.10 - - [14/Apr/2026:06:55:39 -0700] "GET /item/flow71226278.shtml HTTP/1.1" 200 1 "http://cam.edu.pa/sitemap-3.xml" "Mozilla/5.0 AppleWebKit/537.36 (KHTML, like Gecko; compatible; GPTBot/1.3; +https://openai.com/gptbot)" 42 **0/42993**
216.73.216.38 - - [14/Apr/2026:06:55:41 -0700] "GET /item/diame42698731.shtml HTTP/1.1" 403 1 "-" "Mozilla/5.0 AppleWebKit/537.36 (KHTML, like Gecko; compatible; ClaudeBot/1.0; +claudebot@anthropic.com)" 29 **0/29061**
74.7.241.10 - - [14/Apr/2026:06:55:43 -0700] "GET /item/flee21361801.shtml HTTP/1.1" 200 1 "http://cam.edu.pa/sitemap-6.xml" "Mozilla/5.0 AppleWebKit/537.36 (KHTML, like Gecko; compatible; GPTBot/1.3; +https://openai.com/gptbot)" 29 **0/29478**
216.73.216.38 - - [14/Apr/2026:06:55:44 -0700] "GET /item/pictu41496027.shtml HTTP/1.1" 403 1 "-" "Mozilla/5.0 AppleWebKit/537.36 (KHTML, like Gecko; compatible; ClaudeBot/1.0; +claudebot@anthropic.com)" 67 **0/67218**
74.7.241.10 - - [14/Apr/2026:06:55:46 -0700] "GET /item/tame50599212.shtml HTTP/1.1" 200 1 "http://cam.edu.pa/sitemap-5.xml" "Mozilla/5.0 AppleWebKit/537.36 (KHTML, like Gecko; compatible; GPTBot/1.3; +https://openai.com/gptbot)" 26 **0/26633**
216.73.216.38 - - [14/Apr/2026:06:55:47 -0700] "GET /item/gay51298796.shtml HTTP/1.1" 403 1 "-" "Mozilla/5.0 AppleWebKit/537.36 (KHTML, like Gecko; compatible; ClaudeBot/1.0; +claudebot@anthropic.com)" 31 **0/31546**
74.7.241.10 - - [14/Apr/2026:06:55:49 -0700] "GET /item/jest80915847.shtml HTTP/1.1" 200 1 "http://cam.edu.pa/sitemap-3.xml" "Mozilla/5.0 AppleWebKit/537.36 (KHTML, like Gecko; compatible; GPTBot/1.3; +https://openai.com/gptbot)" 35 **0/35656**
216.73.216.38 - - [14/Apr/2026:06:55:50 -0700] "GET /item/film10024280.shtml HTTP/1.1" 200 1 "-" "Mozilla/5.0 AppleWebKit/537.36 (KHTML, like Gecko; compatible; ClaudeBot/1.0; +claudebot@anthropic.com)" 33 **0/33659**
74.7.241.10 - - [14/Apr/2026:06:55:52 -0700] "GET /item/holy22030969.shtml HTTP/1.1" 200 1 "http://cam.edu.pa/sitemapa.xml" "Mozilla/5.0 AppleWebKit/537.36 (KHTML, like Gecko; compatible; GPTBot/1.3; +https://openai.com/gptbot)" 64 **0/64696**
216.73.216.38 - - [14/Apr/2026:06:55:53 -0700] "GET /item/unusu42893763.shtml HTTP/1.1" 200 1 "-" "Mozilla/5.0 AppleWebKit/537.36 (KHTML, like Gecko; compatible; ClaudeBot/1.0; +claudebot@anthropic.com)" 42 **0/42435**
74.7.241.10 - - [14/Apr/2026:06:55:55 -0700] "GET /item/deer62871061.shtml HTTP/1.1" 200 1 "http://cam.edu.pa/sitemap-3.xml" "Mozilla/5.0 AppleWebKit/537.36 (KHTML, like Gecko; compatible; GPTBot/1.3; +https://openai.com/gptbot)" 23 **0/23303**
216.73.216.38 - - [14/Apr/2026:06:55:56 -0700] "GET /item/hopel51738780.shtml HTTP/1.1" 200 1 "-" "Mozilla/5.0 AppleWebKit/537.36 (KHTML, like Gecko; compatible; ClaudeBot/1.0; +claudebot@anthropic.com)" 22 **0/22232**
74.7.241.10 - - [14/Apr/2026:06:55:58 -0700] "GET /item/tire61839501.shtml HTTP/1.1" 200 1 "http://cam.edu.pa/sitemap-3.xml" "Mozilla/5.0 AppleWebKit/537.36 (KHTML, like Gecko; compatible; GPTBot/1.3; +https://openai.com/gptbot)" 30 **0/30421**
216.73.216.38 - - [14/Apr/2026:06:56:01 -0700] "GET /item/comfo61284589.shtml HTTP/1.1" 200 1 "-" "Mozilla/5.0 AppleWebKit/537.36 (KHTML, like Gecko; compatible; ClaudeBot/1.0; +claudebot@anthropic.com)" 25 **0/25494**
74.7.241.10 - - [14/Apr/2026:06:56:01 -0700] "GET /item/less12309360.shtml HTTP/1.1" 200 1 "http://cam.edu.pa/sitemap-7.xml" "Mozilla/5.0 AppleWebKit/537.36 (KHTML, like Gecko; compatible; GPTBot/1.3; +https://openai.com/gptbot)" 25 **0/25099**
216.73.216.38 - - [14/Apr/2026:06:56:04 -0700] "GET /item/empty61953077.shtml HTTP/1.1" 200 1 "-" "Mozilla/5.0 AppleWebKit/537.36 (KHTML, like Gecko; compatible; ClaudeBot/1.0; +claudebot@anthropic.com)" 41 **0/41064**
74.7.241.10 - - [14/Apr/2026:06:56:04 -0700] "GET /item/rent41669643.shtml HTTP/1.1" 200 1 "http://cam.edu.pa/sitemap-6.xml" "Mozilla/5.0 AppleWebKit/537.36 (KHTML, like Gecko; compatible; GPTBot/1.3; +https://openai.com/gptbot)" 56 **0/56004**
216.73.216.38 - - [14/Apr/2026:06:56:07 -0700] "GET /item/consc11706136.shtml HTTP/1.1" 200 1 "-" "Mozilla/5.0 AppleWebKit/537.36 (KHTML, like Gecko; compatible; ClaudeBot/1.0; +claudebot@anthropic.com)" 27 **0/27995**
74.7.241.10 - - [14/Apr/2026:06:56:08 -0700] "GET /item/many31505522.shtml HTTP/1.1" 200 1 "http://cam.edu.pa/sitemap-3.xml" "Mozilla/5.0 AppleWebKit/537.36 (KHTML, like Gecko; compatible; GPTBot/1.3; +https://openai.com/gptbot)" 33 **0/33825**
216.73.216.38 - - [14/Apr/2026:06:56:10 -0700] "GET /item/sheet62863565.shtml HTTP/1.1" 200 1 "-" "Mozilla/5.0 AppleWebKit/537.36 (KHTML, like Gecko; compatible; ClaudeBot/1.0; +claudebot@anthropic.com)" 33 **0/33629**
74.7.241.10 - - [14/Apr/2026:06:56:11 -0700] "GET /item/cell20791121.shtml HTTP/1.1" 200 1 "http://cam.edu.pa/sitemap-2.xml" "Mozilla/5.0 AppleWebKit/537.36 (KHTML, like Gecko; compatible; GPTBot/1.3; +https://openai.com/gptbot)" 23 **0/23882**
216.73.216.38 - - [14/Apr/2026:06:56:13 -0700] "GET /item/purch21958569.shtml HTTP/1.1" 200 1 "-" "Mozilla/5.0 AppleWebKit/537.36 (KHTML, like Gecko; compatible; ClaudeBot/1.0; +claudebot@anthropic.com)" 33 **0/33395**
74.7.241.10 - - [14/Apr/2026:06:56:14 -0700] "GET /item/game20533281.shtml HTTP/1.1" 200 1 "http://cam.edu.pa/sitemap-4.xml" "Mozilla/5.0 AppleWebKit/537.36 (KHTML, like Gecko; compatible; GPTBot/1.3; +https://openai.com/gptbot)" 33 **0/33880**
216.73.216.38 - - [14/Apr/2026:06:56:16 -0700] "GET /item/solve80357767.shtml HTTP/1.1" 200 1 "-" "Mozilla/5.0 AppleWebKit/537.36 (KHTML, like Gecko; compatible; ClaudeBot/1.0; +claudebot@anthropic.com)" 25 **0/25426**
74.7.241.10 - - [14/Apr/2026:06:56:17 -0700] "GET /item/fill40504427.shtml HTTP/1.1" 200 1 "http://cam.edu.pa/sitemap-3.xml" "Mozilla/5.0 AppleWebKit/537.36 (KHTML, like Gecko; compatible; GPTBot/1.3; +https://openai.com/gptbot)" 28 **0/28294**
216.73.216.38 - - [14/Apr/2026:06:56:19 -0700] "GET /item/spell20021545.shtml HTTP/1.1" 200 1 "-" "Mozilla/5.0 AppleWebKit/537.36 (KHTML, like Gecko; compatible; ClaudeBot/1.0; +claudebot@anthropic.com)" 24 **0/24664**
74.7.241.10 - - [14/Apr/2026:06:56:20 -0700] "GET /item/male72767334.shtml HTTP/1.1" 200 1 "http://cam.edu.pa/sitemape.xml" "Mozilla/5.0 AppleWebKit/537.36 (KHTML, like Gecko; compatible; GPTBot/1.3; +https://openai.com/gptbot)" 24 **0/24135**
142.44.233.145 - - [14/Apr/2026:06:56:21 -0700] "GET /sitemap.xml HTTP/1.1" 200 154 "-" "Mozilla/5.0 (compatible; AhrefsBot/7.0; +http://ahrefs.com/robot/)" 159 **0/159130**
216.73.216.38 - - [14/Apr/2026:06:56:22 -0700] "GET /item/block62005341.shtml HTTP/1.1" 200 1 "-" "Mozilla/5.0 AppleWebKit/537.36 (KHTML, like Gecko; compatible; ClaudeBot/1.0; +claudebot@anthropic.com)" 22 **0/22565**
74.7.241.10 - - [14/Apr/2026:06:56:23 -0700] "GET /item/lamp10580960.shtml HTTP/1.1" 200 1 "http://cam.edu.pa/sitemap-3.xml" "Mozilla/5.0 AppleWebKit/537.36 (KHTML, like Gecko; compatible; GPTBot/1.3; +https://openai.com/gptbot)" 31 **0/31578**
15.235.96.15 - - [14/Apr/2026:06:56:24 -0700] "GET /sitemapa.xml HTTP/1.1" 200 13065 "-" "Mozilla/5.0 (compatible; AhrefsBot/7.0; +http://ahrefs.com/robot/)" 286 **0/286167**
74.7.241.10 - - [14/Apr/2026:06:56:27 -0700] "GET /item/tree71812390.shtml HTTP/1.1" 200 1 "http://cam.edu.pa/sitemap-4.xml" "Mozilla/5.0 AppleWebKit/537.36 (KHTML, like Gecko; compatible; GPTBot/1.3; +https://openai.com/gptbot)" 22 **0/22465**
216.73.216.38 - - [14/Apr/2026:06:56:27 -0700] "GET /item/strin60609637.shtml HTTP/1.1" 200 1 "-" "Mozilla/5.0 AppleWebKit/537.36 (KHTML, like Gecko; compatible; ClaudeBot/1.0; +claudebot@anthropic.com)" 68 **0/68954**
51.161.65.122 - - [14/Apr/2026:06:56:28 -0700] "GET /sitemapb.xml HTTP/1.1" 200 9133 "-" "Mozilla/5.0 (compatible; AhrefsBot/7.0; +http://ahrefs.com/robot/)" 219 **0/219146**
216.73.216.38 - - [14/Apr/2026:06:56:30 -0700] "GET /item/base52466892.shtml HTTP/1.1" 200 1 "-" "Mozilla/5.0 AppleWebKit/537.36 (KHTML, like Gecko; compatible; ClaudeBot/1.0; +claudebot@anthropic.com)" 26 **0/26030**
74.7.241.10 - - [14/Apr/2026:06:56:30 -0700] "GET /item/cast40766491.shtml HTTP/1.1" 200 1 "http://cam.edu.pa/sitemapa.xml" "Mozilla/5.0 AppleWebKit/537.36 (KHTML, like Gecko; compatible; GPTBot/1.3; +https://openai.com/gptbot)" 37 **0/37047**
142.44.225.36 - - [14/Apr/2026:06:56:32 -0700] "GET /sitemapc.xml HTTP/1.1" 200 16909 "-" "Mozilla/5.0 (compatible; AhrefsBot/7.0; +http://ahrefs.com/robot/)" 270 **0/270889**
216.73.216.38 - - [14/Apr/2026:06:56:33 -0700] "GET /item/exist80318919.shtml HTTP/1.1" 200 1 "-" "Mozilla/5.0 AppleWebKit/537.36 (KHTML, like Gecko; compatible; ClaudeBot/1.0; +claudebot@anthropic.com)" 22 **0/22729**
74.7.241.10 - - [14/Apr/2026:06:56:33 -0700] "GET /item/kill32517034.shtml HTTP/1.1" 200 1 "http://cam.edu.pa/sitemap-9.xml" "Mozilla/5.0 AppleWebKit/537.36 (KHTML, like Gecko; compatible; GPTBot/1.3; +https://openai.com/gptbot)" 28 **0/28485**
15.235.27.111 - - [14/Apr/2026:06:56:35 -0700] "GET /sitemapd.xml HTTP/1.1" 200 12107 "-" "Mozilla/5.0 (compatible; AhrefsBot/7.0; +http://ahrefs.com/robot/)" 235 **0/235337**
216.73.216.38 - - [14/Apr/2026:06:56:36 -0700] "GET /item/often70160174.shtml HTTP/1.1" 200 1 "-" "Mozilla/5.0 AppleWebKit/537.36 (KHTML, like Gecko; compatible; ClaudeBot/1.0; +claudebot@anthropic.com)" 24 **0/24558**
74.7.241.10 - - [14/Apr/2026:06:56:36 -0700] "GET /item/some80441175.shtml HTTP/1.1" 200 1 "http://cam.edu.pa/sitemap-3.xml" "Mozilla/5.0 AppleWebKit/537.36 (KHTML, like Gecko; compatible; GPTBot/1.3; +https://openai.com/gptbot)" 22 **0/22911**
216.73.216.38 - - [14/Apr/2026:06:56:39 -0700] "GET /item/squee40854187.shtml HTTP/1.1" 200 1 "-" "Mozilla/5.0 AppleWebKit/537.36 (KHTML, like Gecko; compatible; ClaudeBot/1.0; +claudebot@anthropic.com)" 42 **0/42690**
74.7.241.10 - - [14/Apr/2026:06:56:39 -0700] "GET /item/tale50068524.shtml HTTP/1.1" 200 1 "http://cam.edu.pa/sitemap-8.xml" "Mozilla/5.0 AppleWebKit/537.36 (KHTML, like Gecko; compatible; GPTBot/1.3; +https://openai.com/gptbot)" 30 **0/30736**
51.161.37.6 - - [14/Apr/2026:06:56:39 -0700] "GET /sitemape.xml HTTP/1.1" 200 15566 "-" "Mozilla/5.0 (compatible; AhrefsBot/7.0; +http://ahrefs.com/robot/)" 280 **0/280621**
216.73.216.38 - - [14/Apr/2026:06:56:42 -0700] "GET /item/anoth31977234.shtml HTTP/1.1" 200 1 "-" "Mozilla/5.0 AppleWebKit/537.36 (KHTML, like Gecko; compatible; ClaudeBot/1.0; +claudebot@anthropic.com)" 38 **0/38888**
74.7.241.10 - - [14/Apr/2026:06:56:42 -0700] "GET /item/star12741520.shtml HTTP/1.1" 200 1 "http://cam.edu.pa/sitemap-3.xml" "Mozilla/5.0 AppleWebKit/537.36 (KHTML, like Gecko; compatible; GPTBot/1.3; +https://openai.com/gptbot)" 29 **0/29527**
51.222.95.138 - - [14/Apr/2026:06:56:43 -0700] "GET /sitemapf.xml HTTP/1.1" 200 10427 "-" "Mozilla/5.0 (compatible; AhrefsBot/7.0; +http://ahrefs.com/robot/)" 238 **0/238621**
216.73.216.38 - - [14/Apr/2026:06:56:45 -0700] "GET /item/flexi21762057.shtml HTTP/1.1" 200 1 "-" "Mozilla/5.0 AppleWebKit/537.36 (KHTML, like Gecko; compatible; ClaudeBot/1.0; +claudebot@anthropic.com)" 46 **0/46375**
74.7.241.10 - - [14/Apr/2026:06:56:45 -0700] "GET /item/port82887455.shtml HTTP/1.1" 200 1 "http://cam.edu.pa/sitemap-8.xml" "Mozilla/5.0 AppleWebKit/537.36 (KHTML, like Gecko; compatible; GPTBot/1.3; +https://openai.com/gptbot)" 22 **0/22380**
54.39.210.29 - - [14/Apr/2026:06:56:47 -0700] "GET /sitemapg.xml HTTP/1.1" 200 12775 "-" "Mozilla/5.0 (compatible; AhrefsBot/7.0; +http://ahrefs.com/robot/)" 263 **0/263063**
216.73.216.38 - - [14/Apr/2026:06:56:48 -0700] "GET /item/impli11198184.shtml HTTP/1.1" 200 1 "-" "Mozilla/5.0 AppleWebKit/537.36 (KHTML, like Gecko; compatible; ClaudeBot/1.0; +claudebot@anthropic.com)" 24 **0/24001**
74.7.241.10 - - [14/Apr/2026:06:56:49 -0700] "GET /item/flow71798278.shtml HTTP/1.1" 200 1 "http://cam.edu.pa/sitemap-2.xml" "Mozilla/5.0 AppleWebKit/537.36 (KHTML, like Gecko; compatible; GPTBot/1.3; +https://openai.com/gptbot)" 32 **0/32054**
51.222.95.142 - - [14/Apr/2026:06:56:50 -0700] "GET /sitemaph.xml HTTP/1.1" 200 17053 "-" "Mozilla/5.0 (compatible; AhrefsBot/7.0; +http://ahrefs.com/robot/)" 272 **0/272837**
